[INFO] cloning repository https://github.com/PaulDance/cargo-liner
[INFO] running `Command { std: "git" "-c" "credential.helper=" "-c" "credential.helper=/workspace/cargo-home/bin/git-credential-null" "clone" "--bare" "https://github.com/PaulDance/cargo-liner" "/workspace/cache/git-repos/https%3A%2F%2Fgithub.com%2FPaulDance%2Fcargo-liner", kill_on_drop: false }`
[INFO] [stderr] Cloning into bare repository '/workspace/cache/git-repos/https%3A%2F%2Fgithub.com%2FPaulDance%2Fcargo-liner'...
[INFO] running `Command { std: "git" "rev-parse" "HEAD", kill_on_drop: false }`
[INFO] [stdout] 4afad094dd3274590bf00c947e926cacef62f4c1
[INFO] testing PaulDance/cargo-liner/4afad094dd3274590bf00c947e926cacef62f4c1 against nightly-2024-10-28 for randomize-layout
[INFO] running `Command { std: "git" "clone" "/workspace/cache/git-repos/https%3A%2F%2Fgithub.com%2FPaulDance%2Fcargo-liner" "/workspace/builds/worker-4-tc1/source", kill_on_drop: false }`
[INFO] [stderr] Cloning into '/workspace/builds/worker-4-tc1/source'...
[INFO] [stderr] done.
[INFO] validating manifest of git repo https://github.com/PaulDance/cargo-liner on toolchain nightly-2024-10-28
[INFO] running `Command { std: CARGO_HOME="/workspace/cargo-home" RUSTUP_HOME="/workspace/rustup-home" "/workspace/cargo-home/bin/cargo" "+nightly-2024-10-28" "metadata" "--manifest-path" "Cargo.toml" "--no-deps", kill_on_drop: false }`
[INFO] started tweaking git repo https://github.com/PaulDance/cargo-liner
[INFO] finished tweaking git repo https://github.com/PaulDance/cargo-liner
[INFO] tweaked toml for git repo https://github.com/PaulDance/cargo-liner written to /workspace/builds/worker-4-tc1/source/Cargo.toml
[INFO] crate git repo https://github.com/PaulDance/cargo-liner already has a lockfile, it will not be regenerated
[INFO] running `Command { std: CARGO_HOME="/workspace/cargo-home" RUSTUP_HOME="/workspace/rustup-home" "/workspace/cargo-home/bin/cargo" "+nightly-2024-10-28" "fetch" "--manifest-path" "Cargo.toml", kill_on_drop: false }`
[INFO] [stderr]     Updating crates.io index
[INFO] [stderr]  Downloading crates ...
[INFO] [stderr]   Downloaded snapbox-macros v0.3.10
[INFO] [stderr]   Downloaded snapbox v0.6.17
[INFO] [stderr]   Downloaded anstyle-lossy v1.1.2
[INFO] [stderr]   Downloaded tabled_derive v0.8.0
[INFO] [stderr]   Downloaded trycmd v0.15.7
[INFO] [stderr]   Downloaded anstyle-svg v0.1.5
[INFO] [stderr]   Downloaded papergrid v0.12.0
[INFO] [stderr]   Downloaded cargo-test-macro v0.3.0
[INFO] [stderr]   Downloaded crates-io v0.40.4
[INFO] [stderr]   Downloaded clap_complete v4.5.29
[INFO] [stderr]   Downloaded cargo-test-support v0.3.0
[INFO] [stderr]   Downloaded human-panic v2.0.1
[INFO] [stderr]   Downloaded cargo-util v0.2.14
[INFO] [stderr]   Downloaded tabled v0.16.0
[INFO] [stderr]   Downloaded orion v0.17.7
[INFO] [stderr]   Downloaded curl-sys v0.4.76+curl-8.10.1
[INFO] running `Command { std: "docker" "create" "-v" "/var/lib/crater-agent-workspace/builds/worker-4-tc1/target:/opt/rustwide/target:rw,Z" "-v" "/var/lib/crater-agent-workspace/builds/worker-4-tc1/source:/opt/rustwide/workdir:ro,Z" "-v" "/var/lib/crater-agent-workspace/cargo-home:/opt/rustwide/cargo-home:ro,Z" "-v" "/var/lib/crater-agent-workspace/rustup-home:/opt/rustwide/rustup-home:ro,Z" "-e" "SOURCE_DIR=/opt/rustwide/workdir" "-e" "CARGO_TARGET_DIR=/opt/rustwide/target" "-e" "CARGO_HOME=/opt/rustwide/cargo-home" "-e" "RUSTUP_HOME=/opt/rustwide/rustup-home" "-w" "/opt/rustwide/workdir" "-m" "1610612736" "--user" "0:0" "--network" "none" "ghcr.io/rust-lang/crates-build-env/linux@sha256:4a844ea9eb2546a2d2c7022eacef16ef2e8229c7fbb2c7d4d55a9ceca922f72d" "/opt/rustwide/cargo-home/bin/cargo" "+nightly-2024-10-28" "metadata" "--no-deps" "--format-version=1", kill_on_drop: false }`
[INFO] [stdout] 3d63a9dc99b5c38210e82a672594c643632dd211874f2059f52c1503f012cb2c
[INFO] running `Command { std: "docker" "start" "-a" "3d63a9dc99b5c38210e82a672594c643632dd211874f2059f52c1503f012cb2c", kill_on_drop: false }`
[INFO] running `Command { std: "docker" "inspect" "3d63a9dc99b5c38210e82a672594c643632dd211874f2059f52c1503f012cb2c", kill_on_drop: false }`
[INFO] running `Command { std: "docker" "rm" "-f" "3d63a9dc99b5c38210e82a672594c643632dd211874f2059f52c1503f012cb2c", kill_on_drop: false }`
[INFO] [stdout] 3d63a9dc99b5c38210e82a672594c643632dd211874f2059f52c1503f012cb2c
[INFO] running `Command { std: "docker" "create" "-v" "/var/lib/crater-agent-workspace/builds/worker-4-tc1/target:/opt/rustwide/target:rw,Z" "-v" "/var/lib/crater-agent-workspace/builds/worker-4-tc1/source:/opt/rustwide/workdir:ro,Z" "-v" "/var/lib/crater-agent-workspace/cargo-home:/opt/rustwide/cargo-home:ro,Z" "-v" "/var/lib/crater-agent-workspace/rustup-home:/opt/rustwide/rustup-home:ro,Z" "-e" "SOURCE_DIR=/opt/rustwide/workdir" "-e" "CARGO_TARGET_DIR=/opt/rustwide/target" "-e" "CARGO_INCREMENTAL=0" "-e" "RUST_BACKTRACE=full" "-e" "RUSTFLAGS=--cap-lints=forbid" "-e" "RUSTDOCFLAGS=--cap-lints=forbid" "-e" "CARGO_HOME=/opt/rustwide/cargo-home" "-e" "RUSTUP_HOME=/opt/rustwide/rustup-home" "-w" "/opt/rustwide/workdir" "-m" "1610612736" "--user" "0:0" "--network" "none" "ghcr.io/rust-lang/crates-build-env/linux@sha256:4a844ea9eb2546a2d2c7022eacef16ef2e8229c7fbb2c7d4d55a9ceca922f72d" "/opt/rustwide/cargo-home/bin/cargo" "+nightly-2024-10-28" "build" "--frozen" "--message-format=json", kill_on_drop: false }`
[INFO] [stdout] 5c47eca1a5d86e3af1cb4f504d361ae6ad3e0c59350723d69605fe9ca9750fbb
[INFO] running `Command { std: "docker" "start" "-a" "5c47eca1a5d86e3af1cb4f504d361ae6ad3e0c59350723d69605fe9ca9750fbb", kill_on_drop: false }`
[INFO] [stderr]    Compiling proc-macro2 v1.0.86
[INFO] [stderr]    Compiling unicode-ident v1.0.13
[INFO] [stderr]    Compiling memchr v2.7.4
[INFO] [stderr]    Compiling serde v1.0.210
[INFO] [stderr]    Compiling utf8parse v0.2.2
[INFO] [stderr]    Compiling libc v0.2.158
[INFO] [stderr]    Compiling cfg-if v1.0.0
[INFO] [stderr]    Compiling once_cell v1.19.0
[INFO] [stderr]    Compiling version_check v0.9.5
[INFO] [stderr]    Compiling strsim v0.11.1
[INFO] [stderr]    Compiling fnv v1.0.7
[INFO] [stderr]    Compiling shlex v1.3.0
[INFO] [stderr]    Compiling rustix v0.38.37
[INFO] [stderr]    Compiling tracing-core v0.1.32
[INFO] [stderr]    Compiling cc v1.1.21
[INFO] [stderr]    Compiling proc-macro-error-attr v1.0.4
[INFO] [stderr]    Compiling anstyle-parse v0.2.5
[INFO] [stderr]    Compiling bitflags v2.6.0
[INFO] [stderr]    Compiling minimal-lexical v0.2.1
[INFO] [stderr]    Compiling anstyle v1.0.8
[INFO] [stderr]    Compiling quote v1.0.37
[INFO] [stderr]    Compiling anstyle-query v1.1.1
[INFO] [stderr]    Compiling syn v1.0.109
[INFO] [stderr]    Compiling is_terminal_polyfill v1.70.1
[INFO] [stderr]    Compiling syn v2.0.77
[INFO] [stderr]    Compiling colorchoice v1.0.2
[INFO] [stderr]    Compiling lazy_static v1.5.0
[INFO] [stderr]    Compiling ident_case v1.0.1
[INFO] [stderr]    Compiling linux-raw-sys v0.4.14
[INFO] [stderr]    Compiling arrayvec v0.5.2
[INFO] [stderr]    Compiling vte_generate_state_changes v0.1.2
[INFO] [stderr]    Compiling anstream v0.6.15
[INFO] [stderr]    Compiling sharded-slab v0.1.7
[INFO] [stderr]    Compiling nom v7.1.3
[INFO] [stderr]    Compiling vte v0.10.1
[INFO] [stderr]    Compiling aho-corasick v1.1.3
[INFO] [stderr]    Compiling proc-macro-error v1.0.4
[INFO] [stderr]    Compiling thread_local v1.1.8
[INFO] [stderr]    Compiling pin-project-lite v0.2.14
[INFO] [stderr]    Compiling regex-syntax v0.8.4
[INFO] [stderr]    Compiling tinyvec_macros v0.1.1
[INFO] [stderr]    Compiling backtrace v0.3.71
[INFO] [stderr]    Compiling hashbrown v0.14.5
[INFO] [stderr]    Compiling gimli v0.28.1
[INFO] [stderr]    Compiling equivalent v1.0.1
[INFO] [stderr]    Compiling adler v1.0.2
[INFO] [stderr]    Compiling indexmap v2.5.0
[INFO] [stderr]    Compiling terminal_size v0.3.0
[INFO] [stderr]    Compiling miniz_oxide v0.7.4
[INFO] [stderr]    Compiling tinyvec v1.8.0
[INFO] [stderr]    Compiling ansitok v0.2.0
[INFO] [stderr]    Compiling tracing v0.1.40
[INFO] [stderr]    Compiling tracing-subscriber v0.3.18
[INFO] [stderr]    Compiling object v0.32.2
[INFO] [stderr]    Compiling regex-automata v0.4.7
[INFO] [stderr]    Compiling darling_core v0.20.10
[INFO] [stderr]    Compiling addr2line v0.21.0
[INFO] [stderr]    Compiling rustc-demangle v0.1.24
[INFO] [stderr]    Compiling heck v0.5.0
[INFO] [stderr]    Compiling clap_lex v0.7.2
[INFO] [stderr]    Compiling eyre v0.6.12
[INFO] [stderr]    Compiling winnow v0.6.18
[INFO] [stderr]    Compiling clap_builder v4.5.18
[INFO] [stderr]    Compiling tracing-error v0.2.0
[INFO] [stderr]    Compiling unicode-normalization v0.1.24
[INFO] [stderr]    Compiling serde_derive v1.0.210
[INFO] [stderr]    Compiling clap_derive v4.5.18
[INFO] [stderr]    Compiling darling_macro v0.20.10
[INFO] [stderr]    Compiling darling v0.20.10
[INFO] [stderr]    Compiling regex v1.10.6
[INFO] [stderr]    Compiling ansi-str v0.8.0
[INFO] [stderr]    Compiling getrandom v0.2.15
[INFO] [stderr]    Compiling is-terminal v0.4.13
[INFO] [stderr]    Compiling unicode-width v0.1.11
[INFO] [stderr]    Compiling percent-encoding v2.3.1
[INFO] [stderr]    Compiling indenter v0.3.3
[INFO] [stderr]    Compiling owo-colors v3.5.0
[INFO] [stderr]    Compiling unicode-bidi v0.3.15
[INFO] [stderr]    Compiling humantime v2.1.0
[INFO] [stderr]    Compiling termcolor v1.4.1
[INFO] [stderr]    Compiling bytecount v0.6.8
[INFO] [stderr]    Compiling semver v1.0.23
[INFO] [stderr]    Compiling heck v0.4.1
[INFO] [stderr]    Compiling idna v0.5.0
[INFO] [stderr]    Compiling papergrid v0.12.0
[INFO] [stderr]    Compiling tabled_derive v0.8.0
[INFO] [stderr]    Compiling clap v4.5.18
[INFO] [stderr]    Compiling color-spantrace v0.2.1
[INFO] [stderr]    Compiling form_urlencoded v1.2.1
[INFO] [stderr]    Compiling uuid v1.10.0
[INFO] [stderr]    Compiling serde_with_macros v3.9.0
[INFO] [stderr]    Compiling color-eyre v0.6.3
[INFO] [stderr]    Compiling clap_complete v4.5.29
[INFO] [stderr]    Compiling tabled v0.16.0
[INFO] [stderr]    Compiling home v0.5.9
[INFO] [stderr]    Compiling log v0.4.22
[INFO] [stderr]    Compiling serde_spanned v0.6.7
[INFO] [stderr]    Compiling toml_datetime v0.6.8
[INFO] [stderr]    Compiling serde_with v3.9.0
[INFO] [stderr]    Compiling url v2.5.2
[INFO] [stderr]    Compiling toml_edit v0.22.21
[INFO] [stderr]    Compiling os_info v3.8.2
[INFO] [stderr]    Compiling env_logger v0.10.2
[INFO] [stderr]    Compiling pretty_env_logger v0.5.0
[INFO] [stderr]    Compiling toml v0.8.19
[INFO] [stderr]    Compiling human-panic v2.0.1
[INFO] [stderr]    Compiling cargo-liner v0.8.0 (/opt/rustwide/workdir)
[INFO] [stderr]     Finished `dev` profile [unoptimized + debuginfo] target(s) in 18.20s
[INFO] running `Command { std: "docker" "inspect" "5c47eca1a5d86e3af1cb4f504d361ae6ad3e0c59350723d69605fe9ca9750fbb", kill_on_drop: false }`
[INFO] running `Command { std: "docker" "rm" "-f" "5c47eca1a5d86e3af1cb4f504d361ae6ad3e0c59350723d69605fe9ca9750fbb", kill_on_drop: false }`
[INFO] [stdout] 5c47eca1a5d86e3af1cb4f504d361ae6ad3e0c59350723d69605fe9ca9750fbb
[INFO] running `Command { std: "docker" "create" "-v" "/var/lib/crater-agent-workspace/builds/worker-4-tc1/target:/opt/rustwide/target:rw,Z" "-v" "/var/lib/crater-agent-workspace/builds/worker-4-tc1/source:/opt/rustwide/workdir:ro,Z" "-v" "/var/lib/crater-agent-workspace/cargo-home:/opt/rustwide/cargo-home:ro,Z" "-v" "/var/lib/crater-agent-workspace/rustup-home:/opt/rustwide/rustup-home:ro,Z" "-e" "SOURCE_DIR=/opt/rustwide/workdir" "-e" "CARGO_TARGET_DIR=/opt/rustwide/target" "-e" "CARGO_INCREMENTAL=0" "-e" "RUST_BACKTRACE=full" "-e" "RUSTFLAGS=--cap-lints=forbid" "-e" "RUSTDOCFLAGS=--cap-lints=forbid" "-e" "CARGO_HOME=/opt/rustwide/cargo-home" "-e" "RUSTUP_HOME=/opt/rustwide/rustup-home" "-w" "/opt/rustwide/workdir" "-m" "1610612736" "--user" "0:0" "--network" "none" "ghcr.io/rust-lang/crates-build-env/linux@sha256:4a844ea9eb2546a2d2c7022eacef16ef2e8229c7fbb2c7d4d55a9ceca922f72d" "/opt/rustwide/cargo-home/bin/cargo" "+nightly-2024-10-28" "test" "--frozen" "--no-run" "--message-format=json", kill_on_drop: false }`
[INFO] [stdout] 5383d81a3bc7123ed47ced6dcc8f8ff8e3b124698bbda6d2a75f4561ef149c05
[INFO] running `Command { std: "docker" "start" "-a" "5383d81a3bc7123ed47ced6dcc8f8ff8e3b124698bbda6d2a75f4561ef149c05", kill_on_drop: false }`
[INFO] [stderr]    Compiling shlex v1.3.0
[INFO] [stderr]    Compiling memchr v2.7.4
[INFO] [stderr]    Compiling zeroize v1.8.1
[INFO] [stderr]    Compiling pkg-config v0.3.30
[INFO] [stderr]    Compiling typenum v1.17.0
[INFO] [stderr]    Compiling jobserver v0.1.32
[INFO] [stderr]    Compiling generic-array v0.14.7
[INFO] [stderr]    Compiling subtle v2.6.1
[INFO] [stderr]    Compiling vcpkg v0.2.15
[INFO] [stderr]    Compiling const-oid v0.9.6
[INFO] [stderr]    Compiling getrandom v0.2.15
[INFO] [stderr]    Compiling cc v1.1.21
[INFO] [stderr]    Compiling rustix v0.38.37
[INFO] [stderr]    Compiling base64ct v1.6.0
[INFO] [stderr]    Compiling aho-corasick v1.1.3
[INFO] [stderr]    Compiling pem-rfc7468 v0.7.0
[INFO] [stderr]    Compiling rand_core v0.6.4
[INFO] [stderr]    Compiling crossbeam-utils v0.8.20
[INFO] [stderr]    Compiling der v0.7.9
[INFO] [stderr]    Compiling ff v0.13.0
[INFO] [stderr]    Compiling itoa v1.0.11
[INFO] [stderr]    Compiling serde_json v1.0.128
[INFO] [stderr]    Compiling base16ct v0.2.0
[INFO] [stderr]    Compiling group v0.13.0
[INFO] [stderr]    Compiling ryu v1.0.18
[INFO] [stderr]    Compiling same-file v1.0.6
[INFO] [stderr]    Compiling crossbeam-epoch v0.9.18
[INFO] [stderr]    Compiling walkdir v2.5.0
[INFO] [stderr]    Compiling regex-automata v0.4.7
[INFO] [stderr]    Compiling block-buffer v0.10.4
[INFO] [stderr]    Compiling crypto-common v0.1.6
[INFO] [stderr]    Compiling crypto-bigint v0.5.5
[INFO] [stderr]    Compiling crossbeam-deque v0.8.5
[INFO] [stderr]    Compiling digest v0.10.7
[INFO] [stderr]    Compiling libz-sys v1.1.20
[INFO] [stderr]    Compiling openssl-sys v0.9.103
[INFO] [stderr]    Compiling hmac v0.12.1
[INFO] [stderr]    Compiling spki v0.7.3
[INFO] [stderr]    Compiling pkcs8 v0.10.2
[INFO] [stderr]    Compiling hkdf v0.12.4
[INFO] [stderr]    Compiling sec1 v0.7.3
[INFO] [stderr]    Compiling curl-sys v0.4.76+curl-8.10.1
[INFO] [stderr]    Compiling libssh2-sys v0.3.0
[INFO] [stderr]    Compiling backtrace v0.3.71
[INFO] [stderr]    Compiling toml_edit v0.22.21
[INFO] [stderr]    Compiling elliptic-curve v0.13.8
[INFO] [stderr]    Compiling nom v7.1.3
[INFO] [stderr]    Compiling filetime v0.2.25
[INFO] [stderr]    Compiling fastrand v2.1.1
[INFO] [stderr]    Compiling utf8-width v0.1.7
[INFO] [stderr]    Compiling cpufeatures v0.2.14
[INFO] [stderr]    Compiling tempfile v3.12.0
[INFO] [stderr]    Compiling regex v1.10.6
[INFO] [stderr]    Compiling sha2 v0.10.8
[INFO] [stderr]    Compiling html-escape v0.2.13
[INFO] [stderr]    Compiling terminal_size v0.3.0
[INFO] [stderr]    Compiling rfc6979 v0.4.0
[INFO] [stderr]    Compiling signature v2.2.0
[INFO] [stderr]    Compiling libgit2-sys v0.17.0+1.8.1
[INFO] [stderr]    Compiling bstr v1.10.0
[INFO] [stderr]    Compiling object v0.32.2
[INFO] [stderr]    Compiling anstyle-lossy v1.1.2
[INFO] [stderr]    Compiling either v1.13.0
[INFO] [stderr]    Compiling thiserror v1.0.63
[INFO] [stderr]    Compiling openssl-probe v0.1.5
[INFO] [stderr]    Compiling rayon-core v1.12.1
[INFO] [stderr]    Compiling ansitok v0.2.0
[INFO] [stderr]    Compiling curl v0.4.46
[INFO] [stderr]    Compiling anyhow v1.0.89
[INFO] [stderr]    Compiling powerfmt v0.2.0
[INFO] [stderr]    Compiling deranged v0.3.11
[INFO] [stderr]    Compiling anstyle-svg v0.1.5
[INFO] [stderr]    Compiling globset v0.4.15
[INFO] [stderr]    Compiling ansi-str v0.8.0
[INFO] [stderr]    Compiling clap_builder v4.5.18
[INFO] [stderr]    Compiling toml v0.8.19
[INFO] [stderr]    Compiling ecdsa v0.16.9
[INFO] [stderr]    Compiling primeorder v0.13.6
[INFO] [stderr]    Compiling snapbox-macros v0.3.10
[INFO] [stderr]    Compiling content_inspector v0.2.4
[INFO] [stderr]    Compiling thiserror-impl v1.0.63
[INFO] [stderr]    Compiling wait-timeout v0.2.0
[INFO] [stderr]    Compiling os_pipe v1.2.1
[INFO] [stderr]    Compiling socket2 v0.5.7
[INFO] [stderr]    Compiling time-core v0.1.2
[INFO] [stderr]    Compiling fiat-crypto v0.2.9
[INFO] [stderr]    Compiling dunce v1.0.5
[INFO] [stderr]    Compiling num-conv v0.1.0
[INFO] [stderr]    Compiling similar v2.6.0
[INFO] [stderr]    Compiling normalize-line-endings v0.3.0
[INFO] [stderr]    Compiling env_logger v0.10.2
[INFO] [stderr]    Compiling snapbox v0.6.17
[INFO] [stderr]    Compiling papergrid v0.12.0
[INFO] [stderr]    Compiling clap v4.5.18
[INFO] [stderr]    Compiling time v0.3.36
[INFO] [stderr]    Compiling p384 v0.13.0
[INFO] [stderr]    Compiling ignore v0.4.23
[INFO] [stderr]    Compiling uuid v1.10.0
[INFO] [stderr]    Compiling ed25519-compact v2.1.1
[INFO] [stderr]    Compiling crc32fast v1.4.2
[INFO] [stderr]    Compiling ct-codecs v1.1.2
[INFO] [stderr]    Compiling shell-escape v0.1.5
[INFO] [stderr]    Compiling cargo-test-support v0.3.0
[INFO] [stderr]    Compiling hex v0.4.3
[INFO] [stderr]    Compiling glob v0.3.1
[INFO] [stderr]    Compiling flate2 v1.0.33
[INFO] [stderr]    Compiling rayon v1.10.0
[INFO] [stderr]    Compiling cargo-util v0.2.14
[INFO] [stderr]    Compiling human-panic v2.0.1
[INFO] [stderr]    Compiling tabled v0.16.0
[INFO] [stderr]    Compiling color-eyre v0.6.3
[INFO] [stderr]    Compiling crates-io v0.40.4
[INFO] [stderr]    Compiling orion v0.17.7
[INFO] [stderr]    Compiling clap_complete v4.5.29
[INFO] [stderr]    Compiling pretty_env_logger v0.5.0
[INFO] [stderr]    Compiling itertools v0.13.0
[INFO] [stderr]    Compiling pasetors v0.6.8
[INFO] [stderr]    Compiling humantime-serde v1.1.1
[INFO] [stderr]    Compiling tar v0.4.41
[INFO] [stderr]    Compiling automod v1.0.14
[INFO] [stderr]    Compiling cargo-test-macro v0.3.0
[INFO] [stderr]    Compiling trycmd v0.15.7
[INFO] [stderr]    Compiling indoc v2.0.5
[INFO] [stderr]    Compiling cargo-liner v0.8.0 (/opt/rustwide/workdir)
[INFO] [stderr]    Compiling git2 v0.19.0
[INFO] [stderr]     Finished `test` profile [unoptimized + debuginfo] target(s) in 30.36s
[INFO] running `Command { std: "docker" "inspect" "5383d81a3bc7123ed47ced6dcc8f8ff8e3b124698bbda6d2a75f4561ef149c05", kill_on_drop: false }`
[INFO] running `Command { std: "docker" "rm" "-f" "5383d81a3bc7123ed47ced6dcc8f8ff8e3b124698bbda6d2a75f4561ef149c05", kill_on_drop: false }`
[INFO] [stdout] 5383d81a3bc7123ed47ced6dcc8f8ff8e3b124698bbda6d2a75f4561ef149c05
[INFO] running `Command { std: "docker" "create" "-v" "/var/lib/crater-agent-workspace/builds/worker-4-tc1/target:/opt/rustwide/target:rw,Z" "-v" "/var/lib/crater-agent-workspace/builds/worker-4-tc1/source:/opt/rustwide/workdir:ro,Z" "-v" "/var/lib/crater-agent-workspace/cargo-home:/opt/rustwide/cargo-home:ro,Z" "-v" "/var/lib/crater-agent-workspace/rustup-home:/opt/rustwide/rustup-home:ro,Z" "-e" "SOURCE_DIR=/opt/rustwide/workdir" "-e" "CARGO_TARGET_DIR=/opt/rustwide/target" "-e" "CARGO_INCREMENTAL=0" "-e" "RUST_BACKTRACE=full" "-e" "RUSTFLAGS=--cap-lints=forbid" "-e" "RUSTDOCFLAGS=--cap-lints=forbid" "-e" "CARGO_HOME=/opt/rustwide/cargo-home" "-e" "RUSTUP_HOME=/opt/rustwide/rustup-home" "-w" "/opt/rustwide/workdir" "-m" "1610612736" "--user" "0:0" "--network" "none" "ghcr.io/rust-lang/crates-build-env/linux@sha256:4a844ea9eb2546a2d2c7022eacef16ef2e8229c7fbb2c7d4d55a9ceca922f72d" "/opt/rustwide/cargo-home/bin/cargo" "+nightly-2024-10-28" "test" "--frozen", kill_on_drop: false }`
[INFO] [stdout] dbcb2c195d1c0f1033c328a73afb7d09369c7e002c483cb0b393442961d2cc23
[INFO] running `Command { std: "docker" "start" "-a" "dbcb2c195d1c0f1033c328a73afb7d09369c7e002c483cb0b393442961d2cc23", kill_on_drop: false }`
[INFO] [stderr]     Finished `test` profile [unoptimized + debuginfo] target(s) in 0.32s
[INFO] [stderr]      Running unittests src/main.rs (/opt/rustwide/target/debug/deps/cargo_liner-b5e7e711f05fbe6c)
[INFO] [stdout] 
[INFO] [stdout] running 103 tests
[INFO] [stdout] test cli::tests::test_color ... ok
[INFO] [stdout] test cli::tests::test_completions ... ok
[INFO] [stdout] test cli::tests::test_completions_noarg_iserr ... ok
[INFO] [stdout] test cli::tests::test_completions_wrongarg_iserr ... ok
[INFO] [stdout] test cli::tests::test_help_iserr ... ok
[INFO] [stdout] test cli::tests::test_import ... ok
[INFO] [stdout] test cli::tests::test_import_comp ... ok
[INFO] [stdout] test cli::tests::test_import_comp_force ... ok
[INFO] [stdout] test cli::tests::test_import_comp_force_keepself ... ok
[INFO] [stdout] test cli::tests::test_import_comp_keepself ... ok
[INFO] [stdout] test cli::tests::test_import_comp_patch_iserr ... ok
[INFO] [stdout] test cli::tests::test_import_exact ... ok
[INFO] [stdout] test cli::tests::test_import_exact_comp_iserr ... ok
[INFO] [stdout] test cli::tests::test_import_exact_force ... ok
[INFO] [stdout] test cli::tests::test_import_exact_force_keepself ... ok
[INFO] [stdout] test cli::tests::test_import_exact_keepself ... ok
[INFO] [stdout] test cli::tests::test_import_exact_patch_iserr ... ok
[INFO] [stdout] test cli::tests::test_import_force ... ok
[INFO] [stdout] test cargo::tests::test_configget_withenv_installroot ... ok
[INFO] [stdout] test cli::tests::test_import_keepself ... ok
[INFO] [stdout] test cli::tests::test_import_force_keepself ... ok
[INFO] [stdout] test cli::tests::test_import_local ... ok
[INFO] [stdout] test cli::tests::test_import_patch ... ok
[INFO] [stdout] test cli::tests::test_import_patch_force ... ok
[INFO] [stdout] test cli::tests::test_import_patch_force_keepself ... ok
[INFO] [stdout] test cli::tests::test_no_args ... ok
[INFO] [stdout] test cli::tests::test_import_patch_keepself ... ok
[INFO] [stdout] test cli::tests::test_quiet_verbose_iserr ... ok
[INFO] [stdout] test cli::tests::test_ship ... ok
[INFO] [stdout] test cli::tests::test_quiet ... ok
[INFO] [stdout] test cli::tests::test_ship_force ... ok
[INFO] [stdout] test cli::tests::test_ship_force_negation ... ok
[INFO] [stdout] test cli::tests::test_ship_noandonlyself_iserr ... ok
[INFO] [stdout] test cli::tests::test_ship_nofailfast ... ok
[INFO] [stdout] test cli::tests::test_ship_nofailfast_negation ... ok
[INFO] [stdout] test cli::tests::test_ship_noself ... ok
[INFO] [stdout] test cli::tests::test_ship_noself_negation ... ok
[INFO] [stdout] test cli::tests::test_ship_onlyself ... ok
[INFO] [stdout] test cli::tests::test_ship_onlyself_negation ... ok
[INFO] [stdout] test cli::tests::test_ship_skipcheck ... ok
[INFO] [stdout] test cli::tests::test_ship_skipcheck_negation ... ok
[INFO] [stdout] test cli::tests::test_version_iserr ... ok
[INFO] [stdout] test config::cargo_crates_toml::tests::test_cargocrates_intocompcfg_full_versions ... ok
[INFO] [stdout] test config::cargo_crates_toml::tests::test_cargocrates_intocompcfg_fullversions_keepself ... ok
[INFO] [stdout] test config::cargo_crates_toml::tests::test_cargocrates_intocompcfg_keepself ... ok
[INFO] [stdout] test cli::tests::test_verbose ... ok
[INFO] [stdout] test config::cargo_crates_toml::tests::test_cargocrates_intocompcfg_noself ... ok
[INFO] [stdout] test config::cargo_crates_toml::tests::test_cargocrates_intoexactcfg_full_versions ... ok
[INFO] [stdout] test config::cargo_crates_toml::tests::test_cargocrates_intoexactcfg_fullversions_keepself ... ok
[INFO] [stdout] test config::cargo_crates_toml::tests::test_cargocrates_intoexactcfg_keepself ... ok
[INFO] [stdout] test config::cargo_crates_toml::tests::test_cargocrates_intoexactcfg_noself ... ok
[INFO] [stdout] test config::cargo_crates_toml::tests::test_cargocrates_intopatchcfg_full_versions ... ok
[INFO] [stdout] test config::cargo_crates_toml::tests::test_cargocrates_intopatchcfg_fullversions_keepself ... ok
[INFO] [stdout] test config::cargo_crates_toml::tests::test_cargocrates_intopatchcfg_keepself ... ok
[INFO] [stdout] test config::cargo_crates_toml::tests::test_cargocrates_intopatchcfg_noself ... ok
[INFO] [stdout] test config::cargo_crates_toml::tests::test_cargocrates_intostarcfg_fullversions_keeplocal ... ok
[INFO] [stdout] test config::cargo_crates_toml::tests::test_cargocrates_intostarcfg_full_versions ... ok
[INFO] [stdout] test config::cargo_crates_toml::tests::test_cargocrates_intostarcfg_fullversions_keepself ... ok
[INFO] [stdout] test config::cargo_crates_toml::tests::test_cargocrates_intostarcfg_fullversions_keepself_keeplocal ... ok
[INFO] [stdout] test config::cargo_crates_toml::tests::test_cargocrates_intostarcfg_no_packages ... ok
[INFO] [stdout] test config::cargo_crates_toml::tests::test_cargocrates_intostarcfg_keepself ... ok
[INFO] [stdout] test config::cargo_crates_toml::tests::test_cargocrates_intostarcfg_nopackages_keepself ... ok
[INFO] [stdout] test config::cargo_crates_toml::tests::test_cargocrates_intostarcfg_noself ... ok
[INFO] [stdout] test config::cargo_crates_toml::tests::test_deser_cargocrates_empty_iserr ... ok
[INFO] [stdout] test config::cargo_crates_toml::tests::test_deser_cargocrates_no_packages ... ok
[INFO] [stdout] test config::effective_config::tests::test_effectiveshipargs_allnone_isdefault ... ok
[INFO] [stdout] test config::cargo_crates_toml::tests::test_deser_cargocrates_full_versions ... ok
[INFO] [stdout] test config::effective_config::tests::test_effectiveshipargs_configempty_isdefault ... ok
[INFO] [stdout] test config::effective_config::tests::test_effectiveshipargs_configset_envset_argsset_nointersection_isunion ... ok
[INFO] [stdout] test config::effective_config::tests::test_effectiveshipargs_configset_envset_argsset_withintersection_argshaveprecedence ... ok
[INFO] [stdout] test config::effective_config::tests::test_effectiveshipargs_configset_envset_noargs_withintersection_envhasprecedence ... ok
[INFO] [stdout] test config::effective_config::tests::test_effectiveshipargs_configset_noenv_argsset_withintersection_argshaveprecedence ... ok
[INFO] [stdout] test config::effective_config::tests::test_effectiveshipargs_configset_noenv_noargs_isconfig ... ok
[INFO] [stdout] test config::effective_config::tests::test_effectiveshipargs_haswholecli ... ok
[INFO] [stdout] test config::effective_config::tests::test_effectiveshipargs_noconfig_envset_argsset_withintersection_argshaveprecedence ... ok
[INFO] [stdout] test config::effective_config::tests::test_effectiveshipargs_noconfig_envset_noargs_isenv ... ok
[INFO] [stdout] test config::effective_config::tests::test_effectiveshipargs_noconfig_noenv_argsset_isargs ... ok
[INFO] [stdout] test config::env::tests::test_singlethreaded_ship_errs ... ok
[INFO] [stdout] test config::env::tests::test_singlethreaded_ship_ok ... ok
[INFO] [stdout] test config::user_config::tests::test_deser_userconfig_empty_iserr ... ok
[INFO] [stdout] test config::user_config::tests::test_deser_userconfig_no_packages ... ok
[INFO] [stdout] test config::user_config::tests::test_deser_userconfig_simple_versions ... ok
[INFO] [stdout] test config::user_config::tests::test_deser_userconfig_unknownfields_isok ... ok
[INFO] [stdout] test config::user_config::tests::test_userconfig_defaults_empty ... ok
[INFO] [stdout] test config::user_config::tests::test_userconfig_defaults_empty_equals_semiempty ... ok
[INFO] [stdout] test config::user_config::tests::test_userconfig_defaults_none ... ok
[INFO] [stdout] test config::user_config::tests::test_deser_userconfig_detailed_requirements ... ok
[INFO] [stdout] test config::user_config::tests::test_userconfig_defaults_ship ... ok
[INFO] [stdout] test config::user_config::tests::test_userconfig_onlyselfupdate_disable_isnop ... ok
[INFO] [stdout] test config::user_config::tests::test_userconfig_onlyselfupdate_enable_isdelete ... ok
[INFO] [stdout] test config::user_config::tests::test_userconfig_onlyselfupdate_enable_isnoreplace ... ok
[INFO] [stdout] test config::user_config::tests::test_userconfig_selfupdate_disable_nostar ... ok
[INFO] [stdout] test config::user_config::tests::test_userconfig_selfupdate_disable_star ... ok
[INFO] [stdout] test config::user_config::tests::test_userconfig_selfupdate_enable ... ok
[INFO] [stdout] test config::user_config::tests::test_userconfig_selfupdate_enable_noreplace ... ok
[INFO] [stdout] test config::user_config::tests::test_userconfig_tostringpretty_no_packages ... ok
[INFO] [stdout] test config::user_config::tests::test_userconfig_tostringpretty_simple_versions ... ok
[INFO] [stderr]     Updating `dummy-registry` index
[INFO] [stdout] test cargo::tests::test_singlethreaded_searchall_none_iserr ... ok
[INFO] [stderr]     Updating `dummy-registry` index
[INFO] [stderr]     Blocking waiting for file lock on package cache
[INFO] [stderr]     Blocking waiting for file lock on package cache
[INFO] [stderr]     Blocking waiting for file lock on package cache
[INFO] [stderr] note: to learn more about a package, run `cargo info <name>`
[INFO] [stderr] note: to learn more about a package, run `cargo info <name>`
[INFO] [stderr] note: to learn more about a package, run `cargo info <name>`
[INFO] [stderr] note: to learn more about a package, run `cargo info <name>`
[INFO] [stdout] test cargo::tests::test_singlethreaded_searchall_selfandothers_isok ... ok
[INFO] [stderr]     Updating `dummy-registry` index
[INFO] [stdout] test cargo::tests::test_singlethreaded_searchfinish_none_iserr ... ok
[INFO] [stderr]     Updating `dummy-registry` index
[INFO] [stdout] test cargo::tests::test_singlethreaded_searchspawn_none_isok ... ok
[INFO] [stderr]     Updating `dummy-registry` index
[INFO] [stderr] note: to learn more about a package, run `cargo info <name>`
[INFO] [stdout] test cargo::tests::test_singlethreaded_searchfinish_self_isok ... ok
[INFO] [stderr]     Updating `dummy-registry` index
[INFO] [stderr] note: to learn more about a package, run `cargo info <name>`
[INFO] [stdout] test cargo::tests::test_singlethreaded_searchspawn_self_isok ... ok
[INFO] [stdout] 
[INFO] [stdout] test result: ok. 103 passed; 0 failed; 0 ignored; 0 measured; 0 filtered out; finished in 0.21s
[INFO] [stdout] 
[INFO] [stderr]      Running tests/completions.rs (/opt/rustwide/target/debug/deps/completions-df0a7381b9cdc538)
[INFO] [stdout] 
[INFO] [stdout] running 2 tests
[INFO] [stdout] test validate_zsh ... ok
[INFO] [stdout] GNU bash, version 5.1.16(1)-release (x86_64-pc-linux-gnu)
[INFO] [stdout] Copyright (C) 2020 Free Software Foundation, Inc.
[INFO] [stdout] License GPLv3+: GNU GPL version 3 or later <http://gnu.org/licenses/gpl.html>
[INFO] [stdout] 
[INFO] [stdout] This is free software; you are free to change and redistribute it.
[INFO] [stdout] There is NO WARRANTY, to the extent permitted by law.
[INFO] [stdout] test validate_bash ... ok
[INFO] [stdout] 
[INFO] [stdout] test result: ok. 2 passed; 0 failed; 0 ignored; 0 measured; 0 filtered out; finished in 0.09s
[INFO] [stdout] 
[INFO] [stderr]      Running tests/import.rs (/opt/rustwide/target/debug/deps/import-88b77579b31a097c)
[INFO] [stdout] 
[INFO] [stdout] running 24 tests
[INFO] [stdout] test validate_import_force_withfile_iswarn ... ok
[INFO] [stdout] test validate_import_compatible ... ok
[INFO] [stdout] test validate_import_compatible_keepself ... ok
[INFO] [stdout] test validate_import_exact ... ok
[INFO] [stdout] test validate_import_exact_keepself ... ok
[INFO] [stdout] test validate_import ... ok
[INFO] [stdout] test validate_import_force_nofile_isok ... ok
[INFO] [stdout] test validate_import_keeplocal ... ok
[INFO] [stdout] test validate_import_verbosity_q_force ... ok
[INFO] [stdout] test validate_import_keepself_keeplocal ... ok
[INFO] [stdout] test validate_import_verbosity_qq_force ... ok
[INFO] [stdout] test validate_import_keepself ... ok
[INFO] [stdout] test validate_import_patch ... ok
[INFO] [stdout] test validate_import_patch_keepself ... ok
[INFO] [stdout] test validate_import_verbosity_v ... ok
[INFO] [stdout] test validate_import_verbosity_qqq_noforce ... ok
[INFO] [stdout] test validate_import_verbosity_vv ... ok
[INFO] [stdout] test validate_import_verbosity_vv_nofile_iserr ... ok
[INFO] [stdout] test validate_import_verbosity_v_nofile_iserr ... ok
[INFO] [stdout] test validate_import_noforce_withfile_iserr ... FAILED
[INFO] [stdout] test validate_import_nofile_iserr ... FAILED
[INFO] [stdout] test validate_import_verbosity_qq_noforce ... FAILED
[INFO] [stdout] test validate_import_verbosity_vvv ... ok
[INFO] [stdout] test validate_import_verbosity_vvv_nofile_iserr ... ok
[INFO] [stdout] 
[INFO] [stdout] failures:
[INFO] [stdout] 
[INFO] [stdout] ---- validate_import_noforce_withfile_iserr stdout ----
[INFO] [stdout] thread 'validate_import_noforce_withfile_iserr' panicked at tests/import.rs:167:10:
[INFO] [stdout] 
[INFO] [stdout] [31m---- expected: tests/fixtures/import/validate_import_force_err.stderr[0m
[INFO] [stdout] [32m++++ actual:   stderr[0m
[INFO] [stdout] [2m   1[0m [2m   1[0m [2m|[0m [2mError: 
[INFO] [stdout] [0m[2m   2[0m [2m   2[0m [2m|[0m [2m   0: Configuration file already exists, use -f/--force to overwrite.
[INFO] [stdout] [0m[2m   3[0m [2m   3[0m [2m|[0m [2m
[INFO] [stdout] [0m[2m   4[0m [2m   4[0m [2m|[0m [2mLocation:
[INFO] [stdout] [0m[2m   5[0m [2m   5[0m [2m|[0m [2m   src/[..].rs:[..]
[INFO] [stdout] [0m[2m   6[0m [2m   6[0m [2m|[0m [2m
[INFO] [stdout] [0m[2m   7[0m      [31m-[0m [31mBacktrace omitted. Run with RUST_BACKTRACE=1 environment variable to display it.
[INFO] [stdout] [0m[2m   8[0m      [31m-[0m [31mRun with RUST_BACKTRACE=full to include source snippets.
[INFO] [stdout] [0m     [2m   7[0m [32m+[0m [32m  ━━━━━━━━━━━━━━━━━━━━━━━━━━━━━━━━━━ BACKTRACE ━━━━━━━━━━━━━━━━━━━━━━━━━━━━━━━━━━━
[INFO] [stdout] [0m     [2m   8[0m [32m+[0m [32m                                ⋮ 6 frames hidden ⋮                               
[INFO] [stdout] [0m     [2m   9[0m [32m+[0m [32m   7: cargo_liner::try_main::h7fdb1e7777a23a2b
[INFO] [stdout] [0m     [2m  10[0m [32m+[0m [32m      at /opt/rustwide/workdir/src/main.rs:115
[INFO] [stdout] [0m     [2m  11[0m [32m+[0m [32m       113 │                     log::warn!("Configuration file will be overwritten.");
[INFO] [stdout] [0m     [2m  12[0m [32m+[0m [32m       114 │                 } else {
[INFO] [stdout] [0m     [2m  13[0m [32m+[0m [32m       115 >                     eyre::bail!("Configuration file already exists, use -f/--force to overwrite.");
[INFO] [stdout] [0m     [2m  14[0m [32m+[0m [32m       116 │                 }
[INFO] [stdout] [0m     [2m  15[0m [32m+[0m [32m       117 │             }
[INFO] [stdout] [0m     [2m  16[0m [32m+[0m [32m   8: cargo_liner::main::hbeb2114f0f33b031
[INFO] [stdout] [0m     [2m  17[0m [32m+[0m [32m      at /opt/rustwide/workdir/src/main.rs:60
[INFO] [stdout] [0m     [2m  18[0m [32m+[0m [32m        58 │     // HACK: reproduce the previous behavior by directly exiting: don't display
[INFO] [stdout] [0m     [2m  19[0m [32m+[0m [32m        59 │     // anything, but only report an error code when verbosity is low enough.
[INFO] [stdout] [0m     [2m  20[0m [32m+[0m [32m        60 >     try_main(&args).inspect_err(|_| {
[INFO] [stdout] [0m     [2m  21[0m [32m+[0m [32m        61 │         if args.verbosity() <= -3 {
[INFO] [stdout] [0m     [2m  22[0m [32m+[0m [32m        62 │             process::exit(1);
[INFO] [stdout] [0m     [2m  23[0m [32m+[0m [32m   9: core::ops::function::FnOnce::call_once::hf60c4d4aa75af0df
[INFO] [stdout] [0m     [2m  24[0m [32m+[0m [32m      at /rustc/df4ca44d3fbc9301ee17f30f4d474e6ae4b05252/library/core/src/ops/function.rs:250
[INFO] [stdout] [0m     [2m  25[0m [32m+[0m [32m  10: std::sys::backtrace::__rust_begin_short_backtrace::h73ed548a46b5cd10
[INFO] [stdout] [0m     [2m  26[0m [32m+[0m [32m      at /rustc/df4ca44d3fbc9301ee17f30f4d474e6ae4b05252/library/std/src/sys/backtrace.rs:154
[INFO] [stdout] [0m     [2m  27[0m [32m+[0m [32m                                ⋮ 14 frames hidden ⋮                              
[INFO] [stdout] [0m     [2m  28[0m [32m+[0m [32m
[INFO] [stdout] [0m     [2m  29[0m [32m+[0m [32mRun with COLORBT_SHOW_HIDDEN=1 environment variable to disable frame filtering.
[INFO] [stdout] [0m
[INFO] [stdout] [2mUpdate with SNAPSHOTS=overwrite[0m
[INFO] [stdout] 
[INFO] [stdout] stack backtrace:
[INFO] [stdout]    0:     0x5ba77198e1ea - std::backtrace_rs::backtrace::libunwind::trace::h207520d6e9873551
[INFO] [stdout]                                at /rustc/df4ca44d3fbc9301ee17f30f4d474e6ae4b05252/library/std/src/../../backtrace/src/backtrace/libunwind.rs:116:5
[INFO] [stdout]    1:     0x5ba77198e1ea - std::backtrace_rs::backtrace::trace_unsynchronized::h2ed7433f370e3eca
[INFO] [stdout]                                at /rustc/df4ca44d3fbc9301ee17f30f4d474e6ae4b05252/library/std/src/../../backtrace/src/backtrace/mod.rs:66:5
[INFO] [stdout]    2:     0x5ba77198e1ea - std::sys::backtrace::_print_fmt::h916fac51166b18d7
[INFO] [stdout]                                at /rustc/df4ca44d3fbc9301ee17f30f4d474e6ae4b05252/library/std/src/sys/backtrace.rs:66:9
[INFO] [stdout]    3:     0x5ba77198e1ea - <std::sys::backtrace::BacktraceLock::print::DisplayBacktrace as core::fmt::Display>::fmt::ha0a4c9b8ce3802e6
[INFO] [stdout]                                at /rustc/df4ca44d3fbc9301ee17f30f4d474e6ae4b05252/library/std/src/sys/backtrace.rs:39:26
[INFO] [stdout]    4:     0x5ba7719b6e43 - core::fmt::rt::Argument::fmt::h4cfc8587d52b3eb5
[INFO] [stdout]                                at /rustc/df4ca44d3fbc9301ee17f30f4d474e6ae4b05252/library/core/src/fmt/rt.rs:177:76
[INFO] [stdout]    5:     0x5ba7719b6e43 - core::fmt::write::h522cc39e5b36ae9f
[INFO] [stdout]                                at /rustc/df4ca44d3fbc9301ee17f30f4d474e6ae4b05252/library/core/src/fmt/mod.rs:1190:21
[INFO] [stdout]    6:     0x5ba77198a113 - std::io::Write::write_fmt::h7d3c26752da97734
[INFO] [stdout]                                at /rustc/df4ca44d3fbc9301ee17f30f4d474e6ae4b05252/library/std/src/io/mod.rs:1839:15
[INFO] [stdout]    7:     0x5ba77198e032 - std::sys::backtrace::BacktraceLock::print::h4b9e00b29e9c0942
[INFO] [stdout]                                at /rustc/df4ca44d3fbc9301ee17f30f4d474e6ae4b05252/library/std/src/sys/backtrace.rs:42:9
[INFO] [stdout]    8:     0x5ba77198fc7a - std::panicking::default_hook::{{closure}}::hb59b88280d0324d9
[INFO] [stdout]                                at /rustc/df4ca44d3fbc9301ee17f30f4d474e6ae4b05252/library/std/src/panicking.rs:268:22
[INFO] [stdout]    9:     0x5ba77198fa84 - std::panicking::default_hook::he1dd496665be4a29
[INFO] [stdout]                                at /rustc/df4ca44d3fbc9301ee17f30f4d474e6ae4b05252/library/std/src/panicking.rs:292:9
[INFO] [stdout]   10:     0x5ba7715249f9 - <alloc::boxed::Box<F,A> as core::ops::function::Fn<Args>>::call::h4ff71de18744e1dc
[INFO] [stdout]                                at /rustc/df4ca44d3fbc9301ee17f30f4d474e6ae4b05252/library/alloc/src/boxed.rs:2468:9
[INFO] [stdout]   11:     0x5ba7715249f9 - test::test_main::{{closure}}::hcf7c055ce117aa81
[INFO] [stdout]                                at /rustc/df4ca44d3fbc9301ee17f30f4d474e6ae4b05252/library/test/src/lib.rs:133:21
[INFO] [stdout]   12:     0x5ba771990378 - <alloc::boxed::Box<F,A> as core::ops::function::Fn<Args>>::call::h1d66c6bbd60c9692
[INFO] [stdout]                                at /rustc/df4ca44d3fbc9301ee17f30f4d474e6ae4b05252/library/alloc/src/boxed.rs:2468:9
[INFO] [stdout]   13:     0x5ba771990378 - std::panicking::rust_panic_with_hook::h2ff17fe8f26dfcf8
[INFO] [stdout]                                at /rustc/df4ca44d3fbc9301ee17f30f4d474e6ae4b05252/library/std/src/panicking.rs:809:13
[INFO] [stdout]   14:     0x5ba77199013a - std::panicking::begin_panic_handler::{{closure}}::h4fad77951c07e101
[INFO] [stdout]                                at /rustc/df4ca44d3fbc9301ee17f30f4d474e6ae4b05252/library/std/src/panicking.rs:674:13
[INFO] [stdout]   15:     0x5ba77198e6c9 - std::sys::backtrace::__rust_end_short_backtrace::hb1a25b3da5d0ea08
[INFO] [stdout]                                at /rustc/df4ca44d3fbc9301ee17f30f4d474e6ae4b05252/library/std/src/sys/backtrace.rs:170:18
[INFO] [stdout]   16:     0x5ba77198fdcc - rust_begin_unwind
[INFO] [stdout]                                at /rustc/df4ca44d3fbc9301ee17f30f4d474e6ae4b05252/library/std/src/panicking.rs:665:5
[INFO] [stdout]   17:     0x5ba7719b5450 - core::panicking::panic_fmt::ha9db07b529f9b256
[INFO] [stdout]                                at /rustc/df4ca44d3fbc9301ee17f30f4d474e6ae4b05252/library/core/src/panicking.rs:75:14
[INFO] [stdout]   18:     0x5ba7715881fe - snapbox::assert::error::Error::panic::hbbff32ceff58accf
[INFO] [stdout]                                at /opt/rustwide/cargo-home/registry/src/index.crates.io-6f17d22bba15001f/snapbox-0.6.17/src/assert/error.rs:23:9
[INFO] [stdout]   19:     0x5ba7715f2011 - snapbox::cmd::OutputAssert::stderr_eq_inner::h28f0e36a185593d5
[INFO] [stdout]                                at /opt/rustwide/cargo-home/registry/src/index.crates.io-6f17d22bba15001f/snapbox-0.6.17/src/cmd.rs:705:13
[INFO] [stdout]   20:     0x5ba7714e89cd - snapbox::cmd::OutputAssert::stderr_eq::hcdb054d1801f5768
[INFO] [stdout]                                at /opt/rustwide/cargo-home/registry/src/index.crates.io-6f17d22bba15001f/snapbox-0.6.17/src/cmd.rs:692:9
[INFO] [stdout]   21:     0x5ba7714e14a1 - import::validate_import_noforce_withfile_iserr::h45c35cf7ad229d0d
[INFO] [stdout]                                at /opt/rustwide/workdir/tests/import.rs:162:5
[INFO] [stdout]   22:     0x5ba7714e0f27 - import::validate_import_noforce_withfile_iserr::{{closure}}::h900074aa257cf350
[INFO] [stdout]                                at /opt/rustwide/workdir/tests/import.rs:158:44
[INFO] [stdout]   23:     0x5ba7714d8876 - core::ops::function::FnOnce::call_once::h9ce7a1065a1206ea
[INFO] [stdout]                                at /rustc/df4ca44d3fbc9301ee17f30f4d474e6ae4b05252/library/core/src/ops/function.rs:250:5
[INFO] [stdout]   24:     0x5ba7715292cb - core::ops::function::FnOnce::call_once::h22c3ba5715e93f05
[INFO] [stdout]                                at /rustc/df4ca44d3fbc9301ee17f30f4d474e6ae4b05252/library/core/src/ops/function.rs:250:5
[INFO] [stdout]   25:     0x5ba7715292cb - test::__rust_begin_short_backtrace::h8e82d8113d0da17f
[INFO] [stdout]                                at /rustc/df4ca44d3fbc9301ee17f30f4d474e6ae4b05252/library/test/src/lib.rs:621:18
[INFO] [stdout]   26:     0x5ba771528c47 - test::run_test_in_process::{{closure}}::h33235f4f20b7b7c7
[INFO] [stdout]                                at /rustc/df4ca44d3fbc9301ee17f30f4d474e6ae4b05252/library/test/src/lib.rs:644:60
[INFO] [stdout]   27:     0x5ba771528c47 - <core::panic::unwind_safe::AssertUnwindSafe<F> as core::ops::function::FnOnce<()>>::call_once::hb5043206310c586f
[INFO] [stdout]                                at /rustc/df4ca44d3fbc9301ee17f30f4d474e6ae4b05252/library/core/src/panic/unwind_safe.rs:272:9
[INFO] [stdout]   28:     0x5ba771528c47 - std::panicking::try::do_call::h9ad4731a60ab23e2
[INFO] [stdout]                                at /rustc/df4ca44d3fbc9301ee17f30f4d474e6ae4b05252/library/std/src/panicking.rs:557:40
[INFO] [stdout]   29:     0x5ba771528c47 - std::panicking::try::h3824d23db772a716
[INFO] [stdout]                                at /rustc/df4ca44d3fbc9301ee17f30f4d474e6ae4b05252/library/std/src/panicking.rs:520:19
[INFO] [stdout]   30:     0x5ba771528c47 - std::panic::catch_unwind::h5afd514605fde46b
[INFO] [stdout]                                at /rustc/df4ca44d3fbc9301ee17f30f4d474e6ae4b05252/library/std/src/panic.rs:358:14
[INFO] [stdout]   31:     0x5ba771528c47 - test::run_test_in_process::h0d5cbfa7067d1720
[INFO] [stdout]                                at /rustc/df4ca44d3fbc9301ee17f30f4d474e6ae4b05252/library/test/src/lib.rs:644:27
[INFO] [stdout]   32:     0x5ba771528c47 - test::run_test::{{closure}}::h708eb8872708115d
[INFO] [stdout]                                at /rustc/df4ca44d3fbc9301ee17f30f4d474e6ae4b05252/library/test/src/lib.rs:565:43
[INFO] [stdout]   33:     0x5ba7714ec364 - test::run_test::{{closure}}::h392c51cee94713ab
[INFO] [stdout]                                at /rustc/df4ca44d3fbc9301ee17f30f4d474e6ae4b05252/library/test/src/lib.rs:595:41
[INFO] [stdout]   34:     0x5ba7714ec364 - std::sys::backtrace::__rust_begin_short_backtrace::h2f40290710935a8b
[INFO] [stdout]                                at /rustc/df4ca44d3fbc9301ee17f30f4d474e6ae4b05252/library/std/src/sys/backtrace.rs:154:18
[INFO] [stdout]   35:     0x5ba7714efb0e - std::thread::Builder::spawn_unchecked_::{{closure}}::{{closure}}::h3fd968d89053a903
[INFO] [stdout]                                at /rustc/df4ca44d3fbc9301ee17f30f4d474e6ae4b05252/library/std/src/thread/mod.rs:541:17
[INFO] [stdout]   36:     0x5ba7714efb0e - <core::panic::unwind_safe::AssertUnwindSafe<F> as core::ops::function::FnOnce<()>>::call_once::h743f637ba4229880
[INFO] [stdout]                                at /rustc/df4ca44d3fbc9301ee17f30f4d474e6ae4b05252/library/core/src/panic/unwind_safe.rs:272:9
[INFO] [stdout]   37:     0x5ba7714efb0e - std::panicking::try::do_call::h07440897322525a6
[INFO] [stdout]                                at /rustc/df4ca44d3fbc9301ee17f30f4d474e6ae4b05252/library/std/src/panicking.rs:557:40
[INFO] [stdout]   38:     0x5ba7714efb0e - std::panicking::try::he5a2e00188156637
[INFO] [stdout]                                at /rustc/df4ca44d3fbc9301ee17f30f4d474e6ae4b05252/library/std/src/panicking.rs:520:19
[INFO] [stdout]   39:     0x5ba7714efb0e - std::panic::catch_unwind::hbaf3cae49b3c6433
[INFO] [stdout]                                at /rustc/df4ca44d3fbc9301ee17f30f4d474e6ae4b05252/library/std/src/panic.rs:358:14
[INFO] [stdout]   40:     0x5ba7714efb0e - std::thread::Builder::spawn_unchecked_::{{closure}}::h8e141ea224820bce
[INFO] [stdout]                                at /rustc/df4ca44d3fbc9301ee17f30f4d474e6ae4b05252/library/std/src/thread/mod.rs:540:30
[INFO] [stdout]   41:     0x5ba7714efb0e - core::ops::function::FnOnce::call_once{{vtable.shim}}::h90d312fedd7b8ea8
[INFO] [stdout]                                at /rustc/df4ca44d3fbc9301ee17f30f4d474e6ae4b05252/library/core/src/ops/function.rs:250:5
[INFO] [stdout]   42:     0x5ba771994ffb - <alloc::boxed::Box<F,A> as core::ops::function::FnOnce<Args>>::call_once::h69aa08ddb6adb8b6
[INFO] [stdout]                                at /rustc/df4ca44d3fbc9301ee17f30f4d474e6ae4b05252/library/alloc/src/boxed.rs:2454:9
[INFO] [stdout]   43:     0x5ba771994ffb - <alloc::boxed::Box<F,A> as core::ops::function::FnOnce<Args>>::call_once::h5aa36efdb79c806f
[INFO] [stdout]                                at /rustc/df4ca44d3fbc9301ee17f30f4d474e6ae4b05252/library/alloc/src/boxed.rs:2454:9
[INFO] [stdout]   44:     0x5ba771994ffb - std::sys::pal::unix::thread::Thread::new::thread_start::h6cd80a1b4be5158d
[INFO] [stdout]                                at /rustc/df4ca44d3fbc9301ee17f30f4d474e6ae4b05252/library/std/src/sys/pal/unix/thread.rs:105:17
[INFO] [stdout]   45:     0x7d9242eb0ac3 - <unknown>
[INFO] [stdout]   46:     0x7d9242f41a04 - clone
[INFO] [stdout]   47:                0x0 - <unknown>
[INFO] [stdout] 
[INFO] [stdout] ---- validate_import_nofile_iserr stdout ----
[INFO] [stdout] thread 'validate_import_nofile_iserr' panicked at tests/import.rs:180:10:
[INFO] [stdout] 
[INFO] [stdout] [31m---- expected: tests/fixtures/import/validate_import_nofile_iserr.stderr[0m
[INFO] [stdout] [32m++++ actual:   stderr[0m
[INFO] [stdout] [2m   1[0m [2m   1[0m [2m|[0m [2m INFO  cargo_liner > Importing Cargo installed crates as a new configuration file...
[INFO] [stdout] [0m[2m   2[0m [2m   2[0m [2m|[0m [2mError: 
[INFO] [stdout] [0m[2m   3[0m [2m   3[0m [2m|[0m [2m   0: Failed to parse Cargo's .crates.toml file.
[INFO] [stdout] [0m[2m   4[0m [2m   4[0m [2m|[0m [2m   1: Failed to read Cargo's .crates.toml file.
[INFO] [stdout] [0m[2m   5[0m [2m   5[0m [2m|[0m [2m   2: [NOT_FOUND]
[INFO] [stdout] [0m[2m   6[0m [2m   6[0m [2m|[0m [2m
[INFO] [stdout] [0m[2m   7[0m [2m   7[0m [2m|[0m [2mLocation:
[INFO] [stdout] [0m[2m   8[0m [2m   8[0m [2m|[0m [2m   src/[..].rs:[..]
[INFO] [stdout] [0m[2m   9[0m [2m   9[0m [2m|[0m [2m
[INFO] [stdout] [0m     [2m  10[0m [32m+[0m [32m  ━━━━━━━━━━━━━━━━━━━━━━━━━━━━━━━━━━ BACKTRACE ━━━━━━━━━━━━━━━━━━━━━━━━━━━━━━━━━━━
[INFO] [stdout] [0m     [2m  11[0m [32m+[0m [32m                                ⋮ 4 frames hidden ⋮                               
[INFO] [stdout] [0m     [2m  12[0m [32m+[0m [32m   5: <E as eyre::context::ext::StdError>::ext_report::hd2014f6ab9ccad8d
[INFO] [stdout] [0m     [2m  13[0m [32m+[0m [32m      at /opt/rustwide/cargo-home/registry/src/index.crates.io-6f17d22bba15001f/eyre-0.6.12/src/context.rs:26
[INFO] [stdout] [0m     [2m  14[0m [32m+[0m [32m        24 │             D: Display + Send + Sync + 'static,
[INFO] [stdout] [0m     [2m  15[0m [32m+[0m [32m        25 │         {
[INFO] [stdout] [0m     [2m  16[0m [32m+[0m [32m        26 >             Report::from_msg(msg, self)
[INFO] [stdout] [0m     [2m  17[0m [32m+[0m [32m        27 │         }
[INFO] [stdout] [0m     [2m  18[0m [32m+[0m [32m        28 │     }
[INFO] [stdout] [0m     [2m  19[0m [32m+[0m [32m                                 ⋮ 1 frame hidden ⋮                               
[INFO] [stdout] [0m     [2m  20[0m [32m+[0m [32m   7: cargo_liner::config::cargo_crates_toml::CargoCratesToml::parse_file::hdefaf87acf65bab4
[INFO] [stdout] [0m     [2m  21[0m [32m+[0m [32m      at /opt/rustwide/workdir/src/config/cargo_crates_toml.rs:59
[INFO] [stdout] [0m     [2m  22[0m [32m+[0m [32m        57 │         let path = Self::file_path().wrap_err("Failed to build Cargo's .crates.toml file path.")?;
[INFO] [stdout] [0m     [2m  23[0m [32m+[0m [32m        58 │         log::debug!("Reading Cargo-installed packages from {path:#?}...");
[INFO] [stdout] [0m     [2m  24[0m [32m+[0m [32m        59 >         let info_str = fs::read_to_string(path)
[INFO] [stdout] [0m     [2m  25[0m [32m+[0m [32m        60 │             .wrap_err("Failed to read Cargo's .crates.toml file.")
[INFO] [stdout] [0m     [2m  26[0m [32m+[0m [32m        61 │             .note("This can happen for many reasons.")
[INFO] [stdout] [0m     [2m  27[0m [32m+[0m [32m   8: cargo_liner::try_main::h7fdb1e7777a23a2b
[INFO] [stdout] [0m     [2m  28[0m [32m+[0m [32m      at /opt/rustwide/workdir/src/main.rs:133
[INFO] [stdout] [0m     [2m  29[0m [32m+[0m [32m       131 │                 CargoCratesToml::into_star_version_config
[INFO] [stdout] [0m     [2m  30[0m [32m+[0m [32m       132 │             })(
[INFO] [stdout] [0m     [2m  31[0m [32m+[0m [32m       133 >                 CargoCratesToml::parse_file()
[INFO] [stdout] [0m     [2m  32[0m [32m+[0m [32m       134 │                     .wrap_err("Failed to parse Cargo's .crates.toml file.")?,
[INFO] [stdout] [0m     [2m  33[0m [32m+[0m [32m       135 │                 import_args.keep_self,
[INFO] [stdout] [0m     [2m  34[0m [32m+[0m [32m   9: cargo_liner::main::hbeb2114f0f33b031
[INFO] [stdout] [0m     [2m  35[0m [32m+[0m [32m      at /opt/rustwide/workdir/src/main.rs:60
[INFO] [stdout] [0m     [2m  36[0m [32m+[0m [32m        58 │     // HACK: reproduce the previous behavior by directly exiting: don't display
[INFO] [stdout] [0m     [2m  37[0m [32m+[0m [32m        59 │     // anything, but only report an error code when verbosity is low enough.
[INFO] [stdout] [0m     [2m  38[0m [32m+[0m [32m        60 >     try_main(&args).inspect_err(|_| {
[INFO] [stdout] [0m     [2m  39[0m [32m+[0m [32m        61 │         if args.verbosity() <= -3 {
[INFO] [stdout] [0m     [2m  40[0m [32m+[0m [32m        62 │             process::exit(1);
[INFO] [stdout] [0m     [2m  41[0m [32m+[0m [32m  10: core::ops::function::FnOnce::call_once::hf60c4d4aa75af0df
[INFO] [stdout] [0m     [2m  42[0m [32m+[0m [32m      at /rustc/df4ca44d3fbc9301ee17f30f4d474e6ae4b05252/library/core/src/ops/function.rs:250
[INFO] [stdout] [0m     [2m  43[0m [32m+[0m [32m  11: std::sys::backtrace::__rust_begin_short_backtrace::h73ed548a46b5cd10
[INFO] [stdout] [0m     [2m  44[0m [32m+[0m [32m      at /rustc/df4ca44d3fbc9301ee17f30f4d474e6ae4b05252/library/std/src/sys/backtrace.rs:154
[INFO] [stdout] [0m     [2m  45[0m [32m+[0m [32m                                ⋮ 14 frames hidden ⋮                              
[INFO] [stdout] [0m     [2m  46[0m [32m+[0m [32m
[INFO] [stdout] [0m[2m  10[0m [2m  47[0m [2m|[0m [2mNote: This can happen for many reasons.
[INFO] [stdout] [0m[2m  11[0m [2m  48[0m [2m|[0m [2mSuggestion: Check if the file exists and has the correct permissions.
[INFO] [stdout] [0m[2m  12[0m [2m  49[0m [2m|[0m [2m
[INFO] [stdout] [0m[2m  13[0m      [31m-[0m [4m[31mBacktrace omitted. [0m[31mRun with [0m[4m[31mRUST_BACKTRACE=1[0m[31m environment variable to [0m[4m[31mdisplay it.[0m[31m
[INFO] [stdout] [0m[2m  14[0m      [31m-[0m [4m[31mRun[0m[31m [0m[4m[31mwith[0m[31m [0m[4m[31mRUST_BACKTRACE=full to include source snippets.[0m[31m
[INFO] [stdout] [0m     [2m  50[0m [32m+[0m [32mRun with [0m[4m[32mCOLORBT_SHOW_HIDDEN=1[0m[32m environment variable to [0m[4m[32mdisable[0m[32m [0m[4m[32mframe[0m[32m [0m[4m[32mfiltering.[0m[32m
[INFO] [stdout] [0m
[INFO] [stdout] [2mUpdate with SNAPSHOTS=overwrite[0m
[INFO] [stdout] 
[INFO] [stdout] stack backtrace:
[INFO] [stdout]    0:     0x5ba77198e1ea - std::backtrace_rs::backtrace::libunwind::trace::h207520d6e9873551
[INFO] [stdout]                                at /rustc/df4ca44d3fbc9301ee17f30f4d474e6ae4b05252/library/std/src/../../backtrace/src/backtrace/libunwind.rs:116:5
[INFO] [stdout]    1:     0x5ba77198e1ea - std::backtrace_rs::backtrace::trace_unsynchronized::h2ed7433f370e3eca
[INFO] [stdout]                                at /rustc/df4ca44d3fbc9301ee17f30f4d474e6ae4b05252/library/std/src/../../backtrace/src/backtrace/mod.rs:66:5
[INFO] [stdout]    2:     0x5ba77198e1ea - std::sys::backtrace::_print_fmt::h916fac51166b18d7
[INFO] [stdout]                                at /rustc/df4ca44d3fbc9301ee17f30f4d474e6ae4b05252/library/std/src/sys/backtrace.rs:66:9
[INFO] [stdout]    3:     0x5ba77198e1ea - <std::sys::backtrace::BacktraceLock::print::DisplayBacktrace as core::fmt::Display>::fmt::ha0a4c9b8ce3802e6
[INFO] [stdout]                                at /rustc/df4ca44d3fbc9301ee17f30f4d474e6ae4b05252/library/std/src/sys/backtrace.rs:39:26
[INFO] [stdout]    4:     0x5ba7719b6e43 - core::fmt::rt::Argument::fmt::h4cfc8587d52b3eb5
[INFO] [stdout]                                at /rustc/df4ca44d3fbc9301ee17f30f4d474e6ae4b05252/library/core/src/fmt/rt.rs:177:76
[INFO] [stdout]    5:     0x5ba7719b6e43 - core::fmt::write::h522cc39e5b36ae9f
[INFO] [stdout]                                at /rustc/df4ca44d3fbc9301ee17f30f4d474e6ae4b05252/library/core/src/fmt/mod.rs:1190:21
[INFO] [stdout]    6:     0x5ba77198a113 - std::io::Write::write_fmt::h7d3c26752da97734
[INFO] [stdout]                                at /rustc/df4ca44d3fbc9301ee17f30f4d474e6ae4b05252/library/std/src/io/mod.rs:1839:15
[INFO] [stdout]    7:     0x5ba77198e032 - std::sys::backtrace::BacktraceLock::print::h4b9e00b29e9c0942
[INFO] [stdout]                                at /rustc/df4ca44d3fbc9301ee17f30f4d474e6ae4b05252/library/std/src/sys/backtrace.rs:42:9
[INFO] [stdout]    8:     0x5ba77198fc7a - std::panicking::default_hook::{{closure}}::hb59b88280d0324d9
[INFO] [stdout]                                at /rustc/df4ca44d3fbc9301ee17f30f4d474e6ae4b05252/library/std/src/panicking.rs:268:22
[INFO] [stdout]    9:     0x5ba77198fa84 - std::panicking::default_hook::he1dd496665be4a29
[INFO] [stdout]                                at /rustc/df4ca44d3fbc9301ee17f30f4d474e6ae4b05252/library/std/src/panicking.rs:292:9
[INFO] [stdout]   10:     0x5ba7715249f9 - <alloc::boxed::Box<F,A> as core::ops::function::Fn<Args>>::call::h4ff71de18744e1dc
[INFO] [stdout]                                at /rustc/df4ca44d3fbc9301ee17f30f4d474e6ae4b05252/library/alloc/src/boxed.rs:2468:9
[INFO] [stdout]   11:     0x5ba7715249f9 - test::test_main::{{closure}}::hcf7c055ce117aa81
[INFO] [stdout]                                at /rustc/df4ca44d3fbc9301ee17f30f4d474e6ae4b05252/library/test/src/lib.rs:133:21
[INFO] [stdout]   12:     0x5ba771990378 - <alloc::boxed::Box<F,A> as core::ops::function::Fn<Args>>::call::h1d66c6bbd60c9692
[INFO] [stdout]                                at /rustc/df4ca44d3fbc9301ee17f30f4d474e6ae4b05252/library/alloc/src/boxed.rs:2468:9
[INFO] [stdout]   13:     0x5ba771990378 - std::panicking::rust_panic_with_hook::h2ff17fe8f26dfcf8
[INFO] [stdout]                                at /rustc/df4ca44d3fbc9301ee17f30f4d474e6ae4b05252/library/std/src/panicking.rs:809:13
[INFO] [stdout]   14:     0x5ba77199013a - std::panicking::begin_panic_handler::{{closure}}::h4fad77951c07e101
[INFO] [stdout]                                at /rustc/df4ca44d3fbc9301ee17f30f4d474e6ae4b05252/library/std/src/panicking.rs:674:13
[INFO] [stdout]   15:     0x5ba77198e6c9 - std::sys::backtrace::__rust_end_short_backtrace::hb1a25b3da5d0ea08
[INFO] [stdout]                                at /rustc/df4ca44d3fbc9301ee17f30f4d474e6ae4b05252/library/std/src/sys/backtrace.rs:170:18
[INFO] [stdout]   16:     0x5ba77198fdcc - rust_begin_unwind
[INFO] [stdout]                                at /rustc/df4ca44d3fbc9301ee17f30f4d474e6ae4b05252/library/std/src/panicking.rs:665:5
[INFO] [stdout]   17:     0x5ba7719b5450 - core::panicking::panic_fmt::ha9db07b529f9b256
[INFO] [stdout]                                at /rustc/df4ca44d3fbc9301ee17f30f4d474e6ae4b05252/library/core/src/panicking.rs:75:14
[INFO] [stdout]   18:     0x5ba7715881fe - snapbox::assert::error::Error::panic::hbbff32ceff58accf
[INFO] [stdout]                                at /opt/rustwide/cargo-home/registry/src/index.crates.io-6f17d22bba15001f/snapbox-0.6.17/src/assert/error.rs:23:9
[INFO] [stdout]   19:     0x5ba7715f2011 - snapbox::cmd::OutputAssert::stderr_eq_inner::h28f0e36a185593d5
[INFO] [stdout]                                at /opt/rustwide/cargo-home/registry/src/index.crates.io-6f17d22bba15001f/snapbox-0.6.17/src/cmd.rs:705:13
[INFO] [stdout]   20:     0x5ba7714e89cd - snapbox::cmd::OutputAssert::stderr_eq::hcdb054d1801f5768
[INFO] [stdout]                                at /opt/rustwide/cargo-home/registry/src/index.crates.io-6f17d22bba15001f/snapbox-0.6.17/src/cmd.rs:692:9
[INFO] [stdout]   21:     0x5ba7714e1b57 - import::validate_import_nofile_iserr::hb95cbb4fba380f70
[INFO] [stdout]                                at /opt/rustwide/workdir/tests/import.rs:175:5
[INFO] [stdout]   22:     0x5ba7714e15f7 - import::validate_import_nofile_iserr::{{closure}}::h25fc35880f39a40f
[INFO] [stdout]                                at /opt/rustwide/workdir/tests/import.rs:174:34
[INFO] [stdout]   23:     0x5ba7714d88b6 - core::ops::function::FnOnce::call_once::h9d540ac7ee1f2f0f
[INFO] [stdout]                                at /rustc/df4ca44d3fbc9301ee17f30f4d474e6ae4b05252/library/core/src/ops/function.rs:250:5
[INFO] [stdout]   24:     0x5ba7715292cb - core::ops::function::FnOnce::call_once::h22c3ba5715e93f05
[INFO] [stdout]                                at /rustc/df4ca44d3fbc9301ee17f30f4d474e6ae4b05252/library/core/src/ops/function.rs:250:5
[INFO] [stdout]   25:     0x5ba7715292cb - test::__rust_begin_short_backtrace::h8e82d8113d0da17f
[INFO] [stdout]                                at /rustc/df4ca44d3fbc9301ee17f30f4d474e6ae4b05252/library/test/src/lib.rs:621:18
[INFO] [stdout]   26:     0x5ba771528c47 - test::run_test_in_process::{{closure}}::h33235f4f20b7b7c7
[INFO] [stdout]                                at /rustc/df4ca44d3fbc9301ee17f30f4d474e6ae4b05252/library/test/src/lib.rs:644:60
[INFO] [stdout]   27:     0x5ba771528c47 - <core::panic::unwind_safe::AssertUnwindSafe<F> as core::ops::function::FnOnce<()>>::call_once::hb5043206310c586f
[INFO] [stdout]                                at /rustc/df4ca44d3fbc9301ee17f30f4d474e6ae4b05252/library/core/src/panic/unwind_safe.rs:272:9
[INFO] [stdout]   28:     0x5ba771528c47 - std::panicking::try::do_call::h9ad4731a60ab23e2
[INFO] [stdout]                                at /rustc/df4ca44d3fbc9301ee17f30f4d474e6ae4b05252/library/std/src/panicking.rs:557:40
[INFO] [stdout]   29:     0x5ba771528c47 - std::panicking::try::h3824d23db772a716
[INFO] [stdout]                                at /rustc/df4ca44d3fbc9301ee17f30f4d474e6ae4b05252/library/std/src/panicking.rs:520:19
[INFO] [stdout]   30:     0x5ba771528c47 - std::panic::catch_unwind::h5afd514605fde46b
[INFO] [stdout]                                at /rustc/df4ca44d3fbc9301ee17f30f4d474e6ae4b05252/library/std/src/panic.rs:358:14
[INFO] [stdout]   31:     0x5ba771528c47 - test::run_test_in_process::h0d5cbfa7067d1720
[INFO] [stdout]                                at /rustc/df4ca44d3fbc9301ee17f30f4d474e6ae4b05252/library/test/src/lib.rs:644:27
[INFO] [stdout]   32:     0x5ba771528c47 - test::run_test::{{closure}}::h708eb8872708115d
[INFO] [stdout]                                at /rustc/df4ca44d3fbc9301ee17f30f4d474e6ae4b05252/library/test/src/lib.rs:565:43
[INFO] [stdout]   33:     0x5ba7714ec364 - test::run_test::{{closure}}::h392c51cee94713ab
[INFO] [stdout]                                at /rustc/df4ca44d3fbc9301ee17f30f4d474e6ae4b05252/library/test/src/lib.rs:595:41
[INFO] [stdout]   34:     0x5ba7714ec364 - std::sys::backtrace::__rust_begin_short_backtrace::h2f40290710935a8b
[INFO] [stdout]                                at /rustc/df4ca44d3fbc9301ee17f30f4d474e6ae4b05252/library/std/src/sys/backtrace.rs:154:18
[INFO] [stdout]   35:     0x5ba7714efb0e - std::thread::Builder::spawn_unchecked_::{{closure}}::{{closure}}::h3fd968d89053a903
[INFO] [stdout]                                at /rustc/df4ca44d3fbc9301ee17f30f4d474e6ae4b05252/library/std/src/thread/mod.rs:541:17
[INFO] [stdout]   36:     0x5ba7714efb0e - <core::panic::unwind_safe::AssertUnwindSafe<F> as core::ops::function::FnOnce<()>>::call_once::h743f637ba4229880
[INFO] [stdout]                                at /rustc/df4ca44d3fbc9301ee17f30f4d474e6ae4b05252/library/core/src/panic/unwind_safe.rs:272:9
[INFO] [stdout]   37:     0x5ba7714efb0e - std::panicking::try::do_call::h07440897322525a6
[INFO] [stdout]                                at /rustc/df4ca44d3fbc9301ee17f30f4d474e6ae4b05252/library/std/src/panicking.rs:557:40
[INFO] [stdout]   38:     0x5ba7714efb0e - std::panicking::try::he5a2e00188156637
[INFO] [stdout]                                at /rustc/df4ca44d3fbc9301ee17f30f4d474e6ae4b05252/library/std/src/panicking.rs:520:19
[INFO] [stdout]   39:     0x5ba7714efb0e - std::panic::catch_unwind::hbaf3cae49b3c6433
[INFO] [stdout]                                at /rustc/df4ca44d3fbc9301ee17f30f4d474e6ae4b05252/library/std/src/panic.rs:358:14
[INFO] [stdout]   40:     0x5ba7714efb0e - std::thread::Builder::spawn_unchecked_::{{closure}}::h8e141ea224820bce
[INFO] [stdout]                                at /rustc/df4ca44d3fbc9301ee17f30f4d474e6ae4b05252/library/std/src/thread/mod.rs:540:30
[INFO] [stdout]   41:     0x5ba7714efb0e - core::ops::function::FnOnce::call_once{{vtable.shim}}::h90d312fedd7b8ea8
[INFO] [stdout]                                at /rustc/df4ca44d3fbc9301ee17f30f4d474e6ae4b05252/library/core/src/ops/function.rs:250:5
[INFO] [stdout]   42:     0x5ba771994ffb - <alloc::boxed::Box<F,A> as core::ops::function::FnOnce<Args>>::call_once::h69aa08ddb6adb8b6
[INFO] [stdout]                                at /rustc/df4ca44d3fbc9301ee17f30f4d474e6ae4b05252/library/alloc/src/boxed.rs:2454:9
[INFO] [stdout]   43:     0x5ba771994ffb - <alloc::boxed::Box<F,A> as core::ops::function::FnOnce<Args>>::call_once::h5aa36efdb79c806f
[INFO] [stdout]                                at /rustc/df4ca44d3fbc9301ee17f30f4d474e6ae4b05252/library/alloc/src/boxed.rs:2454:9
[INFO] [stdout]   44:     0x5ba771994ffb - std::sys::pal::unix::thread::Thread::new::thread_start::h6cd80a1b4be5158d
[INFO] [stdout]                                at /rustc/df4ca44d3fbc9301ee17f30f4d474e6ae4b05252/library/std/src/sys/pal/unix/thread.rs:105:17
[INFO] [stdout]   45:     0x7d9242eb0ac3 - <unknown>
[INFO] [stdout]   46:     0x7d9242f41a04 - clone
[INFO] [stdout]   47:                0x0 - <unknown>
[INFO] [stdout] 
[INFO] [stdout] ---- validate_import_verbosity_qq_noforce stdout ----
[INFO] [stdout] thread 'validate_import_verbosity_qq_noforce' panicked at tests/import.rs:311:10:
[INFO] [stdout] 
[INFO] [stdout] [31m---- expected: tests/fixtures/import/validate_import_force_err.stderr[0m
[INFO] [stdout] [32m++++ actual:   stderr[0m
[INFO] [stdout] [2m   1[0m [2m   1[0m [2m|[0m [2mError: 
[INFO] [stdout] [0m[2m   2[0m [2m   2[0m [2m|[0m [2m   0: Configuration file already exists, use -f/--force to overwrite.
[INFO] [stdout] [0m[2m   3[0m [2m   3[0m [2m|[0m [2m
[INFO] [stdout] [0m[2m   4[0m [2m   4[0m [2m|[0m [2mLocation:
[INFO] [stdout] [0m[2m   5[0m [2m   5[0m [2m|[0m [2m   src/[..].rs:[..]
[INFO] [stdout] [0m[2m   6[0m [2m   6[0m [2m|[0m [2m
[INFO] [stdout] [0m[2m   7[0m      [31m-[0m [31mBacktrace omitted. Run with RUST_BACKTRACE=1 environment variable to display it.
[INFO] [stdout] [0m[2m   8[0m      [31m-[0m [31mRun with RUST_BACKTRACE=full to include source snippets.
[INFO] [stdout] [0m     [2m   7[0m [32m+[0m [32m  ━━━━━━━━━━━━━━━━━━━━━━━━━━━━━━━━━━ BACKTRACE ━━━━━━━━━━━━━━━━━━━━━━━━━━━━━━━━━━━
[INFO] [stdout] [0m     [2m   8[0m [32m+[0m [32m                                ⋮ 6 frames hidden ⋮                               
[INFO] [stdout] [0m     [2m   9[0m [32m+[0m [32m   7: cargo_liner::try_main::h7fdb1e7777a23a2b
[INFO] [stdout] [0m     [2m  10[0m [32m+[0m [32m      at /opt/rustwide/workdir/src/main.rs:115
[INFO] [stdout] [0m     [2m  11[0m [32m+[0m [32m       113 │                     log::warn!("Configuration file will be overwritten.");
[INFO] [stdout] [0m     [2m  12[0m [32m+[0m [32m       114 │                 } else {
[INFO] [stdout] [0m     [2m  13[0m [32m+[0m [32m       115 >                     eyre::bail!("Configuration file already exists, use -f/--force to overwrite.");
[INFO] [stdout] [0m     [2m  14[0m [32m+[0m [32m       116 │                 }
[INFO] [stdout] [0m     [2m  15[0m [32m+[0m [32m       117 │             }
[INFO] [stdout] [0m     [2m  16[0m [32m+[0m [32m   8: cargo_liner::main::hbeb2114f0f33b031
[INFO] [stdout] [0m     [2m  17[0m [32m+[0m [32m      at /opt/rustwide/workdir/src/main.rs:60
[INFO] [stdout] [0m     [2m  18[0m [32m+[0m [32m        58 │     // HACK: reproduce the previous behavior by directly exiting: don't display
[INFO] [stdout] [0m     [2m  19[0m [32m+[0m [32m        59 │     // anything, but only report an error code when verbosity is low enough.
[INFO] [stdout] [0m     [2m  20[0m [32m+[0m [32m        60 >     try_main(&args).inspect_err(|_| {
[INFO] [stdout] [0m     [2m  21[0m [32m+[0m [32m        61 │         if args.verbosity() <= -3 {
[INFO] [stdout] [0m     [2m  22[0m [32m+[0m [32m        62 │             process::exit(1);
[INFO] [stdout] [0m     [2m  23[0m [32m+[0m [32m   9: core::ops::function::FnOnce::call_once::hf60c4d4aa75af0df
[INFO] [stdout] [0m     [2m  24[0m [32m+[0m [32m      at /rustc/df4ca44d3fbc9301ee17f30f4d474e6ae4b05252/library/core/src/ops/function.rs:250
[INFO] [stdout] [0m     [2m  25[0m [32m+[0m [32m  10: std::sys::backtrace::__rust_begin_short_backtrace::h73ed548a46b5cd10
[INFO] [stdout] [0m     [2m  26[0m [32m+[0m [32m      at /rustc/df4ca44d3fbc9301ee17f30f4d474e6ae4b05252/library/std/src/sys/backtrace.rs:154
[INFO] [stdout] [0m     [2m  27[0m [32m+[0m [32m                                ⋮ 14 frames hidden ⋮                              
[INFO] [stdout] [0m     [2m  28[0m [32m+[0m [32m
[INFO] [stdout] [0m     [2m  29[0m [32m+[0m [32mRun with COLORBT_SHOW_HIDDEN=1 environment variable to disable frame filtering.
[INFO] [stdout] [0m
[INFO] [stdout] [2mUpdate with SNAPSHOTS=overwrite[0m
[INFO] [stdout] 
[INFO] [stdout] stack backtrace:
[INFO] [stdout]    0:     0x5ba77198e1ea - std::backtrace_rs::backtrace::libunwind::trace::h207520d6e9873551
[INFO] [stdout]                                at /rustc/df4ca44d3fbc9301ee17f30f4d474e6ae4b05252/library/std/src/../../backtrace/src/backtrace/libunwind.rs:116:5
[INFO] [stdout]    1:     0x5ba77198e1ea - std::backtrace_rs::backtrace::trace_unsynchronized::h2ed7433f370e3eca
[INFO] [stdout]                                at /rustc/df4ca44d3fbc9301ee17f30f4d474e6ae4b05252/library/std/src/../../backtrace/src/backtrace/mod.rs:66:5
[INFO] [stdout]    2:     0x5ba77198e1ea - std::sys::backtrace::_print_fmt::h916fac51166b18d7
[INFO] [stdout]                                at /rustc/df4ca44d3fbc9301ee17f30f4d474e6ae4b05252/library/std/src/sys/backtrace.rs:66:9
[INFO] [stdout]    3:     0x5ba77198e1ea - <std::sys::backtrace::BacktraceLock::print::DisplayBacktrace as core::fmt::Display>::fmt::ha0a4c9b8ce3802e6
[INFO] [stdout]                                at /rustc/df4ca44d3fbc9301ee17f30f4d474e6ae4b05252/library/std/src/sys/backtrace.rs:39:26
[INFO] [stdout]    4:     0x5ba7719b6e43 - core::fmt::rt::Argument::fmt::h4cfc8587d52b3eb5
[INFO] [stdout]                                at /rustc/df4ca44d3fbc9301ee17f30f4d474e6ae4b05252/library/core/src/fmt/rt.rs:177:76
[INFO] [stdout]    5:     0x5ba7719b6e43 - core::fmt::write::h522cc39e5b36ae9f
[INFO] [stdout]                                at /rustc/df4ca44d3fbc9301ee17f30f4d474e6ae4b05252/library/core/src/fmt/mod.rs:1190:21
[INFO] [stdout]    6:     0x5ba77198a113 - std::io::Write::write_fmt::h7d3c26752da97734
[INFO] [stdout]                                at /rustc/df4ca44d3fbc9301ee17f30f4d474e6ae4b05252/library/std/src/io/mod.rs:1839:15
[INFO] [stdout]    7:     0x5ba77198e032 - std::sys::backtrace::BacktraceLock::print::h4b9e00b29e9c0942
[INFO] [stdout]                                at /rustc/df4ca44d3fbc9301ee17f30f4d474e6ae4b05252/library/std/src/sys/backtrace.rs:42:9
[INFO] [stdout]    8:     0x5ba77198fc7a - std::panicking::default_hook::{{closure}}::hb59b88280d0324d9
[INFO] [stdout]                                at /rustc/df4ca44d3fbc9301ee17f30f4d474e6ae4b05252/library/std/src/panicking.rs:268:22
[INFO] [stdout]    9:     0x5ba77198fa84 - std::panicking::default_hook::he1dd496665be4a29
[INFO] [stdout]                                at /rustc/df4ca44d3fbc9301ee17f30f4d474e6ae4b05252/library/std/src/panicking.rs:292:9
[INFO] [stdout]   10:     0x5ba7715249f9 - <alloc::boxed::Box<F,A> as core::ops::function::Fn<Args>>::call::h4ff71de18744e1dc
[INFO] [stdout]                                at /rustc/df4ca44d3fbc9301ee17f30f4d474e6ae4b05252/library/alloc/src/boxed.rs:2468:9
[INFO] [stdout]   11:     0x5ba7715249f9 - test::test_main::{{closure}}::hcf7c055ce117aa81
[INFO] [stdout]                                at /rustc/df4ca44d3fbc9301ee17f30f4d474e6ae4b05252/library/test/src/lib.rs:133:21
[INFO] [stdout]   12:     0x5ba771990378 - <alloc::boxed::Box<F,A> as core::ops::function::Fn<Args>>::call::h1d66c6bbd60c9692
[INFO] [stdout]                                at /rustc/df4ca44d3fbc9301ee17f30f4d474e6ae4b05252/library/alloc/src/boxed.rs:2468:9
[INFO] [stdout]   13:     0x5ba771990378 - std::panicking::rust_panic_with_hook::h2ff17fe8f26dfcf8
[INFO] [stdout]                                at /rustc/df4ca44d3fbc9301ee17f30f4d474e6ae4b05252/library/std/src/panicking.rs:809:13
[INFO] [stdout]   14:     0x5ba77199013a - std::panicking::begin_panic_handler::{{closure}}::h4fad77951c07e101
[INFO] [stdout]                                at /rustc/df4ca44d3fbc9301ee17f30f4d474e6ae4b05252/library/std/src/panicking.rs:674:13
[INFO] [stdout]   15:     0x5ba77198e6c9 - std::sys::backtrace::__rust_end_short_backtrace::hb1a25b3da5d0ea08
[INFO] [stdout]                                at /rustc/df4ca44d3fbc9301ee17f30f4d474e6ae4b05252/library/std/src/sys/backtrace.rs:170:18
[INFO] [stdout]   16:     0x5ba77198fdcc - rust_begin_unwind
[INFO] [stdout]                                at /rustc/df4ca44d3fbc9301ee17f30f4d474e6ae4b05252/library/std/src/panicking.rs:665:5
[INFO] [stdout]   17:     0x5ba7719b5450 - core::panicking::panic_fmt::ha9db07b529f9b256
[INFO] [stdout]                                at /rustc/df4ca44d3fbc9301ee17f30f4d474e6ae4b05252/library/core/src/panicking.rs:75:14
[INFO] [stdout]   18:     0x5ba7715881fe - snapbox::assert::error::Error::panic::hbbff32ceff58accf
[INFO] [stdout]                                at /opt/rustwide/cargo-home/registry/src/index.crates.io-6f17d22bba15001f/snapbox-0.6.17/src/assert/error.rs:23:9
[INFO] [stdout]   19:     0x5ba7715f2011 - snapbox::cmd::OutputAssert::stderr_eq_inner::h28f0e36a185593d5
[INFO] [stdout]                                at /opt/rustwide/cargo-home/registry/src/index.crates.io-6f17d22bba15001f/snapbox-0.6.17/src/cmd.rs:705:13
[INFO] [stdout]   20:     0x5ba7714e89cd - snapbox::cmd::OutputAssert::stderr_eq::hcdb054d1801f5768
[INFO] [stdout]                                at /opt/rustwide/cargo-home/registry/src/index.crates.io-6f17d22bba15001f/snapbox-0.6.17/src/cmd.rs:692:9
[INFO] [stdout]   21:     0x5ba7714e5623 - import::validate_import_verbosity_qq_noforce::ha8ef097f21d7af0c
[INFO] [stdout]                                at /opt/rustwide/workdir/tests/import.rs:306:5
[INFO] [stdout]   22:     0x5ba7714e5077 - import::validate_import_verbosity_qq_noforce::{{closure}}::h159451a3e43cbec1
[INFO] [stdout]                                at /opt/rustwide/workdir/tests/import.rs:302:42
[INFO] [stdout]   23:     0x5ba7714d8a76 - core::ops::function::FnOnce::call_once::hc74b7b9baf231182
[INFO] [stdout]                                at /rustc/df4ca44d3fbc9301ee17f30f4d474e6ae4b05252/library/core/src/ops/function.rs:250:5
[INFO] [stdout]   24:     0x5ba7715292cb - core::ops::function::FnOnce::call_once::h22c3ba5715e93f05
[INFO] [stdout]                                at /rustc/df4ca44d3fbc9301ee17f30f4d474e6ae4b05252/library/core/src/ops/function.rs:250:5
[INFO] [stdout]   25:     0x5ba7715292cb - test::__rust_begin_short_backtrace::h8e82d8113d0da17f
[INFO] [stdout]                                at /rustc/df4ca44d3fbc9301ee17f30f4d474e6ae4b05252/library/test/src/lib.rs:621:18
[INFO] [stdout]   26:     0x5ba771528c47 - test::run_test_in_process::{{closure}}::h33235f4f20b7b7c7
[INFO] [stdout]                                at /rustc/df4ca44d3fbc9301ee17f30f4d474e6ae4b05252/library/test/src/lib.rs:644:60
[INFO] [stdout]   27:     0x5ba771528c47 - <core::panic::unwind_safe::AssertUnwindSafe<F> as core::ops::function::FnOnce<()>>::call_once::hb5043206310c586f
[INFO] [stdout]                                at /rustc/df4ca44d3fbc9301ee17f30f4d474e6ae4b05252/library/core/src/panic/unwind_safe.rs:272:9
[INFO] [stdout]   28:     0x5ba771528c47 - std::panicking::try::do_call::h9ad4731a60ab23e2
[INFO] [stdout]                                at /rustc/df4ca44d3fbc9301ee17f30f4d474e6ae4b05252/library/std/src/panicking.rs:557:40
[INFO] [stdout]   29:     0x5ba771528c47 - std::panicking::try::h3824d23db772a716
[INFO] [stdout]                                at /rustc/df4ca44d3fbc9301ee17f30f4d474e6ae4b05252/library/std/src/panicking.rs:520:19
[INFO] [stdout]   30:     0x5ba771528c47 - std::panic::catch_unwind::h5afd514605fde46b
[INFO] [stdout]                                at /rustc/df4ca44d3fbc9301ee17f30f4d474e6ae4b05252/library/std/src/panic.rs:358:14
[INFO] [stdout]   31:     0x5ba771528c47 - test::run_test_in_process::h0d5cbfa7067d1720
[INFO] [stdout]                                at /rustc/df4ca44d3fbc9301ee17f30f4d474e6ae4b05252/library/test/src/lib.rs:644:27
[INFO] [stdout]   32:     0x5ba771528c47 - test::run_test::{{closure}}::h708eb8872708115d
[INFO] [stdout]                                at /rustc/df4ca44d3fbc9301ee17f30f4d474e6ae4b05252/library/test/src/lib.rs:565:43
[INFO] [stdout]   33:     0x5ba7714ec364 - test::run_test::{{closure}}::h392c51cee94713ab
[INFO] [stdout]                                at /rustc/df4ca44d3fbc9301ee17f30f4d474e6ae4b05252/library/test/src/lib.rs:595:41
[INFO] [stdout]   34:     0x5ba7714ec364 - std::sys::backtrace::__rust_begin_short_backtrace::h2f40290710935a8b
[INFO] [stdout]                                at /rustc/df4ca44d3fbc9301ee17f30f4d474e6ae4b05252/library/std/src/sys/backtrace.rs:154:18
[INFO] [stdout]   35:     0x5ba7714efb0e - std::thread::Builder::spawn_unchecked_::{{closure}}::{{closure}}::h3fd968d89053a903
[INFO] [stdout]                                at /rustc/df4ca44d3fbc9301ee17f30f4d474e6ae4b05252/library/std/src/thread/mod.rs:541:17
[INFO] [stdout]   36:     0x5ba7714efb0e - <core::panic::unwind_safe::AssertUnwindSafe<F> as core::ops::function::FnOnce<()>>::call_once::h743f637ba4229880
[INFO] [stdout]                                at /rustc/df4ca44d3fbc9301ee17f30f4d474e6ae4b05252/library/core/src/panic/unwind_safe.rs:272:9
[INFO] [stdout]   37:     0x5ba7714efb0e - std::panicking::try::do_call::h07440897322525a6
[INFO] [stdout]                                at /rustc/df4ca44d3fbc9301ee17f30f4d474e6ae4b05252/library/std/src/panicking.rs:557:40
[INFO] [stdout]   38:     0x5ba7714efb0e - std::panicking::try::he5a2e00188156637
[INFO] [stdout]                                at /rustc/df4ca44d3fbc9301ee17f30f4d474e6ae4b05252/library/std/src/panicking.rs:520:19
[INFO] [stdout]   39:     0x5ba7714efb0e - std::panic::catch_unwind::hbaf3cae49b3c6433
[INFO] [stdout]                                at /rustc/df4ca44d3fbc9301ee17f30f4d474e6ae4b05252/library/std/src/panic.rs:358:14
[INFO] [stdout]   40:     0x5ba7714efb0e - std::thread::Builder::spawn_unchecked_::{{closure}}::h8e141ea224820bce
[INFO] [stdout]                                at /rustc/df4ca44d3fbc9301ee17f30f4d474e6ae4b05252/library/std/src/thread/mod.rs:540:30
[INFO] [stdout]   41:     0x5ba7714efb0e - core::ops::function::FnOnce::call_once{{vtable.shim}}::h90d312fedd7b8ea8
[INFO] [stdout]                                at /rustc/df4ca44d3fbc9301ee17f30f4d474e6ae4b05252/library/core/src/ops/function.rs:250:5
[INFO] [stdout]   42:     0x5ba771994ffb - <alloc::boxed::Box<F,A> as core::ops::function::FnOnce<Args>>::call_once::h69aa08ddb6adb8b6
[INFO] [stdout]                                at /rustc/df4ca44d3fbc9301ee17f30f4d474e6ae4b05252/library/alloc/src/boxed.rs:2454:9
[INFO] [stdout]   43:     0x5ba771994ffb - <alloc::boxed::Box<F,A> as core::ops::function::FnOnce<Args>>::call_once::h5aa36efdb79c806f
[INFO] [stdout]                                at /rustc/df4ca44d3fbc9301ee17f30f4d474e6ae4b05252/library/alloc/src/boxed.rs:2454:9
[INFO] [stdout]   44:     0x5ba771994ffb - std::sys::pal::unix::thread::Thread::new::thread_start::h6cd80a1b4be5158d
[INFO] [stdout]                                at /rustc/df4ca44d3fbc9301ee17f30f4d474e6ae4b05252/library/std/src/sys/pal/unix/thread.rs:105:17
[INFO] [stdout]   45:     0x7d9242eb0ac3 - <unknown>
[INFO] [stdout]   46:     0x7d9242f41a04 - clone
[INFO] [stdout]   47:                0x0 - <unknown>
[INFO] [stdout] 
[INFO] [stdout] 
[INFO] [stdout] failures:
[INFO] [stdout]     validate_import_nofile_iserr
[INFO] [stdout]     validate_import_noforce_withfile_iserr
[INFO] [stdout]     validate_import_verbosity_qq_noforce
[INFO] [stdout] 
[INFO] [stdout] test result: FAILED. 21 passed; 3 failed; 0 ignored; 0 measured; 0 filtered out; finished in 0.30s
[INFO] [stdout] 
[INFO] [stderr] error: test failed, to rerun pass `--test import`
[INFO] running `Command { std: "docker" "inspect" "dbcb2c195d1c0f1033c328a73afb7d09369c7e002c483cb0b393442961d2cc23", kill_on_drop: false }`
[INFO] running `Command { std: "docker" "rm" "-f" "dbcb2c195d1c0f1033c328a73afb7d09369c7e002c483cb0b393442961d2cc23", kill_on_drop: false }`
[INFO] [stdout] dbcb2c195d1c0f1033c328a73afb7d09369c7e002c483cb0b393442961d2cc23
