[INFO] cloning repository https://github.com/Parikalp-Bhardwaj/decentralized-wallet-rust-extension
[INFO] running `Command { std: "git" "-c" "credential.helper=" "-c" "credential.helper=/workspace/cargo-home/bin/git-credential-null" "clone" "--bare" "https://github.com/Parikalp-Bhardwaj/decentralized-wallet-rust-extension" "/workspace/cache/git-repos/https%3A%2F%2Fgithub.com%2FParikalp-Bhardwaj%2Fdecentralized-wallet-rust-extension", kill_on_drop: false }`
[INFO] [stderr] Cloning into bare repository '/workspace/cache/git-repos/https%3A%2F%2Fgithub.com%2FParikalp-Bhardwaj%2Fdecentralized-wallet-rust-extension'...
[INFO] running `Command { std: "git" "rev-parse" "HEAD", kill_on_drop: false }`
[INFO] [stdout] 823ed8aac70e29871990d44705a58a02f00ca0b8
[INFO] testing Parikalp-Bhardwaj/decentralized-wallet-rust-extension/823ed8aac70e29871990d44705a58a02f00ca0b8 against nightly-2024-10-28 for randomize-layout
[INFO] running `Command { std: "git" "clone" "/workspace/cache/git-repos/https%3A%2F%2Fgithub.com%2FParikalp-Bhardwaj%2Fdecentralized-wallet-rust-extension" "/workspace/builds/worker-6-tc1/source", kill_on_drop: false }`
[INFO] [stderr] Cloning into '/workspace/builds/worker-6-tc1/source'...
[INFO] [stderr] done.
[INFO] [stderr] Updating files:  82% (3412/4143)
Updating files:  83% (3439/4143)
Updating files:  84% (3481/4143)
Updating files:  85% (3522/4143)
Updating files:  86% (3563/4143)
Updating files:  87% (3605/4143)
Updating files:  88% (3646/4143)
Updating files:  89% (3688/4143)
Updating files:  90% (3729/4143)
Updating files:  90% (3759/4143)
Updating files:  91% (3771/4143)
Updating files:  92% (3812/4143)
Updating files:  93% (3853/4143)
Updating files:  94% (3895/4143)
Updating files:  95% (3936/4143)
Updating files:  96% (3978/4143)
Updating files:  97% (4019/4143)
Updating files:  98% (4061/4143)
Updating files:  99% (4102/4143)
Updating files: 100% (4143/4143)
Updating files: 100% (4143/4143), done.
[INFO] validating manifest of git repo https://github.com/Parikalp-Bhardwaj/decentralized-wallet-rust-extension on toolchain nightly-2024-10-28
[INFO] running `Command { std: CARGO_HOME="/workspace/cargo-home" RUSTUP_HOME="/workspace/rustup-home" "/workspace/cargo-home/bin/cargo" "+nightly-2024-10-28" "metadata" "--manifest-path" "Cargo.toml" "--no-deps", kill_on_drop: false }`
[INFO] started tweaking git repo https://github.com/Parikalp-Bhardwaj/decentralized-wallet-rust-extension
[INFO] finished tweaking git repo https://github.com/Parikalp-Bhardwaj/decentralized-wallet-rust-extension
[INFO] tweaked toml for git repo https://github.com/Parikalp-Bhardwaj/decentralized-wallet-rust-extension written to /workspace/builds/worker-6-tc1/source/Cargo.toml
[INFO] crate git repo https://github.com/Parikalp-Bhardwaj/decentralized-wallet-rust-extension already has a lockfile, it will not be regenerated
[INFO] running `Command { std: CARGO_HOME="/workspace/cargo-home" RUSTUP_HOME="/workspace/rustup-home" "/workspace/cargo-home/bin/cargo" "+nightly-2024-10-28" "fetch" "--manifest-path" "Cargo.toml", kill_on_drop: false }`
[INFO] [stderr]  Downloading crates ...
[INFO] [stderr]   Downloaded bip32 v0.3.0
[INFO] running `Command { std: "docker" "create" "-v" "/var/lib/crater-agent-workspace/builds/worker-6-tc1/target:/opt/rustwide/target:rw,Z" "-v" "/var/lib/crater-agent-workspace/builds/worker-6-tc1/source:/opt/rustwide/workdir:ro,Z" "-v" "/var/lib/crater-agent-workspace/cargo-home:/opt/rustwide/cargo-home:ro,Z" "-v" "/var/lib/crater-agent-workspace/rustup-home:/opt/rustwide/rustup-home:ro,Z" "-e" "SOURCE_DIR=/opt/rustwide/workdir" "-e" "CARGO_TARGET_DIR=/opt/rustwide/target" "-e" "CARGO_HOME=/opt/rustwide/cargo-home" "-e" "RUSTUP_HOME=/opt/rustwide/rustup-home" "-w" "/opt/rustwide/workdir" "-m" "1610612736" "--user" "0:0" "--network" "none" "ghcr.io/rust-lang/crates-build-env/linux@sha256:4a844ea9eb2546a2d2c7022eacef16ef2e8229c7fbb2c7d4d55a9ceca922f72d" "/opt/rustwide/cargo-home/bin/cargo" "+nightly-2024-10-28" "metadata" "--no-deps" "--format-version=1", kill_on_drop: false }`
[INFO] [stdout] eadf8961e9a609d085221bd3568b9aa65a7c9d8c9aa41db09b24287b077b44ef
[INFO] running `Command { std: "docker" "start" "-a" "eadf8961e9a609d085221bd3568b9aa65a7c9d8c9aa41db09b24287b077b44ef", kill_on_drop: false }`
[INFO] running `Command { std: "docker" "inspect" "eadf8961e9a609d085221bd3568b9aa65a7c9d8c9aa41db09b24287b077b44ef", kill_on_drop: false }`
[INFO] running `Command { std: "docker" "rm" "-f" "eadf8961e9a609d085221bd3568b9aa65a7c9d8c9aa41db09b24287b077b44ef", kill_on_drop: false }`
[INFO] [stdout] eadf8961e9a609d085221bd3568b9aa65a7c9d8c9aa41db09b24287b077b44ef
[INFO] running `Command { std: "docker" "create" "-v" "/var/lib/crater-agent-workspace/builds/worker-6-tc1/target:/opt/rustwide/target:rw,Z" "-v" "/var/lib/crater-agent-workspace/builds/worker-6-tc1/source:/opt/rustwide/workdir:ro,Z" "-v" "/var/lib/crater-agent-workspace/cargo-home:/opt/rustwide/cargo-home:ro,Z" "-v" "/var/lib/crater-agent-workspace/rustup-home:/opt/rustwide/rustup-home:ro,Z" "-e" "SOURCE_DIR=/opt/rustwide/workdir" "-e" "CARGO_TARGET_DIR=/opt/rustwide/target" "-e" "CARGO_INCREMENTAL=0" "-e" "RUST_BACKTRACE=full" "-e" "RUSTFLAGS=--cap-lints=forbid" "-e" "RUSTDOCFLAGS=--cap-lints=forbid" "-e" "CARGO_HOME=/opt/rustwide/cargo-home" "-e" "RUSTUP_HOME=/opt/rustwide/rustup-home" "-w" "/opt/rustwide/workdir" "-m" "1610612736" "--user" "0:0" "--network" "none" "ghcr.io/rust-lang/crates-build-env/linux@sha256:4a844ea9eb2546a2d2c7022eacef16ef2e8229c7fbb2c7d4d55a9ceca922f72d" "/opt/rustwide/cargo-home/bin/cargo" "+nightly-2024-10-28" "build" "--frozen" "--message-format=json", kill_on_drop: false }`
[INFO] [stdout] cc580e01fc898abf12a70d9b4317d9d17e10935b403f35cda3017af814d491b5
[INFO] running `Command { std: "docker" "start" "-a" "cc580e01fc898abf12a70d9b4317d9d17e10935b403f35cda3017af814d491b5", kill_on_drop: false }`
[INFO] [stderr]    Compiling proc-macro2 v1.0.86
[INFO] [stderr]    Compiling unicode-ident v1.0.13
[INFO] [stderr]    Compiling version_check v0.9.5
[INFO] [stderr]    Compiling libc v0.2.158
[INFO] [stderr]    Compiling cfg-if v1.0.0
[INFO] [stderr]    Compiling autocfg v1.3.0
[INFO] [stderr]    Compiling typenum v1.17.0
[INFO] [stderr]    Compiling serde v1.0.210
[INFO] [stderr]    Compiling subtle v2.4.1
[INFO] [stderr]    Compiling once_cell v1.19.0
[INFO] [stderr]    Compiling shlex v1.3.0
[INFO] [stderr]    Compiling generic-array v0.14.7
[INFO] [stderr]    Compiling byteorder v1.5.0
[INFO] [stderr]    Compiling memchr v2.7.4
[INFO] [stderr]    Compiling log v0.4.22
[INFO] [stderr]    Compiling syn v1.0.109
[INFO] [stderr]    Compiling cpufeatures v0.2.14
[INFO] [stderr]    Compiling itoa v1.0.11
[INFO] [stderr]    Compiling quote v1.0.37
[INFO] [stderr]    Compiling num-traits v0.2.19
[INFO] [stderr]    Compiling syn v2.0.77
[INFO] [stderr]    Compiling semver v1.0.23
[INFO] [stderr]    Compiling jobserver v0.1.32
[INFO] [stderr]    Compiling hashbrown v0.14.5
[INFO] [stderr]    Compiling equivalent v1.0.1
[INFO] [stderr]    Compiling getrandom v0.2.15
[INFO] [stderr]    Compiling cc v1.1.21
[INFO] [stderr]    Compiling rand_core v0.6.4
[INFO] [stderr]    Compiling rustc_version v0.4.1
[INFO] [stderr]    Compiling thiserror v1.0.64
[INFO] [stderr]    Compiling num-integer v0.1.46
[INFO] [stderr]    Compiling opaque-debug v0.3.1
[INFO] [stderr]    Compiling fnv v1.0.7
[INFO] [stderr]    Compiling indexmap v2.5.0
[INFO] [stderr]    Compiling paste v1.0.15
[INFO] [stderr]    Compiling tinyvec_macros v0.1.1
[INFO] [stderr]    Compiling pin-project-lite v0.2.14
[INFO] [stderr]    Compiling block-padding v0.2.1
[INFO] [stderr]    Compiling tinyvec v1.8.0
[INFO] [stderr]    Compiling ahash v0.8.11
[INFO] [stderr]    Compiling either v1.13.0
[INFO] [stderr]    Compiling crossbeam-utils v0.8.20
[INFO] [stderr]    Compiling getrandom v0.1.16
[INFO] [stderr]    Compiling toml_datetime v0.6.8
[INFO] [stderr]    Compiling lazy_static v1.5.0
[INFO] [stderr]    Compiling crunchy v0.2.2
[INFO] [stderr]    Compiling unicode-normalization v0.1.24
[INFO] [stderr]    Compiling num-bigint v0.4.6
[INFO] [stderr]    Compiling rand_core v0.5.1
[INFO] [stderr]    Compiling digest v0.9.0
[INFO] [stderr]    Compiling proc-macro-error-attr v1.0.4
[INFO] [stderr]    Compiling serde_json v1.0.128
[INFO] [stderr]    Compiling winnow v0.6.18
[INFO] [stderr]    Compiling ryu v1.0.18
[INFO] [stderr]    Compiling wasm-bindgen-shared v0.2.93
[INFO] [stderr]    Compiling percent-encoding v2.3.1
[INFO] [stderr]    Compiling libsecp256k1-core v0.2.2
[INFO] [stderr]    Compiling crossbeam-epoch v0.9.18
[INFO] [stderr]    Compiling itertools v0.10.5
[INFO] [stderr]    Compiling proc-macro-error v1.0.4
[INFO] [stderr]    Compiling keccak v0.1.5
[INFO] [stderr]    Compiling toml_edit v0.22.21
[INFO] [stderr]    Compiling bytes v1.7.2
[INFO] [stderr]    Compiling base64 v0.21.7
[INFO] [stderr]    Compiling rayon-core v1.12.1
[INFO] [stderr]    Compiling crossbeam-deque v0.8.5
[INFO] [stderr]    Compiling lock_api v0.4.12
[INFO] [stderr]    Compiling toml v0.5.11
[INFO] [stderr]    Compiling ahash v0.7.8
[INFO] [stderr]    Compiling bumpalo v3.16.0
[INFO] [stderr]    Compiling parking_lot_core v0.9.10
[INFO] [stderr]    Compiling feature-probe v0.1.1
[INFO] [stderr]    Compiling bv v0.11.1
[INFO] [stderr]    Compiling wasm-bindgen-backend v0.2.93
[INFO] [stderr]    Compiling libsecp256k1-gen-ecmult v0.2.1
[INFO] [stderr]    Compiling libsecp256k1-gen-genmult v0.2.1
[INFO] [stderr]    Compiling solana-frozen-abi-macro v1.18.23
[INFO] [stderr]    Compiling bitmaps v2.1.0
[INFO] [stderr]    Compiling ark-serialize-derive v0.4.2
[INFO] [stderr]    Compiling derivative v2.2.0
[INFO] [stderr]    Compiling ark-ff-asm v0.4.2
[INFO] [stderr]    Compiling ark-ff-macros v0.4.2
[INFO] [stderr]    Compiling serde_derive v1.0.210
[INFO] [stderr]    Compiling zerocopy-derive v0.7.35
[INFO] [stderr]    Compiling zeroize_derive v1.4.2
[INFO] [stderr]    Compiling thiserror-impl v1.0.64
[INFO] [stderr]    Compiling zeroize v1.3.0
[INFO] [stderr]    Compiling proc-macro-crate v3.2.0
[INFO] [stderr]    Compiling zerocopy v0.7.35
[INFO] [stderr]    Compiling proc-macro-crate v0.1.5
[INFO] [stderr]    Compiling aho-corasick v1.1.3
[INFO] [stderr]    Compiling im v15.1.0
[INFO] [stderr]    Compiling rustversion v1.0.17
[INFO] [stderr]    Compiling smallvec v1.13.2
[INFO] [stderr]    Compiling cfg_aliases v0.2.1
[INFO] [stderr]    Compiling regex-syntax v0.8.4
[INFO] [stderr]    Compiling ppv-lite86 v0.2.20
[INFO] [stderr]    Compiling scopeguard v1.2.0
[INFO] [stderr]    Compiling rustc-hash v1.1.0
[INFO] [stderr]    Compiling anyhow v1.0.89
[INFO] [stderr]    Compiling rand_chacha v0.3.1
[INFO] [stderr]    Compiling hashbrown v0.13.2
[INFO] [stderr]    Compiling rand_chacha v0.2.2
[INFO] [stderr]    Compiling borsh v1.5.1
[INFO] [stderr]    Compiling rand v0.8.5
[INFO] [stderr]    Compiling rand v0.7.3
[INFO] [stderr]    Compiling wasm-bindgen-macro-support v0.2.93
[INFO] [stderr]    Compiling syn_derive v0.1.8
[INFO] [stderr]    Compiling sized-chunks v0.6.5
[INFO] [stderr]    Compiling rayon v1.10.0
[INFO] [stderr]    Compiling ark-std v0.4.0
[INFO] [stderr]    Compiling libsecp256k1 v0.6.0
[INFO] [stderr]    Compiling borsh-schema-derive-internal v0.10.3
[INFO] [stderr]    Compiling borsh-derive-internal v0.10.3
[INFO] [stderr]    Compiling borsh-schema-derive-internal v0.9.3
[INFO] [stderr]    Compiling regex-automata v0.4.7
[INFO] [stderr]    Compiling borsh-derive-internal v0.9.3
[INFO] [stderr]    Compiling blake3 v1.5.1
[INFO] [stderr]    Compiling solana-frozen-abi v1.18.23
[INFO] [stderr]    Compiling rand_xoshiro v0.6.0
[INFO] [stderr]    Compiling memoffset v0.9.1
[INFO] [stderr]    Compiling arrayref v0.3.9
[INFO] [stderr]    Compiling wasm-bindgen v0.2.93
[INFO] [stderr]    Compiling strsim v0.11.1
[INFO] [stderr]    Compiling futures-core v0.3.30
[INFO] [stderr]    Compiling borsh-derive v0.9.3
[INFO] [stderr]    Compiling borsh-derive v0.10.3
[INFO] [stderr]    Compiling wasm-bindgen-macro v0.2.93
[INFO] [stderr]    Compiling hashbrown v0.11.2
[INFO] [stderr]    Compiling borsh-derive v1.5.1
[INFO] [stderr]    Compiling bytemuck_derive v1.7.1
[INFO] [stderr]    Compiling solana-program v1.18.23
[INFO] [stderr]    Compiling memmap2 v0.5.10
[INFO] [stderr]    Compiling regex v1.10.6
[INFO] [stderr]    Compiling bs58 v0.4.0
[INFO] [stderr]    Compiling arrayvec v0.7.6
[INFO] [stderr]    Compiling constant_time_eq v0.3.1
[INFO] [stderr]    Compiling base64 v0.12.3
[INFO] [stderr]    Compiling solana-sdk-macro v1.18.23
[INFO] [stderr]    Compiling borsh v0.9.3
[INFO] [stderr]    Compiling borsh v0.10.3
[INFO] [stderr]    Compiling bitflags v2.6.0
[INFO] [stderr]    Compiling serde_bytes v0.11.15
[INFO] [stderr]    Compiling crypto-common v0.1.6
[INFO] [stderr]    Compiling block-buffer v0.10.4
[INFO] [stderr]    Compiling block-buffer v0.9.0
[INFO] [stderr]    Compiling digest v0.10.7
[INFO] [stderr]    Compiling crypto-mac v0.8.0
[INFO] [stderr]    Compiling sha2 v0.9.9
[INFO] [stderr]    Compiling hmac v0.8.1
[INFO] [stderr]    Compiling ark-serialize v0.4.2
[INFO] [stderr]    Compiling ark-ff v0.4.2
[INFO] [stderr]    Compiling sha2 v0.10.8
[INFO] [stderr]    Compiling curve25519-dalek v3.2.1
[INFO] [stderr]    Compiling hmac-drbg v0.3.0
[INFO] [stderr]    Compiling pbkdf2 v0.4.0
[INFO] [stderr]    Compiling signature v1.4.0
[INFO] [stderr]    Compiling tiny-bip39 v0.8.2
[INFO] [stderr]    Compiling sha3 v0.10.8
[INFO] [stderr]    Compiling bytemuck v1.18.0
[INFO] [stderr]    Compiling bincode v1.3.3
[INFO] [stderr]    Compiling parking_lot v0.12.3
[INFO] [stderr]    Compiling num-derive v0.4.2
[INFO] [stderr]    Compiling ident_case v1.0.1
[INFO] [stderr]    Compiling atty v0.2.14
[INFO] [stderr]    Compiling darling_core v0.20.10
[INFO] [stderr]    Compiling socket2 v0.5.7
[INFO] [stderr]    Compiling tokio-macros v2.4.0
[INFO] [stderr]    Compiling signal-hook-registry v1.4.2
[INFO] [stderr]    Compiling mio v1.0.2
[INFO] [stderr]    Compiling termcolor v1.4.1
[INFO] [stderr]    Compiling ed25519 v1.5.3
[INFO] [stderr]    Compiling tokio v1.40.0
[INFO] [stderr]    Compiling slab v0.4.9
[INFO] [stderr]    Compiling humantime v2.1.0
[INFO] [stderr]    Compiling futures-sink v0.3.30
[INFO] [stderr]    Compiling ed25519-dalek v1.0.1
[INFO] [stderr]    Compiling hmac v0.12.1
[INFO] [stderr]    Compiling num_enum_derive v0.7.3
[INFO] [stderr]    Compiling env_logger v0.9.3
[INFO] [stderr]    Compiling solana-sdk v1.18.23
[INFO] [stderr]    Compiling derivation-path v0.2.0
[INFO] [stderr]    Compiling iana-time-zone v0.1.61
[INFO] [stderr]    Compiling ed25519-dalek-bip32 v0.2.0
[INFO] [stderr]    Compiling chrono v0.4.38
[INFO] [stderr]    Compiling solana-logger v1.18.23
[INFO] [stderr]    Compiling pbkdf2 v0.11.0
[INFO] [stderr]    Compiling num_enum v0.7.3
[INFO] [stderr]    Compiling qualifier_attr v0.2.2
[INFO] [stderr]    Compiling qstring v0.7.2
[INFO] [stderr]    Compiling uriparse v0.6.4
[INFO] [stderr]    Compiling pin-utils v0.1.0
[INFO] [stderr]    Compiling assert_matches v1.5.0
[INFO] [stderr]    Compiling siphasher v0.3.11
[INFO] [stderr]    Compiling tracing-attributes v0.1.27
[INFO] [stderr]    Compiling ring v0.17.8
[INFO] [stderr]    Compiling tracing-core v0.1.32
[INFO] [stderr]    Compiling darling_macro v0.20.10
[INFO] [stderr]    Compiling darling v0.20.10
[INFO] [stderr]    Compiling futures-channel v0.3.30
[INFO] [stderr]    Compiling serde_with_macros v2.3.3
[INFO] [stderr]    Compiling futures-macro v0.3.30
[INFO] [stderr]    Compiling futures-task v0.3.30
[INFO] [stderr]    Compiling futures-io v0.3.30
[INFO] [stderr]    Compiling spin v0.9.8
[INFO] [stderr]    Compiling tracing v0.1.40
[INFO] [stderr]    Compiling untrusted v0.9.0
[INFO] [stderr]    Compiling http v0.2.12
[INFO] [stderr]    Compiling httparse v1.9.4
[INFO] [stderr]    Compiling form_urlencoded v1.2.1
[INFO] [stderr]    Compiling unicode-bidi v0.3.15
[INFO] [stderr]    Compiling rustls v0.21.12
[INFO] [stderr]    Compiling futures-util v0.3.30
[INFO] [stderr]    Compiling serde_with v2.3.3
[INFO] [stderr]    Compiling alloc-no-stdlib v2.0.4
[INFO] [stderr]    Compiling idna v0.5.0
[INFO] [stderr]    Compiling tokio-util v0.7.12
[INFO] [stderr]    Compiling alloc-stdlib v0.2.2
[INFO] [stderr]    Compiling url v2.5.2
[INFO] [stderr]    Compiling adler2 v2.0.0
[INFO] [stderr]    Compiling miniz_oxide v0.8.0
[INFO] [stderr]    Compiling brotli-decompressor v4.0.1
[INFO] [stderr]    Compiling crc32fast v1.4.2
[INFO] [stderr]    Compiling httpdate v1.0.3
[INFO] [stderr]    Compiling flate2 v1.0.33
[INFO] [stderr]    Compiling cipher v0.3.0
[INFO] [stderr]    Compiling ark-poly v0.4.2
[INFO] [stderr]    Compiling brotli v6.0.0
[INFO] [stderr]    Compiling rustls-pemfile v1.0.4
[INFO] [stderr]    Compiling encoding_rs v0.8.34
[INFO] [stderr]    Compiling pkg-config v0.3.31
[INFO] [stderr]    Compiling try-lock v0.2.5
[INFO] [stderr]    Compiling mime v0.3.17
[INFO] [stderr]    Compiling h2 v0.3.26
[INFO] [stderr]    Compiling want v0.3.1
[INFO] [stderr]    Compiling zstd-sys v2.0.13+zstd.1.5.6
[INFO] [stderr]    Compiling ark-ec v0.4.2
[INFO] [stderr]    Compiling http-body v0.4.6
[INFO] [stderr]    Compiling serde_urlencoded v0.7.1
[INFO] [stderr]    Compiling sha3 v0.9.1
[INFO] [stderr]    Compiling rustls-webpki v0.101.7
[INFO] [stderr]    Compiling sct v0.7.1
[INFO] [stderr]    Compiling universal-hash v0.4.1
[INFO] [stderr]    Compiling num-bigint v0.2.6
[INFO] [stderr]    Compiling tower-service v0.3.3
[INFO] [stderr]    Compiling polyval v0.5.3
[INFO] [stderr]    Compiling aes v0.7.5
[INFO] [stderr]    Compiling ctr v0.8.0
[INFO] [stderr]    Compiling ark-bn254 v0.4.0
[INFO] [stderr]    Compiling aead v0.4.3
[INFO] [stderr]    Compiling num-rational v0.2.4
[INFO] [stderr]    Compiling num-complex v0.2.4
[INFO] [stderr]    Compiling webpki-roots v0.25.4
[INFO] [stderr]    Compiling aes-gcm-siv v0.10.3
[INFO] [stderr]    Compiling light-poseidon v0.2.0
[INFO] [stderr]    Compiling spl-program-error-derive v0.3.2
[INFO] [stderr]    Compiling spl-discriminator-syn v0.1.2
[INFO] [stderr]    Compiling async-compression v0.4.12
[INFO] [stderr]    Compiling merlin v3.0.0
[INFO] [stderr]    Compiling scroll_derive v0.11.1
[INFO] [stderr]    Compiling tokio-rustls v0.24.1
[INFO] [stderr]    Compiling crossbeam-channel v0.5.13
[INFO] [stderr]    Compiling ipnet v2.10.0
[INFO] [stderr]    Compiling void v1.0.2
[INFO] [stderr]    Compiling sync_wrapper v0.1.2
[INFO] [stderr]    Compiling unreachable v1.0.0
[INFO] [stderr]    Compiling scroll v0.11.0
[INFO] [stderr]    Compiling spl-discriminator-derive v0.1.2
[INFO] [stderr]    Compiling num-iter v0.1.45
[INFO] [stderr]    Compiling hyper v0.14.30
[INFO] [stderr]    Compiling gethostname v0.2.3
[INFO] [stderr]    Compiling powerfmt v0.2.0
[INFO] [stderr]    Compiling num-conv v0.1.0
[INFO] [stderr]    Compiling plain v0.2.3
[INFO] [stderr]    Compiling time-core v0.1.2
[INFO] [stderr]    Compiling ascii v0.9.3
[INFO] [stderr]    Compiling goblin v0.5.4
[INFO] [stderr]    Compiling time-macros v0.2.18
[INFO] [stderr]    Compiling combine v3.8.1
[INFO] [stderr]    Compiling deranged v0.3.11
[INFO] [stderr]    Compiling num v0.2.1
[INFO] [stderr]    Compiling enum-iterator-derive v1.4.0
[INFO] [stderr]    Compiling solana-program-runtime v1.18.23
[INFO] [stderr]    Compiling hash32 v0.2.1
[INFO] [stderr]    Compiling winnow v0.5.40
[INFO] [stderr]    Compiling rustc-demangle v0.1.24
[INFO] [stderr]    Compiling enum-iterator v1.5.0
[INFO] [stderr]    Compiling hyper-rustls v0.24.2
[INFO] [stderr]    Compiling reqwest v0.11.27
[INFO] [stderr]    Compiling solana_rbpf v0.8.3
[INFO] [stderr]    Compiling toml_edit v0.19.15
[INFO] [stderr]    Compiling time v0.3.36
[INFO] [stderr]    Compiling percentage v0.1.0
[INFO] [stderr]    Compiling eager v0.1.0
[INFO] [stderr]    Compiling num-derive v0.3.3
[INFO] [stderr]    Compiling zstd-safe v5.0.2+zstd.1.5.2
[INFO] [stderr]    Compiling ring v0.16.20
[INFO] [stderr]    Compiling solana-version v1.18.23
[INFO] [stderr]    Compiling const-oid v0.7.1
[INFO] [stderr]    Compiling solana-security-txt v1.1.1
[INFO] [stderr]    Compiling unicode-width v0.1.14
[INFO] [stderr]    Compiling proc-macro-crate v1.3.1
[INFO] [stderr]    Compiling der v0.5.1
[INFO] [stderr]    Compiling solana-vote-program v1.18.23
[INFO] [stderr]    Compiling bitflags v1.3.2
[INFO] [stderr]    Compiling spin v0.5.2
[INFO] [stderr]    Compiling untrusted v0.7.1
[INFO] [stderr]    Compiling futures-executor v0.3.30
[INFO] [stderr]    Compiling Inflector v0.11.4
[INFO] [stderr]    Compiling num_enum_derive v0.6.1
[INFO] [stderr]    Compiling unicode-xid v0.2.6
[INFO] [stderr]    Compiling minimal-lexical v0.2.1
[INFO] [stderr]    Compiling base64 v0.13.1
[INFO] [stderr]    Compiling nom v7.1.3
[INFO] [stderr]    Compiling synstructure v0.12.6
[INFO] [stderr]    Compiling num_enum v0.6.1
[INFO] [stderr]    Compiling futures v0.3.30
[INFO] [stderr]    Compiling console v0.15.8
[INFO] [stderr]    Compiling memoffset v0.7.1
[INFO] [stderr]    Compiling data-encoding v2.6.0
[INFO] [stderr]    Compiling asn1-rs-derive v0.4.0
[INFO] [stderr]    Compiling rusticata-macros v4.1.0
[INFO] [stderr]    Compiling jsonrpc-core v18.0.0
[INFO] [stderr]    Compiling pem v1.1.1
[INFO] [stderr]    Compiling yasna v0.5.2
[INFO] [stderr]    Compiling sha1 v0.10.6
[INFO] [stderr]    Compiling displaydoc v0.2.5
[INFO] [stderr]    Compiling async-trait v0.1.82
[INFO] [stderr]    Compiling asn1-rs-impl v0.1.0
[INFO] [stderr]    Compiling portable-atomic v1.8.0
[INFO] [stderr]    Compiling rustix v0.38.37
[INFO] [stderr]    Compiling rcgen v0.10.0
[INFO] [stderr]    Compiling asn1-rs v0.5.2
[INFO] [stderr]    Compiling indexmap v1.9.3
[INFO] [stderr]    Compiling openssl-probe v0.1.5
[INFO] [stderr]    Compiling linux-raw-sys v0.4.14
[INFO] [stderr]    Compiling oid-registry v0.6.1
[INFO] [stderr]    Compiling rustls-native-certs v0.6.3
[INFO] [stderr]    Compiling nix v0.26.4
[INFO] [stderr]    Compiling crypto-mac v0.11.1
[INFO] [stderr]    Compiling dlopen2_derive v0.3.0
[INFO] [stderr]    Compiling solana-perf v1.18.23
[INFO] [stderr]    Compiling num_cpus v1.16.0
[INFO] [stderr]    Compiling fastrand v2.1.1
[INFO] [stderr]    Compiling local-waker v0.1.4
[INFO] [stderr]    Compiling hashbrown v0.12.3
[INFO] [stderr]    Compiling base64ct v1.6.0
[INFO] [stderr]    Compiling event-listener v2.5.3
[INFO] [stderr]    Compiling os_str_bytes v6.6.1
[INFO] [stderr]    Compiling number_prefix v0.4.0
[INFO] [stderr]    Compiling zstd-safe v7.2.1
[INFO] [stderr]    Compiling clap_lex v0.2.4
[INFO] [stderr]    Compiling indicatif v0.17.8
[INFO] [stderr]    Compiling spki v0.5.4
[INFO] [stderr]    Compiling zstd v0.11.2+zstd.1.5.2
[INFO] [stderr]    Compiling solana-rayon-threadlimit v1.18.23
[INFO] [stderr]    Compiling dlopen2 v0.5.0
[INFO] [stderr]    Compiling der-parser v8.2.0
[INFO] [stderr]    Compiling tempfile v3.12.0
[INFO] [stderr]    Compiling quinn-proto v0.10.6
[INFO] [stderr]    Compiling webpki-roots v0.24.0
[INFO] [stderr]    Compiling quinn-udp v0.4.1
[INFO] [stderr]    Compiling crypto-bigint v0.3.2
[INFO] [stderr]    Compiling caps v0.5.5
[INFO] [stderr]    Compiling concurrent-queue v2.5.0
[INFO] [stderr]    Compiling ff v0.11.1
[INFO] [stderr]    Compiling spl-program-error v0.3.0
[INFO] [stderr]    Compiling spl-discriminator v0.1.0
[INFO] [stderr]    Compiling spl-memo v4.0.0
[INFO] [stderr]    Compiling spl-token v4.0.0
[INFO] [stderr]    Compiling regex-lite v0.1.6
[INFO] [stderr]    Compiling shell-words v1.1.0
[INFO] [stderr]    Compiling utf-8 v0.7.6
[INFO] [stderr]    Compiling textwrap v0.16.1
[INFO] [stderr]    Compiling strsim v0.10.0
[INFO] [stderr]    Compiling tungstenite v0.20.1
[INFO] [stderr]    Compiling clap v3.2.25
[INFO] [stderr]    Compiling dialoguer v0.10.4
[INFO] [stderr]    Compiling bytestring v1.3.1
[INFO] [stderr]    Compiling async-channel v1.9.0
[INFO] [stderr]    Compiling group v0.11.0
[INFO] [stderr]    Compiling x509-parser v0.14.0
[INFO] [stderr]    Compiling pkcs8 v0.8.0
[INFO] [stderr]    Compiling actix-utils v3.0.1
[INFO] [stderr]    Compiling hmac v0.11.0
[INFO] [stderr]    Compiling sec1 v0.2.1
[INFO] [stderr]    Compiling quinn v0.10.2
[INFO] [stderr]    Compiling textwrap v0.11.0
[INFO] [stderr]    Compiling actix-rt v2.10.0
[INFO] [stderr]    Compiling actix-service v2.0.2
[INFO] [stderr]    Compiling rtoolbox v0.0.2
[INFO] [stderr]    Compiling cookie v0.16.2
[INFO] [stderr]    Compiling ansi_term v0.12.1
[INFO] [stderr]    Compiling strsim v0.8.0
[INFO] [stderr]    Compiling utf8parse v0.2.2
[INFO] [stderr]    Compiling base16ct v0.1.1
[INFO] [stderr]    Compiling convert_case v0.4.0
[INFO] [stderr]    Compiling histogram v0.6.9
[INFO] [stderr]    Compiling vec_map v0.8.2
[INFO] [stderr]    Compiling derive_more v0.99.18
[INFO] [stderr]    Compiling clap v2.34.0
[INFO] [stderr]    Compiling elliptic-curve v0.11.12
[INFO] [stderr]    Compiling anstyle-parse v0.2.5
[INFO] [stderr]    Compiling rpassword v7.3.1
[INFO] [stderr]    Compiling rfc6979 v0.1.0
[INFO] [stderr]    Compiling zstd v0.13.2
[INFO] [stderr]    Compiling actix-router v0.5.3
[INFO] [stderr]    Compiling tokio-tungstenite v0.20.1
[INFO] [stderr]    Compiling local-channel v0.1.5
[INFO] [stderr]    Compiling actix-codec v0.5.2
[INFO] [stderr]    Compiling tokio-stream v0.1.16
[INFO] [stderr]    Compiling colorchoice v1.0.2
[INFO] [stderr]    Compiling base64 v0.22.1
[INFO] [stderr]    Compiling anstyle v1.0.8
[INFO] [stderr]    Compiling anstyle-query v1.1.1
[INFO] [stderr]    Compiling language-tags v0.3.2
[INFO] [stderr]    Compiling is_terminal_polyfill v1.70.1
[INFO] [stderr]    Compiling anstream v0.6.15
[INFO] [stderr]    Compiling actix-web-codegen v4.3.0
[INFO] [stderr]    Compiling ecdsa v0.13.4
[INFO] [stderr]    Compiling solana-zk-token-sdk v1.18.23
[INFO] [stderr]    Compiling solana-metrics v1.18.23
[INFO] [stderr]    Compiling solana-measure v1.18.23
[INFO] [stderr]    Compiling solana-remote-wallet v1.18.23
[INFO] [stderr]    Compiling actix-server v2.5.0
[INFO] [stderr]    Compiling solana-net-utils v1.18.23
[INFO] [stderr]    Compiling solana-connection-cache v1.18.23
[INFO] [stderr]    Compiling actix-http v3.9.0
[INFO] [stderr]    Compiling solana-clap-utils v1.18.23
[INFO] [stderr]    Compiling solana-config-program v1.18.23
[INFO] [stderr]    Compiling async-mutex v1.4.0
[INFO] [stderr]    Compiling actix-macros v0.2.4
[INFO] [stderr]    Compiling impl-more v0.1.6
[INFO] [stderr]    Compiling heck v0.5.0
[INFO] [stderr]    Compiling clap_lex v0.7.2
[INFO] [stderr]    Compiling clap_derive v4.5.18
[INFO] [stderr]    Compiling clap_builder v4.5.18
[INFO] [stderr]    Compiling k256 v0.10.4
[INFO] [stderr]    Compiling pbkdf2 v0.9.0
[INFO] [stderr]    Compiling ripemd160 v0.9.1
[INFO] [stderr]    Compiling actix-web v4.9.0
[INFO] [stderr]    Compiling dashmap v5.5.3
[INFO] [stderr]    Compiling solana-streamer v1.18.23
[INFO] [stderr]    Compiling bip32 v0.3.0
[INFO] [stderr]    Compiling spl-pod v0.1.0
[INFO] [stderr]    Compiling base58 v0.2.0
[INFO] [stderr]    Compiling solana-udp-client v1.18.23
[INFO] [stderr]    Compiling spl-type-length-value v0.3.0
[INFO] [stderr]    Compiling spl-token-group-interface v0.1.0
[INFO] [stderr]    Compiling dotenv v0.15.0
[INFO] [stderr]    Compiling spl-tlv-account-resolution v0.5.1
[INFO] [stderr]    Compiling spl-token-metadata-interface v0.2.0
[INFO] [stderr]    Compiling clap v4.5.18
[INFO] [stderr]    Compiling spl-transfer-hook-interface v0.4.1
[INFO] [stderr]    Compiling actix-cors v0.6.5
[INFO] [stderr]    Compiling spl-token-2022 v1.0.0
[INFO] [stderr]    Compiling solana-account-decoder v1.18.23
[INFO] [stderr]    Compiling spl-associated-token-account v2.3.0
[INFO] [stderr]    Compiling solana-transaction-status v1.18.23
[INFO] [stderr]    Compiling solana-rpc-client-api v1.18.23
[INFO] [stderr]    Compiling solana-rpc-client v1.18.23
[INFO] [stderr]    Compiling solana-pubsub-client v1.18.23
[INFO] [stderr]    Compiling solana-quic-client v1.18.23
[INFO] [stderr]    Compiling solana-tpu-client v1.18.23
[INFO] [stderr]    Compiling solana-thin-client v1.18.23
[INFO] [stderr]    Compiling solana-rpc-client-nonce-utils v1.18.23
[INFO] [stderr]    Compiling solana-client v1.18.23
[INFO] [stderr]    Compiling decentralized-wallet-rust v0.1.0 (/opt/rustwide/workdir)
[INFO] [stdout] warning: unused imports: `Keypair` and `Signer`
[INFO] [stdout]  --> src/account/private_key.rs:2:21
[INFO] [stdout]   |
[INFO] [stdout] 2 | use ed25519_dalek::{Keypair, PublicKey, SecretKey, Signer};
[INFO] [stdout]   |                     ^^^^^^^                        ^^^^^^
[INFO] [stdout]   |
[INFO] [stdout]   = note: `#[warn(unused_imports)]` on by default
[INFO] [stdout] 
[INFO] [stdout] 
[INFO] [stdout] warning: unused import: `solana_sdk::signature::Signer as SolanaSigner`
[INFO] [stdout]  --> src/account/private_key.rs:3:5
[INFO] [stdout]   |
[INFO] [stdout] 3 | use solana_sdk::signature::Signer as SolanaSigner; // For Solana Keypair compatibility
[INFO] [stdout]   |     ^^^^^^^^^^^^^^^^^^^^^^^^^^^^^^^^^^^^^^^^^^^^^
[INFO] [stdout] 
[INFO] [stdout] 
[INFO] [stdout] warning: unused import: `get`
[INFO] [stdout]  --> src/account/private_key.rs:5:17
[INFO] [stdout]   |
[INFO] [stdout] 5 | use actix_web::{get, post, HttpResponse, Responder,web};
[INFO] [stdout]   |                 ^^^
[INFO] [stdout] 
[INFO] [stdout] 
[INFO] [stdout] warning: unused import: `info`
[INFO] [stdout]  --> src/account/private_key.rs:7:18
[INFO] [stdout]   |
[INFO] [stdout] 7 | use log::{error, info};
[INFO] [stdout]   |                  ^^^^
[INFO] [stdout] 
[INFO] [stdout] 
[INFO] [stdout] warning: unused import: `Keypair as SolanaKeypair`
[INFO] [stdout]  --> src/controller/controller.rs:5:46
[INFO] [stdout]   |
[INFO] [stdout] 5 | use solana_sdk::{pubkey::Pubkey, signature::{Keypair as SolanaKeypair, Signer},commitment_config::CommitmentConfig};
[INFO] [stdout]   |                                              ^^^^^^^^^^^^^^^^^^^^^^^^
[INFO] [stdout] 
[INFO] [stdout] 
[INFO] [stdout] warning: unused imports: `App` and `test`
[INFO] [stdout]   --> src/controller/controller.rs:10:17
[INFO] [stdout]    |
[INFO] [stdout] 10 | use actix_web::{test, App};
[INFO] [stdout]    |                 ^^^^  ^^^
[INFO] [stdout] 
[INFO] [stdout] 
[INFO] [stdout] warning: unused import: `serde_json::json`
[INFO] [stdout]   --> src/controller/controller.rs:11:5
[INFO] [stdout]    |
[INFO] [stdout] 11 | use serde_json::json;
[INFO] [stdout]    |     ^^^^^^^^^^^^^^^^
[INFO] [stdout] 
[INFO] [stdout] 
[INFO] [stdout] warning: unused imports: `HttpResponse`, `Responder`, `get`, and `post`
[INFO] [stdout]  --> src/main.rs:3:17
[INFO] [stdout]   |
[INFO] [stdout] 3 | use actix_web::{get,post, web, App, HttpResponse, HttpServer, Responder,middleware, http};
[INFO] [stdout]   |                 ^^^ ^^^^            ^^^^^^^^^^^^              ^^^^^^^^^
[INFO] [stdout]   |
[INFO] [stdout]   = note: `#[warn(unused_imports)]` on by default
[INFO] [stdout] 
[INFO] [stdout] 
[INFO] [stdout] warning: unused import: `Keypair as SolanaKeypair`
[INFO] [stdout]  --> src/controller/controller.rs:5:46
[INFO] [stdout]   |
[INFO] [stdout] 5 | use solana_sdk::{pubkey::Pubkey, signature::{Keypair as SolanaKeypair, Signer},commitment_config::CommitmentConfig};
[INFO] [stdout]   |                                              ^^^^^^^^^^^^^^^^^^^^^^^^
[INFO] [stdout] 
[INFO] [stdout] 
[INFO] [stdout] warning: unused imports: `App` and `test`
[INFO] [stdout]   --> src/controller/controller.rs:10:17
[INFO] [stdout]    |
[INFO] [stdout] 10 | use actix_web::{test, App};
[INFO] [stdout]    |                 ^^^^  ^^^
[INFO] [stdout] 
[INFO] [stdout] 
[INFO] [stdout] warning: unused import: `serde_json::json`
[INFO] [stdout]   --> src/controller/controller.rs:11:5
[INFO] [stdout]    |
[INFO] [stdout] 11 | use serde_json::json;
[INFO] [stdout]    |     ^^^^^^^^^^^^^^^^
[INFO] [stdout] 
[INFO] [stdout] 
[INFO] [stdout] warning: unused imports: `create_wallet`, `generate_keypair`, and `get_balance`
[INFO] [stdout]  --> src/main.rs:5:37
[INFO] [stdout]   |
[INFO] [stdout] 5 | use crate::controller::controller::{generate_keypair,create_wallet,get_balance};
[INFO] [stdout]   |                                     ^^^^^^^^^^^^^^^^ ^^^^^^^^^^^^^ ^^^^^^^^^^^
[INFO] [stdout] 
[INFO] [stdout] 
[INFO] [stdout] warning: unused imports: `Keypair` and `Signer`
[INFO] [stdout]  --> src/account/private_key.rs:2:21
[INFO] [stdout]   |
[INFO] [stdout] 2 | use ed25519_dalek::{Keypair, PublicKey, SecretKey, Signer};
[INFO] [stdout]   |                     ^^^^^^^                        ^^^^^^
[INFO] [stdout] 
[INFO] [stdout] 
[INFO] [stdout] warning: unused import: `solana_sdk::signature::Signer as SolanaSigner`
[INFO] [stdout]  --> src/account/private_key.rs:3:5
[INFO] [stdout]   |
[INFO] [stdout] 3 | use solana_sdk::signature::Signer as SolanaSigner; // For Solana Keypair compatibility
[INFO] [stdout]   |     ^^^^^^^^^^^^^^^^^^^^^^^^^^^^^^^^^^^^^^^^^^^^^
[INFO] [stdout] 
[INFO] [stdout] 
[INFO] [stdout] warning: unused import: `get`
[INFO] [stdout]  --> src/account/private_key.rs:5:17
[INFO] [stdout]   |
[INFO] [stdout] 5 | use actix_web::{get, post, HttpResponse, Responder,web};
[INFO] [stdout]   |                 ^^^
[INFO] [stdout] 
[INFO] [stdout] 
[INFO] [stdout] warning: unused import: `info`
[INFO] [stdout]  --> src/account/private_key.rs:7:18
[INFO] [stdout]   |
[INFO] [stdout] 7 | use log::{error, info};
[INFO] [stdout]   |                  ^^^^
[INFO] [stdout] 
[INFO] [stdout] 
[INFO] [stdout] warning: struct `BipMenomic` is never constructed
[INFO] [stdout]  --> src/bip/mnemonic.rs:4:12
[INFO] [stdout]   |
[INFO] [stdout] 4 | pub struct BipMenomic{}
[INFO] [stdout]   |            ^^^^^^^^^^
[INFO] [stdout]   |
[INFO] [stdout]   = note: `#[warn(dead_code)]` on by default
[INFO] [stdout] 
[INFO] [stdout] 
[INFO] [stdout] warning: associated functions `generate_mnemonic`, `get_mnemonic_to_str`, `get_mnemonic_from_phrase`, and `derive_seed` are never used
[INFO] [stdout]   --> src/bip/mnemonic.rs:7:12
[INFO] [stdout]    |
[INFO] [stdout] 6  | impl BipMenomic{
[INFO] [stdout]    | --------------- associated functions in this implementation
[INFO] [stdout] 7  |     pub fn generate_mnemonic() -> Mnemonic{
[INFO] [stdout]    |            ^^^^^^^^^^^^^^^^^
[INFO] [stdout] ...
[INFO] [stdout] 11 |     pub fn get_mnemonic_to_str(mnemonic: &Mnemonic) -> &str{
[INFO] [stdout]    |            ^^^^^^^^^^^^^^^^^^^
[INFO] [stdout] ...
[INFO] [stdout] 15 |     pub fn get_mnemonic_from_phrase(phrase: &str) -> Mnemonic{
[INFO] [stdout]    |            ^^^^^^^^^^^^^^^^^^^^^^^^
[INFO] [stdout] ...
[INFO] [stdout] 19 |     pub fn derive_seed(mnemonic: &Mnemonic, password: &str) -> Seed{
[INFO] [stdout]    |            ^^^^^^^^^^^
[INFO] [stdout] 
[INFO] [stdout] 
[INFO] [stdout] warning: field `account` is never read
[INFO] [stdout]  --> src/account/create_account.rs:9:5
[INFO] [stdout]   |
[INFO] [stdout] 8 | pub struct Account{
[INFO] [stdout]   |            ------- field in this struct
[INFO] [stdout] 9 |     account: SolanaKeypair
[INFO] [stdout]   |     ^^^^^^^
[INFO] [stdout] 
[INFO] [stdout] 
[INFO] [stdout] warning: associated items `new` and `get_public_key` are never used
[INFO] [stdout]   --> src/account/create_account.rs:13:12
[INFO] [stdout]    |
[INFO] [stdout] 12 | impl Account{
[INFO] [stdout]    | ------------ associated items in this implementation
[INFO] [stdout] 13 |     pub fn new() -> Self{
[INFO] [stdout]    |            ^^^
[INFO] [stdout] ...
[INFO] [stdout] 18 |     pub fn get_public_key(&self) -> String{
[INFO] [stdout]    |            ^^^^^^^^^^^^^^
[INFO] [stdout] 
[INFO] [stdout] 
[INFO] [stderr]     Finished `dev` profile [unoptimized + debuginfo] target(s) in 2m 05s
[INFO] running `Command { std: "docker" "inspect" "cc580e01fc898abf12a70d9b4317d9d17e10935b403f35cda3017af814d491b5", kill_on_drop: false }`
[INFO] running `Command { std: "docker" "rm" "-f" "cc580e01fc898abf12a70d9b4317d9d17e10935b403f35cda3017af814d491b5", kill_on_drop: false }`
[INFO] [stdout] cc580e01fc898abf12a70d9b4317d9d17e10935b403f35cda3017af814d491b5
[INFO] running `Command { std: "docker" "create" "-v" "/var/lib/crater-agent-workspace/builds/worker-6-tc1/target:/opt/rustwide/target:rw,Z" "-v" "/var/lib/crater-agent-workspace/builds/worker-6-tc1/source:/opt/rustwide/workdir:ro,Z" "-v" "/var/lib/crater-agent-workspace/cargo-home:/opt/rustwide/cargo-home:ro,Z" "-v" "/var/lib/crater-agent-workspace/rustup-home:/opt/rustwide/rustup-home:ro,Z" "-e" "SOURCE_DIR=/opt/rustwide/workdir" "-e" "CARGO_TARGET_DIR=/opt/rustwide/target" "-e" "CARGO_INCREMENTAL=0" "-e" "RUST_BACKTRACE=full" "-e" "RUSTFLAGS=--cap-lints=forbid" "-e" "RUSTDOCFLAGS=--cap-lints=forbid" "-e" "CARGO_HOME=/opt/rustwide/cargo-home" "-e" "RUSTUP_HOME=/opt/rustwide/rustup-home" "-w" "/opt/rustwide/workdir" "-m" "1610612736" "--user" "0:0" "--network" "none" "ghcr.io/rust-lang/crates-build-env/linux@sha256:4a844ea9eb2546a2d2c7022eacef16ef2e8229c7fbb2c7d4d55a9ceca922f72d" "/opt/rustwide/cargo-home/bin/cargo" "+nightly-2024-10-28" "test" "--frozen" "--no-run" "--message-format=json", kill_on_drop: false }`
[INFO] [stdout] 533e433245116c529df1fa758c429a574dd0e140d34b332a939d7b7369941460
[INFO] running `Command { std: "docker" "start" "-a" "533e433245116c529df1fa758c429a574dd0e140d34b332a939d7b7369941460", kill_on_drop: false }`
[INFO] [stdout] warning: unused imports: `Keypair` and `Signer`
[INFO] [stdout]  --> src/account/private_key.rs:2:21
[INFO] [stdout]   |
[INFO] [stdout] 2 | use ed25519_dalek::{Keypair, PublicKey, SecretKey, Signer};
[INFO] [stdout]   |                     ^^^^^^^                        ^^^^^^
[INFO] [stdout]   |
[INFO] [stdout]   = note: `#[warn(unused_imports)]` on by default
[INFO] [stdout] 
[INFO] [stdout] 
[INFO] [stdout] warning: unused import: `solana_sdk::signature::Signer as SolanaSigner`
[INFO] [stdout]  --> src/account/private_key.rs:3:5
[INFO] [stdout]   |
[INFO] [stdout] 3 | use solana_sdk::signature::Signer as SolanaSigner; // For Solana Keypair compatibility
[INFO] [stdout]   |     ^^^^^^^^^^^^^^^^^^^^^^^^^^^^^^^^^^^^^^^^^^^^^
[INFO] [stdout] 
[INFO] [stdout] 
[INFO] [stdout] warning: unused import: `get`
[INFO] [stdout]  --> src/account/private_key.rs:5:17
[INFO] [stdout]   |
[INFO] [stdout] 5 | use actix_web::{get, post, HttpResponse, Responder,web};
[INFO] [stdout]   |                 ^^^
[INFO] [stdout] 
[INFO] [stdout] 
[INFO] [stdout] warning: unused import: `info`
[INFO] [stdout]  --> src/account/private_key.rs:7:18
[INFO] [stdout]   |
[INFO] [stdout] 7 | use log::{error, info};
[INFO] [stdout]   |                  ^^^^
[INFO] [stdout] 
[INFO] [stdout] 
[INFO] [stderr]    Compiling decentralized-wallet-rust v0.1.0 (/opt/rustwide/workdir)
[INFO] [stdout] warning: unused import: `Keypair as SolanaKeypair`
[INFO] [stdout]  --> src/controller/controller.rs:5:46
[INFO] [stdout]   |
[INFO] [stdout] 5 | use solana_sdk::{pubkey::Pubkey, signature::{Keypair as SolanaKeypair, Signer},commitment_config::CommitmentConfig};
[INFO] [stdout]   |                                              ^^^^^^^^^^^^^^^^^^^^^^^^
[INFO] [stdout] 
[INFO] [stdout] 
[INFO] [stdout] warning: unused imports: `App` and `test`
[INFO] [stdout]   --> src/controller/controller.rs:10:17
[INFO] [stdout]    |
[INFO] [stdout] 10 | use actix_web::{test, App};
[INFO] [stdout]    |                 ^^^^  ^^^
[INFO] [stdout] 
[INFO] [stdout] 
[INFO] [stdout] warning: unused import: `serde_json::json`
[INFO] [stdout]   --> src/controller/controller.rs:11:5
[INFO] [stdout]    |
[INFO] [stdout] 11 | use serde_json::json;
[INFO] [stdout]    |     ^^^^^^^^^^^^^^^^
[INFO] [stdout] 
[INFO] [stdout] 
[INFO] [stdout] warning: unused imports: `Keypair` and `Signer`
[INFO] [stdout]  --> src/account/private_key.rs:2:21
[INFO] [stdout]   |
[INFO] [stdout] 2 | use ed25519_dalek::{Keypair, PublicKey, SecretKey, Signer};
[INFO] [stdout]   |                     ^^^^^^^                        ^^^^^^
[INFO] [stdout]   |
[INFO] [stdout]   = note: `#[warn(unused_imports)]` on by default
[INFO] [stdout] 
[INFO] [stdout] 
[INFO] [stdout] warning: unused import: `solana_sdk::signature::Signer as SolanaSigner`
[INFO] [stdout]  --> src/account/private_key.rs:3:5
[INFO] [stdout]   |
[INFO] [stdout] 3 | use solana_sdk::signature::Signer as SolanaSigner; // For Solana Keypair compatibility
[INFO] [stdout]   |     ^^^^^^^^^^^^^^^^^^^^^^^^^^^^^^^^^^^^^^^^^^^^^
[INFO] [stdout] 
[INFO] [stdout] 
[INFO] [stdout] warning: unused import: `get`
[INFO] [stdout]  --> src/account/private_key.rs:5:17
[INFO] [stdout]   |
[INFO] [stdout] 5 | use actix_web::{get, post, HttpResponse, Responder,web};
[INFO] [stdout]   |                 ^^^
[INFO] [stdout] 
[INFO] [stdout] 
[INFO] [stdout] warning: unused import: `info`
[INFO] [stdout]  --> src/account/private_key.rs:7:18
[INFO] [stdout]   |
[INFO] [stdout] 7 | use log::{error, info};
[INFO] [stdout]   |                  ^^^^
[INFO] [stdout] 
[INFO] [stdout] 
[INFO] [stdout] warning: unused import: `Keypair as SolanaKeypair`
[INFO] [stdout]  --> src/controller/controller.rs:5:46
[INFO] [stdout]   |
[INFO] [stdout] 5 | use solana_sdk::{pubkey::Pubkey, signature::{Keypair as SolanaKeypair, Signer},commitment_config::CommitmentConfig};
[INFO] [stdout]   |                                              ^^^^^^^^^^^^^^^^^^^^^^^^
[INFO] [stdout] 
[INFO] [stdout] 
[INFO] [stdout] warning: unused imports: `App` and `test`
[INFO] [stdout]   --> src/controller/controller.rs:10:17
[INFO] [stdout]    |
[INFO] [stdout] 10 | use actix_web::{test, App};
[INFO] [stdout]    |                 ^^^^  ^^^
[INFO] [stdout] 
[INFO] [stdout] 
[INFO] [stdout] warning: unused import: `serde_json::json`
[INFO] [stdout]   --> src/controller/controller.rs:11:5
[INFO] [stdout]    |
[INFO] [stdout] 11 | use serde_json::json;
[INFO] [stdout]    |     ^^^^^^^^^^^^^^^^
[INFO] [stdout] 
[INFO] [stdout] 
[INFO] [stdout] warning: unused import: `HttpMessage`
[INFO] [stdout]    --> src/controller/controller.rs:104:32
[INFO] [stdout]     |
[INFO] [stdout] 104 |     use actix_web::{test, App, HttpMessage};
[INFO] [stdout]     |                                ^^^^^^^^^^^
[INFO] [stdout] 
[INFO] [stdout] 
[INFO] [stdout] warning: unused import: `BalanceRequest`
[INFO] [stdout]    --> src/controller/controller.rs:105:18
[INFO] [stdout]     |
[INFO] [stdout] 105 |     use models::{BalanceRequest, BalanceResponse};
[INFO] [stdout]     |                  ^^^^^^^^^^^^^^
[INFO] [stdout] 
[INFO] [stdout] 
[INFO] [stdout] warning: unused import: `crate::controller::utils`
[INFO] [stdout]   --> src/controller/transfer.rs:79:9
[INFO] [stdout]    |
[INFO] [stdout] 79 |     use crate::controller::utils;
[INFO] [stdout]    |         ^^^^^^^^^^^^^^^^^^^^^^^^
[INFO] [stdout] 
[INFO] [stdout] 
[INFO] [stdout] warning: unused imports: `HttpResponse`, `Responder`, `get`, and `post`
[INFO] [stdout]  --> src/main.rs:3:17
[INFO] [stdout]   |
[INFO] [stdout] 3 | use actix_web::{get,post, web, App, HttpResponse, HttpServer, Responder,middleware, http};
[INFO] [stdout]   |                 ^^^ ^^^^            ^^^^^^^^^^^^              ^^^^^^^^^
[INFO] [stdout]   |
[INFO] [stdout]   = note: `#[warn(unused_imports)]` on by default
[INFO] [stdout] 
[INFO] [stdout] 
[INFO] [stdout] warning: unused import: `Keypair as SolanaKeypair`
[INFO] [stdout]  --> src/controller/controller.rs:5:46
[INFO] [stdout]   |
[INFO] [stdout] 5 | use solana_sdk::{pubkey::Pubkey, signature::{Keypair as SolanaKeypair, Signer},commitment_config::CommitmentConfig};
[INFO] [stdout]   |                                              ^^^^^^^^^^^^^^^^^^^^^^^^
[INFO] [stdout] 
[INFO] [stdout] 
[INFO] [stdout] warning: unused imports: `App` and `test`
[INFO] [stdout]   --> src/controller/controller.rs:10:17
[INFO] [stdout]    |
[INFO] [stdout] 10 | use actix_web::{test, App};
[INFO] [stdout]    |                 ^^^^  ^^^
[INFO] [stdout] 
[INFO] [stdout] 
[INFO] [stdout] warning: unused import: `serde_json::json`
[INFO] [stdout]   --> src/controller/controller.rs:11:5
[INFO] [stdout]    |
[INFO] [stdout] 11 | use serde_json::json;
[INFO] [stdout]    |     ^^^^^^^^^^^^^^^^
[INFO] [stdout] 
[INFO] [stdout] 
[INFO] [stdout] warning: unused import: `HttpMessage`
[INFO] [stdout]    --> src/controller/controller.rs:104:32
[INFO] [stdout]     |
[INFO] [stdout] 104 |     use actix_web::{test, App, HttpMessage};
[INFO] [stdout]     |                                ^^^^^^^^^^^
[INFO] [stdout] 
[INFO] [stdout] 
[INFO] [stdout] warning: unused import: `BalanceRequest`
[INFO] [stdout]    --> src/controller/controller.rs:105:18
[INFO] [stdout]     |
[INFO] [stdout] 105 |     use models::{BalanceRequest, BalanceResponse};
[INFO] [stdout]     |                  ^^^^^^^^^^^^^^
[INFO] [stdout] 
[INFO] [stdout] 
[INFO] [stdout] warning: unused import: `crate::controller::utils`
[INFO] [stdout]   --> src/controller/transfer.rs:79:9
[INFO] [stdout]    |
[INFO] [stdout] 79 |     use crate::controller::utils;
[INFO] [stdout]    |         ^^^^^^^^^^^^^^^^^^^^^^^^
[INFO] [stdout] 
[INFO] [stdout] 
[INFO] [stdout] warning: unused imports: `create_wallet`, `generate_keypair`, and `get_balance`
[INFO] [stdout]  --> src/main.rs:5:37
[INFO] [stdout]   |
[INFO] [stdout] 5 | use crate::controller::controller::{generate_keypair,create_wallet,get_balance};
[INFO] [stdout]   |                                     ^^^^^^^^^^^^^^^^ ^^^^^^^^^^^^^ ^^^^^^^^^^^
[INFO] [stdout] 
[INFO] [stdout] 
[INFO] [stdout] warning: unused imports: `Keypair` and `Signer`
[INFO] [stdout]  --> src/account/private_key.rs:2:21
[INFO] [stdout]   |
[INFO] [stdout] 2 | use ed25519_dalek::{Keypair, PublicKey, SecretKey, Signer};
[INFO] [stdout]   |                     ^^^^^^^                        ^^^^^^
[INFO] [stdout] 
[INFO] [stdout] 
[INFO] [stdout] warning: unused import: `solana_sdk::signature::Signer as SolanaSigner`
[INFO] [stdout]  --> src/account/private_key.rs:3:5
[INFO] [stdout]   |
[INFO] [stdout] 3 | use solana_sdk::signature::Signer as SolanaSigner; // For Solana Keypair compatibility
[INFO] [stdout]   |     ^^^^^^^^^^^^^^^^^^^^^^^^^^^^^^^^^^^^^^^^^^^^^
[INFO] [stdout] 
[INFO] [stdout] 
[INFO] [stdout] warning: unused import: `get`
[INFO] [stdout]  --> src/account/private_key.rs:5:17
[INFO] [stdout]   |
[INFO] [stdout] 5 | use actix_web::{get, post, HttpResponse, Responder,web};
[INFO] [stdout]   |                 ^^^
[INFO] [stdout] 
[INFO] [stdout] 
[INFO] [stdout] warning: unused import: `info`
[INFO] [stdout]  --> src/account/private_key.rs:7:18
[INFO] [stdout]   |
[INFO] [stdout] 7 | use log::{error, info};
[INFO] [stdout]   |                  ^^^^
[INFO] [stdout] 
[INFO] [stdout] 
[INFO] [stdout] warning: struct `BipMenomic` is never constructed
[INFO] [stdout]  --> src/bip/mnemonic.rs:4:12
[INFO] [stdout]   |
[INFO] [stdout] 4 | pub struct BipMenomic{}
[INFO] [stdout]   |            ^^^^^^^^^^
[INFO] [stdout]   |
[INFO] [stdout]   = note: `#[warn(dead_code)]` on by default
[INFO] [stdout] 
[INFO] [stdout] 
[INFO] [stdout] warning: associated functions `generate_mnemonic`, `get_mnemonic_to_str`, `get_mnemonic_from_phrase`, and `derive_seed` are never used
[INFO] [stdout]   --> src/bip/mnemonic.rs:7:12
[INFO] [stdout]    |
[INFO] [stdout] 6  | impl BipMenomic{
[INFO] [stdout]    | --------------- associated functions in this implementation
[INFO] [stdout] 7  |     pub fn generate_mnemonic() -> Mnemonic{
[INFO] [stdout]    |            ^^^^^^^^^^^^^^^^^
[INFO] [stdout] ...
[INFO] [stdout] 11 |     pub fn get_mnemonic_to_str(mnemonic: &Mnemonic) -> &str{
[INFO] [stdout]    |            ^^^^^^^^^^^^^^^^^^^
[INFO] [stdout] ...
[INFO] [stdout] 15 |     pub fn get_mnemonic_from_phrase(phrase: &str) -> Mnemonic{
[INFO] [stdout]    |            ^^^^^^^^^^^^^^^^^^^^^^^^
[INFO] [stdout] ...
[INFO] [stdout] 19 |     pub fn derive_seed(mnemonic: &Mnemonic, password: &str) -> Seed{
[INFO] [stdout]    |            ^^^^^^^^^^^
[INFO] [stdout] 
[INFO] [stdout] 
[INFO] [stdout] warning: field `account` is never read
[INFO] [stdout]  --> src/account/create_account.rs:9:5
[INFO] [stdout]   |
[INFO] [stdout] 8 | pub struct Account{
[INFO] [stdout]   |            ------- field in this struct
[INFO] [stdout] 9 |     account: SolanaKeypair
[INFO] [stdout]   |     ^^^^^^^
[INFO] [stdout] 
[INFO] [stdout] 
[INFO] [stdout] warning: associated items `new` and `get_public_key` are never used
[INFO] [stdout]   --> src/account/create_account.rs:13:12
[INFO] [stdout]    |
[INFO] [stdout] 12 | impl Account{
[INFO] [stdout]    | ------------ associated items in this implementation
[INFO] [stdout] 13 |     pub fn new() -> Self{
[INFO] [stdout]    |            ^^^
[INFO] [stdout] ...
[INFO] [stdout] 18 |     pub fn get_public_key(&self) -> String{
[INFO] [stdout]    |            ^^^^^^^^^^^^^^
[INFO] [stdout] 
[INFO] [stdout] 
[INFO] [stderr]     Finished `test` profile [unoptimized + debuginfo] target(s) in 10.94s
[INFO] running `Command { std: "docker" "inspect" "533e433245116c529df1fa758c429a574dd0e140d34b332a939d7b7369941460", kill_on_drop: false }`
[INFO] running `Command { std: "docker" "rm" "-f" "533e433245116c529df1fa758c429a574dd0e140d34b332a939d7b7369941460", kill_on_drop: false }`
[INFO] [stdout] 533e433245116c529df1fa758c429a574dd0e140d34b332a939d7b7369941460
[INFO] running `Command { std: "docker" "create" "-v" "/var/lib/crater-agent-workspace/builds/worker-6-tc1/target:/opt/rustwide/target:rw,Z" "-v" "/var/lib/crater-agent-workspace/builds/worker-6-tc1/source:/opt/rustwide/workdir:ro,Z" "-v" "/var/lib/crater-agent-workspace/cargo-home:/opt/rustwide/cargo-home:ro,Z" "-v" "/var/lib/crater-agent-workspace/rustup-home:/opt/rustwide/rustup-home:ro,Z" "-e" "SOURCE_DIR=/opt/rustwide/workdir" "-e" "CARGO_TARGET_DIR=/opt/rustwide/target" "-e" "CARGO_INCREMENTAL=0" "-e" "RUST_BACKTRACE=full" "-e" "RUSTFLAGS=--cap-lints=forbid" "-e" "RUSTDOCFLAGS=--cap-lints=forbid" "-e" "CARGO_HOME=/opt/rustwide/cargo-home" "-e" "RUSTUP_HOME=/opt/rustwide/rustup-home" "-w" "/opt/rustwide/workdir" "-m" "1610612736" "--user" "0:0" "--network" "none" "ghcr.io/rust-lang/crates-build-env/linux@sha256:4a844ea9eb2546a2d2c7022eacef16ef2e8229c7fbb2c7d4d55a9ceca922f72d" "/opt/rustwide/cargo-home/bin/cargo" "+nightly-2024-10-28" "test" "--frozen", kill_on_drop: false }`
[INFO] [stdout] a246ca98bbeebeb508c4ddcccafc4a133e3dfaa3fd1462f2608acf95ba492715
[INFO] running `Command { std: "docker" "start" "-a" "a246ca98bbeebeb508c4ddcccafc4a133e3dfaa3fd1462f2608acf95ba492715", kill_on_drop: false }`
[INFO] [stderr] warning: unused imports: `Keypair` and `Signer`
[INFO] [stderr]  --> src/account/private_key.rs:2:21
[INFO] [stderr]   |
[INFO] [stderr] 2 | use ed25519_dalek::{Keypair, PublicKey, SecretKey, Signer};
[INFO] [stderr]   |                     ^^^^^^^                        ^^^^^^
[INFO] [stderr]   |
[INFO] [stderr]   = note: `#[warn(unused_imports)]` on by default
[INFO] [stderr] 
[INFO] [stderr] warning: unused import: `solana_sdk::signature::Signer as SolanaSigner`
[INFO] [stderr]  --> src/account/private_key.rs:3:5
[INFO] [stderr]   |
[INFO] [stderr] 3 | use solana_sdk::signature::Signer as SolanaSigner; // For Solana Keypair compatibility
[INFO] [stderr]   |     ^^^^^^^^^^^^^^^^^^^^^^^^^^^^^^^^^^^^^^^^^^^^^
[INFO] [stderr] 
[INFO] [stderr] warning: unused import: `get`
[INFO] [stderr]  --> src/account/private_key.rs:5:17
[INFO] [stderr]   |
[INFO] [stderr] 5 | use actix_web::{get, post, HttpResponse, Responder,web};
[INFO] [stderr]   |                 ^^^
[INFO] [stderr] 
[INFO] [stderr] warning: unused import: `info`
[INFO] [stderr]  --> src/account/private_key.rs:7:18
[INFO] [stderr]   |
[INFO] [stderr] 7 | use log::{error, info};
[INFO] [stderr]   |                  ^^^^
[INFO] [stderr] 
[INFO] [stderr] warning: unused import: `Keypair as SolanaKeypair`
[INFO] [stderr]  --> src/controller/controller.rs:5:46
[INFO] [stderr]   |
[INFO] [stderr] 5 | use solana_sdk::{pubkey::Pubkey, signature::{Keypair as SolanaKeypair, Signer},commitment_config::CommitmentConfig};
[INFO] [stderr]   |                                              ^^^^^^^^^^^^^^^^^^^^^^^^
[INFO] [stderr] 
[INFO] [stderr] warning: unused imports: `App` and `test`
[INFO] [stderr]   --> src/controller/controller.rs:10:17
[INFO] [stderr]    |
[INFO] [stderr] 10 | use actix_web::{test, App};
[INFO] [stderr]    |                 ^^^^  ^^^
[INFO] [stderr] 
[INFO] [stderr] warning: unused import: `serde_json::json`
[INFO] [stderr]   --> src/controller/controller.rs:11:5
[INFO] [stderr]    |
[INFO] [stderr] 11 | use serde_json::json;
[INFO] [stderr]    |     ^^^^^^^^^^^^^^^^
[INFO] [stderr] 
[INFO] [stderr] warning: unused import: `HttpMessage`
[INFO] [stderr]    --> src/controller/controller.rs:104:32
[INFO] [stderr]     |
[INFO] [stderr] 104 |     use actix_web::{test, App, HttpMessage};
[INFO] [stderr]     |                                ^^^^^^^^^^^
[INFO] [stderr] 
[INFO] [stderr] warning: unused import: `BalanceRequest`
[INFO] [stderr]    --> src/controller/controller.rs:105:18
[INFO] [stderr]     |
[INFO] [stderr] 105 |     use models::{BalanceRequest, BalanceResponse};
[INFO] [stderr]     |                  ^^^^^^^^^^^^^^
[INFO] [stderr] 
[INFO] [stderr] warning: unused import: `crate::controller::utils`
[INFO] [stderr]   --> src/controller/transfer.rs:79:9
[INFO] [stderr]    |
[INFO] [stderr] 79 |     use crate::controller::utils;
[INFO] [stderr]    |         ^^^^^^^^^^^^^^^^^^^^^^^^
[INFO] [stderr] 
[INFO] [stderr] warning: `decentralized-wallet-rust` (lib) generated 7 warnings (run `cargo fix --lib -p decentralized-wallet-rust` to apply 7 suggestions)
[INFO] [stderr] warning: `decentralized-wallet-rust` (lib test) generated 10 warnings (7 duplicates) (run `cargo fix --lib -p decentralized-wallet-rust --tests` to apply 3 suggestions)
[INFO] [stderr] warning: unused imports: `HttpResponse`, `Responder`, `get`, and `post`
[INFO] [stderr]  --> src/main.rs:3:17
[INFO] [stderr]   |
[INFO] [stderr] 3 | use actix_web::{get,post, web, App, HttpResponse, HttpServer, Responder,middleware, http};
[INFO] [stderr]   |                 ^^^ ^^^^            ^^^^^^^^^^^^              ^^^^^^^^^
[INFO] [stderr]   |
[INFO] [stderr]   = note: `#[warn(unused_imports)]` on by default
[INFO] [stderr] 
[INFO] [stderr] warning: unused imports: `create_wallet`, `generate_keypair`, and `get_balance`
[INFO] [stderr]  --> src/main.rs:5:37
[INFO] [stderr]   |
[INFO] [stderr] 5 | use crate::controller::controller::{generate_keypair,create_wallet,get_balance};
[INFO] [stderr]   |                                     ^^^^^^^^^^^^^^^^ ^^^^^^^^^^^^^ ^^^^^^^^^^^
[INFO] [stderr] 
[INFO] [stderr] warning: unused imports: `Keypair` and `Signer`
[INFO] [stderr]  --> src/account/private_key.rs:2:21
[INFO] [stderr]   |
[INFO] [stderr] 2 | use ed25519_dalek::{Keypair, PublicKey, SecretKey, Signer};
[INFO] [stderr]   |                     ^^^^^^^                        ^^^^^^
[INFO] [stderr] 
[INFO] [stderr] warning: struct `BipMenomic` is never constructed
[INFO] [stderr]  --> src/bip/mnemonic.rs:4:12
[INFO] [stderr]   |
[INFO] [stderr] 4 | pub struct BipMenomic{}
[INFO] [stderr]   |            ^^^^^^^^^^
[INFO] [stderr]   |
[INFO] [stderr]   = note: `#[warn(dead_code)]` on by default
[INFO] [stderr] 
[INFO] [stderr] warning: associated functions `generate_mnemonic`, `get_mnemonic_to_str`, `get_mnemonic_from_phrase`, and `derive_seed` are never used
[INFO] [stderr]   --> src/bip/mnemonic.rs:7:12
[INFO] [stderr]    |
[INFO] [stderr] 6  | impl BipMenomic{
[INFO] [stderr]    | --------------- associated functions in this implementation
[INFO] [stderr] 7  |     pub fn generate_mnemonic() -> Mnemonic{
[INFO] [stderr]    |            ^^^^^^^^^^^^^^^^^
[INFO] [stderr] ...
[INFO] [stderr] 11 |     pub fn get_mnemonic_to_str(mnemonic: &Mnemonic) -> &str{
[INFO] [stderr]    |            ^^^^^^^^^^^^^^^^^^^
[INFO] [stderr] ...
[INFO] [stderr] 15 |     pub fn get_mnemonic_from_phrase(phrase: &str) -> Mnemonic{
[INFO] [stderr]    |            ^^^^^^^^^^^^^^^^^^^^^^^^
[INFO] [stderr] ...
[INFO] [stderr] 19 |     pub fn derive_seed(mnemonic: &Mnemonic, password: &str) -> Seed{
[INFO] [stderr]    |            ^^^^^^^^^^^
[INFO] [stderr] 
[INFO] [stderr] warning: field `account` is never read
[INFO] [stderr]  --> src/account/create_account.rs:9:5
[INFO] [stderr]   |
[INFO] [stderr] 8 | pub struct Account{
[INFO] [stderr]   |            ------- field in this struct
[INFO] [stderr] 9 |     account: SolanaKeypair
[INFO] [stderr]   |     ^^^^^^^
[INFO] [stderr] 
[INFO] [stderr] warning: associated items `new` and `get_public_key` are never used
[INFO] [stderr]   --> src/account/create_account.rs:13:12
[INFO] [stderr]    |
[INFO] [stderr] 12 | impl Account{
[INFO] [stderr]    | ------------ associated items in this implementation
[INFO] [stderr] 13 |     pub fn new() -> Self{
[INFO] [stderr]    |            ^^^
[INFO] [stderr] ...
[INFO] [stderr] 18 |     pub fn get_public_key(&self) -> String{
[INFO] [stderr]    |            ^^^^^^^^^^^^^^
[INFO] [stderr] 
[INFO] [stderr] warning: `decentralized-wallet-rust` (bin "decentralized-wallet-rust" test) generated 16 warnings (9 duplicates) (run `cargo fix --bin "decentralized-wallet-rust" --tests` to apply 3 suggestions)
[INFO] [stderr]     Finished `test` profile [unoptimized + debuginfo] target(s) in 0.88s
[INFO] [stderr]      Running unittests src/lib.rs (/opt/rustwide/target/debug/deps/decentralized_wallet_rust-5ea15c06c9fd6517)
[INFO] [stdout] 
[INFO] [stdout] running 4 tests
[INFO] [stdout] test controller::controller::tests::test_generate_mnemonic ... ok
[INFO] [stdout] test controller::controller::tests::test_create_wallet ... ok
[INFO] [stdout] test controller::controller::tests::test_get_balance_rpc_url_override ... FAILED
[INFO] [stdout] test controller::transfer::tests::test_send_sol ... FAILED
[INFO] [stdout] 
[INFO] [stdout] failures:
[INFO] [stdout] 
[INFO] [stdout] ---- controller::controller::tests::test_get_balance_rpc_url_override stdout ----
[INFO] [stdout] thread 'controller::controller::tests::test_get_balance_rpc_url_override' panicked at src/controller/controller.rs:183:9:
[INFO] [stdout] Expected success response status
[INFO] [stdout] stack backtrace:
[INFO] [stdout]    0:     0x59389489ceca - std::backtrace_rs::backtrace::libunwind::trace::h207520d6e9873551
[INFO] [stdout]                                at /rustc/df4ca44d3fbc9301ee17f30f4d474e6ae4b05252/library/std/src/../../backtrace/src/backtrace/libunwind.rs:116:5
[INFO] [stdout]    1:     0x59389489ceca - std::backtrace_rs::backtrace::trace_unsynchronized::h2ed7433f370e3eca
[INFO] [stdout]                                at /rustc/df4ca44d3fbc9301ee17f30f4d474e6ae4b05252/library/std/src/../../backtrace/src/backtrace/mod.rs:66:5
[INFO] [stdout]    2:     0x59389489ceca - std::sys::backtrace::_print_fmt::h916fac51166b18d7
[INFO] [stdout]                                at /rustc/df4ca44d3fbc9301ee17f30f4d474e6ae4b05252/library/std/src/sys/backtrace.rs:66:9
[INFO] [stdout]    3:     0x59389489ceca - <std::sys::backtrace::BacktraceLock::print::DisplayBacktrace as core::fmt::Display>::fmt::ha0a4c9b8ce3802e6
[INFO] [stdout]                                at /rustc/df4ca44d3fbc9301ee17f30f4d474e6ae4b05252/library/std/src/sys/backtrace.rs:39:26
[INFO] [stdout]    4:     0x5938948c7903 - core::fmt::rt::Argument::fmt::h4cfc8587d52b3eb5
[INFO] [stdout]                                at /rustc/df4ca44d3fbc9301ee17f30f4d474e6ae4b05252/library/core/src/fmt/rt.rs:177:76
[INFO] [stdout]    5:     0x5938948c7903 - core::fmt::write::h522cc39e5b36ae9f
[INFO] [stdout]                                at /rustc/df4ca44d3fbc9301ee17f30f4d474e6ae4b05252/library/core/src/fmt/mod.rs:1190:21
[INFO] [stdout]    6:     0x593894898eb3 - std::io::Write::write_fmt::h7d3c26752da97734
[INFO] [stdout]                                at /rustc/df4ca44d3fbc9301ee17f30f4d474e6ae4b05252/library/std/src/io/mod.rs:1839:15
[INFO] [stdout]    7:     0x59389489cd12 - std::sys::backtrace::BacktraceLock::print::h4b9e00b29e9c0942
[INFO] [stdout]                                at /rustc/df4ca44d3fbc9301ee17f30f4d474e6ae4b05252/library/std/src/sys/backtrace.rs:42:9
[INFO] [stdout]    8:     0x59389489e35a - std::panicking::default_hook::{{closure}}::hb59b88280d0324d9
[INFO] [stdout]                                at /rustc/df4ca44d3fbc9301ee17f30f4d474e6ae4b05252/library/std/src/panicking.rs:268:22
[INFO] [stdout]    9:     0x59389489e164 - std::panicking::default_hook::he1dd496665be4a29
[INFO] [stdout]                                at /rustc/df4ca44d3fbc9301ee17f30f4d474e6ae4b05252/library/std/src/panicking.rs:292:9
[INFO] [stdout]   10:     0x593893c2c739 - <alloc::boxed::Box<F,A> as core::ops::function::Fn<Args>>::call::h4ff71de18744e1dc
[INFO] [stdout]                                at /rustc/df4ca44d3fbc9301ee17f30f4d474e6ae4b05252/library/alloc/src/boxed.rs:2468:9
[INFO] [stdout]   11:     0x593893c2c739 - test::test_main::{{closure}}::hcf7c055ce117aa81
[INFO] [stdout]                                at /rustc/df4ca44d3fbc9301ee17f30f4d474e6ae4b05252/library/test/src/lib.rs:133:21
[INFO] [stdout]   12:     0x59389489ea58 - <alloc::boxed::Box<F,A> as core::ops::function::Fn<Args>>::call::h1d66c6bbd60c9692
[INFO] [stdout]                                at /rustc/df4ca44d3fbc9301ee17f30f4d474e6ae4b05252/library/alloc/src/boxed.rs:2468:9
[INFO] [stdout]   13:     0x59389489ea58 - std::panicking::rust_panic_with_hook::h2ff17fe8f26dfcf8
[INFO] [stdout]                                at /rustc/df4ca44d3fbc9301ee17f30f4d474e6ae4b05252/library/std/src/panicking.rs:809:13
[INFO] [stdout]   14:     0x59389489e7e6 - std::panicking::begin_panic_handler::{{closure}}::h4fad77951c07e101
[INFO] [stdout]                                at /rustc/df4ca44d3fbc9301ee17f30f4d474e6ae4b05252/library/std/src/panicking.rs:667:13
[INFO] [stdout]   15:     0x59389489d3a9 - std::sys::backtrace::__rust_end_short_backtrace::hb1a25b3da5d0ea08
[INFO] [stdout]                                at /rustc/df4ca44d3fbc9301ee17f30f4d474e6ae4b05252/library/std/src/sys/backtrace.rs:170:18
[INFO] [stdout]   16:     0x59389489e4ac - rust_begin_unwind
[INFO] [stdout]                                at /rustc/df4ca44d3fbc9301ee17f30f4d474e6ae4b05252/library/std/src/panicking.rs:665:5
[INFO] [stdout]   17:     0x5938948c5240 - core::panicking::panic_fmt::ha9db07b529f9b256
[INFO] [stdout]                                at /rustc/df4ca44d3fbc9301ee17f30f4d474e6ae4b05252/library/core/src/panicking.rs:75:14
[INFO] [stdout]   18:     0x593893bc6d70 - decentralized_wallet_rust::controller::controller::tests::test_get_balance_rpc_url_override::{{closure}}::h42a355f5b5f760df
[INFO] [stdout]                                at /opt/rustwide/workdir/src/controller/controller.rs:183:9
[INFO] [stdout]   19:     0x593893b8aa2e - <tokio::task::local::RunUntil<T> as core::future::future::Future>::poll::{{closure}}::h38575555295d066e
[INFO] [stdout]                                at /opt/rustwide/cargo-home/registry/src/index.crates.io-6f17d22bba15001f/tokio-1.40.0/src/task/local.rs:995:42
[INFO] [stdout]   20:     0x593893b885e0 - tokio::task::local::LocalSet::with::{{closure}}::h8b37db7042e63ba8
[INFO] [stdout]                                at /opt/rustwide/cargo-home/registry/src/index.crates.io-6f17d22bba15001f/tokio-1.40.0/src/task/local.rs:747:13
[INFO] [stdout]   21:     0x593893b6e9a0 - std::thread::local::LocalKey<T>::try_with::ha81518e48ad23257
[INFO] [stdout]                                at /rustc/df4ca44d3fbc9301ee17f30f4d474e6ae4b05252/library/std/src/thread/local.rs:283:12
[INFO] [stdout]   22:     0x593893b6a9fa - std::thread::local::LocalKey<T>::with::h2211778f54ad6354
[INFO] [stdout]                                at /rustc/df4ca44d3fbc9301ee17f30f4d474e6ae4b05252/library/std/src/thread/local.rs:260:9
[INFO] [stdout]   23:     0x593893b882a6 - tokio::task::local::LocalSet::with::h23740cf522f95e42
[INFO] [stdout]                                at /opt/rustwide/cargo-home/registry/src/index.crates.io-6f17d22bba15001f/tokio-1.40.0/src/task/local.rs:745:9
[INFO] [stdout]   24:     0x593893b8a8e5 - <tokio::task::local::RunUntil<T> as core::future::future::Future>::poll::h4b6ddd825c8662d7
[INFO] [stdout]                                at /opt/rustwide/cargo-home/registry/src/index.crates.io-6f17d22bba15001f/tokio-1.40.0/src/task/local.rs:985:9
[INFO] [stdout]   25:     0x593893b89225 - tokio::task::local::LocalSet::run_until::{{closure}}::hf48f66ec65112a8b
[INFO] [stdout]                                at /opt/rustwide/cargo-home/registry/src/index.crates.io-6f17d22bba15001f/tokio-1.40.0/src/task/local.rs:639:19
[INFO] [stdout]   26:     0x593893b9b88d - <core::pin::Pin<P> as core::future::future::Future>::poll::hdc466db270d5fc87
[INFO] [stdout]                                at /rustc/df4ca44d3fbc9301ee17f30f4d474e6ae4b05252/library/core/src/future/future.rs:123:9
[INFO] [stdout]   27:     0x593893b6a75f - tokio::runtime::scheduler::current_thread::CoreGuard::block_on::{{closure}}::{{closure}}::{{closure}}::h566e2791f177e7c1
[INFO] [stdout]                                at /opt/rustwide/cargo-home/registry/src/index.crates.io-6f17d22bba15001f/tokio-1.40.0/src/runtime/scheduler/current_thread/mod.rs:696:57
[INFO] [stdout]   28:     0x593893b697f5 - tokio::runtime::coop::with_budget::hf8ef6e8688bae780
[INFO] [stdout]                                at /opt/rustwide/cargo-home/registry/src/index.crates.io-6f17d22bba15001f/tokio-1.40.0/src/runtime/coop.rs:107:5
[INFO] [stdout]   29:     0x593893b697f5 - tokio::runtime::coop::budget::hd6e97758740218f8
[INFO] [stdout]                                at /opt/rustwide/cargo-home/registry/src/index.crates.io-6f17d22bba15001f/tokio-1.40.0/src/runtime/coop.rs:73:5
[INFO] [stdout]   30:     0x593893b697f5 - tokio::runtime::scheduler::current_thread::CoreGuard::block_on::{{closure}}::{{closure}}::h180fd3a18941c05c
[INFO] [stdout]                                at /opt/rustwide/cargo-home/registry/src/index.crates.io-6f17d22bba15001f/tokio-1.40.0/src/runtime/scheduler/current_thread/mod.rs:696:25
[INFO] [stdout]   31:     0x593893b5dee0 - tokio::runtime::scheduler::current_thread::Context::enter::hb14700042dce7a0b
[INFO] [stdout]                                at /opt/rustwide/cargo-home/registry/src/index.crates.io-6f17d22bba15001f/tokio-1.40.0/src/runtime/scheduler/current_thread/mod.rs:423:19
[INFO] [stdout]   32:     0x593893b6523e - tokio::runtime::scheduler::current_thread::CoreGuard::block_on::{{closure}}::h40bc27e8b2877499
[INFO] [stdout]                                at /opt/rustwide/cargo-home/registry/src/index.crates.io-6f17d22bba15001f/tokio-1.40.0/src/runtime/scheduler/current_thread/mod.rs:695:36
[INFO] [stdout]   33:     0x593893b63854 - tokio::runtime::scheduler::current_thread::CoreGuard::enter::{{closure}}::h22bf9649e917ab62
[INFO] [stdout]                                at /opt/rustwide/cargo-home/registry/src/index.crates.io-6f17d22bba15001f/tokio-1.40.0/src/runtime/scheduler/current_thread/mod.rs:774:68
[INFO] [stdout]   34:     0x593893b99aeb - tokio::runtime::context::scoped::Scoped<T>::set::hc855ece3414f4bdc
[INFO] [stdout]                                at /opt/rustwide/cargo-home/registry/src/index.crates.io-6f17d22bba15001f/tokio-1.40.0/src/runtime/context/scoped.rs:40:9
[INFO] [stdout]   35:     0x593893bb6a69 - tokio::runtime::context::set_scheduler::{{closure}}::h63e0e1de747ebd85
[INFO] [stdout]                                at /opt/rustwide/cargo-home/registry/src/index.crates.io-6f17d22bba15001f/tokio-1.40.0/src/runtime/context.rs:180:26
[INFO] [stdout]   36:     0x593893b6f76d - std::thread::local::LocalKey<T>::try_with::hd18ea3dc0842ec87
[INFO] [stdout]                                at /rustc/df4ca44d3fbc9301ee17f30f4d474e6ae4b05252/library/std/src/thread/local.rs:283:12
[INFO] [stdout]   37:     0x593893b6aa8a - std::thread::local::LocalKey<T>::with::h23ee7aac2357f060
[INFO] [stdout]                                at /rustc/df4ca44d3fbc9301ee17f30f4d474e6ae4b05252/library/std/src/thread/local.rs:260:9
[INFO] [stdout]   38:     0x593893bb681d - tokio::runtime::context::set_scheduler::h7cf855ab49926cca
[INFO] [stdout]                                at /opt/rustwide/cargo-home/registry/src/index.crates.io-6f17d22bba15001f/tokio-1.40.0/src/runtime/context.rs:180:9
[INFO] [stdout]   39:     0x593893b61cc0 - tokio::runtime::scheduler::current_thread::CoreGuard::enter::h8967f8d791002b18
[INFO] [stdout]                                at /opt/rustwide/cargo-home/registry/src/index.crates.io-6f17d22bba15001f/tokio-1.40.0/src/runtime/scheduler/current_thread/mod.rs:774:27
[INFO] [stdout]   40:     0x593893b63a53 - tokio::runtime::scheduler::current_thread::CoreGuard::block_on::h4c781cf785713700
[INFO] [stdout]                                at /opt/rustwide/cargo-home/registry/src/index.crates.io-6f17d22bba15001f/tokio-1.40.0/src/runtime/scheduler/current_thread/mod.rs:683:19
[INFO] [stdout]   41:     0x593893b59e7f - tokio::runtime::scheduler::current_thread::CurrentThread::block_on::{{closure}}::hca21621be60d4dca
[INFO] [stdout]                                at /opt/rustwide/cargo-home/registry/src/index.crates.io-6f17d22bba15001f/tokio-1.40.0/src/runtime/scheduler/current_thread/mod.rs:191:28
[INFO] [stdout]   42:     0x593893bd7ca6 - tokio::runtime::context::runtime::enter_runtime::h110bd2c7d375a191
[INFO] [stdout]                                at /opt/rustwide/cargo-home/registry/src/index.crates.io-6f17d22bba15001f/tokio-1.40.0/src/runtime/context/runtime.rs:65:16
[INFO] [stdout]   43:     0x593893b57b66 - tokio::runtime::scheduler::current_thread::CurrentThread::block_on::h9ed92a86fed60bd1
[INFO] [stdout]                                at /opt/rustwide/cargo-home/registry/src/index.crates.io-6f17d22bba15001f/tokio-1.40.0/src/runtime/scheduler/current_thread/mod.rs:179:9
[INFO] [stdout]   44:     0x593893bdc538 - tokio::runtime::runtime::Runtime::block_on_inner::h2ec4312f41daf564
[INFO] [stdout]                                at /opt/rustwide/cargo-home/registry/src/index.crates.io-6f17d22bba15001f/tokio-1.40.0/src/runtime/runtime.rs:361:47
[INFO] [stdout]   45:     0x593893bdd716 - tokio::runtime::runtime::Runtime::block_on::ha9bc509aef509207
[INFO] [stdout]                                at /opt/rustwide/cargo-home/registry/src/index.crates.io-6f17d22bba15001f/tokio-1.40.0/src/runtime/runtime.rs:335:13
[INFO] [stdout]   46:     0x593893b88863 - tokio::task::local::LocalSet::block_on::hcad80e9d599e00ed
[INFO] [stdout]                                at /opt/rustwide/cargo-home/registry/src/index.crates.io-6f17d22bba15001f/tokio-1.40.0/src/task/local.rs:596:9
[INFO] [stdout]   47:     0x593893ba16ea - actix_rt::runtime::Runtime::block_on::h53f12b9af9d065a8
[INFO] [stdout]                                at /opt/rustwide/cargo-home/registry/src/index.crates.io-6f17d22bba15001f/actix-rt-2.10.0/src/runtime.rs:138:9
[INFO] [stdout]   48:     0x593893bf0aca - actix_rt::system::SystemRunner::block_on::h3d8833c975f1fed1
[INFO] [stdout]                                at /opt/rustwide/cargo-home/registry/src/index.crates.io-6f17d22bba15001f/actix-rt-2.10.0/src/system.rs:244:9
[INFO] [stdout]   49:     0x593893bc5f38 - decentralized_wallet_rust::controller::controller::tests::test_get_balance_rpc_url_override::h3c87e375b5c2014d
[INFO] [stdout]                                at /opt/rustwide/workdir/src/controller/controller.rs:150:5
[INFO] [stdout]   50:     0x593893bc5ee7 - decentralized_wallet_rust::controller::controller::tests::test_get_balance_rpc_url_override::{{closure}}::hf2463013997a4e59
[INFO] [stdout]                                at /opt/rustwide/workdir/src/controller/controller.rs:151:49
[INFO] [stdout]   51:     0x593893b7e1f6 - core::ops::function::FnOnce::call_once::h99b919913425756b
[INFO] [stdout]                                at /rustc/df4ca44d3fbc9301ee17f30f4d474e6ae4b05252/library/core/src/ops/function.rs:250:5
[INFO] [stdout]   52:     0x593893c3100b - core::ops::function::FnOnce::call_once::h22c3ba5715e93f05
[INFO] [stdout]                                at /rustc/df4ca44d3fbc9301ee17f30f4d474e6ae4b05252/library/core/src/ops/function.rs:250:5
[INFO] [stdout]   53:     0x593893c3100b - test::__rust_begin_short_backtrace::h8e82d8113d0da17f
[INFO] [stdout]                                at /rustc/df4ca44d3fbc9301ee17f30f4d474e6ae4b05252/library/test/src/lib.rs:621:18
[INFO] [stdout]   54:     0x593893c30987 - test::run_test_in_process::{{closure}}::h33235f4f20b7b7c7
[INFO] [stdout]                                at /rustc/df4ca44d3fbc9301ee17f30f4d474e6ae4b05252/library/test/src/lib.rs:644:60
[INFO] [stdout]   55:     0x593893c30987 - <core::panic::unwind_safe::AssertUnwindSafe<F> as core::ops::function::FnOnce<()>>::call_once::hb5043206310c586f
[INFO] [stdout]                                at /rustc/df4ca44d3fbc9301ee17f30f4d474e6ae4b05252/library/core/src/panic/unwind_safe.rs:272:9
[INFO] [stdout]   56:     0x593893c30987 - std::panicking::try::do_call::h9ad4731a60ab23e2
[INFO] [stdout]                                at /rustc/df4ca44d3fbc9301ee17f30f4d474e6ae4b05252/library/std/src/panicking.rs:557:40
[INFO] [stdout]   57:     0x593893c30987 - std::panicking::try::h3824d23db772a716
[INFO] [stdout]                                at /rustc/df4ca44d3fbc9301ee17f30f4d474e6ae4b05252/library/std/src/panicking.rs:520:19
[INFO] [stdout]   58:     0x593893c30987 - std::panic::catch_unwind::h5afd514605fde46b
[INFO] [stdout]                                at /rustc/df4ca44d3fbc9301ee17f30f4d474e6ae4b05252/library/std/src/panic.rs:358:14
[INFO] [stdout]   59:     0x593893c30987 - test::run_test_in_process::h0d5cbfa7067d1720
[INFO] [stdout]                                at /rustc/df4ca44d3fbc9301ee17f30f4d474e6ae4b05252/library/test/src/lib.rs:644:27
[INFO] [stdout]   60:     0x593893c30987 - test::run_test::{{closure}}::h708eb8872708115d
[INFO] [stdout]                                at /rustc/df4ca44d3fbc9301ee17f30f4d474e6ae4b05252/library/test/src/lib.rs:565:43
[INFO] [stdout]   61:     0x593893bf40a4 - test::run_test::{{closure}}::h392c51cee94713ab
[INFO] [stdout]                                at /rustc/df4ca44d3fbc9301ee17f30f4d474e6ae4b05252/library/test/src/lib.rs:595:41
[INFO] [stdout]   62:     0x593893bf40a4 - std::sys::backtrace::__rust_begin_short_backtrace::h2f40290710935a8b
[INFO] [stdout]                                at /rustc/df4ca44d3fbc9301ee17f30f4d474e6ae4b05252/library/std/src/sys/backtrace.rs:154:18
[INFO] [stdout]   63:     0x593893bf784e - std::thread::Builder::spawn_unchecked_::{{closure}}::{{closure}}::h3fd968d89053a903
[INFO] [stdout]                                at /rustc/df4ca44d3fbc9301ee17f30f4d474e6ae4b05252/library/std/src/thread/mod.rs:541:17
[INFO] [stdout]   64:     0x593893bf784e - <core::panic::unwind_safe::AssertUnwindSafe<F> as core::ops::function::FnOnce<()>>::call_once::h743f637ba4229880
[INFO] [stdout]                                at /rustc/df4ca44d3fbc9301ee17f30f4d474e6ae4b05252/library/core/src/panic/unwind_safe.rs:272:9
[INFO] [stdout]   65:     0x593893bf784e - std::panicking::try::do_call::h07440897322525a6
[INFO] [stdout]                                at /rustc/df4ca44d3fbc9301ee17f30f4d474e6ae4b05252/library/std/src/panicking.rs:557:40
[INFO] [stdout]   66:     0x593893bf784e - std::panicking::try::he5a2e00188156637
[INFO] [stdout]                                at /rustc/df4ca44d3fbc9301ee17f30f4d474e6ae4b05252/library/std/src/panicking.rs:520:19
[INFO] [stdout]   67:     0x593893bf784e - std::panic::catch_unwind::hbaf3cae49b3c6433
[INFO] [stdout]                                at /rustc/df4ca44d3fbc9301ee17f30f4d474e6ae4b05252/library/std/src/panic.rs:358:14
[INFO] [stdout]   68:     0x593893bf784e - std::thread::Builder::spawn_unchecked_::{{closure}}::h8e141ea224820bce
[INFO] [stdout]                                at /rustc/df4ca44d3fbc9301ee17f30f4d474e6ae4b05252/library/std/src/thread/mod.rs:540:30
[INFO] [stdout]   69:     0x593893bf784e - core::ops::function::FnOnce::call_once{{vtable.shim}}::h90d312fedd7b8ea8
[INFO] [stdout]                                at /rustc/df4ca44d3fbc9301ee17f30f4d474e6ae4b05252/library/core/src/ops/function.rs:250:5
[INFO] [stdout]   70:     0x5938948a2adb - <alloc::boxed::Box<F,A> as core::ops::function::FnOnce<Args>>::call_once::h69aa08ddb6adb8b6
[INFO] [stdout]                                at /rustc/df4ca44d3fbc9301ee17f30f4d474e6ae4b05252/library/alloc/src/boxed.rs:2454:9
[INFO] [stdout]   71:     0x5938948a2adb - <alloc::boxed::Box<F,A> as core::ops::function::FnOnce<Args>>::call_once::h5aa36efdb79c806f
[INFO] [stdout]                                at /rustc/df4ca44d3fbc9301ee17f30f4d474e6ae4b05252/library/alloc/src/boxed.rs:2454:9
[INFO] [stdout]   72:     0x5938948a2adb - std::sys::pal::unix::thread::Thread::new::thread_start::h6cd80a1b4be5158d
[INFO] [stdout]                                at /rustc/df4ca44d3fbc9301ee17f30f4d474e6ae4b05252/library/std/src/sys/pal/unix/thread.rs:105:17
[INFO] [stdout]   73:     0x74379c898ac3 - <unknown>
[INFO] [stdout]   74:     0x74379c929a04 - clone
[INFO] [stdout]   75:                0x0 - <unknown>
[INFO] [stdout] 
[INFO] [stdout] ---- controller::transfer::tests::test_send_sol stdout ----
[INFO] [stdout] thread 'controller::transfer::tests::test_send_sol' panicked at src/controller/transfer.rs:64:50:
[INFO] [stdout] called `Result::unwrap()` on an `Err` value: "Failed to get latest blockhash"
[INFO] [stdout] stack backtrace:
[INFO] [stdout]    0:     0x59389489ceca - std::backtrace_rs::backtrace::libunwind::trace::h207520d6e9873551
[INFO] [stdout]                                at /rustc/df4ca44d3fbc9301ee17f30f4d474e6ae4b05252/library/std/src/../../backtrace/src/backtrace/libunwind.rs:116:5
[INFO] [stdout]    1:     0x59389489ceca - std::backtrace_rs::backtrace::trace_unsynchronized::h2ed7433f370e3eca
[INFO] [stdout]                                at /rustc/df4ca44d3fbc9301ee17f30f4d474e6ae4b05252/library/std/src/../../backtrace/src/backtrace/mod.rs:66:5
[INFO] [stdout]    2:     0x59389489ceca - std::sys::backtrace::_print_fmt::h916fac51166b18d7
[INFO] [stdout]                                at /rustc/df4ca44d3fbc9301ee17f30f4d474e6ae4b05252/library/std/src/sys/backtrace.rs:66:9
[INFO] [stdout]    3:     0x59389489ceca - <std::sys::backtrace::BacktraceLock::print::DisplayBacktrace as core::fmt::Display>::fmt::ha0a4c9b8ce3802e6
[INFO] [stdout]                                at /rustc/df4ca44d3fbc9301ee17f30f4d474e6ae4b05252/library/std/src/sys/backtrace.rs:39:26
[INFO] [stdout]    4:     0x5938948c7903 - core::fmt::rt::Argument::fmt::h4cfc8587d52b3eb5
[INFO] [stdout]                                at /rustc/df4ca44d3fbc9301ee17f30f4d474e6ae4b05252/library/core/src/fmt/rt.rs:177:76
[INFO] [stdout]    5:     0x5938948c7903 - core::fmt::write::h522cc39e5b36ae9f
[INFO] [stdout]                                at /rustc/df4ca44d3fbc9301ee17f30f4d474e6ae4b05252/library/core/src/fmt/mod.rs:1190:21
[INFO] [stdout]    6:     0x593894898eb3 - std::io::Write::write_fmt::h7d3c26752da97734
[INFO] [stdout]                                at /rustc/df4ca44d3fbc9301ee17f30f4d474e6ae4b05252/library/std/src/io/mod.rs:1839:15
[INFO] [stdout]    7:     0x59389489cd12 - std::sys::backtrace::BacktraceLock::print::h4b9e00b29e9c0942
[INFO] [stdout]                                at /rustc/df4ca44d3fbc9301ee17f30f4d474e6ae4b05252/library/std/src/sys/backtrace.rs:42:9
[INFO] [stdout]    8:     0x59389489e35a - std::panicking::default_hook::{{closure}}::hb59b88280d0324d9
[INFO] [stdout]                                at /rustc/df4ca44d3fbc9301ee17f30f4d474e6ae4b05252/library/std/src/panicking.rs:268:22
[INFO] [stdout]    9:     0x59389489e164 - std::panicking::default_hook::he1dd496665be4a29
[INFO] [stdout]                                at /rustc/df4ca44d3fbc9301ee17f30f4d474e6ae4b05252/library/std/src/panicking.rs:292:9
[INFO] [stdout]   10:     0x593893c2c739 - <alloc::boxed::Box<F,A> as core::ops::function::Fn<Args>>::call::h4ff71de18744e1dc
[INFO] [stdout]                                at /rustc/df4ca44d3fbc9301ee17f30f4d474e6ae4b05252/library/alloc/src/boxed.rs:2468:9
[INFO] [stdout]   11:     0x593893c2c739 - test::test_main::{{closure}}::hcf7c055ce117aa81
[INFO] [stdout]                                at /rustc/df4ca44d3fbc9301ee17f30f4d474e6ae4b05252/library/test/src/lib.rs:133:21
[INFO] [stdout]   12:     0x59389489ea58 - <alloc::boxed::Box<F,A> as core::ops::function::Fn<Args>>::call::h1d66c6bbd60c9692
[INFO] [stdout]                                at /rustc/df4ca44d3fbc9301ee17f30f4d474e6ae4b05252/library/alloc/src/boxed.rs:2468:9
[INFO] [stdout]   13:     0x59389489ea58 - std::panicking::rust_panic_with_hook::h2ff17fe8f26dfcf8
[INFO] [stdout]                                at /rustc/df4ca44d3fbc9301ee17f30f4d474e6ae4b05252/library/std/src/panicking.rs:809:13
[INFO] [stdout]   14:     0x59389489e81a - std::panicking::begin_panic_handler::{{closure}}::h4fad77951c07e101
[INFO] [stdout]                                at /rustc/df4ca44d3fbc9301ee17f30f4d474e6ae4b05252/library/std/src/panicking.rs:674:13
[INFO] [stdout]   15:     0x59389489d3a9 - std::sys::backtrace::__rust_end_short_backtrace::hb1a25b3da5d0ea08
[INFO] [stdout]                                at /rustc/df4ca44d3fbc9301ee17f30f4d474e6ae4b05252/library/std/src/sys/backtrace.rs:170:18
[INFO] [stdout]   16:     0x59389489e4ac - rust_begin_unwind
[INFO] [stdout]                                at /rustc/df4ca44d3fbc9301ee17f30f4d474e6ae4b05252/library/std/src/panicking.rs:665:5
[INFO] [stdout]   17:     0x5938948c5240 - core::panicking::panic_fmt::ha9db07b529f9b256
[INFO] [stdout]                                at /rustc/df4ca44d3fbc9301ee17f30f4d474e6ae4b05252/library/core/src/panicking.rs:75:14
[INFO] [stdout]   18:     0x5938948c5726 - core::result::unwrap_failed::h5e8218e4d4338b8a
[INFO] [stdout]                                at /rustc/df4ca44d3fbc9301ee17f30f4d474e6ae4b05252/library/core/src/result.rs:1698:5
[INFO] [stdout]   19:     0x593893bd45df - core::result::Result<T,E>::unwrap::hdc048c6c0dad285b
[INFO] [stdout]                                at /rustc/df4ca44d3fbc9301ee17f30f4d474e6ae4b05252/library/core/src/result.rs:1103:23
[INFO] [stdout]   20:     0x593893bd45df - <decentralized_wallet_rust::controller::transfer::send_sol as actix_web::service::HttpServiceFactory>::register::send_sol::{{closure}}::hdb42be4706e04fc1
[INFO] [stdout]                                at /opt/rustwide/workdir/src/controller/transfer.rs:64:40
[INFO] [stdout]   21:     0x593893bb936d - actix_web::handler::handler_service::{{closure}}::{{closure}}::h6fb838a69bde2ff4
[INFO] [stdout]                                at /opt/rustwide/cargo-home/registry/src/index.crates.io-6f17d22bba15001f/actix-web-4.9.0/src/handler.rs:113:22
[INFO] [stdout]   22:     0x59389412f570 - <core::pin::Pin<P> as core::future::future::Future>::poll::h250e8abd82798e72
[INFO] [stdout]                                at /rustc/df4ca44d3fbc9301ee17f30f4d474e6ae4b05252/library/core/src/future/future.rs:123:9
[INFO] [stdout]   23:     0x5938940f7f79 - <actix_web::resource::Resource<T> as actix_web::service::HttpServiceFactory>::register::{{closure}}::{{closure}}::hd69631d5165838e5
[INFO] [stdout]                                at /opt/rustwide/cargo-home/registry/src/index.crates.io-6f17d22bba15001f/actix-web-4.9.0/src/resource.rs:452:28
[INFO] [stdout]   24:     0x59389412f570 - <core::pin::Pin<P> as core::future::future::Future>::poll::h250e8abd82798e72
[INFO] [stdout]                                at /rustc/df4ca44d3fbc9301ee17f30f4d474e6ae4b05252/library/core/src/future/future.rs:123:9
[INFO] [stdout]   25:     0x593893bcd3bb - actix_web::test::test_utils::call_service::{{closure}}::h283a13d0e28e55b0
[INFO] [stdout]                                at /opt/rustwide/cargo-home/registry/src/index.crates.io-6f17d22bba15001f/actix-web-4.9.0/src/test/test_utils.rs:99:10
[INFO] [stdout]   26:     0x593893be6c2a - decentralized_wallet_rust::controller::transfer::tests::test_send_sol::{{closure}}::h075315765f3aaa63
[INFO] [stdout]                                at /opt/rustwide/workdir/src/controller/transfer.rs:124:72
[INFO] [stdout]   27:     0x593893b8acce - <tokio::task::local::RunUntil<T> as core::future::future::Future>::poll::{{closure}}::h9415fe0771938fbc
[INFO] [stdout]                                at /opt/rustwide/cargo-home/registry/src/index.crates.io-6f17d22bba15001f/tokio-1.40.0/src/task/local.rs:995:42
[INFO] [stdout]   28:     0x593893b886d0 - tokio::task::local::LocalSet::with::{{closure}}::hdd826b616b17d20b
[INFO] [stdout]                                at /opt/rustwide/cargo-home/registry/src/index.crates.io-6f17d22bba15001f/tokio-1.40.0/src/task/local.rs:747:13
[INFO] [stdout]   29:     0x593893b6d9a0 - std::thread::local::LocalKey<T>::try_with::h7f41b93f1589ed7e
[INFO] [stdout]                                at /rustc/df4ca44d3fbc9301ee17f30f4d474e6ae4b05252/library/std/src/thread/local.rs:283:12
[INFO] [stdout]   30:     0x593893b6b08a - std::thread::local::LocalKey<T>::with::ha7362f9b21075dc9
[INFO] [stdout]                                at /rustc/df4ca44d3fbc9301ee17f30f4d474e6ae4b05252/library/std/src/thread/local.rs:260:9
[INFO] [stdout]   31:     0x593893b882e6 - tokio::task::local::LocalSet::with::h490f0e5b873cb2cf
[INFO] [stdout]                                at /opt/rustwide/cargo-home/registry/src/index.crates.io-6f17d22bba15001f/tokio-1.40.0/src/task/local.rs:745:9
[INFO] [stdout]   32:     0x593893b8a885 - <tokio::task::local::RunUntil<T> as core::future::future::Future>::poll::h1257c29c7b3b3194
[INFO] [stdout]                                at /opt/rustwide/cargo-home/registry/src/index.crates.io-6f17d22bba15001f/tokio-1.40.0/src/task/local.rs:985:9
[INFO] [stdout]   33:     0x593893b88da5 - tokio::task::local::LocalSet::run_until::{{closure}}::h83f248cec80e7d0e
[INFO] [stdout]                                at /opt/rustwide/cargo-home/registry/src/index.crates.io-6f17d22bba15001f/tokio-1.40.0/src/task/local.rs:639:19
[INFO] [stdout]   34:     0x593893b9b64d - <core::pin::Pin<P> as core::future::future::Future>::poll::h76c5113c7d4b0972
[INFO] [stdout]                                at /rustc/df4ca44d3fbc9301ee17f30f4d474e6ae4b05252/library/core/src/future/future.rs:123:9
[INFO] [stdout]   35:     0x593893b6a86f - tokio::runtime::scheduler::current_thread::CoreGuard::block_on::{{closure}}::{{closure}}::{{closure}}::hd3eaea6a50e77bb4
[INFO] [stdout]                                at /opt/rustwide/cargo-home/registry/src/index.crates.io-6f17d22bba15001f/tokio-1.40.0/src/runtime/scheduler/current_thread/mod.rs:696:57
[INFO] [stdout]   36:     0x593893b6a255 - tokio::runtime::coop::with_budget::h1f0d452f7e902c62
[INFO] [stdout]                                at /opt/rustwide/cargo-home/registry/src/index.crates.io-6f17d22bba15001f/tokio-1.40.0/src/runtime/coop.rs:107:5
[INFO] [stdout]   37:     0x593893b6a255 - tokio::runtime::coop::budget::hf8feaa5f76ba8e8e
[INFO] [stdout]                                at /opt/rustwide/cargo-home/registry/src/index.crates.io-6f17d22bba15001f/tokio-1.40.0/src/runtime/coop.rs:73:5
[INFO] [stdout]   38:     0x593893b6a255 - tokio::runtime::scheduler::current_thread::CoreGuard::block_on::{{closure}}::{{closure}}::haf4499b7a1710c28
[INFO] [stdout]                                at /opt/rustwide/cargo-home/registry/src/index.crates.io-6f17d22bba15001f/tokio-1.40.0/src/runtime/scheduler/current_thread/mod.rs:696:25
[INFO] [stdout]   39:     0x593893b5e830 - tokio::runtime::scheduler::current_thread::Context::enter::he219787c8531899f
[INFO] [stdout]                                at /opt/rustwide/cargo-home/registry/src/index.crates.io-6f17d22bba15001f/tokio-1.40.0/src/runtime/scheduler/current_thread/mod.rs:423:19
[INFO] [stdout]   40:     0x593893b674be - tokio::runtime::scheduler::current_thread::CoreGuard::block_on::{{closure}}::h9f87e6430170abe2
[INFO] [stdout]                                at /opt/rustwide/cargo-home/registry/src/index.crates.io-6f17d22bba15001f/tokio-1.40.0/src/runtime/scheduler/current_thread/mod.rs:695:36
[INFO] [stdout]   41:     0x593893b63874 - tokio::runtime::scheduler::current_thread::CoreGuard::enter::{{closure}}::h37707e2349303a53
[INFO] [stdout]                                at /opt/rustwide/cargo-home/registry/src/index.crates.io-6f17d22bba15001f/tokio-1.40.0/src/runtime/scheduler/current_thread/mod.rs:774:68
[INFO] [stdout]   42:     0x593893b99c3b - tokio::runtime::context::scoped::Scoped<T>::set::hcec9ad72a44c1b91
[INFO] [stdout]                                at /opt/rustwide/cargo-home/registry/src/index.crates.io-6f17d22bba15001f/tokio-1.40.0/src/runtime/context/scoped.rs:40:9
[INFO] [stdout]   43:     0x593893bb6969 - tokio::runtime::context::set_scheduler::{{closure}}::h1c24d3b562c8c08f
[INFO] [stdout]                                at /opt/rustwide/cargo-home/registry/src/index.crates.io-6f17d22bba15001f/tokio-1.40.0/src/runtime/context.rs:180:26
[INFO] [stdout]   44:     0x593893b7043d - std::thread::local::LocalKey<T>::try_with::hf0941efe01376c0f
[INFO] [stdout]                                at /rustc/df4ca44d3fbc9301ee17f30f4d474e6ae4b05252/library/std/src/thread/local.rs:283:12
[INFO] [stdout]   45:     0x593893b6adea - std::thread::local::LocalKey<T>::with::h7811dd72eec507c1
[INFO] [stdout]                                at /rustc/df4ca44d3fbc9301ee17f30f4d474e6ae4b05252/library/std/src/thread/local.rs:260:9
[INFO] [stdout]   46:     0x593893bb68dd - tokio::runtime::context::set_scheduler::hd8fd3ad00e293e78
[INFO] [stdout]                                at /opt/rustwide/cargo-home/registry/src/index.crates.io-6f17d22bba15001f/tokio-1.40.0/src/runtime/context.rs:180:9
[INFO] [stdout]   47:     0x593893b61060 - tokio::runtime::scheduler::current_thread::CoreGuard::enter::h120343e6b91764dc
[INFO] [stdout]                                at /opt/rustwide/cargo-home/registry/src/index.crates.io-6f17d22bba15001f/tokio-1.40.0/src/runtime/scheduler/current_thread/mod.rs:774:27
[INFO] [stdout]   48:     0x593893b639f3 - tokio::runtime::scheduler::current_thread::CoreGuard::block_on::h3000ce25c92691be
[INFO] [stdout]                                at /opt/rustwide/cargo-home/registry/src/index.crates.io-6f17d22bba15001f/tokio-1.40.0/src/runtime/scheduler/current_thread/mod.rs:683:19
[INFO] [stdout]   49:     0x593893b58bbf - tokio::runtime::scheduler::current_thread::CurrentThread::block_on::{{closure}}::h5a4a7af54fab7b4b
[INFO] [stdout]                                at /opt/rustwide/cargo-home/registry/src/index.crates.io-6f17d22bba15001f/tokio-1.40.0/src/runtime/scheduler/current_thread/mod.rs:191:28
[INFO] [stdout]   50:     0x593893bd8216 - tokio::runtime::context::runtime::enter_runtime::h20fa3a9579723587
[INFO] [stdout]                                at /opt/rustwide/cargo-home/registry/src/index.crates.io-6f17d22bba15001f/tokio-1.40.0/src/runtime/context/runtime.rs:65:16
[INFO] [stdout]   51:     0x593893b57c46 - tokio::runtime::scheduler::current_thread::CurrentThread::block_on::hbbc46f1e5218dc45
[INFO] [stdout]                                at /opt/rustwide/cargo-home/registry/src/index.crates.io-6f17d22bba15001f/tokio-1.40.0/src/runtime/scheduler/current_thread/mod.rs:179:9
[INFO] [stdout]   52:     0x593893bdcc81 - tokio::runtime::runtime::Runtime::block_on_inner::h7ba5674a060964b3
[INFO] [stdout]                                at /opt/rustwide/cargo-home/registry/src/index.crates.io-6f17d22bba15001f/tokio-1.40.0/src/runtime/runtime.rs:361:47
[INFO] [stdout]   53:     0x593893bdd566 - tokio::runtime::runtime::Runtime::block_on::h62421280ebb9203a
[INFO] [stdout]                                at /opt/rustwide/cargo-home/registry/src/index.crates.io-6f17d22bba15001f/tokio-1.40.0/src/runtime/runtime.rs:335:13
[INFO] [stdout]   54:     0x593893b88813 - tokio::task::local::LocalSet::block_on::h2648c433479fec5b
[INFO] [stdout]                                at /opt/rustwide/cargo-home/registry/src/index.crates.io-6f17d22bba15001f/tokio-1.40.0/src/task/local.rs:596:9
[INFO] [stdout]   55:     0x593893ba174a - actix_rt::runtime::Runtime::block_on::hadfb6a4e57e90cd3
[INFO] [stdout]                                at /opt/rustwide/cargo-home/registry/src/index.crates.io-6f17d22bba15001f/actix-rt-2.10.0/src/runtime.rs:138:9
[INFO] [stdout]   56:     0x593893bf0ada - actix_rt::system::SystemRunner::block_on::ha08f45eadb7d6e49
[INFO] [stdout]                                at /opt/rustwide/cargo-home/registry/src/index.crates.io-6f17d22bba15001f/actix-rt-2.10.0/src/system.rs:244:9
[INFO] [stdout]   57:     0x593893be55e8 - decentralized_wallet_rust::controller::transfer::tests::test_send_sol::hd8ecab2ecbf474e0
[INFO] [stdout]                                at /opt/rustwide/workdir/src/controller/transfer.rs:84:5
[INFO] [stdout]   58:     0x593893be5597 - decentralized_wallet_rust::controller::transfer::tests::test_send_sol::{{closure}}::hd226a870159ae75b
[INFO] [stdout]                                at /opt/rustwide/workdir/src/controller/transfer.rs:85:29
[INFO] [stdout]   59:     0x593893b7df16 - core::ops::function::FnOnce::call_once::h3b5ac9b9bf20d8d9
[INFO] [stdout]                                at /rustc/df4ca44d3fbc9301ee17f30f4d474e6ae4b05252/library/core/src/ops/function.rs:250:5
[INFO] [stdout]   60:     0x593893c3100b - core::ops::function::FnOnce::call_once::h22c3ba5715e93f05
[INFO] [stdout]                                at /rustc/df4ca44d3fbc9301ee17f30f4d474e6ae4b05252/library/core/src/ops/function.rs:250:5
[INFO] [stdout]   61:     0x593893c3100b - test::__rust_begin_short_backtrace::h8e82d8113d0da17f
[INFO] [stdout]                                at /rustc/df4ca44d3fbc9301ee17f30f4d474e6ae4b05252/library/test/src/lib.rs:621:18
[INFO] [stdout]   62:     0x593893c30987 - test::run_test_in_process::{{closure}}::h33235f4f20b7b7c7
[INFO] [stdout]                                at /rustc/df4ca44d3fbc9301ee17f30f4d474e6ae4b05252/library/test/src/lib.rs:644:60
[INFO] [stdout]   63:     0x593893c30987 - <core::panic::unwind_safe::AssertUnwindSafe<F> as core::ops::function::FnOnce<()>>::call_once::hb5043206310c586f
[INFO] [stdout]                                at /rustc/df4ca44d3fbc9301ee17f30f4d474e6ae4b05252/library/core/src/panic/unwind_safe.rs:272:9
[INFO] [stdout]   64:     0x593893c30987 - std::panicking::try::do_call::h9ad4731a60ab23e2
[INFO] [stdout]                                at /rustc/df4ca44d3fbc9301ee17f30f4d474e6ae4b05252/library/std/src/panicking.rs:557:40
[INFO] [stdout]   65:     0x593893c30987 - std::panicking::try::h3824d23db772a716
[INFO] [stdout]                                at /rustc/df4ca44d3fbc9301ee17f30f4d474e6ae4b05252/library/std/src/panicking.rs:520:19
[INFO] [stdout]   66:     0x593893c30987 - std::panic::catch_unwind::h5afd514605fde46b
[INFO] [stdout]                                at /rustc/df4ca44d3fbc9301ee17f30f4d474e6ae4b05252/library/std/src/panic.rs:358:14
[INFO] [stdout]   67:     0x593893c30987 - test::run_test_in_process::h0d5cbfa7067d1720
[INFO] [stdout]                                at /rustc/df4ca44d3fbc9301ee17f30f4d474e6ae4b05252/library/test/src/lib.rs:644:27
[INFO] [stdout]   68:     0x593893c30987 - test::run_test::{{closure}}::h708eb8872708115d
[INFO] [stdout]                                at /rustc/df4ca44d3fbc9301ee17f30f4d474e6ae4b05252/library/test/src/lib.rs:565:43
[INFO] [stdout]   69:     0x593893bf40a4 - test::run_test::{{closure}}::h392c51cee94713ab
[INFO] [stdout]                                at /rustc/df4ca44d3fbc9301ee17f30f4d474e6ae4b05252/library/test/src/lib.rs:595:41
[INFO] [stdout]   70:     0x593893bf40a4 - std::sys::backtrace::__rust_begin_short_backtrace::h2f40290710935a8b
[INFO] [stdout]                                at /rustc/df4ca44d3fbc9301ee17f30f4d474e6ae4b05252/library/std/src/sys/backtrace.rs:154:18
[INFO] [stdout]   71:     0x593893bf784e - std::thread::Builder::spawn_unchecked_::{{closure}}::{{closure}}::h3fd968d89053a903
[INFO] [stdout]                                at /rustc/df4ca44d3fbc9301ee17f30f4d474e6ae4b05252/library/std/src/thread/mod.rs:541:17
[INFO] [stdout]   72:     0x593893bf784e - <core::panic::unwind_safe::AssertUnwindSafe<F> as core::ops::function::FnOnce<()>>::call_once::h743f637ba4229880
[INFO] [stdout]                                at /rustc/df4ca44d3fbc9301ee17f30f4d474e6ae4b05252/library/core/src/panic/unwind_safe.rs:272:9
[INFO] [stdout]   73:     0x593893bf784e - std::panicking::try::do_call::h07440897322525a6
[INFO] [stdout]                                at /rustc/df4ca44d3fbc9301ee17f30f4d474e6ae4b05252/library/std/src/panicking.rs:557:40
[INFO] [stdout]   74:     0x593893bf784e - std::panicking::try::he5a2e00188156637
[INFO] [stdout]                                at /rustc/df4ca44d3fbc9301ee17f30f4d474e6ae4b05252/library/std/src/panicking.rs:520:19
[INFO] [stdout]   75:     0x593893bf784e - std::panic::catch_unwind::hbaf3cae49b3c6433
[INFO] [stdout]                                at /rustc/df4ca44d3fbc9301ee17f30f4d474e6ae4b05252/library/std/src/panic.rs:358:14
[INFO] [stdout]   76:     0x593893bf784e - std::thread::Builder::spawn_unchecked_::{{closure}}::h8e141ea224820bce
[INFO] [stdout]                                at /rustc/df4ca44d3fbc9301ee17f30f4d474e6ae4b05252/library/std/src/thread/mod.rs:540:30
[INFO] [stdout]   77:     0x593893bf784e - core::ops::function::FnOnce::call_once{{vtable.shim}}::h90d312fedd7b8ea8
[INFO] [stdout]                                at /rustc/df4ca44d3fbc9301ee17f30f4d474e6ae4b05252/library/core/src/ops/function.rs:250:5
[INFO] [stdout]   78:     0x5938948a2adb - <alloc::boxed::Box<F,A> as core::ops::function::FnOnce<Args>>::call_once::h69aa08ddb6adb8b6
[INFO] [stdout]                                at /rustc/df4ca44d3fbc9301ee17f30f4d474e6ae4b05252/library/alloc/src/boxed.rs:2454:9
[INFO] [stdout]   79:     0x5938948a2adb - <alloc::boxed::Box<F,A> as core::ops::function::FnOnce<Args>>::call_once::h5aa36efdb79c806f
[INFO] [stdout]                                at /rustc/df4ca44d3fbc9301ee17f30f4d474e6ae4b05252/library/alloc/src/boxed.rs:2454:9
[INFO] [stdout]   80:     0x5938948a2adb - std::sys::pal::unix::thread::Thread::new::thread_start::h6cd80a1b4be5158d
[INFO] [stdout]                                at /rustc/df4ca44d3fbc9301ee17f30f4d474e6ae4b05252/library/std/src/sys/pal/unix/thread.rs:105:17
[INFO] [stdout]   81:     0x74379c898ac3 - <unknown>
[INFO] [stdout]   82:     0x74379c929a04 - clone
[INFO] [stdout]   83:                0x0 - <unknown>
[INFO] [stdout] 
[INFO] [stdout] 
[INFO] [stdout] failures:
[INFO] [stdout]     controller::controller::tests::test_get_balance_rpc_url_override
[INFO] [stdout]     controller::transfer::tests::test_send_sol
[INFO] [stdout] 
[INFO] [stdout] test result: FAILED. 2 passed; 2 failed; 0 ignored; 0 measured; 0 filtered out; finished in 0.28s
[INFO] [stdout] 
[INFO] [stderr] error: test failed, to rerun pass `--lib`
[INFO] running `Command { std: "docker" "inspect" "a246ca98bbeebeb508c4ddcccafc4a133e3dfaa3fd1462f2608acf95ba492715", kill_on_drop: false }`
[INFO] running `Command { std: "docker" "rm" "-f" "a246ca98bbeebeb508c4ddcccafc4a133e3dfaa3fd1462f2608acf95ba492715", kill_on_drop: false }`
[INFO] [stdout] a246ca98bbeebeb508c4ddcccafc4a133e3dfaa3fd1462f2608acf95ba492715
