[INFO] cloning repository https://github.com/OnlyDragon0403/agent-rs-icp
[INFO] running `Command { std: "git" "-c" "credential.helper=" "-c" "credential.helper=/workspace/cargo-home/bin/git-credential-null" "clone" "--bare" "https://github.com/OnlyDragon0403/agent-rs-icp" "/workspace/cache/git-repos/https%3A%2F%2Fgithub.com%2FOnlyDragon0403%2Fagent-rs-icp", kill_on_drop: false }`
[INFO] [stderr] Cloning into bare repository '/workspace/cache/git-repos/https%3A%2F%2Fgithub.com%2FOnlyDragon0403%2Fagent-rs-icp'...
[INFO] running `Command { std: "git" "rev-parse" "HEAD", kill_on_drop: false }`
[INFO] [stdout] 42daf5c35461a7548ff33e8d3559c78d98f483ff
[INFO] testing OnlyDragon0403/agent-rs-icp/42daf5c35461a7548ff33e8d3559c78d98f483ff against nightly-2024-10-28 for randomize-layout
[INFO] running `Command { std: "git" "clone" "/workspace/cache/git-repos/https%3A%2F%2Fgithub.com%2FOnlyDragon0403%2Fagent-rs-icp" "/workspace/builds/worker-6-tc1/source", kill_on_drop: false }`
[INFO] [stderr] Cloning into '/workspace/builds/worker-6-tc1/source'...
[INFO] [stderr] done.
[INFO] validating manifest of git repo https://github.com/OnlyDragon0403/agent-rs-icp on toolchain nightly-2024-10-28
[INFO] running `Command { std: CARGO_HOME="/workspace/cargo-home" RUSTUP_HOME="/workspace/rustup-home" "/workspace/cargo-home/bin/cargo" "+nightly-2024-10-28" "metadata" "--manifest-path" "Cargo.toml" "--no-deps", kill_on_drop: false }`
[INFO] removed /workspace/builds/worker-6-tc1/source/rust-toolchain.toml
[INFO] started tweaking git repo https://github.com/OnlyDragon0403/agent-rs-icp
[INFO] finished tweaking git repo https://github.com/OnlyDragon0403/agent-rs-icp
[INFO] tweaked toml for git repo https://github.com/OnlyDragon0403/agent-rs-icp written to /workspace/builds/worker-6-tc1/source/Cargo.toml
[INFO] crate git repo https://github.com/OnlyDragon0403/agent-rs-icp already has a lockfile, it will not be regenerated
[INFO] running `Command { std: CARGO_HOME="/workspace/cargo-home" RUSTUP_HOME="/workspace/rustup-home" "/workspace/cargo-home/bin/cargo" "+nightly-2024-10-28" "fetch" "--manifest-path" "Cargo.toml", kill_on_drop: false }`
[INFO] [stderr] warning: virtual workspace defaulting to `resolver = "1"` despite one or more workspace members being on edition 2021 which implies `resolver = "2"`
[INFO] [stderr] note: to keep the current resolver, specify `workspace.resolver = "1"` in the workspace root's manifest
[INFO] [stderr] note: to use the edition 2021 resolver, specify `workspace.resolver = "2"` in the workspace root's manifest
[INFO] [stderr] note: for more details see https://doc.rust-lang.org/cargo/reference/resolver.html#resolver-versions
[INFO] [stderr]     Updating crates.io index
[INFO] [stderr]  Downloading crates ...
[INFO] [stderr]   Downloaded mockito v0.31.0
[INFO] [stderr]   Downloaded crypto-bigint v0.4.2
[INFO] [stderr]   Downloaded delay v0.3.1
[INFO] [stderr]   Downloaded rfc6979 v0.2.0
[INFO] [stderr]   Downloaded ecdsa v0.14.1
[INFO] [stderr]   Downloaded k256 v0.11.0
[INFO] [stderr]   Downloaded garcon v0.2.3
[INFO] [stderr]   Downloaded pkcs11 v0.5.0
[INFO] [stderr]   Downloaded elliptic-curve v0.12.0
[INFO] running `Command { std: "docker" "create" "-v" "/var/lib/crater-agent-workspace/builds/worker-6-tc1/target:/opt/rustwide/target:rw,Z" "-v" "/var/lib/crater-agent-workspace/builds/worker-6-tc1/source:/opt/rustwide/workdir:ro,Z" "-v" "/var/lib/crater-agent-workspace/cargo-home:/opt/rustwide/cargo-home:ro,Z" "-v" "/var/lib/crater-agent-workspace/rustup-home:/opt/rustwide/rustup-home:ro,Z" "-e" "SOURCE_DIR=/opt/rustwide/workdir" "-e" "CARGO_TARGET_DIR=/opt/rustwide/target" "-e" "CARGO_HOME=/opt/rustwide/cargo-home" "-e" "RUSTUP_HOME=/opt/rustwide/rustup-home" "-w" "/opt/rustwide/workdir" "-m" "1610612736" "--user" "0:0" "--network" "none" "ghcr.io/rust-lang/crates-build-env/linux@sha256:4a844ea9eb2546a2d2c7022eacef16ef2e8229c7fbb2c7d4d55a9ceca922f72d" "/opt/rustwide/cargo-home/bin/cargo" "+nightly-2024-10-28" "metadata" "--no-deps" "--format-version=1", kill_on_drop: false }`
[INFO] [stdout] 93251f0ad00de95dff66f25d860e88bb3519b9662bde8f8d7072392774979b2b
[INFO] running `Command { std: "docker" "start" "-a" "93251f0ad00de95dff66f25d860e88bb3519b9662bde8f8d7072392774979b2b", kill_on_drop: false }`
[INFO] running `Command { std: "docker" "inspect" "93251f0ad00de95dff66f25d860e88bb3519b9662bde8f8d7072392774979b2b", kill_on_drop: false }`
[INFO] running `Command { std: "docker" "rm" "-f" "93251f0ad00de95dff66f25d860e88bb3519b9662bde8f8d7072392774979b2b", kill_on_drop: false }`
[INFO] [stdout] 93251f0ad00de95dff66f25d860e88bb3519b9662bde8f8d7072392774979b2b
[INFO] running `Command { std: "docker" "create" "-v" "/var/lib/crater-agent-workspace/builds/worker-6-tc1/target:/opt/rustwide/target:rw,Z" "-v" "/var/lib/crater-agent-workspace/builds/worker-6-tc1/source:/opt/rustwide/workdir:ro,Z" "-v" "/var/lib/crater-agent-workspace/cargo-home:/opt/rustwide/cargo-home:ro,Z" "-v" "/var/lib/crater-agent-workspace/rustup-home:/opt/rustwide/rustup-home:ro,Z" "-e" "SOURCE_DIR=/opt/rustwide/workdir" "-e" "CARGO_TARGET_DIR=/opt/rustwide/target" "-e" "CARGO_INCREMENTAL=0" "-e" "RUST_BACKTRACE=full" "-e" "RUSTFLAGS=--cap-lints=forbid" "-e" "RUSTDOCFLAGS=--cap-lints=forbid" "-e" "CARGO_HOME=/opt/rustwide/cargo-home" "-e" "RUSTUP_HOME=/opt/rustwide/rustup-home" "-w" "/opt/rustwide/workdir" "-m" "1610612736" "--user" "0:0" "--network" "none" "ghcr.io/rust-lang/crates-build-env/linux@sha256:4a844ea9eb2546a2d2c7022eacef16ef2e8229c7fbb2c7d4d55a9ceca922f72d" "/opt/rustwide/cargo-home/bin/cargo" "+nightly-2024-10-28" "build" "--frozen" "--message-format=json", kill_on_drop: false }`
[INFO] [stdout] 6429b814ee0348507f472246c8cf270efe4d2a14b4ec8725d8942e21d7ac50fd
[INFO] running `Command { std: "docker" "start" "-a" "6429b814ee0348507f472246c8cf270efe4d2a14b4ec8725d8942e21d7ac50fd", kill_on_drop: false }`
[INFO] [stderr] warning: virtual workspace defaulting to `resolver = "1"` despite one or more workspace members being on edition 2021 which implies `resolver = "2"`
[INFO] [stderr] note: to keep the current resolver, specify `workspace.resolver = "1"` in the workspace root's manifest
[INFO] [stderr] note: to use the edition 2021 resolver, specify `workspace.resolver = "2"` in the workspace root's manifest
[INFO] [stderr] note: for more details see https://doc.rust-lang.org/cargo/reference/resolver.html#resolver-versions
[INFO] [stderr]    Compiling libc v0.2.126
[INFO] [stderr]    Compiling cfg-if v1.0.0
[INFO] [stderr]    Compiling proc-macro2 v1.0.39
[INFO] [stderr]    Compiling unicode-ident v1.0.0
[INFO] [stderr]    Compiling syn v1.0.95
[INFO] [stderr]    Compiling autocfg v1.1.0
[INFO] [stderr]    Compiling version_check v0.9.4
[INFO] [stderr]    Compiling cc v1.0.73
[INFO] [stderr]    Compiling memchr v2.5.0
[INFO] [stderr]    Compiling once_cell v1.10.0
[INFO] [stderr]    Compiling log v0.4.17
[INFO] [stderr]    Compiling smallvec v1.8.0
[INFO] [stderr]    Compiling scopeguard v1.1.0
[INFO] [stderr]    Compiling parking_lot_core v0.9.3
[INFO] [stderr]    Compiling typenum v1.15.0
[INFO] [stderr]    Compiling pin-project-lite v0.2.9
[INFO] [stderr]    Compiling serde_derive v1.0.137
[INFO] [stderr]    Compiling futures-core v0.3.21
[INFO] [stderr]    Compiling subtle v2.4.1
[INFO] [stderr]    Compiling serde v1.0.137
[INFO] [stderr]    Compiling bytes v1.1.0
[INFO] [stderr]    Compiling futures-sink v0.3.21
[INFO] [stderr]    Compiling lazy_static v1.4.0
[INFO] [stderr]    Compiling hashbrown v0.11.2
[INFO] [stderr]    Compiling itoa v1.0.2
[INFO] [stderr]    Compiling futures-task v0.3.21
[INFO] [stderr]    Compiling fnv v1.0.7
[INFO] [stderr]    Compiling futures-channel v0.3.21
[INFO] [stderr]    Compiling futures-util v0.3.21
[INFO] [stderr]    Compiling lock_api v0.4.7
[INFO] [stderr]    Compiling generic-array v0.14.5
[INFO] [stderr]    Compiling indexmap v1.8.1
[INFO] [stderr]    Compiling pkg-config v0.3.25
[INFO] [stderr]    Compiling num-traits v0.2.15
[INFO] [stderr]    Compiling futures-io v0.3.21
[INFO] [stderr]    Compiling slab v0.4.6
[INFO] [stderr]    Compiling zeroize v1.5.5
[INFO] [stderr]    Compiling pin-utils v0.1.0
[INFO] [stderr]    Compiling num-integer v0.1.45
[INFO] [stderr]    Compiling spin v0.5.2
[INFO] [stderr]    Compiling base64ct v1.5.0
[INFO] [stderr]    Compiling untrusted v0.7.1
[INFO] [stderr]    Compiling tracing-core v0.1.26
[INFO] [stderr]    Compiling const-oid v0.9.0
[INFO] [stderr]    Compiling quote v1.0.18
[INFO] [stderr]    Compiling getrandom v0.2.6
[INFO] [stderr]    Compiling mio v0.8.3
[INFO] [stderr]    Compiling num_cpus v1.13.1
[INFO] [stderr]    Compiling signal-hook-registry v1.4.0
[INFO] [stderr]    Compiling socket2 v0.4.4
[INFO] [stderr]    Compiling rand_core v0.6.3
[INFO] [stderr]    Compiling pem-rfc7468 v0.6.0
[INFO] [stderr]    Compiling parking_lot v0.12.0
[INFO] [stderr]    Compiling ring v0.16.20
[INFO] [stderr]    Compiling openssl-sys v0.9.73
[INFO] [stderr]    Compiling http v0.2.7
[INFO] [stderr]    Compiling der v0.6.0
[INFO] [stderr]    Compiling foreign-types-shared v0.1.1
[INFO] [stderr]    Compiling regex-syntax v0.6.25
[INFO] [stderr]    Compiling openssl v0.10.40
[INFO] [stderr]    Compiling openssl-probe v0.1.5
[INFO] [stderr]    Compiling base64 v0.13.0
[INFO] [stderr]    Compiling httparse v1.7.1
[INFO] [stderr]    Compiling bitflags v1.3.2
[INFO] [stderr]    Compiling crc32fast v1.3.2
[INFO] [stderr]    Compiling foreign-types v0.3.2
[INFO] [stderr]    Compiling ppv-lite86 v0.2.16
[INFO] [stderr]    Compiling matches v0.1.9
[INFO] [stderr]    Compiling rustls v0.20.6
[INFO] [stderr]    Compiling tinyvec_macros v0.1.0
[INFO] [stderr]    Compiling native-tls v0.2.10
[INFO] [stderr]    Compiling try-lock v0.2.3
[INFO] [stderr]    Compiling tinyvec v1.6.0
[INFO] [stderr]    Compiling want v0.3.0
[INFO] [stderr]    Compiling ff v0.12.0
[INFO] [stderr]    Compiling dirs-sys-next v0.1.2
[INFO] [stderr]    Compiling aho-corasick v0.7.18
[INFO] [stderr]    Compiling num-bigint v0.4.3
[INFO] [stderr]    Compiling base16ct v0.1.1
[INFO] [stderr]    Compiling cpufeatures v0.2.2
[INFO] [stderr]    Compiling rand_chacha v0.3.1
[INFO] [stderr]    Compiling percent-encoding v2.1.0
[INFO] [stderr]    Compiling http-body v0.4.5
[INFO] [stderr]    Compiling crunchy v0.2.2
[INFO] [stderr]    Compiling httpdate v1.0.2
[INFO] [stderr]    Compiling either v1.6.1
[INFO] [stderr]    Compiling tower-service v0.3.1
[INFO] [stderr]    Compiling spki v0.6.0
[INFO] [stderr]    Compiling crypto-common v0.1.3
[INFO] [stderr]    Compiling block-buffer v0.10.2
[INFO] [stderr]    Compiling crypto-bigint v0.4.2
[INFO] [stderr]    Compiling rand v0.8.5
[INFO] [stderr]    Compiling digest v0.10.3
[INFO] [stderr]    Compiling pkcs8 v0.9.0
[INFO] [stderr]    Compiling form_urlencoded v1.0.1
[INFO] [stderr]    Compiling dirs-next v2.0.0
[INFO] [stderr]    Compiling sha2 v0.10.2
[INFO] [stderr]    Compiling hmac v0.12.1
[INFO] [stderr]    Compiling sec1 v0.3.0
[INFO] [stderr]    Compiling group v0.12.0
[INFO] [stderr]    Compiling rustls-pemfile v1.0.0
[INFO] [stderr]    Compiling atty v0.2.14
[INFO] [stderr]    Compiling ryu v1.0.10
[INFO] [stderr]    Compiling siphasher v0.3.10
[INFO] [stderr]    Compiling unicode-bidi v0.3.8
[INFO] [stderr]    Compiling adler v1.0.2
[INFO] [stderr]    Compiling unicode-normalization v0.1.19
[INFO] [stderr]    Compiling serde_json v1.0.81
[INFO] [stderr]    Compiling encoding_rs v0.8.31
[INFO] [stderr]    Compiling tiny-keccak v2.0.2
[INFO] [stderr]    Compiling phf_shared v0.10.0
[INFO] [stderr]    Compiling miniz_oxide v0.5.1
[INFO] [stderr]    Compiling elliptic-curve v0.12.0
[INFO] [stderr]    Compiling rfc6979 v0.2.0
[INFO] [stderr]    Compiling rustls-native-certs v0.6.2
[INFO] [stderr]    Compiling signature v1.5.0
[INFO] [stderr]    Compiling quickcheck v1.0.3
[INFO] [stderr]    Compiling term v0.7.0
[INFO] [stderr]    Compiling backtrace v0.3.65
[INFO] [stderr]    Compiling mime v0.3.16
[INFO] [stderr]    Compiling async-trait v0.1.53
[INFO] [stderr]    Compiling gimli v0.26.1
[INFO] [stderr]    Compiling time-macros v0.2.4
[INFO] [stderr]    Compiling data-encoding v2.3.2
[INFO] [stderr]    Compiling new_debug_unreachable v1.0.4
[INFO] [stderr]    Compiling bit-vec v0.6.3
[INFO] [stderr]    Compiling precomputed-hash v0.1.1
[INFO] [stderr]    Compiling fixedbitset v0.4.1
[INFO] [stderr]    Compiling num_threads v0.1.6
[INFO] [stderr]    Compiling rustversion v1.0.6
[INFO] [stderr]    Compiling regex v1.5.5
[INFO] [stderr]    Compiling petgraph v0.6.0
[INFO] [stderr]    Compiling bit-set v0.5.2
[INFO] [stderr]    Compiling string_cache v0.8.4
[INFO] [stderr]    Compiling ascii-canvas v3.0.0
[INFO] [stderr]    Compiling ecdsa v0.14.1
[INFO] [stderr]    Compiling itertools v0.10.3
[INFO] [stderr]    Compiling idna v0.2.3
[INFO] [stderr]    Compiling rustls-pemfile v0.3.0
[INFO] [stderr]    Compiling object v0.28.4
[INFO] [stderr]    Compiling ena v0.14.0
[INFO] [stderr]    Compiling half v1.8.2
[INFO] [stderr]    Compiling diff v0.1.12
[INFO] [stderr]    Compiling lalrpop-util v0.19.8
[INFO] [stderr]    Compiling heck v0.4.0
[INFO] [stderr]    Compiling termcolor v1.1.3
[INFO] [stderr]    Compiling url v2.2.2
[INFO] [stderr]    Compiling leb128 v0.2.5
[INFO] [stderr]    Compiling rustc-demangle v0.1.21
[INFO] [stderr]    Compiling pico-args v0.4.2
[INFO] [stderr]    Compiling ipnet v2.5.0
[INFO] [stderr]    Compiling time v0.3.9
[INFO] [stderr]    Compiling byteorder v1.4.3
[INFO] [stderr]    Compiling unicode-xid v0.2.3
[INFO] [stderr]    Compiling anyhow v1.0.57
[INFO] [stderr]    Compiling lalrpop v0.19.8
[INFO] [stderr]    Compiling k256 v0.11.0
[INFO] [stderr]    Compiling webpki v0.22.0
[INFO] [stderr]    Compiling sct v0.7.0
[INFO] [stderr]    Compiling pem v1.0.2
[INFO] [stderr]    Compiling proc-macro-error-attr v1.0.4
[INFO] [stderr]    Compiling webpki-roots v0.22.3
[INFO] [stderr]    Compiling addr2line v0.17.0
[INFO] [stderr]    Compiling utf8-ranges v1.0.5
[INFO] [stderr]    Compiling beef v0.5.1
[INFO] [stderr]    Compiling base32 v0.4.0
[INFO] [stderr]    Compiling unicase v2.6.0
[INFO] [stderr]    Compiling proc-macro-error v1.0.4
[INFO] [stderr]    Compiling semver v1.0.9
[INFO] [stderr]    Compiling arrayvec v0.5.2
[INFO] [stderr]    Compiling typed-arena v2.0.1
[INFO] [stderr]    Compiling unicode-width v0.1.9
[INFO] [stderr]    Compiling codespan-reporting v0.11.1
[INFO] [stderr]    Compiling paste v1.0.7
[INFO] [stderr]    Compiling parking_lot_core v0.8.5
[INFO] [stderr]    Compiling pretty v0.10.0
[INFO] [stderr]    Compiling libloading v0.5.2
[INFO] [stderr]    Compiling num-bigint v0.2.6
[INFO] [stderr]    Compiling instant v0.1.12
[INFO] [stderr]    Compiling os_str_bytes v6.0.1
[INFO] [stderr]    Compiling strum v0.24.0
[INFO] [stderr]    Compiling mime_guess v2.0.4
[INFO] [stderr]    Compiling textwrap v0.15.0
[INFO] [stderr]    Compiling clap_lex v0.2.0
[INFO] [stderr]    Compiling strsim v0.10.0
[INFO] [stderr]    Compiling parking_lot v0.11.2
[INFO] [stderr]    Compiling time v0.1.44
[INFO] [stderr]    Compiling bstr v0.2.17
[INFO] [stderr]    Compiling same-file v1.0.6
[INFO] [stderr]    Compiling rle-decode-fast v1.0.3
[INFO] [stderr]    Compiling walkdir v2.3.2
[INFO] [stderr]    Compiling libflate_lz77 v1.1.0
[INFO] [stderr]    Compiling chrono v0.4.19
[INFO] [stderr]    Compiling futures-intrusive v0.4.0
[INFO] [stderr]    Compiling flate2 v1.0.23
[INFO] [stderr]    Compiling humantime v2.1.0
[INFO] [stderr]    Compiling adler32 v1.2.0
[INFO] [stderr]    Compiling pathdiff v0.2.1
[INFO] [stderr]    Compiling globset v0.4.9
[INFO] [stderr]    Compiling libflate v1.2.0
[INFO] [stderr]    Compiling delay v0.3.1
[INFO] [stderr]    Compiling tokio-macros v1.7.0
[INFO] [stderr]    Compiling futures-macro v0.3.21
[INFO] [stderr]    Compiling tracing-attributes v0.1.21
[INFO] [stderr]    Compiling thiserror-impl v1.0.31
[INFO] [stderr]    Compiling openssl-macros v0.1.0
[INFO] [stderr]    Compiling logos-derive v0.12.0
[INFO] [stderr]    Compiling binread_derive v2.1.0
[INFO] [stderr]    Compiling candid_derive v0.4.5
[INFO] [stderr]    Compiling strum_macros v0.24.0
[INFO] [stderr]    Compiling tokio v1.18.2
[INFO] [stderr]    Compiling clap_derive v3.1.18
[INFO] [stderr]    Compiling pkcs11 v0.5.0
[INFO] [stderr]    Compiling derivative v2.2.0
[INFO] [stderr]    Compiling thiserror v1.0.31
[INFO] [stderr]    Compiling simple_asn1 v0.6.1
[INFO] [stderr]    Compiling tracing v0.1.34
[INFO] [stderr]    Compiling binread v2.2.0
[INFO] [stderr]    Compiling logos v0.12.0
[INFO] [stderr]    Compiling clap v3.1.18
[INFO] [stderr]    Compiling garcon v0.2.3
[INFO] [stderr]    Compiling futures-executor v0.3.21
[INFO] [stderr]    Compiling futures v0.3.21
[INFO] [stderr]    Compiling tokio-util v0.7.2
[INFO] [stderr]    Compiling tokio-rustls v0.23.4
[INFO] [stderr]    Compiling tokio-native-tls v0.3.0
[INFO] [stderr]    Compiling tokio-util v0.6.10
[INFO] [stderr]    Compiling h2 v0.3.13
[INFO] [stderr]    Compiling candid v0.7.15
[INFO] [stderr]    Compiling serde_bytes v0.11.6
[INFO] [stderr]    Compiling hex v0.4.3
[INFO] [stderr]    Compiling toml v0.5.9
[INFO] [stderr]    Compiling serde_urlencoded v0.7.1
[INFO] [stderr]    Compiling serde_cbor v0.11.2
[INFO] [stderr]    Compiling ic-types v0.4.0
[INFO] [stderr]    Compiling proc-macro-crate v1.1.3
[INFO] [stderr]    Compiling num_enum_derive v0.5.7
[INFO] [stderr]    Compiling num_enum v0.5.7
[INFO] [stderr]    Compiling hyper v0.14.18
[INFO] [stderr]    Compiling hyper-rustls v0.23.0
[INFO] [stderr]    Compiling hyper-tls v0.5.0
[INFO] [stderr]    Compiling reqwest v0.11.10
[INFO] [stderr]    Compiling ic-agent v0.20.0 (/opt/rustwide/workdir/ic-agent)
[INFO] [stdout] warning: unnecessary parentheses around match arm expression
[INFO] [stdout]    --> ic-agent/src/agent/status.rs:101:51
[INFO] [stdout]     |
[INFO] [stdout] 101 |                     serde_cbor::Value::Text(t) => (t.to_owned()),
[INFO] [stdout]     |                                                   ^            ^
[INFO] [stdout]     |
[INFO] [stdout]     = note: `#[warn(unused_parens)]` on by default
[INFO] [stdout] help: remove these parentheses
[INFO] [stdout]     |
[INFO] [stdout] 101 -                     serde_cbor::Value::Text(t) => (t.to_owned()),
[INFO] [stdout] 101 +                     serde_cbor::Value::Text(t) => t.to_owned(),
[INFO] [stdout]     |
[INFO] [stdout] 
[INFO] [stdout] 
[INFO] [stdout] warning: unnecessary parentheses around match arm expression
[INFO] [stdout]    --> ic-agent/src/agent/status.rs:102:54
[INFO] [stdout]     |
[INFO] [stdout] 102 |                     serde_cbor::Value::Integer(i) => (i.to_string()),
[INFO] [stdout]     |                                                      ^             ^
[INFO] [stdout]     |
[INFO] [stdout] help: remove these parentheses
[INFO] [stdout]     |
[INFO] [stdout] 102 -                     serde_cbor::Value::Integer(i) => (i.to_string()),
[INFO] [stdout] 102 +                     serde_cbor::Value::Integer(i) => i.to_string(),
[INFO] [stdout]     |
[INFO] [stdout] 
[INFO] [stdout] 
[INFO] [stdout] warning: creating a mutable reference to mutable static is discouraged
[INFO] [stdout]   --> ic-agent/src/bls/bls12381/bls.rs:83:23
[INFO] [stdout]    |
[INFO] [stdout] 83 |         pair::precomp(&mut G2_TAB, &g);
[INFO] [stdout]    |                       ^^^^^^^^^^^ mutable reference to mutable static
[INFO] [stdout]    |
[INFO] [stdout]    = note: for more information, see <https://doc.rust-lang.org/nightly/edition-guide/rust-2024/static-mut-references.html>
[INFO] [stdout]    = note: mutable references to mutable statics are dangerous; it's undefined behavior if any other pointer to the static is used or if any other reference is created for the static while the mutable reference lives
[INFO] [stdout]    = note: `#[warn(static_mut_refs)]` on by default
[INFO] [stdout] help: use `&raw mut` instead to create a raw pointer
[INFO] [stdout]    |
[INFO] [stdout] 83 |         pair::precomp(&raw mut G2_TAB, &g);
[INFO] [stdout]    |                       ~~~~~~~~
[INFO] [stdout] 
[INFO] [stdout] 
[INFO] [stderr]    Compiling ic-utils v0.20.0 (/opt/rustwide/workdir/ic-utils)
[INFO] [stderr]    Compiling ic-identity-hsm v0.20.0 (/opt/rustwide/workdir/ic-identity-hsm)
[INFO] [stdout] warning: elided lifetime has a name
[INFO] [stdout]   --> ic-utils/src/canister.rs:92:64
[INFO] [stdout]    |
[INFO] [stdout] 92 |     pub fn canister_id_<'canister: 'agent>(&'canister self) -> &Principal {
[INFO] [stdout]    |                         ---------                              ^ this elided lifetime gets resolved as `'canister`
[INFO] [stdout]    |                         |
[INFO] [stdout]    |                         lifetime `'canister` declared here
[INFO] [stdout]    |
[INFO] [stdout]    = note: `#[warn(elided_named_lifetimes)]` on by default
[INFO] [stdout] 
[INFO] [stdout] 
[INFO] [stderr]    Compiling icx-cert v0.20.0 (/opt/rustwide/workdir/icx-cert)
[INFO] [stderr]    Compiling ic-asset v0.20.0 (/opt/rustwide/workdir/ic-asset)
[INFO] [stderr]    Compiling ref-tests v0.0.0 (/opt/rustwide/workdir/ref-tests)
[INFO] [stderr]    Compiling icx v0.20.0 (/opt/rustwide/workdir/icx)
[INFO] [stderr]    Compiling icx-asset v0.20.0 (/opt/rustwide/workdir/icx-asset)
[INFO] [stderr]     Finished `dev` profile [unoptimized + debuginfo] target(s) in 30.39s
[INFO] [stderr] warning: the following packages contain code that will be rejected by a future version of Rust: lalrpop v0.19.8
[INFO] [stderr] note: to see what the problems were, use the option `--future-incompat-report`, or run `cargo report future-incompatibilities --id 1`
[INFO] running `Command { std: "docker" "inspect" "6429b814ee0348507f472246c8cf270efe4d2a14b4ec8725d8942e21d7ac50fd", kill_on_drop: false }`
[INFO] running `Command { std: "docker" "rm" "-f" "6429b814ee0348507f472246c8cf270efe4d2a14b4ec8725d8942e21d7ac50fd", kill_on_drop: false }`
[INFO] [stdout] 6429b814ee0348507f472246c8cf270efe4d2a14b4ec8725d8942e21d7ac50fd
[INFO] running `Command { std: "docker" "create" "-v" "/var/lib/crater-agent-workspace/builds/worker-6-tc1/target:/opt/rustwide/target:rw,Z" "-v" "/var/lib/crater-agent-workspace/builds/worker-6-tc1/source:/opt/rustwide/workdir:ro,Z" "-v" "/var/lib/crater-agent-workspace/cargo-home:/opt/rustwide/cargo-home:ro,Z" "-v" "/var/lib/crater-agent-workspace/rustup-home:/opt/rustwide/rustup-home:ro,Z" "-e" "SOURCE_DIR=/opt/rustwide/workdir" "-e" "CARGO_TARGET_DIR=/opt/rustwide/target" "-e" "CARGO_INCREMENTAL=0" "-e" "RUST_BACKTRACE=full" "-e" "RUSTFLAGS=--cap-lints=forbid" "-e" "RUSTDOCFLAGS=--cap-lints=forbid" "-e" "CARGO_HOME=/opt/rustwide/cargo-home" "-e" "RUSTUP_HOME=/opt/rustwide/rustup-home" "-w" "/opt/rustwide/workdir" "-m" "1610612736" "--user" "0:0" "--network" "none" "ghcr.io/rust-lang/crates-build-env/linux@sha256:4a844ea9eb2546a2d2c7022eacef16ef2e8229c7fbb2c7d4d55a9ceca922f72d" "/opt/rustwide/cargo-home/bin/cargo" "+nightly-2024-10-28" "test" "--frozen" "--no-run" "--message-format=json", kill_on_drop: false }`
[INFO] [stdout] e86551cf7c00293b5d5d3dcdd730a401b7b7558b698692d21f77ca893dce1208
[INFO] running `Command { std: "docker" "start" "-a" "e86551cf7c00293b5d5d3dcdd730a401b7b7558b698692d21f77ca893dce1208", kill_on_drop: false }`
[INFO] [stderr] warning: virtual workspace defaulting to `resolver = "1"` despite one or more workspace members being on edition 2021 which implies `resolver = "2"`
[INFO] [stderr] note: to keep the current resolver, specify `workspace.resolver = "1"` in the workspace root's manifest
[INFO] [stderr] note: to use the edition 2021 resolver, specify `workspace.resolver = "2"` in the workspace root's manifest
[INFO] [stderr] note: for more details see https://doc.rust-lang.org/cargo/reference/resolver.html#resolver-versions
[INFO] [stderr]    Compiling bit-vec v0.6.3
[INFO] [stdout] warning: unnecessary parentheses around match arm expression
[INFO] [stdout]    --> ic-agent/src/agent/status.rs:101:51
[INFO] [stdout]     |
[INFO] [stdout] 101 |                     serde_cbor::Value::Text(t) => (t.to_owned()),
[INFO] [stdout]     |                                                   ^            ^
[INFO] [stdout]     |
[INFO] [stdout]     = note: `#[warn(unused_parens)]` on by default
[INFO] [stdout] help: remove these parentheses
[INFO] [stdout]     |
[INFO] [stdout] 101 -                     serde_cbor::Value::Text(t) => (t.to_owned()),
[INFO] [stdout] 101 +                     serde_cbor::Value::Text(t) => t.to_owned(),
[INFO] [stdout]     |
[INFO] [stdout] 
[INFO] [stdout] 
[INFO] [stdout] warning: unnecessary parentheses around match arm expression
[INFO] [stdout]    --> ic-agent/src/agent/status.rs:102:54
[INFO] [stdout]     |
[INFO] [stdout] 102 |                     serde_cbor::Value::Integer(i) => (i.to_string()),
[INFO] [stdout]     |                                                      ^             ^
[INFO] [stdout]     |
[INFO] [stdout] help: remove these parentheses
[INFO] [stdout]     |
[INFO] [stdout] 102 -                     serde_cbor::Value::Integer(i) => (i.to_string()),
[INFO] [stdout] 102 +                     serde_cbor::Value::Integer(i) => i.to_string(),
[INFO] [stdout]     |
[INFO] [stdout] 
[INFO] [stdout] 
[INFO] [stdout] warning: creating a mutable reference to mutable static is discouraged
[INFO] [stdout]   --> ic-agent/src/bls/bls12381/bls.rs:83:23
[INFO] [stdout]    |
[INFO] [stdout] 83 |         pair::precomp(&mut G2_TAB, &g);
[INFO] [stdout]    |                       ^^^^^^^^^^^ mutable reference to mutable static
[INFO] [stdout]    |
[INFO] [stdout]    = note: for more information, see <https://doc.rust-lang.org/nightly/edition-guide/rust-2024/static-mut-references.html>
[INFO] [stdout]    = note: mutable references to mutable statics are dangerous; it's undefined behavior if any other pointer to the static is used or if any other reference is created for the static while the mutable reference lives
[INFO] [stdout]    = note: `#[warn(static_mut_refs)]` on by default
[INFO] [stdout] help: use `&raw mut` instead to create a raw pointer
[INFO] [stdout]    |
[INFO] [stdout] 83 |         pair::precomp(&raw mut G2_TAB, &g);
[INFO] [stdout]    |                       ~~~~~~~~
[INFO] [stdout] 
[INFO] [stdout] 
[INFO] [stderr]    Compiling fastrand v1.7.0
[INFO] [stderr]    Compiling remove_dir_all v0.5.3
[INFO] [stderr]    Compiling wait-timeout v0.2.0
[INFO] [stderr]    Compiling quick-error v1.2.3
[INFO] [stderr]    Compiling assert-json-diff v2.0.1
[INFO] [stderr]    Compiling colored v2.0.0
[INFO] [stderr]    Compiling rand_xorshift v0.3.0
[INFO] [stderr]    Compiling quick-error v2.0.1
[INFO] [stderr]    Compiling similar v2.1.0
[INFO] [stderr]    Compiling icx-cert v0.20.0 (/opt/rustwide/workdir/icx-cert)
[INFO] [stderr]    Compiling ic-identity-hsm v0.20.0 (/opt/rustwide/workdir/ic-identity-hsm)
[INFO] [stderr]    Compiling tempfile v3.3.0
[INFO] [stderr]    Compiling bit-set v0.5.2
[INFO] [stderr]    Compiling lalrpop v0.19.8
[INFO] [stderr]    Compiling rusty-fork v0.3.0
[INFO] [stderr]    Compiling mockito v0.31.0
[INFO] [stderr]    Compiling proptest v1.0.0
[INFO] [stderr]    Compiling candid v0.7.15
[INFO] [stderr]    Compiling ic-utils v0.20.0 (/opt/rustwide/workdir/ic-utils)
[INFO] [stdout] warning: elided lifetime has a name
[INFO] [stdout]   --> ic-utils/src/canister.rs:92:64
[INFO] [stdout]    |
[INFO] [stdout] 92 |     pub fn canister_id_<'canister: 'agent>(&'canister self) -> &Principal {
[INFO] [stdout]    |                         ---------                              ^ this elided lifetime gets resolved as `'canister`
[INFO] [stdout]    |                         |
[INFO] [stdout]    |                         lifetime `'canister` declared here
[INFO] [stdout]    |
[INFO] [stdout]    = note: `#[warn(elided_named_lifetimes)]` on by default
[INFO] [stdout] 
[INFO] [stdout] 
[INFO] [stderr]    Compiling ref-tests v0.0.0 (/opt/rustwide/workdir/ref-tests)
[INFO] [stderr]    Compiling ic-asset v0.20.0 (/opt/rustwide/workdir/ic-asset)
[INFO] [stderr]    Compiling icx v0.20.0 (/opt/rustwide/workdir/icx)
[INFO] [stderr]    Compiling ic-agent v0.20.0 (/opt/rustwide/workdir/ic-agent)
[INFO] [stdout] warning: this function depends on never type fallback being `()`
[INFO] [stdout]    --> ref-tests/tests/integration.rs:143:1
[INFO] [stdout]     |
[INFO] [stdout] 143 | fn wallet_canister_create_and_install() {
[INFO] [stdout]     | ^^^^^^^^^^^^^^^^^^^^^^^^^^^^^^^^^^^^^^^
[INFO] [stdout]     |
[INFO] [stdout]     = warning: this was previously accepted by the compiler but is being phased out; it will become a hard error in a future release!
[INFO] [stdout]     = note: for more information, see issue #123748 <https://github.com/rust-lang/rust/issues/123748>
[INFO] [stdout]     = help: specify the types explicitly
[INFO] [stdout] note: in edition 2024, the requirement `for<'de> !: ArgumentDecoder<'de>` will fail
[INFO] [stdout]    --> ref-tests/tests/integration.rs:168:9
[INFO] [stdout]     |
[INFO] [stdout] 168 | /         wallet
[INFO] [stdout] 169 | |             .call64(Principal::management_canister(), "install_code", args, 0)
[INFO] [stdout]     | |______________________________________________________________________________^
[INFO] [stdout]     = note: `#[warn(dependency_on_unit_never_type_fallback)]` on by default
[INFO] [stdout] 
[INFO] [stdout] 
[INFO] [stdout] warning: elided lifetime has a name
[INFO] [stdout]   --> ic-utils/src/canister.rs:92:64
[INFO] [stdout]    |
[INFO] [stdout] 92 |     pub fn canister_id_<'canister: 'agent>(&'canister self) -> &Principal {
[INFO] [stdout]    |                         ---------                              ^ this elided lifetime gets resolved as `'canister`
[INFO] [stdout]    |                         |
[INFO] [stdout]    |                         lifetime `'canister` declared here
[INFO] [stdout]    |
[INFO] [stdout]    = note: `#[warn(elided_named_lifetimes)]` on by default
[INFO] [stdout] 
[INFO] [stdout] 
[INFO] [stdout] warning: unnecessary parentheses around match arm expression
[INFO] [stdout]    --> ic-agent/src/agent/status.rs:101:51
[INFO] [stdout]     |
[INFO] [stdout] 101 |                     serde_cbor::Value::Text(t) => (t.to_owned()),
[INFO] [stdout]     |                                                   ^            ^
[INFO] [stdout]     |
[INFO] [stdout]     = note: `#[warn(unused_parens)]` on by default
[INFO] [stdout] help: remove these parentheses
[INFO] [stdout]     |
[INFO] [stdout] 101 -                     serde_cbor::Value::Text(t) => (t.to_owned()),
[INFO] [stdout] 101 +                     serde_cbor::Value::Text(t) => t.to_owned(),
[INFO] [stdout]     |
[INFO] [stdout] 
[INFO] [stdout] 
[INFO] [stdout] warning: unnecessary parentheses around match arm expression
[INFO] [stdout]    --> ic-agent/src/agent/status.rs:102:54
[INFO] [stdout]     |
[INFO] [stdout] 102 |                     serde_cbor::Value::Integer(i) => (i.to_string()),
[INFO] [stdout]     |                                                      ^             ^
[INFO] [stdout]     |
[INFO] [stdout] help: remove these parentheses
[INFO] [stdout]     |
[INFO] [stdout] 102 -                     serde_cbor::Value::Integer(i) => (i.to_string()),
[INFO] [stdout] 102 +                     serde_cbor::Value::Integer(i) => i.to_string(),
[INFO] [stdout]     |
[INFO] [stdout] 
[INFO] [stdout] 
[INFO] [stderr]    Compiling icx-asset v0.20.0 (/opt/rustwide/workdir/icx-asset)
[INFO] [stdout] warning: creating a mutable reference to mutable static is discouraged
[INFO] [stdout]   --> ic-agent/src/bls/bls12381/bls.rs:83:23
[INFO] [stdout]    |
[INFO] [stdout] 83 |         pair::precomp(&mut G2_TAB, &g);
[INFO] [stdout]    |                       ^^^^^^^^^^^ mutable reference to mutable static
[INFO] [stdout]    |
[INFO] [stdout]    = note: for more information, see <https://doc.rust-lang.org/nightly/edition-guide/rust-2024/static-mut-references.html>
[INFO] [stdout]    = note: mutable references to mutable statics are dangerous; it's undefined behavior if any other pointer to the static is used or if any other reference is created for the static while the mutable reference lives
[INFO] [stdout]    = note: `#[warn(static_mut_refs)]` on by default
[INFO] [stdout] help: use `&raw mut` instead to create a raw pointer
[INFO] [stdout]    |
[INFO] [stdout] 83 |         pair::precomp(&raw mut G2_TAB, &g);
[INFO] [stdout]    |                       ~~~~~~~~
[INFO] [stdout] 
[INFO] [stdout] 
[INFO] [stderr]     Finished `test` profile [unoptimized + debuginfo] target(s) in 18.47s
[INFO] [stderr] warning: the following packages contain code that will be rejected by a future version of Rust: lalrpop v0.19.8
[INFO] [stderr] note: to see what the problems were, use the option `--future-incompat-report`, or run `cargo report future-incompatibilities --id 1`
[INFO] running `Command { std: "docker" "inspect" "e86551cf7c00293b5d5d3dcdd730a401b7b7558b698692d21f77ca893dce1208", kill_on_drop: false }`
[INFO] running `Command { std: "docker" "rm" "-f" "e86551cf7c00293b5d5d3dcdd730a401b7b7558b698692d21f77ca893dce1208", kill_on_drop: false }`
[INFO] [stdout] e86551cf7c00293b5d5d3dcdd730a401b7b7558b698692d21f77ca893dce1208
[INFO] running `Command { std: "docker" "create" "-v" "/var/lib/crater-agent-workspace/builds/worker-6-tc1/target:/opt/rustwide/target:rw,Z" "-v" "/var/lib/crater-agent-workspace/builds/worker-6-tc1/source:/opt/rustwide/workdir:ro,Z" "-v" "/var/lib/crater-agent-workspace/cargo-home:/opt/rustwide/cargo-home:ro,Z" "-v" "/var/lib/crater-agent-workspace/rustup-home:/opt/rustwide/rustup-home:ro,Z" "-e" "SOURCE_DIR=/opt/rustwide/workdir" "-e" "CARGO_TARGET_DIR=/opt/rustwide/target" "-e" "CARGO_INCREMENTAL=0" "-e" "RUST_BACKTRACE=full" "-e" "RUSTFLAGS=--cap-lints=forbid" "-e" "RUSTDOCFLAGS=--cap-lints=forbid" "-e" "CARGO_HOME=/opt/rustwide/cargo-home" "-e" "RUSTUP_HOME=/opt/rustwide/rustup-home" "-w" "/opt/rustwide/workdir" "-m" "1610612736" "--user" "0:0" "--network" "none" "ghcr.io/rust-lang/crates-build-env/linux@sha256:4a844ea9eb2546a2d2c7022eacef16ef2e8229c7fbb2c7d4d55a9ceca922f72d" "/opt/rustwide/cargo-home/bin/cargo" "+nightly-2024-10-28" "test" "--frozen", kill_on_drop: false }`
[INFO] [stdout] 15453258bb0857d9f75710fe1dfd0ce31b3be92b4a42d7768adddd89d468baa5
[INFO] running `Command { std: "docker" "start" "-a" "15453258bb0857d9f75710fe1dfd0ce31b3be92b4a42d7768adddd89d468baa5", kill_on_drop: false }`
[INFO] [stderr] warning: virtual workspace defaulting to `resolver = "1"` despite one or more workspace members being on edition 2021 which implies `resolver = "2"`
[INFO] [stderr] note: to keep the current resolver, specify `workspace.resolver = "1"` in the workspace root's manifest
[INFO] [stderr] note: to use the edition 2021 resolver, specify `workspace.resolver = "2"` in the workspace root's manifest
[INFO] [stderr] note: for more details see https://doc.rust-lang.org/cargo/reference/resolver.html#resolver-versions
[INFO] [stderr] warning: unnecessary parentheses around match arm expression
[INFO] [stderr]    --> ic-agent/src/agent/status.rs:101:51
[INFO] [stderr]     |
[INFO] [stderr] 101 |                     serde_cbor::Value::Text(t) => (t.to_owned()),
[INFO] [stderr]     |                                                   ^            ^
[INFO] [stderr]     |
[INFO] [stderr]     = note: `#[warn(unused_parens)]` on by default
[INFO] [stderr] help: remove these parentheses
[INFO] [stderr]     |
[INFO] [stderr] 101 -                     serde_cbor::Value::Text(t) => (t.to_owned()),
[INFO] [stderr] 101 +                     serde_cbor::Value::Text(t) => t.to_owned(),
[INFO] [stderr]     |
[INFO] [stderr] 
[INFO] [stderr] warning: unnecessary parentheses around match arm expression
[INFO] [stderr]    --> ic-agent/src/agent/status.rs:102:54
[INFO] [stderr]     |
[INFO] [stderr] 102 |                     serde_cbor::Value::Integer(i) => (i.to_string()),
[INFO] [stderr]     |                                                      ^             ^
[INFO] [stderr]     |
[INFO] [stderr] help: remove these parentheses
[INFO] [stderr]     |
[INFO] [stderr] 102 -                     serde_cbor::Value::Integer(i) => (i.to_string()),
[INFO] [stderr] 102 +                     serde_cbor::Value::Integer(i) => i.to_string(),
[INFO] [stderr]     |
[INFO] [stderr] 
[INFO] [stderr] warning: creating a mutable reference to mutable static is discouraged
[INFO] [stderr]   --> ic-agent/src/bls/bls12381/bls.rs:83:23
[INFO] [stderr]    |
[INFO] [stderr] 83 |         pair::precomp(&mut G2_TAB, &g);
[INFO] [stderr]    |                       ^^^^^^^^^^^ mutable reference to mutable static
[INFO] [stderr]    |
[INFO] [stderr]    = note: for more information, see <https://doc.rust-lang.org/nightly/edition-guide/rust-2024/static-mut-references.html>
[INFO] [stderr]    = note: mutable references to mutable statics are dangerous; it's undefined behavior if any other pointer to the static is used or if any other reference is created for the static while the mutable reference lives
[INFO] [stderr]    = note: `#[warn(static_mut_refs)]` on by default
[INFO] [stderr] help: use `&raw mut` instead to create a raw pointer
[INFO] [stderr]    |
[INFO] [stderr] 83 |         pair::precomp(&raw mut G2_TAB, &g);
[INFO] [stderr]    |                       ~~~~~~~~
[INFO] [stderr] 
[INFO] [stderr] warning: `ic-agent` (lib) generated 3 warnings (run `cargo fix --lib -p ic-agent` to apply 2 suggestions)
[INFO] [stderr] warning: elided lifetime has a name
[INFO] [stderr]   --> ic-utils/src/canister.rs:92:64
[INFO] [stderr]    |
[INFO] [stderr] 92 |     pub fn canister_id_<'canister: 'agent>(&'canister self) -> &Principal {
[INFO] [stderr]    |                         ---------                              ^ this elided lifetime gets resolved as `'canister`
[INFO] [stderr]    |                         |
[INFO] [stderr]    |                         lifetime `'canister` declared here
[INFO] [stderr]    |
[INFO] [stderr]    = note: `#[warn(elided_named_lifetimes)]` on by default
[INFO] [stderr] 
[INFO] [stderr] warning: `ic-utils` (lib) generated 1 warning
[INFO] [stderr] warning: `ic-utils` (lib test) generated 1 warning (1 duplicate)
[INFO] [stderr] warning: this function depends on never type fallback being `()`
[INFO] [stderr]    --> ref-tests/tests/integration.rs:143:1
[INFO] [stderr]     |
[INFO] [stderr] 143 | fn wallet_canister_create_and_install() {
[INFO] [stderr]     | ^^^^^^^^^^^^^^^^^^^^^^^^^^^^^^^^^^^^^^^
[INFO] [stderr]     |
[INFO] [stderr]     = warning: this was previously accepted by the compiler but is being phased out; it will become a hard error in a future release!
[INFO] [stderr]     = note: for more information, see issue #123748 <https://github.com/rust-lang/rust/issues/123748>
[INFO] [stderr]     = help: specify the types explicitly
[INFO] [stderr] note: in edition 2024, the requirement `for<'de> !: ArgumentDecoder<'de>` will fail
[INFO] [stderr]    --> ref-tests/tests/integration.rs:168:9
[INFO] [stderr]     |
[INFO] [stderr] 168 | /         wallet
[INFO] [stderr] 169 | |             .call64(Principal::management_canister(), "install_code", args, 0)
[INFO] [stderr]     | |______________________________________________________________________________^
[INFO] [stderr]     = note: `#[warn(dependency_on_unit_never_type_fallback)]` on by default
[INFO] [stderr] 
[INFO] [stderr] warning: `ref-tests` (test "integration") generated 1 warning
[INFO] [stderr] warning: `ic-agent` (lib test) generated 3 warnings (3 duplicates)
[INFO] [stderr]     Finished `test` profile [unoptimized + debuginfo] target(s) in 0.68s
[INFO] [stderr] warning: the following packages contain code that will be rejected by a future version of Rust: lalrpop v0.19.8
[INFO] [stderr] note: to see what the problems were, use the option `--future-incompat-report`, or run `cargo report future-incompatibilities --id 1`
[INFO] [stderr]      Running unittests src/lib.rs (/opt/rustwide/target/debug/deps/ic_agent-c6d0f94fb1449544)
[INFO] [stdout] 
[INFO] [stdout] running 30 tests
[INFO] [stdout] test agent::agent_error::tests::content_type_none_valid_utf8 ... ok
[INFO] [stdout] test agent::agent_error::tests::content_type_none_invalid_utf8 ... ok
[INFO] [stdout] test agent::agent_error::tests::formats_text_html ... ok
[INFO] [stdout] test agent::agent_error::tests::formats_text_plain_charset_utf8 ... ok
[INFO] [stdout] test agent::agent_error::tests::formats_text_plain ... ok
[INFO] [stdout] test agent::signed::tests::test_query_serde ... ok
[INFO] [stdout] test agent::signed::tests::test_request_status_serde ... ok
[INFO] [stdout] test agent::signed::tests::test_update_serde ... ok
[INFO] [stdout] test agent::http_transport::test::redirect ... ok
[INFO] [stdout] test request_id::tests::array_example ... ok
[INFO] [stdout] test request_id::tests::array_example_array_with_empty_array ... ok
[INFO] [stdout] test identity::secp256k1::test::test_secp256k1_public_key ... ok
[INFO] [stdout] test request_id::tests::array_example_empty_array ... ok
[INFO] [stdout] test request_id::tests::maps_are_not_supported ... ok
[INFO] [stdout] test request_id::tests::public_spec_example ... ok
[INFO] [stdout] test request_id::tests::public_spec_example_api_client ... ok
[INFO] [stdout] test identity::secp256k1::test::test_secp256k1_signature ... ok
[INFO] [stdout] test identity::secp256k1::test::test_secp256k1_reject_wrong_curve - should panic ... ok
[INFO] [stdout] test identity::secp256k1::test::test_secp256k1_reject_wrong_curve_no_id - should panic ... ok
[INFO] [stdout] test agent::agent_test::call_error ... ok
[INFO] [stdout] test agent::agent_test::query ... ok
[INFO] [stdout] test agent::agent_test::check_subnet_range_with_pruned_range ... ok
[INFO] [stdout] test bls::bls_verify ... ok
[INFO] [stdout] test agent::agent_test::check_subnet_range_with_valid_range ... ok
[INFO] [stdout] test agent::agent_test::check_subnet_range_with_unauthorized_range ... ok
[INFO] [stdout] test agent::agent_test::query_rejected ... ok
[INFO] [stdout] test agent::agent_test::query_error ... ok
[INFO] [stdout] test agent::agent_test::status ... ok
[INFO] [stdout] test agent::agent_test::status_error ... ok
[INFO] [stdout] test agent::agent_test::status_okay ... ok
[INFO] [stdout] 
[INFO] [stdout] test result: ok. 30 passed; 0 failed; 0 ignored; 0 measured; 0 filtered out; finished in 0.38s
[INFO] [stdout] 
[INFO] [stderr]      Running unittests src/lib.rs (/opt/rustwide/target/debug/deps/ic_asset-0cea39f95c200e5f)
[INFO] [stdout] 
[INFO] [stdout] running 18 tests
[INFO] [stdout] test asset_config::with_tempdir::invalid_asset_path ... ok
[INFO] [stdout] test asset_config::with_tempdir::match_only_nested_files ... ok
[INFO] [stdout] test asset_config::with_tempdir::invalid_json_config_file ... ok
[INFO] [stdout] test asset_config::with_tempdir::invalid_glob_pattern ... ok
[INFO] [stdout] test asset_config::with_tempdir::overriding_cache_rules ... ok
[INFO] [stdout] test asset_config::with_tempdir::overriding_headers ... ok
[INFO] [stdout] test asset_config::with_tempdir::no_content_config_file ... ok
[INFO] [stdout] test sync::test_gathering_asset_descriptors_with_tempdir::include_all_files_except_one ... ok
[INFO] [stdout] test sync::test_gathering_asset_descriptors_with_tempdir::gather_all_files ... ok
[INFO] [stdout] test sync::test_gathering_asset_descriptors_with_tempdir::impossible_to_reinclude_file_from_already_ignored_directory ... ok
[INFO] [stdout] test sync::test_gathering_asset_descriptors_with_tempdir::possible_to_reinclude_previously_ignored_file ... ok
[INFO] [stdout] test sync::test_gathering_asset_descriptors_with_tempdir::include_only_a_specific_dotfile ... ok
[INFO] [stdout] test sync::test_gathering_asset_descriptors_with_tempdir::failed_to_include_hidden_dir ... ok
[INFO] [stdout] test sync::test_gathering_asset_descriptors_with_tempdir::configuring_dotfiles_step_by_step ... ok
[INFO] [stdout] test sync::test_gathering_asset_descriptors_with_tempdir::bonanza ... ok
[INFO] [stdout] test sync::test_gathering_asset_descriptors_with_tempdir::gather_all_nondot_files_from_nondot_dirs ... ok
[INFO] [stdout] test asset_config::with_tempdir::prioritization ... ok
[INFO] [stdout] test asset_config::with_tempdir::no_read_permission ... FAILED
[INFO] [stdout] 
[INFO] [stdout] failures:
[INFO] [stdout] 
[INFO] [stdout] ---- asset_config::with_tempdir::no_read_permission stdout ----
[INFO] [stdout] thread 'asset_config::with_tempdir::no_read_permission' panicked at ic-asset/src/asset_config.rs:626:33:
[INFO] [stdout] called `Option::unwrap()` on a `None` value
[INFO] [stdout] stack backtrace:
[INFO] [stdout]    0:     0x62ece5852cea - std::backtrace_rs::backtrace::libunwind::trace::h207520d6e9873551
[INFO] [stdout]                                at /rustc/df4ca44d3fbc9301ee17f30f4d474e6ae4b05252/library/std/src/../../backtrace/src/backtrace/libunwind.rs:116:5
[INFO] [stdout]    1:     0x62ece5852cea - std::backtrace_rs::backtrace::trace_unsynchronized::h2ed7433f370e3eca
[INFO] [stdout]                                at /rustc/df4ca44d3fbc9301ee17f30f4d474e6ae4b05252/library/std/src/../../backtrace/src/backtrace/mod.rs:66:5
[INFO] [stdout]    2:     0x62ece5852cea - std::sys::backtrace::_print_fmt::h916fac51166b18d7
[INFO] [stdout]                                at /rustc/df4ca44d3fbc9301ee17f30f4d474e6ae4b05252/library/std/src/sys/backtrace.rs:66:9
[INFO] [stdout]    3:     0x62ece5852cea - <std::sys::backtrace::BacktraceLock::print::DisplayBacktrace as core::fmt::Display>::fmt::ha0a4c9b8ce3802e6
[INFO] [stdout]                                at /rustc/df4ca44d3fbc9301ee17f30f4d474e6ae4b05252/library/std/src/sys/backtrace.rs:39:26
[INFO] [stdout]    4:     0x62ece587ad33 - core::fmt::rt::Argument::fmt::h4cfc8587d52b3eb5
[INFO] [stdout]                                at /rustc/df4ca44d3fbc9301ee17f30f4d474e6ae4b05252/library/core/src/fmt/rt.rs:177:76
[INFO] [stdout]    5:     0x62ece587ad33 - core::fmt::write::h522cc39e5b36ae9f
[INFO] [stdout]                                at /rustc/df4ca44d3fbc9301ee17f30f4d474e6ae4b05252/library/core/src/fmt/mod.rs:1190:21
[INFO] [stdout]    6:     0x62ece584f163 - std::io::Write::write_fmt::h7d3c26752da97734
[INFO] [stdout]                                at /rustc/df4ca44d3fbc9301ee17f30f4d474e6ae4b05252/library/std/src/io/mod.rs:1839:15
[INFO] [stdout]    7:     0x62ece5852b32 - std::sys::backtrace::BacktraceLock::print::h4b9e00b29e9c0942
[INFO] [stdout]                                at /rustc/df4ca44d3fbc9301ee17f30f4d474e6ae4b05252/library/std/src/sys/backtrace.rs:42:9
[INFO] [stdout]    8:     0x62ece585417a - std::panicking::default_hook::{{closure}}::hb59b88280d0324d9
[INFO] [stdout]                                at /rustc/df4ca44d3fbc9301ee17f30f4d474e6ae4b05252/library/std/src/panicking.rs:268:22
[INFO] [stdout]    9:     0x62ece5853f84 - std::panicking::default_hook::he1dd496665be4a29
[INFO] [stdout]                                at /rustc/df4ca44d3fbc9301ee17f30f4d474e6ae4b05252/library/std/src/panicking.rs:292:9
[INFO] [stdout]   10:     0x62ece55cb479 - <alloc::boxed::Box<F,A> as core::ops::function::Fn<Args>>::call::h4ff71de18744e1dc
[INFO] [stdout]                                at /rustc/df4ca44d3fbc9301ee17f30f4d474e6ae4b05252/library/alloc/src/boxed.rs:2468:9
[INFO] [stdout]   11:     0x62ece55cb479 - test::test_main::{{closure}}::hcf7c055ce117aa81
[INFO] [stdout]                                at /rustc/df4ca44d3fbc9301ee17f30f4d474e6ae4b05252/library/test/src/lib.rs:133:21
[INFO] [stdout]   12:     0x62ece5854878 - <alloc::boxed::Box<F,A> as core::ops::function::Fn<Args>>::call::h1d66c6bbd60c9692
[INFO] [stdout]                                at /rustc/df4ca44d3fbc9301ee17f30f4d474e6ae4b05252/library/alloc/src/boxed.rs:2468:9
[INFO] [stdout]   13:     0x62ece5854878 - std::panicking::rust_panic_with_hook::h2ff17fe8f26dfcf8
[INFO] [stdout]                                at /rustc/df4ca44d3fbc9301ee17f30f4d474e6ae4b05252/library/std/src/panicking.rs:809:13
[INFO] [stdout]   14:     0x62ece5854606 - std::panicking::begin_panic_handler::{{closure}}::h4fad77951c07e101
[INFO] [stdout]                                at /rustc/df4ca44d3fbc9301ee17f30f4d474e6ae4b05252/library/std/src/panicking.rs:667:13
[INFO] [stdout]   15:     0x62ece58531c9 - std::sys::backtrace::__rust_end_short_backtrace::hb1a25b3da5d0ea08
[INFO] [stdout]                                at /rustc/df4ca44d3fbc9301ee17f30f4d474e6ae4b05252/library/std/src/sys/backtrace.rs:170:18
[INFO] [stdout]   16:     0x62ece58542cc - rust_begin_unwind
[INFO] [stdout]                                at /rustc/df4ca44d3fbc9301ee17f30f4d474e6ae4b05252/library/std/src/panicking.rs:665:5
[INFO] [stdout]   17:     0x62ece58793a0 - core::panicking::panic_fmt::ha9db07b529f9b256
[INFO] [stdout]                                at /rustc/df4ca44d3fbc9301ee17f30f4d474e6ae4b05252/library/core/src/panicking.rs:75:14
[INFO] [stdout]   18:     0x62ece587942c - core::panicking::panic::h993086813d94accc
[INFO] [stdout]                                at /rustc/df4ca44d3fbc9301ee17f30f4d474e6ae4b05252/library/core/src/panicking.rs:152:5
[INFO] [stdout]   19:     0x62ece5879319 - core::option::unwrap_failed::h7d84639b8a1a5da9
[INFO] [stdout]                                at /rustc/df4ca44d3fbc9301ee17f30f4d474e6ae4b05252/library/core/src/option.rs:2008:5
[INFO] [stdout]   20:     0x62ece5555fb1 - core::option::Option<T>::unwrap::hbd14b493b100e2b0
[INFO] [stdout]                                at /rustc/df4ca44d3fbc9301ee17f30f4d474e6ae4b05252/library/core/src/option.rs:971:21
[INFO] [stdout]   21:     0x62ece5555fb1 - ic_asset::asset_config::with_tempdir::no_read_permission::h363785ac06c93fcb
[INFO] [stdout]                                at /opt/rustwide/workdir/ic-asset/src/asset_config.rs:626:13
[INFO] [stdout]   22:     0x62ece5555a17 - ic_asset::asset_config::with_tempdir::no_read_permission::{{closure}}::hf584c97819e8ba0b
[INFO] [stdout]                                at /opt/rustwide/workdir/ic-asset/src/asset_config.rs:608:32
[INFO] [stdout]   23:     0x62ece55618d6 - core::ops::function::FnOnce::call_once::h3852de1e303677e6
[INFO] [stdout]                                at /rustc/df4ca44d3fbc9301ee17f30f4d474e6ae4b05252/library/core/src/ops/function.rs:250:5
[INFO] [stdout]   24:     0x62ece55cfd4b - core::ops::function::FnOnce::call_once::h22c3ba5715e93f05
[INFO] [stdout]                                at /rustc/df4ca44d3fbc9301ee17f30f4d474e6ae4b05252/library/core/src/ops/function.rs:250:5
[INFO] [stdout]   25:     0x62ece55cfd4b - test::__rust_begin_short_backtrace::h8e82d8113d0da17f
[INFO] [stdout]                                at /rustc/df4ca44d3fbc9301ee17f30f4d474e6ae4b05252/library/test/src/lib.rs:621:18
[INFO] [stdout]   26:     0x62ece55cf6c7 - test::run_test_in_process::{{closure}}::h33235f4f20b7b7c7
[INFO] [stdout]                                at /rustc/df4ca44d3fbc9301ee17f30f4d474e6ae4b05252/library/test/src/lib.rs:644:60
[INFO] [stdout]   27:     0x62ece55cf6c7 - <core::panic::unwind_safe::AssertUnwindSafe<F> as core::ops::function::FnOnce<()>>::call_once::hb5043206310c586f
[INFO] [stdout]                                at /rustc/df4ca44d3fbc9301ee17f30f4d474e6ae4b05252/library/core/src/panic/unwind_safe.rs:272:9
[INFO] [stdout]   28:     0x62ece55cf6c7 - std::panicking::try::do_call::h9ad4731a60ab23e2
[INFO] [stdout]                                at /rustc/df4ca44d3fbc9301ee17f30f4d474e6ae4b05252/library/std/src/panicking.rs:557:40
[INFO] [stdout]   29:     0x62ece55cf6c7 - std::panicking::try::h3824d23db772a716
[INFO] [stdout]                                at /rustc/df4ca44d3fbc9301ee17f30f4d474e6ae4b05252/library/std/src/panicking.rs:520:19
[INFO] [stdout]   30:     0x62ece55cf6c7 - std::panic::catch_unwind::h5afd514605fde46b
[INFO] [stdout]                                at /rustc/df4ca44d3fbc9301ee17f30f4d474e6ae4b05252/library/std/src/panic.rs:358:14
[INFO] [stdout]   31:     0x62ece55cf6c7 - test::run_test_in_process::h0d5cbfa7067d1720
[INFO] [stdout]                                at /rustc/df4ca44d3fbc9301ee17f30f4d474e6ae4b05252/library/test/src/lib.rs:644:27
[INFO] [stdout]   32:     0x62ece55cf6c7 - test::run_test::{{closure}}::h708eb8872708115d
[INFO] [stdout]                                at /rustc/df4ca44d3fbc9301ee17f30f4d474e6ae4b05252/library/test/src/lib.rs:565:43
[INFO] [stdout]   33:     0x62ece5592de4 - test::run_test::{{closure}}::h392c51cee94713ab
[INFO] [stdout]                                at /rustc/df4ca44d3fbc9301ee17f30f4d474e6ae4b05252/library/test/src/lib.rs:595:41
[INFO] [stdout]   34:     0x62ece5592de4 - std::sys::backtrace::__rust_begin_short_backtrace::h2f40290710935a8b
[INFO] [stdout]                                at /rustc/df4ca44d3fbc9301ee17f30f4d474e6ae4b05252/library/std/src/sys/backtrace.rs:154:18
[INFO] [stdout]   35:     0x62ece559658e - std::thread::Builder::spawn_unchecked_::{{closure}}::{{closure}}::h3fd968d89053a903
[INFO] [stdout]                                at /rustc/df4ca44d3fbc9301ee17f30f4d474e6ae4b05252/library/std/src/thread/mod.rs:541:17
[INFO] [stdout]   36:     0x62ece559658e - <core::panic::unwind_safe::AssertUnwindSafe<F> as core::ops::function::FnOnce<()>>::call_once::h743f637ba4229880
[INFO] [stdout]                                at /rustc/df4ca44d3fbc9301ee17f30f4d474e6ae4b05252/library/core/src/panic/unwind_safe.rs:272:9
[INFO] [stdout]   37:     0x62ece559658e - std::panicking::try::do_call::h07440897322525a6
[INFO] [stdout]                                at /rustc/df4ca44d3fbc9301ee17f30f4d474e6ae4b05252/library/std/src/panicking.rs:557:40
[INFO] [stdout]   38:     0x62ece559658e - std::panicking::try::he5a2e00188156637
[INFO] [stdout]                                at /rustc/df4ca44d3fbc9301ee17f30f4d474e6ae4b05252/library/std/src/panicking.rs:520:19
[INFO] [stdout]   39:     0x62ece559658e - std::panic::catch_unwind::hbaf3cae49b3c6433
[INFO] [stdout]                                at /rustc/df4ca44d3fbc9301ee17f30f4d474e6ae4b05252/library/std/src/panic.rs:358:14
[INFO] [stdout]   40:     0x62ece559658e - std::thread::Builder::spawn_unchecked_::{{closure}}::h8e141ea224820bce
[INFO] [stdout]                                at /rustc/df4ca44d3fbc9301ee17f30f4d474e6ae4b05252/library/std/src/thread/mod.rs:540:30
[INFO] [stdout]   41:     0x62ece559658e - core::ops::function::FnOnce::call_once{{vtable.shim}}::h90d312fedd7b8ea8
[INFO] [stdout]                                at /rustc/df4ca44d3fbc9301ee17f30f4d474e6ae4b05252/library/core/src/ops/function.rs:250:5
[INFO] [stdout]   42:     0x62ece585955b - <alloc::boxed::Box<F,A> as core::ops::function::FnOnce<Args>>::call_once::h69aa08ddb6adb8b6
[INFO] [stdout]                                at /rustc/df4ca44d3fbc9301ee17f30f4d474e6ae4b05252/library/alloc/src/boxed.rs:2454:9
[INFO] [stdout]   43:     0x62ece585955b - <alloc::boxed::Box<F,A> as core::ops::function::FnOnce<Args>>::call_once::h5aa36efdb79c806f
[INFO] [stdout]                                at /rustc/df4ca44d3fbc9301ee17f30f4d474e6ae4b05252/library/alloc/src/boxed.rs:2454:9
[INFO] [stdout]   44:     0x62ece585955b - std::sys::pal::unix::thread::Thread::new::thread_start::h6cd80a1b4be5158d
[INFO] [stdout]                                at /rustc/df4ca44d3fbc9301ee17f30f4d474e6ae4b05252/library/std/src/sys/pal/unix/thread.rs:105:17
[INFO] [stdout]   45:     0x7952f8c6bac3 - <unknown>
[INFO] [stdout]   46:     0x7952f8cfca04 - clone
[INFO] [stdout]   47:                0x0 - <unknown>
[INFO] [stdout] 
[INFO] [stdout] 
[INFO] [stdout] failures:
[INFO] [stdout]     asset_config::with_tempdir::no_read_permission
[INFO] [stdout] 
[INFO] [stdout] test result: FAILED. 17 passed; 1 failed; 0 ignored; 0 measured; 0 filtered out; finished in 0.20s
[INFO] [stdout] 
[INFO] [stderr] error: test failed, to rerun pass `-p ic-asset --lib`
[INFO] running `Command { std: "docker" "inspect" "15453258bb0857d9f75710fe1dfd0ce31b3be92b4a42d7768adddd89d468baa5", kill_on_drop: false }`
[INFO] running `Command { std: "docker" "rm" "-f" "15453258bb0857d9f75710fe1dfd0ce31b3be92b4a42d7768adddd89d468baa5", kill_on_drop: false }`
[INFO] [stdout] 15453258bb0857d9f75710fe1dfd0ce31b3be92b4a42d7768adddd89d468baa5
