[INFO] cloning repository https://github.com/O-Despo/rust-auth
[INFO] running `Command { std: "git" "-c" "credential.helper=" "-c" "credential.helper=/workspace/cargo-home/bin/git-credential-null" "clone" "--bare" "https://github.com/O-Despo/rust-auth" "/workspace/cache/git-repos/https%3A%2F%2Fgithub.com%2FO-Despo%2Frust-auth", kill_on_drop: false }`
[INFO] [stderr] Cloning into bare repository '/workspace/cache/git-repos/https%3A%2F%2Fgithub.com%2FO-Despo%2Frust-auth'...
[INFO] running `Command { std: "git" "rev-parse" "HEAD", kill_on_drop: false }`
[INFO] [stdout] 93462597a9c997de00c9b7c0ac524d9db7cfe9df
[INFO] testing O-Despo/rust-auth/93462597a9c997de00c9b7c0ac524d9db7cfe9df against nightly-2024-10-28 for randomize-layout
[INFO] running `Command { std: "git" "clone" "/workspace/cache/git-repos/https%3A%2F%2Fgithub.com%2FO-Despo%2Frust-auth" "/workspace/builds/worker-0-tc1/source", kill_on_drop: false }`
[INFO] [stderr] Cloning into '/workspace/builds/worker-0-tc1/source'...
[INFO] [stderr] done.
[INFO] validating manifest of git repo https://github.com/O-Despo/rust-auth on toolchain nightly-2024-10-28
[INFO] running `Command { std: CARGO_HOME="/workspace/cargo-home" RUSTUP_HOME="/workspace/rustup-home" "/workspace/cargo-home/bin/cargo" "+nightly-2024-10-28" "metadata" "--manifest-path" "Cargo.toml" "--no-deps", kill_on_drop: false }`
[INFO] started tweaking git repo https://github.com/O-Despo/rust-auth
[INFO] finished tweaking git repo https://github.com/O-Despo/rust-auth
[INFO] tweaked toml for git repo https://github.com/O-Despo/rust-auth written to /workspace/builds/worker-0-tc1/source/Cargo.toml
[INFO] crate git repo https://github.com/O-Despo/rust-auth already has a lockfile, it will not be regenerated
[INFO] running `Command { std: CARGO_HOME="/workspace/cargo-home" RUSTUP_HOME="/workspace/rustup-home" "/workspace/cargo-home/bin/cargo" "+nightly-2024-10-28" "fetch" "--manifest-path" "Cargo.toml", kill_on_drop: false }`
[INFO] [stderr]  Downloading crates ...
[INFO] [stderr]   Downloaded sqlx-macros-core v0.8.0
[INFO] [stderr]   Downloaded sqlx-macros v0.8.0
[INFO] [stderr]   Downloaded actix-session v0.9.0
[INFO] [stderr]   Downloaded sqlx-mysql v0.8.0
[INFO] [stderr]   Downloaded sqlx-sqlite v0.8.0
[INFO] [stderr]   Downloaded sqlx v0.8.0
[INFO] [stderr]   Downloaded sqlx-postgres v0.8.0
[INFO] [stderr]   Downloaded sqlx-core v0.8.0
[INFO] running `Command { std: "docker" "create" "-v" "/var/lib/crater-agent-workspace/builds/worker-0-tc1/target:/opt/rustwide/target:rw,Z" "-v" "/var/lib/crater-agent-workspace/builds/worker-0-tc1/source:/opt/rustwide/workdir:ro,Z" "-v" "/var/lib/crater-agent-workspace/cargo-home:/opt/rustwide/cargo-home:ro,Z" "-v" "/var/lib/crater-agent-workspace/rustup-home:/opt/rustwide/rustup-home:ro,Z" "-e" "SOURCE_DIR=/opt/rustwide/workdir" "-e" "CARGO_TARGET_DIR=/opt/rustwide/target" "-e" "CARGO_HOME=/opt/rustwide/cargo-home" "-e" "RUSTUP_HOME=/opt/rustwide/rustup-home" "-w" "/opt/rustwide/workdir" "-m" "1610612736" "--user" "0:0" "--network" "none" "ghcr.io/rust-lang/crates-build-env/linux@sha256:4a844ea9eb2546a2d2c7022eacef16ef2e8229c7fbb2c7d4d55a9ceca922f72d" "/opt/rustwide/cargo-home/bin/cargo" "+nightly-2024-10-28" "metadata" "--no-deps" "--format-version=1", kill_on_drop: false }`
[INFO] [stdout] 542249e9bc695820a5029ef6de6dbd2e08f90649d8287c0079dbff2b54b58b6a
[INFO] running `Command { std: "docker" "start" "-a" "542249e9bc695820a5029ef6de6dbd2e08f90649d8287c0079dbff2b54b58b6a", kill_on_drop: false }`
[INFO] running `Command { std: "docker" "inspect" "542249e9bc695820a5029ef6de6dbd2e08f90649d8287c0079dbff2b54b58b6a", kill_on_drop: false }`
[INFO] running `Command { std: "docker" "rm" "-f" "542249e9bc695820a5029ef6de6dbd2e08f90649d8287c0079dbff2b54b58b6a", kill_on_drop: false }`
[INFO] [stdout] 542249e9bc695820a5029ef6de6dbd2e08f90649d8287c0079dbff2b54b58b6a
[INFO] running `Command { std: "docker" "create" "-v" "/var/lib/crater-agent-workspace/builds/worker-0-tc1/target:/opt/rustwide/target:rw,Z" "-v" "/var/lib/crater-agent-workspace/builds/worker-0-tc1/source:/opt/rustwide/workdir:ro,Z" "-v" "/var/lib/crater-agent-workspace/cargo-home:/opt/rustwide/cargo-home:ro,Z" "-v" "/var/lib/crater-agent-workspace/rustup-home:/opt/rustwide/rustup-home:ro,Z" "-e" "SOURCE_DIR=/opt/rustwide/workdir" "-e" "CARGO_TARGET_DIR=/opt/rustwide/target" "-e" "CARGO_INCREMENTAL=0" "-e" "RUST_BACKTRACE=full" "-e" "RUSTFLAGS=--cap-lints=forbid" "-e" "RUSTDOCFLAGS=--cap-lints=forbid" "-e" "CARGO_HOME=/opt/rustwide/cargo-home" "-e" "RUSTUP_HOME=/opt/rustwide/rustup-home" "-w" "/opt/rustwide/workdir" "-m" "1610612736" "--user" "0:0" "--network" "none" "ghcr.io/rust-lang/crates-build-env/linux@sha256:4a844ea9eb2546a2d2c7022eacef16ef2e8229c7fbb2c7d4d55a9ceca922f72d" "/opt/rustwide/cargo-home/bin/cargo" "+nightly-2024-10-28" "build" "--frozen" "--message-format=json", kill_on_drop: false }`
[INFO] [stdout] 137147e43905b4140d5af702515fa648423873c512acc532cab8d8e29a3608d5
[INFO] running `Command { std: "docker" "start" "-a" "137147e43905b4140d5af702515fa648423873c512acc532cab8d8e29a3608d5", kill_on_drop: false }`
[INFO] [stderr]    Compiling libc v0.2.155
[INFO] [stderr]    Compiling cfg-if v1.0.0
[INFO] [stderr]    Compiling version_check v0.9.4
[INFO] [stderr]    Compiling once_cell v1.19.0
[INFO] [stderr]    Compiling proc-macro2 v1.0.86
[INFO] [stderr]    Compiling unicode-ident v1.0.12
[INFO] [stderr]    Compiling typenum v1.17.0
[INFO] [stderr]    Compiling autocfg v1.3.0
[INFO] [stderr]    Compiling serde v1.0.204
[INFO] [stderr]    Compiling pin-project-lite v0.2.14
[INFO] [stderr]    Compiling bytes v1.6.0
[INFO] [stderr]    Compiling log v0.4.22
[INFO] [stderr]    Compiling futures-core v0.3.30
[INFO] [stderr]    Compiling generic-array v0.14.7
[INFO] [stderr]    Compiling lock_api v0.4.12
[INFO] [stderr]    Compiling parking_lot_core v0.9.10
[INFO] [stderr]    Compiling subtle v2.6.1
[INFO] [stderr]    Compiling scopeguard v1.2.0
[INFO] [stderr]    Compiling memchr v2.7.4
[INFO] [stderr]    Compiling paste v1.0.15
[INFO] [stderr]    Compiling zerocopy v0.7.35
[INFO] [stderr]    Compiling quote v1.0.36
[INFO] [stderr]    Compiling tracing-core v0.1.32
[INFO] [stderr]    Compiling untrusted v0.9.0
[INFO] [stderr]    Compiling getrandom v0.2.15
[INFO] [stderr]    Compiling syn v2.0.71
[INFO] [stderr]    Compiling jobserver v0.1.31
[INFO] [stderr]    Compiling socket2 v0.5.7
[INFO] [stderr]    Compiling rand_core v0.6.4
[INFO] [stderr]    Compiling cc v1.1.1
[INFO] [stderr]    Compiling cpufeatures v0.2.12
[INFO] [stderr]    Compiling allocator-api2 v0.2.18
[INFO] [stderr]    Compiling itoa v1.0.11
[INFO] [stderr]    Compiling slab v0.4.9
[INFO] [stderr]    Compiling signal-hook-registry v1.4.2
[INFO] [stderr]    Compiling mio v0.8.11
[INFO] [stderr]    Compiling percent-encoding v2.3.1
[INFO] [stderr]    Compiling tinyvec_macros v0.1.1
[INFO] [stderr]    Compiling tinyvec v1.8.0
[INFO] [stderr]    Compiling block-buffer v0.10.4
[INFO] [stderr]    Compiling crypto-common v0.1.6
[INFO] [stderr]    Compiling futures-task v0.3.30
[INFO] [stderr]    Compiling futures-io v0.3.30
[INFO] [stderr]    Compiling futures-sink v0.3.30
[INFO] [stderr]    Compiling digest v0.10.7
[INFO] [stderr]    Compiling pin-utils v0.1.0
[INFO] [stderr]    Compiling cmake v0.1.50
[INFO] [stderr]    Compiling equivalent v1.0.1
[INFO] [stderr]    Compiling dunce v1.0.4
[INFO] [stderr]    Compiling fs_extra v1.3.0
[INFO] [stderr]    Compiling unicode-bidi v0.3.15
[INFO] [stderr]    Compiling form_urlencoded v1.2.1
[INFO] [stderr]    Compiling ahash v0.8.11
[INFO] [stderr]    Compiling crossbeam-utils v0.8.20
[INFO] [stderr]    Compiling ppv-lite86 v0.2.17
[INFO] [stderr]    Compiling num-traits v0.2.19
[INFO] [stderr]    Compiling serde_json v1.0.120
[INFO] [stderr]    Compiling spin v0.9.8
[INFO] [stderr]    Compiling unicode-normalization v0.1.23
[INFO] [stderr]    Compiling ryu v1.0.18
[INFO] [stderr]    Compiling rand_chacha v0.3.1
[INFO] [stderr]    Compiling aws-lc-rs v1.8.0
[INFO] [stderr]    Compiling ring v0.17.8
[INFO] [stderr]    Compiling aws-lc-sys v0.19.0
[INFO] [stderr]    Compiling idna v0.5.0
[INFO] [stderr]    Compiling hashbrown v0.14.5
[INFO] [stderr]    Compiling pkg-config v0.3.30
[INFO] [stderr]    Compiling thiserror v1.0.62
[INFO] [stderr]    Compiling rustls v0.21.12
[INFO] [stderr]    Compiling minimal-lexical v0.2.1
[INFO] [stderr]    Compiling zstd-sys v2.0.12+zstd.1.5.6
[INFO] [stderr]    Compiling nom v7.1.3
[INFO] [stderr]    Compiling concurrent-queue v2.5.0
[INFO] [stderr]    Compiling futures-util v0.3.30
[INFO] [stderr]    Compiling unicode_categories v0.1.1
[INFO] [stderr]    Compiling rustls-pki-types v1.7.0
[INFO] [stderr]    Compiling mirai-annotations v1.12.0
[INFO] [stderr]    Compiling crc-catalog v2.4.0
[INFO] [stderr]    Compiling parking v2.2.0
[INFO] [stderr]    Compiling base64 v0.21.7
[INFO] [stderr]    Compiling event-listener v5.3.1
[INFO] [stderr]    Compiling crc v3.2.1
[INFO] [stderr]    Compiling rustls-pemfile v1.0.4
[INFO] [stderr]    Compiling atoi v2.0.0
[INFO] [stderr]    Compiling indexmap v2.2.6
[INFO] [stderr]    Compiling crossbeam-queue v0.3.11
[INFO] [stderr]    Compiling inout v0.1.3
[INFO] [stderr]    Compiling sqlformat v0.2.4
[INFO] [stderr]    Compiling hex v0.4.3
[INFO] [stderr]    Compiling webpki-roots v0.25.4
[INFO] [stderr]    Compiling rustls v0.23.11
[INFO] [stderr]    Compiling local-waker v0.1.4
[INFO] [stderr]    Compiling byteorder v1.5.0
[INFO] [stderr]    Compiling tokio v1.38.0
[INFO] [stderr]    Compiling cipher v0.4.4
[INFO] [stderr]    Compiling rand v0.8.5
[INFO] [stderr]    Compiling sha2 v0.10.8
[INFO] [stderr]    Compiling serde_derive v1.0.204
[INFO] [stderr]    Compiling tracing-attributes v0.1.27
[INFO] [stderr]    Compiling zeroize_derive v1.4.2
[INFO] [stderr]    Compiling zeroize v1.8.1
[INFO] [stderr]    Compiling thiserror-impl v1.0.62
[INFO] [stderr]    Compiling tracing v0.1.40
[INFO] [stderr]    Compiling hmac v0.12.1
[INFO] [stderr]    Compiling universal-hash v0.5.1
[INFO] [stderr]    Compiling bytestring v1.3.1
[INFO] [stderr]    Compiling zstd-safe v7.2.0
[INFO] [stderr]    Compiling bitflags v2.6.0
[INFO] [stderr]    Compiling alloc-no-stdlib v2.0.4
[INFO] [stderr]    Compiling rustix v0.38.34
[INFO] [stderr]    Compiling fnv v1.0.7
[INFO] [stderr]    Compiling rustls-webpki v0.101.7
[INFO] [stderr]    Compiling sct v0.7.1
[INFO] [stderr]    Compiling base64 v0.22.1
[INFO] [stderr]    Compiling opaque-debug v0.3.1
[INFO] [stderr]    Compiling unicode-properties v0.1.1
[INFO] [stderr]    Compiling stringprep v0.1.5
[INFO] [stderr]    Compiling tokio-stream v0.1.15
[INFO] [stderr]    Compiling polyval v0.6.2
[INFO] [stderr]    Compiling http v0.2.12
[INFO] [stderr]    Compiling alloc-stdlib v0.2.2
[INFO] [stderr]    Compiling hkdf v0.12.4
[INFO] [stderr]    Compiling actix-utils v3.0.1
[INFO] [stderr]    Compiling futures-channel v0.3.30
[INFO] [stderr]    Compiling hashlink v0.9.1
[INFO] [stderr]    Compiling url v2.5.2
[INFO] [stderr]    Compiling actix-service v2.0.2
[INFO] [stderr]    Compiling aho-corasick v1.1.3
[INFO] [stderr]    Compiling dotenvy v0.15.7
[INFO] [stderr]    Compiling httparse v1.9.4
[INFO] [stderr]    Compiling adler v1.0.2
[INFO] [stderr]    Compiling num-conv v0.1.0
[INFO] [stderr]    Compiling regex-lite v0.1.6
[INFO] [stderr]    Compiling home v0.5.9
[INFO] [stderr]    Compiling linux-raw-sys v0.4.14
[INFO] [stderr]    Compiling smallvec v1.13.2
[INFO] [stderr]    Compiling either v1.13.0
[INFO] [stderr]    Compiling parking_lot v0.12.3
[INFO] [stderr]    Compiling regex-syntax v0.8.4
[INFO] [stderr]    Compiling futures-intrusive v0.5.0
[INFO] [stderr]    Compiling time-core v0.1.2
[INFO] [stderr]    Compiling whoami v1.5.1
[INFO] [stderr]    Compiling powerfmt v0.2.0
[INFO] [stderr]    Compiling sqlx-core v0.8.0
[INFO] [stderr]    Compiling deranged v0.3.11
[INFO] [stderr]    Compiling time-macros v0.2.18
[INFO] [stderr]    Compiling miniz_oxide v0.7.4
[INFO] [stderr]    Compiling regex-automata v0.4.7
[INFO] [stderr]    Compiling brotli-decompressor v4.0.1
[INFO] [stderr]    Compiling ghash v0.5.1
[INFO] [stderr]    Compiling aes v0.8.4
[INFO] [stderr]    Compiling ctr v0.9.2
[INFO] [stderr]    Compiling md-5 v0.10.6
[INFO] [stderr]    Compiling aead v0.5.2
[INFO] [stderr]    Compiling tokio-util v0.7.11
[INFO] [stderr]    Compiling actix-rt v2.10.0
[INFO] [stderr]    Compiling cookie v0.16.2
[INFO] [stderr]    Compiling crc32fast v1.4.2
[INFO] [stderr]    Compiling fastrand v2.1.0
[INFO] [stderr]    Compiling impl-more v0.1.6
[INFO] [stderr]    Compiling convert_case v0.4.0
[INFO] [stderr]    Compiling tempfile v3.10.1
[INFO] [stderr]    Compiling sqlx-postgres v0.8.0
[INFO] [stderr]    Compiling derive_more v0.99.18
[INFO] [stderr]    Compiling flate2 v1.0.30
[INFO] [stderr]    Compiling actix-codec v0.5.2
[INFO] [stderr]    Compiling h2 v0.3.26
[INFO] [stderr]    Compiling regex v1.10.5
[INFO] [stderr]    Compiling aes-gcm v0.10.3
[INFO] [stderr]    Compiling brotli v6.0.0
[INFO] [stderr]    Compiling time v0.3.36
[INFO] [stderr]    Compiling actix-router v0.5.3
[INFO] [stderr]    Compiling zstd v0.13.2
[INFO] [stderr]    Compiling local-channel v0.1.5
[INFO] [stderr]    Compiling sha1 v0.10.6
[INFO] [stderr]    Compiling encoding_rs v0.8.34
[INFO] [stderr]    Compiling httpdate v1.0.3
[INFO] [stderr]    Compiling mime v0.3.17
[INFO] [stderr]    Compiling heck v0.5.0
[INFO] [stderr]    Compiling anyhow v1.0.86
[INFO] [stderr]    Compiling language-tags v0.3.2
[INFO] [stderr]    Compiling base64 v0.20.0
[INFO] [stderr]    Compiling sqlx-macros-core v0.8.0
[INFO] [stderr]    Compiling actix-web-codegen v4.3.0
[INFO] [stderr]    Compiling actix-server v2.4.0
[INFO] [stderr]    Compiling serde_urlencoded v0.7.1
[INFO] [stderr]    Compiling actix-macros v0.2.4
[INFO] [stderr]    Compiling base64ct v1.6.0
[INFO] [stderr]    Compiling password-hash v0.4.2
[INFO] [stderr]    Compiling blake2 v0.10.6
[INFO] [stderr]    Compiling sqlx-macros v0.8.0
[INFO] [stderr]    Compiling iana-time-zone v0.1.60
[INFO] [stderr]    Compiling argon2 v0.4.1
[INFO] [stderr]    Compiling chrono v0.4.38
[INFO] [stderr]    Compiling rustls-pemfile v2.1.2
[INFO] [stderr]    Compiling sqlx v0.8.0
[INFO] [stderr]    Compiling rustls-webpki v0.102.5
[INFO] [stderr]    Compiling tokio-rustls v0.26.0
[INFO] [stderr]    Compiling actix-tls v3.4.0
[INFO] [stderr]    Compiling actix-http v3.8.0
[INFO] [stderr]    Compiling actix-web v4.8.0
[INFO] [stderr]    Compiling actix-session v0.9.0
[INFO] [stderr]    Compiling mini-rust-auth v0.1.8 (/opt/rustwide/workdir)
[INFO] [stdout] warning: unused imports: `HttpRequest` and `cookie::time::format_description::modifier::End`
[INFO] [stdout]   --> src/session.rs:13:17
[INFO] [stdout]    |
[INFO] [stdout] 13 | use actix_web::{cookie::time::format_description::modifier::End, HttpRequest, HttpResponse, Responder};
[INFO] [stdout]    |                 ^^^^^^^^^^^^^^^^^^^^^^^^^^^^^^^^^^^^^^^^^^^^^^^  ^^^^^^^^^^^
[INFO] [stdout]    |
[INFO] [stdout]    = note: `#[warn(unused_imports)]` on by default
[INFO] [stdout] 
[INFO] [stdout] 
[INFO] [stdout] warning: unused import: `argon2::password_hash::rand_core::impls`
[INFO] [stdout]   --> src/session.rs:14:5
[INFO] [stdout]    |
[INFO] [stdout] 14 | use argon2::password_hash::rand_core::impls;
[INFO] [stdout]    |     ^^^^^^^^^^^^^^^^^^^^^^^^^^^^^^^^^^^^^^^
[INFO] [stdout] 
[INFO] [stdout] 
[INFO] [stdout] warning: unused import: `Session`
[INFO] [stdout]  --> src/wrappers.rs:2:27
[INFO] [stdout]   |
[INFO] [stdout] 2 | use actix_session::{self, Session};
[INFO] [stdout]   |                           ^^^^^^^
[INFO] [stdout] 
[INFO] [stdout] 
[INFO] [stdout] warning: unused import: `HttpRequest`
[INFO] [stdout]  --> src/wrappers.rs:3:17
[INFO] [stdout]   |
[INFO] [stdout] 3 | use actix_web::{HttpRequest, HttpResponse, Responder};
[INFO] [stdout]   |                 ^^^^^^^^^^^
[INFO] [stdout] 
[INFO] [stdout] 
[INFO] [stdout] warning: unused import: `argon2::password_hash::rand_core::impls`
[INFO] [stdout]  --> src/wrappers.rs:4:5
[INFO] [stdout]   |
[INFO] [stdout] 4 | use argon2::password_hash::rand_core::impls;
[INFO] [stdout]   |     ^^^^^^^^^^^^^^^^^^^^^^^^^^^^^^^^^^^^^^^
[INFO] [stdout] 
[INFO] [stdout] 
[INFO] [stdout] warning: unused imports: `SessionValidated` and `validate_session`
[INFO] [stdout]  --> src/wrappers.rs:8:25
[INFO] [stdout]   |
[INFO] [stdout] 8 | use crate::auth::{self, validate_session, SessionValidated};
[INFO] [stdout]   |                         ^^^^^^^^^^^^^^^^  ^^^^^^^^^^^^^^^^
[INFO] [stdout] 
[INFO] [stdout] 
[INFO] [stdout] warning: fields `user_name` and `realms` are never read
[INFO] [stdout]   --> src/auth.rs:88:5
[INFO] [stdout]    |
[INFO] [stdout] 87 | struct UserRow {
[INFO] [stdout]    |        ------- fields in this struct
[INFO] [stdout] 88 |     user_name: String,
[INFO] [stdout]    |     ^^^^^^^^^
[INFO] [stdout] 89 |     phc: String,
[INFO] [stdout] 90 |     realms: String,
[INFO] [stdout]    |     ^^^^^^
[INFO] [stdout]    |
[INFO] [stdout]    = note: `#[warn(dead_code)]` on by default
[INFO] [stdout] 
[INFO] [stdout] 
[INFO] [stdout] warning: function `gen_rand_string_between` is never used
[INFO] [stdout]    --> src/auth.rs:107:4
[INFO] [stdout]     |
[INFO] [stdout] 107 | fn gen_rand_string_between(min_len: u16, max_len: u16) -> String {
[INFO] [stdout]     |    ^^^^^^^^^^^^^^^^^^^^^^^
[INFO] [stdout] 
[INFO] [stdout] 
[INFO] [stdout] warning: unused import: `Session`
[INFO] [stdout]  --> src/wrappers.rs:2:27
[INFO] [stdout]   |
[INFO] [stdout] 2 | use actix_session::{self, Session};
[INFO] [stdout]   |                           ^^^^^^^
[INFO] [stdout]   |
[INFO] [stdout]   = note: `#[warn(unused_imports)]` on by default
[INFO] [stdout] 
[INFO] [stdout] 
[INFO] [stdout] warning: unused import: `HttpRequest`
[INFO] [stdout]  --> src/wrappers.rs:3:17
[INFO] [stdout]   |
[INFO] [stdout] 3 | use actix_web::{HttpRequest, HttpResponse, Responder};
[INFO] [stdout]   |                 ^^^^^^^^^^^
[INFO] [stdout] 
[INFO] [stdout] 
[INFO] [stdout] warning: unused import: `argon2::password_hash::rand_core::impls`
[INFO] [stdout]  --> src/wrappers.rs:4:5
[INFO] [stdout]   |
[INFO] [stdout] 4 | use argon2::password_hash::rand_core::impls;
[INFO] [stdout]   |     ^^^^^^^^^^^^^^^^^^^^^^^^^^^^^^^^^^^^^^^
[INFO] [stdout] 
[INFO] [stdout] 
[INFO] [stdout] warning: unused imports: `SessionValidated` and `validate_session`
[INFO] [stdout]  --> src/wrappers.rs:8:25
[INFO] [stdout]   |
[INFO] [stdout] 8 | use crate::auth::{self, validate_session, SessionValidated};
[INFO] [stdout]   |                         ^^^^^^^^^^^^^^^^  ^^^^^^^^^^^^^^^^
[INFO] [stdout] 
[INFO] [stdout] 
[INFO] [stdout] warning: field `0` is never read
[INFO] [stdout]   --> src/auth.rs:39:15
[INFO] [stdout]    |
[INFO] [stdout] 39 |     HashError(String),
[INFO] [stdout]    |     --------- ^^^^^^
[INFO] [stdout]    |     |
[INFO] [stdout]    |     field in this variant
[INFO] [stdout]    |
[INFO] [stdout]    = note: `AddUserReturn` has a derived impl for the trait `Debug`, but this is intentionally ignored during dead code analysis
[INFO] [stdout]    = note: `#[warn(dead_code)]` on by default
[INFO] [stdout] help: consider changing the field to be of unit type to suppress this warning while preserving the field numbering, or remove the field
[INFO] [stdout]    |
[INFO] [stdout] 39 |     HashError(()),
[INFO] [stdout]    |               ~~
[INFO] [stdout] 
[INFO] [stdout] 
[INFO] [stdout] warning: variant `SaltFailed` is never constructed
[INFO] [stdout]   --> src/auth.rs:38:5
[INFO] [stdout]    |
[INFO] [stdout] 35 | pub enum AddUserReturn {
[INFO] [stdout]    |          ------------- variant in this enum
[INFO] [stdout] ...
[INFO] [stdout] 38 |     SaltFailed(),
[INFO] [stdout]    |     ^^^^^^^^^^
[INFO] [stdout]    |
[INFO] [stdout]    = note: `AddUserReturn` has a derived impl for the trait `Debug`, but this is intentionally ignored during dead code analysis
[INFO] [stdout] 
[INFO] [stdout] 
[INFO] [stdout] warning: enum `DeleteUserReturn` is never used
[INFO] [stdout]   --> src/auth.rs:44:10
[INFO] [stdout]    |
[INFO] [stdout] 44 | pub enum DeleteUserReturn {
[INFO] [stdout]    |          ^^^^^^^^^^^^^^^^
[INFO] [stdout]    |
[INFO] [stdout]    = note: `DeleteUserReturn` has a derived impl for the trait `Debug`, but this is intentionally ignored during dead code analysis
[INFO] [stdout] 
[INFO] [stdout] 
[INFO] [stdout] warning: enum `EndSessionReturn` is never used
[INFO] [stdout]   --> src/auth.rs:52:10
[INFO] [stdout]    |
[INFO] [stdout] 52 | pub enum EndSessionReturn {
[INFO] [stdout]    |          ^^^^^^^^^^^^^^^^
[INFO] [stdout]    |
[INFO] [stdout]    = note: `EndSessionReturn` has a derived impl for the trait `Debug`, but this is intentionally ignored during dead code analysis
[INFO] [stdout] 
[INFO] [stdout] 
[INFO] [stdout] warning: field `0` is never read
[INFO] [stdout]   --> src/auth.rs:69:27
[INFO] [stdout]    |
[INFO] [stdout] 69 |     FailedToAddToDatabase(String),
[INFO] [stdout]    |     --------------------- ^^^^^^
[INFO] [stdout]    |     |
[INFO] [stdout]    |     field in this variant
[INFO] [stdout]    |
[INFO] [stdout]    = note: `SessionGeneratedErr` has a derived impl for the trait `Debug`, but this is intentionally ignored during dead code analysis
[INFO] [stdout] help: consider changing the field to be of unit type to suppress this warning while preserving the field numbering, or remove the field
[INFO] [stdout]    |
[INFO] [stdout] 69 |     FailedToAddToDatabase(()),
[INFO] [stdout]    |                           ~~
[INFO] [stdout] 
[INFO] [stdout] 
[INFO] [stdout] warning: enum `SessionInvalided` is never used
[INFO] [stdout]   --> src/auth.rs:80:10
[INFO] [stdout]    |
[INFO] [stdout] 80 | pub enum SessionInvalided {
[INFO] [stdout]    |          ^^^^^^^^^^^^^^^^
[INFO] [stdout] 
[INFO] [stdout] 
[INFO] [stdout] warning: fields `user_name` and `realms` are never read
[INFO] [stdout]   --> src/auth.rs:88:5
[INFO] [stdout]    |
[INFO] [stdout] 87 | struct UserRow {
[INFO] [stdout]    |        ------- fields in this struct
[INFO] [stdout] 88 |     user_name: String,
[INFO] [stdout]    |     ^^^^^^^^^
[INFO] [stdout] 89 |     phc: String,
[INFO] [stdout] 90 |     realms: String,
[INFO] [stdout]    |     ^^^^^^
[INFO] [stdout] 
[INFO] [stdout] 
[INFO] [stdout] warning: function `gen_rand_string_between` is never used
[INFO] [stdout]    --> src/auth.rs:107:4
[INFO] [stdout]     |
[INFO] [stdout] 107 | fn gen_rand_string_between(min_len: u16, max_len: u16) -> String {
[INFO] [stdout]     |    ^^^^^^^^^^^^^^^^^^^^^^^
[INFO] [stdout] 
[INFO] [stdout] 
[INFO] [stdout] warning: function `invalidate_session` is never used
[INFO] [stdout]    --> src/auth.rs:228:14
[INFO] [stdout]     |
[INFO] [stdout] 228 | pub async fn invalidate_session(
[INFO] [stdout]     |              ^^^^^^^^^^^^^^^^^^
[INFO] [stdout] 
[INFO] [stdout] 
[INFO] [stdout] warning: function `delete_user` is never used
[INFO] [stdout]    --> src/auth.rs:303:14
[INFO] [stdout]     |
[INFO] [stdout] 303 | pub async fn delete_user(credentials: &Credentials, pool: &sqlx::Pool<Postgres>) -> DeleteUserReturn {
[INFO] [stdout]     |              ^^^^^^^^^^^
[INFO] [stdout] 
[INFO] [stdout] 
[INFO] [stdout] warning: function `end_sessions` is never used
[INFO] [stdout]    --> src/auth.rs:333:14
[INFO] [stdout]     |
[INFO] [stdout] 333 | pub async fn end_sessions(session: &Session, pool: &sqlx::Pool<Postgres>) -> EndSessionReturn {
[INFO] [stdout]     |              ^^^^^^^^^^^^
[INFO] [stdout] 
[INFO] [stdout] 
[INFO] [stdout] warning: function `delete_user_wrapper` is never used
[INFO] [stdout]    --> src/wrappers.rs:136:14
[INFO] [stdout]     |
[INFO] [stdout] 136 | pub async fn delete_user_wrapper(
[INFO] [stdout]     |              ^^^^^^^^^^^^^^^^^^^
[INFO] [stdout] 
[INFO] [stdout] 
[INFO] [stderr]     Finished `dev` profile [unoptimized + debuginfo] target(s) in 43.57s
[INFO] running `Command { std: "docker" "inspect" "137147e43905b4140d5af702515fa648423873c512acc532cab8d8e29a3608d5", kill_on_drop: false }`
[INFO] running `Command { std: "docker" "rm" "-f" "137147e43905b4140d5af702515fa648423873c512acc532cab8d8e29a3608d5", kill_on_drop: false }`
[INFO] [stdout] 137147e43905b4140d5af702515fa648423873c512acc532cab8d8e29a3608d5
[INFO] running `Command { std: "docker" "create" "-v" "/var/lib/crater-agent-workspace/builds/worker-0-tc1/target:/opt/rustwide/target:rw,Z" "-v" "/var/lib/crater-agent-workspace/builds/worker-0-tc1/source:/opt/rustwide/workdir:ro,Z" "-v" "/var/lib/crater-agent-workspace/cargo-home:/opt/rustwide/cargo-home:ro,Z" "-v" "/var/lib/crater-agent-workspace/rustup-home:/opt/rustwide/rustup-home:ro,Z" "-e" "SOURCE_DIR=/opt/rustwide/workdir" "-e" "CARGO_TARGET_DIR=/opt/rustwide/target" "-e" "CARGO_INCREMENTAL=0" "-e" "RUST_BACKTRACE=full" "-e" "RUSTFLAGS=--cap-lints=forbid" "-e" "RUSTDOCFLAGS=--cap-lints=forbid" "-e" "CARGO_HOME=/opt/rustwide/cargo-home" "-e" "RUSTUP_HOME=/opt/rustwide/rustup-home" "-w" "/opt/rustwide/workdir" "-m" "1610612736" "--user" "0:0" "--network" "none" "ghcr.io/rust-lang/crates-build-env/linux@sha256:4a844ea9eb2546a2d2c7022eacef16ef2e8229c7fbb2c7d4d55a9ceca922f72d" "/opt/rustwide/cargo-home/bin/cargo" "+nightly-2024-10-28" "test" "--frozen" "--no-run" "--message-format=json", kill_on_drop: false }`
[INFO] [stdout] b0ee91da5deec4cc34dd1725f40fa1af6161f954466a44e17dfc0cfcf3749bf5
[INFO] running `Command { std: "docker" "start" "-a" "b0ee91da5deec4cc34dd1725f40fa1af6161f954466a44e17dfc0cfcf3749bf5", kill_on_drop: false }`
[INFO] [stderr]    Compiling mini-rust-auth v0.1.8 (/opt/rustwide/workdir)
[INFO] [stdout] warning: unused imports: `HttpRequest` and `cookie::time::format_description::modifier::End`
[INFO] [stdout]   --> src/session.rs:13:17
[INFO] [stdout]    |
[INFO] [stdout] 13 | use actix_web::{cookie::time::format_description::modifier::End, HttpRequest, HttpResponse, Responder};
[INFO] [stdout]    |                 ^^^^^^^^^^^^^^^^^^^^^^^^^^^^^^^^^^^^^^^^^^^^^^^  ^^^^^^^^^^^
[INFO] [stdout]    |
[INFO] [stdout]    = note: `#[warn(unused_imports)]` on by default
[INFO] [stdout] 
[INFO] [stdout] 
[INFO] [stdout] warning: unused import: `argon2::password_hash::rand_core::impls`
[INFO] [stdout]   --> src/session.rs:14:5
[INFO] [stdout]    |
[INFO] [stdout] 14 | use argon2::password_hash::rand_core::impls;
[INFO] [stdout]    |     ^^^^^^^^^^^^^^^^^^^^^^^^^^^^^^^^^^^^^^^
[INFO] [stdout] 
[INFO] [stdout] 
[INFO] [stdout] warning: unused import: `Session`
[INFO] [stdout]  --> src/wrappers.rs:2:27
[INFO] [stdout]   |
[INFO] [stdout] 2 | use actix_session::{self, Session};
[INFO] [stdout]   |                           ^^^^^^^
[INFO] [stdout] 
[INFO] [stdout] 
[INFO] [stdout] warning: unused import: `HttpRequest`
[INFO] [stdout]  --> src/wrappers.rs:3:17
[INFO] [stdout]   |
[INFO] [stdout] 3 | use actix_web::{HttpRequest, HttpResponse, Responder};
[INFO] [stdout]   |                 ^^^^^^^^^^^
[INFO] [stdout] 
[INFO] [stdout] 
[INFO] [stdout] warning: unused import: `argon2::password_hash::rand_core::impls`
[INFO] [stdout]  --> src/wrappers.rs:4:5
[INFO] [stdout]   |
[INFO] [stdout] 4 | use argon2::password_hash::rand_core::impls;
[INFO] [stdout]   |     ^^^^^^^^^^^^^^^^^^^^^^^^^^^^^^^^^^^^^^^
[INFO] [stdout] 
[INFO] [stdout] 
[INFO] [stdout] warning: unused imports: `SessionValidated` and `validate_session`
[INFO] [stdout]  --> src/wrappers.rs:8:25
[INFO] [stdout]   |
[INFO] [stdout] 8 | use crate::auth::{self, validate_session, SessionValidated};
[INFO] [stdout]   |                         ^^^^^^^^^^^^^^^^  ^^^^^^^^^^^^^^^^
[INFO] [stdout] 
[INFO] [stdout] 
[INFO] [stdout] warning: fields `user_name` and `realms` are never read
[INFO] [stdout]   --> src/auth.rs:88:5
[INFO] [stdout]    |
[INFO] [stdout] 87 | struct UserRow {
[INFO] [stdout]    |        ------- fields in this struct
[INFO] [stdout] 88 |     user_name: String,
[INFO] [stdout]    |     ^^^^^^^^^
[INFO] [stdout] 89 |     phc: String,
[INFO] [stdout] 90 |     realms: String,
[INFO] [stdout]    |     ^^^^^^
[INFO] [stdout]    |
[INFO] [stdout]    = note: `#[warn(dead_code)]` on by default
[INFO] [stdout] 
[INFO] [stdout] 
[INFO] [stdout] warning: function `gen_rand_string_between` is never used
[INFO] [stdout]    --> src/auth.rs:107:4
[INFO] [stdout]     |
[INFO] [stdout] 107 | fn gen_rand_string_between(min_len: u16, max_len: u16) -> String {
[INFO] [stdout]     |    ^^^^^^^^^^^^^^^^^^^^^^^
[INFO] [stdout] 
[INFO] [stdout] 
[INFO] [stdout] warning: unused import: `Session`
[INFO] [stdout]  --> src/wrappers.rs:2:27
[INFO] [stdout]   |
[INFO] [stdout] 2 | use actix_session::{self, Session};
[INFO] [stdout]   |                           ^^^^^^^
[INFO] [stdout]   |
[INFO] [stdout]   = note: `#[warn(unused_imports)]` on by default
[INFO] [stdout] 
[INFO] [stdout] 
[INFO] [stdout] warning: unused import: `HttpRequest`
[INFO] [stdout]  --> src/wrappers.rs:3:17
[INFO] [stdout]   |
[INFO] [stdout] 3 | use actix_web::{HttpRequest, HttpResponse, Responder};
[INFO] [stdout]   |                 ^^^^^^^^^^^
[INFO] [stdout] 
[INFO] [stdout] 
[INFO] [stdout] warning: unused import: `argon2::password_hash::rand_core::impls`
[INFO] [stdout]  --> src/wrappers.rs:4:5
[INFO] [stdout]   |
[INFO] [stdout] 4 | use argon2::password_hash::rand_core::impls;
[INFO] [stdout]   |     ^^^^^^^^^^^^^^^^^^^^^^^^^^^^^^^^^^^^^^^
[INFO] [stdout] 
[INFO] [stdout] 
[INFO] [stdout] warning: unused imports: `SessionValidated` and `validate_session`
[INFO] [stdout]  --> src/wrappers.rs:8:25
[INFO] [stdout]   |
[INFO] [stdout] 8 | use crate::auth::{self, validate_session, SessionValidated};
[INFO] [stdout]   |                         ^^^^^^^^^^^^^^^^  ^^^^^^^^^^^^^^^^
[INFO] [stdout] 
[INFO] [stdout] 
[INFO] [stdout] warning: unused imports: `HttpRequest` and `cookie::time::format_description::modifier::End`
[INFO] [stdout]   --> src/session.rs:13:17
[INFO] [stdout]    |
[INFO] [stdout] 13 | use actix_web::{cookie::time::format_description::modifier::End, HttpRequest, HttpResponse, Responder};
[INFO] [stdout]    |                 ^^^^^^^^^^^^^^^^^^^^^^^^^^^^^^^^^^^^^^^^^^^^^^^  ^^^^^^^^^^^
[INFO] [stdout]    |
[INFO] [stdout]    = note: `#[warn(unused_imports)]` on by default
[INFO] [stdout] 
[INFO] [stdout] 
[INFO] [stdout] warning: unused import: `argon2::password_hash::rand_core::impls`
[INFO] [stdout]   --> src/session.rs:14:5
[INFO] [stdout]    |
[INFO] [stdout] 14 | use argon2::password_hash::rand_core::impls;
[INFO] [stdout]    |     ^^^^^^^^^^^^^^^^^^^^^^^^^^^^^^^^^^^^^^^
[INFO] [stdout] 
[INFO] [stdout] 
[INFO] [stdout] warning: unused import: `Session`
[INFO] [stdout]  --> src/wrappers.rs:2:27
[INFO] [stdout]   |
[INFO] [stdout] 2 | use actix_session::{self, Session};
[INFO] [stdout]   |                           ^^^^^^^
[INFO] [stdout] 
[INFO] [stdout] 
[INFO] [stdout] warning: unused import: `HttpRequest`
[INFO] [stdout]  --> src/wrappers.rs:3:17
[INFO] [stdout]   |
[INFO] [stdout] 3 | use actix_web::{HttpRequest, HttpResponse, Responder};
[INFO] [stdout]   |                 ^^^^^^^^^^^
[INFO] [stdout] 
[INFO] [stdout] 
[INFO] [stdout] warning: unused import: `argon2::password_hash::rand_core::impls`
[INFO] [stdout]  --> src/wrappers.rs:4:5
[INFO] [stdout]   |
[INFO] [stdout] 4 | use argon2::password_hash::rand_core::impls;
[INFO] [stdout]   |     ^^^^^^^^^^^^^^^^^^^^^^^^^^^^^^^^^^^^^^^
[INFO] [stdout] 
[INFO] [stdout] 
[INFO] [stdout] warning: unused imports: `SessionValidated` and `validate_session`
[INFO] [stdout]  --> src/wrappers.rs:8:25
[INFO] [stdout]   |
[INFO] [stdout] 8 | use crate::auth::{self, validate_session, SessionValidated};
[INFO] [stdout]   |                         ^^^^^^^^^^^^^^^^  ^^^^^^^^^^^^^^^^
[INFO] [stdout] 
[INFO] [stdout] 
[INFO] [stdout] warning: unused import: `crate::session::generate_session`
[INFO] [stdout]   --> src/lib.rs:33:9
[INFO] [stdout]    |
[INFO] [stdout] 33 |     use crate::session::generate_session;
[INFO] [stdout]    |         ^^^^^^^^^^^^^^^^^^^^^^^^^^^^^^^^
[INFO] [stdout] 
[INFO] [stdout] 
[INFO] [stdout] warning: unused imports: `HttpMessage` and `http::header::ContentType`
[INFO] [stdout]   --> src/lib.rs:34:21
[INFO] [stdout]    |
[INFO] [stdout] 34 |     use actix_web::{http::header::ContentType, test, App, HttpMessage};
[INFO] [stdout]    |                     ^^^^^^^^^^^^^^^^^^^^^^^^^             ^^^^^^^^^^^
[INFO] [stdout] 
[INFO] [stdout] 
[INFO] [stdout] warning: unused import: `super::*`
[INFO] [stdout]   --> src/lib.rs:57:9
[INFO] [stdout]    |
[INFO] [stdout] 57 |     use super::*;
[INFO] [stdout]    |         ^^^^^^^^
[INFO] [stdout] 
[INFO] [stdout] 
[INFO] [stdout] warning: unused imports: `EndSessionReturn` and `session::EndSessionsReturn`
[INFO] [stdout]    --> src/lib.rs:123:30
[INFO] [stdout]     |
[INFO] [stdout] 123 |     use crate::{auth::{self, EndSessionReturn}, session::EndSessionsReturn};
[INFO] [stdout]     |                              ^^^^^^^^^^^^^^^^   ^^^^^^^^^^^^^^^^^^^^^^^^^^
[INFO] [stdout] 
[INFO] [stdout] 
[INFO] [stdout] warning: field `0` is never read
[INFO] [stdout]   --> src/auth.rs:39:15
[INFO] [stdout]    |
[INFO] [stdout] 39 |     HashError(String),
[INFO] [stdout]    |     --------- ^^^^^^
[INFO] [stdout]    |     |
[INFO] [stdout]    |     field in this variant
[INFO] [stdout]    |
[INFO] [stdout]    = note: `AddUserReturn` has a derived impl for the trait `Debug`, but this is intentionally ignored during dead code analysis
[INFO] [stdout]    = note: `#[warn(dead_code)]` on by default
[INFO] [stdout] help: consider changing the field to be of unit type to suppress this warning while preserving the field numbering, or remove the field
[INFO] [stdout]    |
[INFO] [stdout] 39 |     HashError(()),
[INFO] [stdout]    |               ~~
[INFO] [stdout] 
[INFO] [stdout] 
[INFO] [stdout] warning: variant `SaltFailed` is never constructed
[INFO] [stdout]   --> src/auth.rs:38:5
[INFO] [stdout]    |
[INFO] [stdout] 35 | pub enum AddUserReturn {
[INFO] [stdout]    |          ------------- variant in this enum
[INFO] [stdout] ...
[INFO] [stdout] 38 |     SaltFailed(),
[INFO] [stdout]    |     ^^^^^^^^^^
[INFO] [stdout]    |
[INFO] [stdout]    = note: `AddUserReturn` has a derived impl for the trait `Debug`, but this is intentionally ignored during dead code analysis
[INFO] [stdout] 
[INFO] [stdout] 
[INFO] [stdout] warning: enum `DeleteUserReturn` is never used
[INFO] [stdout]   --> src/auth.rs:44:10
[INFO] [stdout]    |
[INFO] [stdout] 44 | pub enum DeleteUserReturn {
[INFO] [stdout]    |          ^^^^^^^^^^^^^^^^
[INFO] [stdout]    |
[INFO] [stdout]    = note: `DeleteUserReturn` has a derived impl for the trait `Debug`, but this is intentionally ignored during dead code analysis
[INFO] [stdout] 
[INFO] [stdout] 
[INFO] [stdout] warning: enum `EndSessionReturn` is never used
[INFO] [stdout]   --> src/auth.rs:52:10
[INFO] [stdout]    |
[INFO] [stdout] 52 | pub enum EndSessionReturn {
[INFO] [stdout]    |          ^^^^^^^^^^^^^^^^
[INFO] [stdout]    |
[INFO] [stdout]    = note: `EndSessionReturn` has a derived impl for the trait `Debug`, but this is intentionally ignored during dead code analysis
[INFO] [stdout] 
[INFO] [stdout] 
[INFO] [stdout] warning: field `0` is never read
[INFO] [stdout]   --> src/auth.rs:69:27
[INFO] [stdout]    |
[INFO] [stdout] 69 |     FailedToAddToDatabase(String),
[INFO] [stdout]    |     --------------------- ^^^^^^
[INFO] [stdout]    |     |
[INFO] [stdout]    |     field in this variant
[INFO] [stdout]    |
[INFO] [stdout]    = note: `SessionGeneratedErr` has a derived impl for the trait `Debug`, but this is intentionally ignored during dead code analysis
[INFO] [stdout] help: consider changing the field to be of unit type to suppress this warning while preserving the field numbering, or remove the field
[INFO] [stdout]    |
[INFO] [stdout] 69 |     FailedToAddToDatabase(()),
[INFO] [stdout]    |                           ~~
[INFO] [stdout] 
[INFO] [stdout] 
[INFO] [stdout] warning: enum `SessionInvalided` is never used
[INFO] [stdout]   --> src/auth.rs:80:10
[INFO] [stdout]    |
[INFO] [stdout] 80 | pub enum SessionInvalided {
[INFO] [stdout]    |          ^^^^^^^^^^^^^^^^
[INFO] [stdout] 
[INFO] [stdout] 
[INFO] [stdout] warning: fields `user_name` and `realms` are never read
[INFO] [stdout]   --> src/auth.rs:88:5
[INFO] [stdout]    |
[INFO] [stdout] 87 | struct UserRow {
[INFO] [stdout]    |        ------- fields in this struct
[INFO] [stdout] 88 |     user_name: String,
[INFO] [stdout]    |     ^^^^^^^^^
[INFO] [stdout] 89 |     phc: String,
[INFO] [stdout] 90 |     realms: String,
[INFO] [stdout]    |     ^^^^^^
[INFO] [stdout] 
[INFO] [stdout] 
[INFO] [stdout] warning: function `gen_rand_string_between` is never used
[INFO] [stdout]    --> src/auth.rs:107:4
[INFO] [stdout]     |
[INFO] [stdout] 107 | fn gen_rand_string_between(min_len: u16, max_len: u16) -> String {
[INFO] [stdout]     |    ^^^^^^^^^^^^^^^^^^^^^^^
[INFO] [stdout] 
[INFO] [stdout] 
[INFO] [stdout] warning: function `invalidate_session` is never used
[INFO] [stdout]    --> src/auth.rs:228:14
[INFO] [stdout]     |
[INFO] [stdout] 228 | pub async fn invalidate_session(
[INFO] [stdout]     |              ^^^^^^^^^^^^^^^^^^
[INFO] [stdout] 
[INFO] [stdout] 
[INFO] [stdout] warning: function `delete_user` is never used
[INFO] [stdout]    --> src/auth.rs:303:14
[INFO] [stdout]     |
[INFO] [stdout] 303 | pub async fn delete_user(credentials: &Credentials, pool: &sqlx::Pool<Postgres>) -> DeleteUserReturn {
[INFO] [stdout]     |              ^^^^^^^^^^^
[INFO] [stdout] 
[INFO] [stdout] 
[INFO] [stdout] warning: function `end_sessions` is never used
[INFO] [stdout]    --> src/auth.rs:333:14
[INFO] [stdout]     |
[INFO] [stdout] 333 | pub async fn end_sessions(session: &Session, pool: &sqlx::Pool<Postgres>) -> EndSessionReturn {
[INFO] [stdout]     |              ^^^^^^^^^^^^
[INFO] [stdout] 
[INFO] [stdout] 
[INFO] [stdout] warning: function `delete_user_wrapper` is never used
[INFO] [stdout]    --> src/wrappers.rs:136:14
[INFO] [stdout]     |
[INFO] [stdout] 136 | pub async fn delete_user_wrapper(
[INFO] [stdout]     |              ^^^^^^^^^^^^^^^^^^^
[INFO] [stdout] 
[INFO] [stdout] 
[INFO] [stdout] warning: unused variable: `err`
[INFO] [stdout]    --> src/lib.rs:355:17
[INFO] [stdout]     |
[INFO] [stdout] 355 |             Err(err) => {
[INFO] [stdout]     |                 ^^^ help: if this is intentional, prefix it with an underscore: `_err`
[INFO] [stdout]     |
[INFO] [stdout]     = note: `#[warn(unused_variables)]` on by default
[INFO] [stdout] 
[INFO] [stdout] 
[INFO] [stdout] warning: fields `user_name` and `realms` are never read
[INFO] [stdout]   --> src/auth.rs:88:5
[INFO] [stdout]    |
[INFO] [stdout] 87 | struct UserRow {
[INFO] [stdout]    |        ------- fields in this struct
[INFO] [stdout] 88 |     user_name: String,
[INFO] [stdout]    |     ^^^^^^^^^
[INFO] [stdout] 89 |     phc: String,
[INFO] [stdout] 90 |     realms: String,
[INFO] [stdout]    |     ^^^^^^
[INFO] [stdout]    |
[INFO] [stdout]    = note: `#[warn(dead_code)]` on by default
[INFO] [stdout] 
[INFO] [stdout] 
[INFO] [stdout] warning: function `gen_rand_string_between` is never used
[INFO] [stdout]    --> src/auth.rs:107:4
[INFO] [stdout]     |
[INFO] [stdout] 107 | fn gen_rand_string_between(min_len: u16, max_len: u16) -> String {
[INFO] [stdout]     |    ^^^^^^^^^^^^^^^^^^^^^^^
[INFO] [stdout] 
[INFO] [stdout] 
[INFO] [stdout] warning: function `connect_to_pool` is never used
[INFO] [stdout]   --> src/lib.rs:37:14
[INFO] [stdout]    |
[INFO] [stdout] 37 |     async fn connect_to_pool() -> sqlx::Pool<sqlx::Postgres> {
[INFO] [stdout]    |              ^^^^^^^^^^^^^^^
[INFO] [stdout] 
[INFO] [stdout] 
[INFO] [stderr]     Finished `test` profile [unoptimized + debuginfo] target(s) in 2.62s
[INFO] running `Command { std: "docker" "inspect" "b0ee91da5deec4cc34dd1725f40fa1af6161f954466a44e17dfc0cfcf3749bf5", kill_on_drop: false }`
[INFO] running `Command { std: "docker" "rm" "-f" "b0ee91da5deec4cc34dd1725f40fa1af6161f954466a44e17dfc0cfcf3749bf5", kill_on_drop: false }`
[INFO] [stdout] b0ee91da5deec4cc34dd1725f40fa1af6161f954466a44e17dfc0cfcf3749bf5
[INFO] running `Command { std: "docker" "create" "-v" "/var/lib/crater-agent-workspace/builds/worker-0-tc1/target:/opt/rustwide/target:rw,Z" "-v" "/var/lib/crater-agent-workspace/builds/worker-0-tc1/source:/opt/rustwide/workdir:ro,Z" "-v" "/var/lib/crater-agent-workspace/cargo-home:/opt/rustwide/cargo-home:ro,Z" "-v" "/var/lib/crater-agent-workspace/rustup-home:/opt/rustwide/rustup-home:ro,Z" "-e" "SOURCE_DIR=/opt/rustwide/workdir" "-e" "CARGO_TARGET_DIR=/opt/rustwide/target" "-e" "CARGO_INCREMENTAL=0" "-e" "RUST_BACKTRACE=full" "-e" "RUSTFLAGS=--cap-lints=forbid" "-e" "RUSTDOCFLAGS=--cap-lints=forbid" "-e" "CARGO_HOME=/opt/rustwide/cargo-home" "-e" "RUSTUP_HOME=/opt/rustwide/rustup-home" "-w" "/opt/rustwide/workdir" "-m" "1610612736" "--user" "0:0" "--network" "none" "ghcr.io/rust-lang/crates-build-env/linux@sha256:4a844ea9eb2546a2d2c7022eacef16ef2e8229c7fbb2c7d4d55a9ceca922f72d" "/opt/rustwide/cargo-home/bin/cargo" "+nightly-2024-10-28" "test" "--frozen", kill_on_drop: false }`
[INFO] [stdout] cf86029220d0a84fb481c57463feeecd6704b2816f7ed1576b2dd2f06b370d49
[INFO] running `Command { std: "docker" "start" "-a" "cf86029220d0a84fb481c57463feeecd6704b2816f7ed1576b2dd2f06b370d49", kill_on_drop: false }`
[INFO] [stderr] warning: unused imports: `HttpRequest` and `cookie::time::format_description::modifier::End`
[INFO] [stderr]   --> src/session.rs:13:17
[INFO] [stderr]    |
[INFO] [stderr] 13 | use actix_web::{cookie::time::format_description::modifier::End, HttpRequest, HttpResponse, Responder};
[INFO] [stderr]    |                 ^^^^^^^^^^^^^^^^^^^^^^^^^^^^^^^^^^^^^^^^^^^^^^^  ^^^^^^^^^^^
[INFO] [stderr]    |
[INFO] [stderr]    = note: `#[warn(unused_imports)]` on by default
[INFO] [stderr] 
[INFO] [stderr] warning: unused import: `argon2::password_hash::rand_core::impls`
[INFO] [stderr]   --> src/session.rs:14:5
[INFO] [stderr]    |
[INFO] [stderr] 14 | use argon2::password_hash::rand_core::impls;
[INFO] [stderr]    |     ^^^^^^^^^^^^^^^^^^^^^^^^^^^^^^^^^^^^^^^
[INFO] [stderr] 
[INFO] [stderr] warning: unused import: `Session`
[INFO] [stderr]  --> src/wrappers.rs:2:27
[INFO] [stderr]   |
[INFO] [stderr] 2 | use actix_session::{self, Session};
[INFO] [stderr]   |                           ^^^^^^^
[INFO] [stderr] 
[INFO] [stderr] warning: unused import: `HttpRequest`
[INFO] [stderr]  --> src/wrappers.rs:3:17
[INFO] [stderr]   |
[INFO] [stderr] 3 | use actix_web::{HttpRequest, HttpResponse, Responder};
[INFO] [stderr]   |                 ^^^^^^^^^^^
[INFO] [stderr] 
[INFO] [stderr] warning: unused import: `argon2::password_hash::rand_core::impls`
[INFO] [stderr]  --> src/wrappers.rs:4:5
[INFO] [stderr]   |
[INFO] [stderr] 4 | use argon2::password_hash::rand_core::impls;
[INFO] [stderr]   |     ^^^^^^^^^^^^^^^^^^^^^^^^^^^^^^^^^^^^^^^
[INFO] [stderr] 
[INFO] [stderr] warning: unused imports: `SessionValidated` and `validate_session`
[INFO] [stderr]  --> src/wrappers.rs:8:25
[INFO] [stderr]   |
[INFO] [stderr] 8 | use crate::auth::{self, validate_session, SessionValidated};
[INFO] [stderr]   |                         ^^^^^^^^^^^^^^^^  ^^^^^^^^^^^^^^^^
[INFO] [stderr] 
[INFO] [stderr] warning: fields `user_name` and `realms` are never read
[INFO] [stderr]   --> src/auth.rs:88:5
[INFO] [stderr]    |
[INFO] [stderr] 87 | struct UserRow {
[INFO] [stderr]    |        ------- fields in this struct
[INFO] [stderr] 88 |     user_name: String,
[INFO] [stderr]    |     ^^^^^^^^^
[INFO] [stderr] 89 |     phc: String,
[INFO] [stderr] 90 |     realms: String,
[INFO] [stderr]    |     ^^^^^^
[INFO] [stderr]    |
[INFO] [stderr]    = note: `#[warn(dead_code)]` on by default
[INFO] [stderr] 
[INFO] [stderr] warning: function `gen_rand_string_between` is never used
[INFO] [stderr]    --> src/auth.rs:107:4
[INFO] [stderr]     |
[INFO] [stderr] 107 | fn gen_rand_string_between(min_len: u16, max_len: u16) -> String {
[INFO] [stderr]     |    ^^^^^^^^^^^^^^^^^^^^^^^
[INFO] [stderr] 
[INFO] [stderr] warning: unused import: `crate::session::generate_session`
[INFO] [stderr]   --> src/lib.rs:33:9
[INFO] [stderr]    |
[INFO] [stderr] 33 |     use crate::session::generate_session;
[INFO] [stderr]    |         ^^^^^^^^^^^^^^^^^^^^^^^^^^^^^^^^
[INFO] [stderr] 
[INFO] [stderr] warning: unused imports: `HttpMessage` and `http::header::ContentType`
[INFO] [stderr]   --> src/lib.rs:34:21
[INFO] [stderr]    |
[INFO] [stderr] 34 |     use actix_web::{http::header::ContentType, test, App, HttpMessage};
[INFO] [stderr]    |                     ^^^^^^^^^^^^^^^^^^^^^^^^^             ^^^^^^^^^^^
[INFO] [stderr] 
[INFO] [stderr] warning: unused import: `super::*`
[INFO] [stderr]   --> src/lib.rs:57:9
[INFO] [stderr]    |
[INFO] [stderr] 57 |     use super::*;
[INFO] [stderr]    |         ^^^^^^^^
[INFO] [stderr] 
[INFO] [stderr] warning: unused imports: `EndSessionReturn` and `session::EndSessionsReturn`
[INFO] [stderr]    --> src/lib.rs:123:30
[INFO] [stderr]     |
[INFO] [stderr] 123 |     use crate::{auth::{self, EndSessionReturn}, session::EndSessionsReturn};
[INFO] [stderr]     |                              ^^^^^^^^^^^^^^^^   ^^^^^^^^^^^^^^^^^^^^^^^^^^
[INFO] [stderr] 
[INFO] [stderr] warning: unused variable: `err`
[INFO] [stderr]    --> src/lib.rs:355:17
[INFO] [stderr]     |
[INFO] [stderr] 355 |             Err(err) => {
[INFO] [stderr]     |                 ^^^ help: if this is intentional, prefix it with an underscore: `_err`
[INFO] [stderr]     |
[INFO] [stderr]     = note: `#[warn(unused_variables)]` on by default
[INFO] [stderr] 
[INFO] [stderr] warning: function `connect_to_pool` is never used
[INFO] [stderr]   --> src/lib.rs:37:14
[INFO] [stderr]    |
[INFO] [stderr] 37 |     async fn connect_to_pool() -> sqlx::Pool<sqlx::Postgres> {
[INFO] [stderr]    |              ^^^^^^^^^^^^^^^
[INFO] [stderr] 
[INFO] [stderr] warning: `mini-rust-auth` (lib) generated 8 warnings (run `cargo fix --lib -p mini-rust-auth` to apply 6 suggestions)
[INFO] [stderr] warning: `mini-rust-auth` (lib test) generated 14 warnings (8 duplicates) (run `cargo fix --lib -p mini-rust-auth --tests` to apply 4 suggestions)
[INFO] [stderr] warning: unused import: `Session`
[INFO] [stderr]  --> src/wrappers.rs:2:27
[INFO] [stderr]   |
[INFO] [stderr] 2 | use actix_session::{self, Session};
[INFO] [stderr]   |                           ^^^^^^^
[INFO] [stderr]   |
[INFO] [stderr]   = note: `#[warn(unused_imports)]` on by default
[INFO] [stderr] 
[INFO] [stderr] warning: field `0` is never read
[INFO] [stderr]   --> src/auth.rs:39:15
[INFO] [stderr]    |
[INFO] [stderr] 39 |     HashError(String),
[INFO] [stderr]    |     --------- ^^^^^^
[INFO] [stderr]    |     |
[INFO] [stderr]    |     field in this variant
[INFO] [stderr]    |
[INFO] [stderr]    = note: `AddUserReturn` has a derived impl for the trait `Debug`, but this is intentionally ignored during dead code analysis
[INFO] [stderr]    = note: `#[warn(dead_code)]` on by default
[INFO] [stderr] help: consider changing the field to be of unit type to suppress this warning while preserving the field numbering, or remove the field
[INFO] [stderr]    |
[INFO] [stderr] 39 |     HashError(()),
[INFO] [stderr]    |               ~~
[INFO] [stderr] 
[INFO] [stderr] warning: variant `SaltFailed` is never constructed
[INFO] [stderr]   --> src/auth.rs:38:5
[INFO] [stderr]    |
[INFO] [stderr] 35 | pub enum AddUserReturn {
[INFO] [stderr]    |          ------------- variant in this enum
[INFO] [stderr] ...
[INFO] [stderr] 38 |     SaltFailed(),
[INFO] [stderr]    |     ^^^^^^^^^^
[INFO] [stderr]    |
[INFO] [stderr]    = note: `AddUserReturn` has a derived impl for the trait `Debug`, but this is intentionally ignored during dead code analysis
[INFO] [stderr] 
[INFO] [stderr] warning: enum `DeleteUserReturn` is never used
[INFO] [stderr]   --> src/auth.rs:44:10
[INFO] [stderr]    |
[INFO] [stderr] 44 | pub enum DeleteUserReturn {
[INFO] [stderr]    |          ^^^^^^^^^^^^^^^^
[INFO] [stderr]    |
[INFO] [stderr]    = note: `DeleteUserReturn` has a derived impl for the trait `Debug`, but this is intentionally ignored during dead code analysis
[INFO] [stderr] 
[INFO] [stderr] warning: enum `EndSessionReturn` is never used
[INFO] [stderr]   --> src/auth.rs:52:10
[INFO] [stderr]    |
[INFO] [stderr] 52 | pub enum EndSessionReturn {
[INFO] [stderr]    |          ^^^^^^^^^^^^^^^^
[INFO] [stderr]    |
[INFO] [stderr]    = note: `EndSessionReturn` has a derived impl for the trait `Debug`, but this is intentionally ignored during dead code analysis
[INFO] [stderr] 
[INFO] [stderr] warning: field `0` is never read
[INFO] [stderr]   --> src/auth.rs:69:27
[INFO] [stderr]    |
[INFO] [stderr] 69 |     FailedToAddToDatabase(String),
[INFO] [stderr]    |     --------------------- ^^^^^^
[INFO] [stderr]    |     |
[INFO] [stderr]    |     field in this variant
[INFO] [stderr]    |
[INFO] [stderr]    = note: `SessionGeneratedErr` has a derived impl for the trait `Debug`, but this is intentionally ignored during dead code analysis
[INFO] [stderr] help: consider changing the field to be of unit type to suppress this warning while preserving the field numbering, or remove the field
[INFO] [stderr]    |
[INFO] [stderr] 69 |     FailedToAddToDatabase(()),
[INFO] [stderr]    |                           ~~
[INFO] [stderr] 
[INFO] [stderr] warning: enum `SessionInvalided` is never used
[INFO] [stderr]   --> src/auth.rs:80:10
[INFO] [stderr]    |
[INFO] [stderr] 80 | pub enum SessionInvalided {
[INFO] [stderr]    |          ^^^^^^^^^^^^^^^^
[INFO] [stderr] 
[INFO] [stderr] warning: fields `user_name` and `realms` are never read
[INFO] [stderr]   --> src/auth.rs:88:5
[INFO] [stderr]    |
[INFO] [stderr] 87 | struct UserRow {
[INFO] [stderr]    |        ------- fields in this struct
[INFO] [stderr] 88 |     user_name: String,
[INFO] [stderr]    |     ^^^^^^^^^
[INFO] [stderr] 89 |     phc: String,
[INFO] [stderr] 90 |     realms: String,
[INFO] [stderr]    |     ^^^^^^
[INFO] [stderr] 
[INFO] [stderr] warning: function `invalidate_session` is never used
[INFO] [stderr]    --> src/auth.rs:228:14
[INFO] [stderr]     |
[INFO] [stderr] 228 | pub async fn invalidate_session(
[INFO] [stderr]     |              ^^^^^^^^^^^^^^^^^^
[INFO] [stderr] 
[INFO] [stderr] warning: function `delete_user` is never used
[INFO] [stderr]    --> src/auth.rs:303:14
[INFO] [stderr]     |
[INFO] [stderr] 303 | pub async fn delete_user(credentials: &Credentials, pool: &sqlx::Pool<Postgres>) -> DeleteUserReturn {
[INFO] [stderr]     |              ^^^^^^^^^^^
[INFO] [stderr] 
[INFO] [stderr] warning: function `end_sessions` is never used
[INFO] [stderr]    --> src/auth.rs:333:14
[INFO] [stderr]     |
[INFO] [stderr] 333 | pub async fn end_sessions(session: &Session, pool: &sqlx::Pool<Postgres>) -> EndSessionReturn {
[INFO] [stderr]     |              ^^^^^^^^^^^^
[INFO] [stderr] 
[INFO] [stderr] warning: function `delete_user_wrapper` is never used
[INFO] [stderr]    --> src/wrappers.rs:136:14
[INFO] [stderr]     |
[INFO] [stderr] 136 | pub async fn delete_user_wrapper(
[INFO] [stderr]     |              ^^^^^^^^^^^^^^^^^^^
[INFO] [stderr] 
[INFO] [stderr] warning: `mini-rust-auth` (bin "mini-rust-auth" test) generated 16 warnings (4 duplicates) (run `cargo fix --bin "mini-rust-auth" --tests` to apply 1 suggestion)
[INFO] [stderr]     Finished `test` profile [unoptimized + debuginfo] target(s) in 0.23s
[INFO] [stderr]      Running unittests src/lib.rs (/opt/rustwide/target/debug/deps/mini_rust_auth-285c948f4c7ccd3f)
[INFO] [stdout] 
[INFO] [stdout] running 8 tests
[INFO] [stdout] test auth_tests::delete_user ... FAILED
[INFO] [stdout] test auth_tests::invalidate_session_test ... FAILED
[INFO] [stdout] test auth_tests::end_sessions ... FAILED
[INFO] [stdout] test auth_tests::verify_session ... FAILED
[INFO] [stdout] test session_test::test_gen_and_valid_session_based ... FAILED
[INFO] [stdout] test auth_tests::verify_session_invalid_user_name ... FAILED
[INFO] [stdout] test auth_tests::verify_session_invalid_token_end ... FAILED
[INFO] [stdout] test auth_tests::get_session ... FAILED
[INFO] [stdout] 
[INFO] [stdout] failures:
[INFO] [stdout] 
[INFO] [stdout] ---- auth_tests::delete_user stdout ----
[INFO] [stdout] thread 'auth_tests::delete_user' panicked at src/lib.rs:129:23:
[INFO] [stdout] could not connect to db
[INFO] [stdout] stack backtrace:
[INFO] [stdout]    0:     0x5930b573e08a - std::backtrace_rs::backtrace::libunwind::trace::h207520d6e9873551
[INFO] [stdout]                                at /rustc/df4ca44d3fbc9301ee17f30f4d474e6ae4b05252/library/std/src/../../backtrace/src/backtrace/libunwind.rs:116:5
[INFO] [stdout]    1:     0x5930b573e08a - std::backtrace_rs::backtrace::trace_unsynchronized::h2ed7433f370e3eca
[INFO] [stdout]                                at /rustc/df4ca44d3fbc9301ee17f30f4d474e6ae4b05252/library/std/src/../../backtrace/src/backtrace/mod.rs:66:5
[INFO] [stdout]    2:     0x5930b573e08a - std::sys::backtrace::_print_fmt::h916fac51166b18d7
[INFO] [stdout]                                at /rustc/df4ca44d3fbc9301ee17f30f4d474e6ae4b05252/library/std/src/sys/backtrace.rs:66:9
[INFO] [stdout]    3:     0x5930b573e08a - <std::sys::backtrace::BacktraceLock::print::DisplayBacktrace as core::fmt::Display>::fmt::ha0a4c9b8ce3802e6
[INFO] [stdout]                                at /rustc/df4ca44d3fbc9301ee17f30f4d474e6ae4b05252/library/std/src/sys/backtrace.rs:39:26
[INFO] [stdout]    4:     0x5930b5768cd3 - core::fmt::rt::Argument::fmt::h4cfc8587d52b3eb5
[INFO] [stdout]                                at /rustc/df4ca44d3fbc9301ee17f30f4d474e6ae4b05252/library/core/src/fmt/rt.rs:177:76
[INFO] [stdout]    5:     0x5930b5768cd3 - core::fmt::write::h522cc39e5b36ae9f
[INFO] [stdout]                                at /rustc/df4ca44d3fbc9301ee17f30f4d474e6ae4b05252/library/core/src/fmt/mod.rs:1190:21
[INFO] [stdout]    6:     0x5930b5739f13 - std::io::Write::write_fmt::h7d3c26752da97734
[INFO] [stdout]                                at /rustc/df4ca44d3fbc9301ee17f30f4d474e6ae4b05252/library/std/src/io/mod.rs:1839:15
[INFO] [stdout]    7:     0x5930b573ded2 - std::sys::backtrace::BacktraceLock::print::h4b9e00b29e9c0942
[INFO] [stdout]                                at /rustc/df4ca44d3fbc9301ee17f30f4d474e6ae4b05252/library/std/src/sys/backtrace.rs:42:9
[INFO] [stdout]    8:     0x5930b573f51a - std::panicking::default_hook::{{closure}}::hb59b88280d0324d9
[INFO] [stdout]                                at /rustc/df4ca44d3fbc9301ee17f30f4d474e6ae4b05252/library/std/src/panicking.rs:268:22
[INFO] [stdout]    9:     0x5930b573f324 - std::panicking::default_hook::he1dd496665be4a29
[INFO] [stdout]                                at /rustc/df4ca44d3fbc9301ee17f30f4d474e6ae4b05252/library/std/src/panicking.rs:292:9
[INFO] [stdout]   10:     0x5930b4d3dda9 - <alloc::boxed::Box<F,A> as core::ops::function::Fn<Args>>::call::h4ff71de18744e1dc
[INFO] [stdout]                                at /rustc/df4ca44d3fbc9301ee17f30f4d474e6ae4b05252/library/alloc/src/boxed.rs:2468:9
[INFO] [stdout]   11:     0x5930b4d3dda9 - test::test_main::{{closure}}::hcf7c055ce117aa81
[INFO] [stdout]                                at /rustc/df4ca44d3fbc9301ee17f30f4d474e6ae4b05252/library/test/src/lib.rs:133:21
[INFO] [stdout]   12:     0x5930b573fc18 - <alloc::boxed::Box<F,A> as core::ops::function::Fn<Args>>::call::h1d66c6bbd60c9692
[INFO] [stdout]                                at /rustc/df4ca44d3fbc9301ee17f30f4d474e6ae4b05252/library/alloc/src/boxed.rs:2468:9
[INFO] [stdout]   13:     0x5930b573fc18 - std::panicking::rust_panic_with_hook::h2ff17fe8f26dfcf8
[INFO] [stdout]                                at /rustc/df4ca44d3fbc9301ee17f30f4d474e6ae4b05252/library/std/src/panicking.rs:809:13
[INFO] [stdout]   14:     0x5930b573f9a6 - std::panicking::begin_panic_handler::{{closure}}::h4fad77951c07e101
[INFO] [stdout]                                at /rustc/df4ca44d3fbc9301ee17f30f4d474e6ae4b05252/library/std/src/panicking.rs:667:13
[INFO] [stdout]   15:     0x5930b573e569 - std::sys::backtrace::__rust_end_short_backtrace::hb1a25b3da5d0ea08
[INFO] [stdout]                                at /rustc/df4ca44d3fbc9301ee17f30f4d474e6ae4b05252/library/std/src/sys/backtrace.rs:170:18
[INFO] [stdout]   16:     0x5930b573f66c - rust_begin_unwind
[INFO] [stdout]                                at /rustc/df4ca44d3fbc9301ee17f30f4d474e6ae4b05252/library/std/src/panicking.rs:665:5
[INFO] [stdout]   17:     0x5930b57669a0 - core::panicking::panic_fmt::ha9db07b529f9b256
[INFO] [stdout]                                at /rustc/df4ca44d3fbc9301ee17f30f4d474e6ae4b05252/library/core/src/panicking.rs:75:14
[INFO] [stdout]   18:     0x5930b4ce33b3 - mini_rust_auth::auth_tests::connect_to_pool::{{closure}}::h6b0b1e09d3834893
[INFO] [stdout]                                at /opt/rustwide/workdir/src/lib.rs:129:23
[INFO] [stdout]   19:     0x5930b4ce9caa - mini_rust_auth::auth_tests::delete_user::{{closure}}::hbc68e958834bddcd
[INFO] [stdout]                                at /opt/rustwide/workdir/src/lib.rs:363:38
[INFO] [stdout]   20:     0x5930b4cd038e - <tokio::task::local::RunUntil<T> as core::future::future::Future>::poll::{{closure}}::hbd1e089ab7eeaeee
[INFO] [stdout]                                at /opt/rustwide/cargo-home/registry/src/index.crates.io-6f17d22bba15001f/tokio-1.38.0/src/task/local.rs:978:42
[INFO] [stdout]   21:     0x5930b4ccc3a0 - tokio::task::local::LocalSet::with::{{closure}}::h40f5873eba995f69
[INFO] [stdout]                                at /opt/rustwide/cargo-home/registry/src/index.crates.io-6f17d22bba15001f/tokio-1.38.0/src/task/local.rs:730:13
[INFO] [stdout]   22:     0x5930b4ca01d0 - std::thread::local::LocalKey<T>::try_with::h8caffc602047f238
[INFO] [stdout]                                at /rustc/df4ca44d3fbc9301ee17f30f4d474e6ae4b05252/library/std/src/thread/local.rs:283:12
[INFO] [stdout]   23:     0x5930b4c9dd3a - std::thread::local::LocalKey<T>::with::hbf97bf53fec9f6d3
[INFO] [stdout]                                at /rustc/df4ca44d3fbc9301ee17f30f4d474e6ae4b05252/library/std/src/thread/local.rs:260:9
[INFO] [stdout]   24:     0x5930b4ccbfa6 - tokio::task::local::LocalSet::with::h2dabfeab9b8108d1
[INFO] [stdout]                                at /opt/rustwide/cargo-home/registry/src/index.crates.io-6f17d22bba15001f/tokio-1.38.0/src/task/local.rs:728:9
[INFO] [stdout]   25:     0x5930b4ccfca5 - <tokio::task::local::RunUntil<T> as core::future::future::Future>::poll::h9448580c387e2bcc
[INFO] [stdout]                                at /opt/rustwide/cargo-home/registry/src/index.crates.io-6f17d22bba15001f/tokio-1.38.0/src/task/local.rs:968:9
[INFO] [stdout]   26:     0x5930b4ccd831 - tokio::task::local::LocalSet::run_until::{{closure}}::h346daac69cff9884
[INFO] [stdout]                                at /opt/rustwide/cargo-home/registry/src/index.crates.io-6f17d22bba15001f/tokio-1.38.0/src/task/local.rs:635:19
[INFO] [stdout]   27:     0x5930b4cecdfd - <core::pin::Pin<P> as core::future::future::Future>::poll::h8dc7bd5ea7f945fe
[INFO] [stdout]                                at /rustc/df4ca44d3fbc9301ee17f30f4d474e6ae4b05252/library/core/src/future/future.rs:123:9
[INFO] [stdout]   28:     0x5930b4c80a1f - tokio::runtime::scheduler::current_thread::CoreGuard::block_on::{{closure}}::{{closure}}::{{closure}}::h6e77ab694e56f293
[INFO] [stdout]                                at /opt/rustwide/cargo-home/registry/src/index.crates.io-6f17d22bba15001f/tokio-1.38.0/src/runtime/scheduler/current_thread/mod.rs:659:57
[INFO] [stdout]   29:     0x5930b4c7fc95 - tokio::runtime::coop::with_budget::hcf49a49e541a5257
[INFO] [stdout]                                at /opt/rustwide/cargo-home/registry/src/index.crates.io-6f17d22bba15001f/tokio-1.38.0/src/runtime/coop.rs:107:5
[INFO] [stdout]   30:     0x5930b4c7fc95 - tokio::runtime::coop::budget::h8407ca9c3c758b7f
[INFO] [stdout]                                at /opt/rustwide/cargo-home/registry/src/index.crates.io-6f17d22bba15001f/tokio-1.38.0/src/runtime/coop.rs:73:5
[INFO] [stdout]   31:     0x5930b4c7fc95 - tokio::runtime::scheduler::current_thread::CoreGuard::block_on::{{closure}}::{{closure}}::h356857507e8e7278
[INFO] [stdout]                                at /opt/rustwide/cargo-home/registry/src/index.crates.io-6f17d22bba15001f/tokio-1.38.0/src/runtime/scheduler/current_thread/mod.rs:659:25
[INFO] [stdout]   32:     0x5930b4c75ad0 - tokio::runtime::scheduler::current_thread::Context::enter::h2134c63eeae9c90a
[INFO] [stdout]                                at /opt/rustwide/cargo-home/registry/src/index.crates.io-6f17d22bba15001f/tokio-1.38.0/src/runtime/scheduler/current_thread/mod.rs:404:19
[INFO] [stdout]   33:     0x5930b4c7d26e - tokio::runtime::scheduler::current_thread::CoreGuard::block_on::{{closure}}::h6480c33c192bfc12
[INFO] [stdout]                                at /opt/rustwide/cargo-home/registry/src/index.crates.io-6f17d22bba15001f/tokio-1.38.0/src/runtime/scheduler/current_thread/mod.rs:658:36
[INFO] [stdout]   34:     0x5930b4c7b344 - tokio::runtime::scheduler::current_thread::CoreGuard::enter::{{closure}}::hbe9cad3d11a60a65
[INFO] [stdout]                                at /opt/rustwide/cargo-home/registry/src/index.crates.io-6f17d22bba15001f/tokio-1.38.0/src/runtime/scheduler/current_thread/mod.rs:737:68
[INFO] [stdout]   35:     0x5930b4c9807b - tokio::runtime::context::scoped::Scoped<T>::set::h07be00288a2caf09
[INFO] [stdout]                                at /opt/rustwide/cargo-home/registry/src/index.crates.io-6f17d22bba15001f/tokio-1.38.0/src/runtime/context/scoped.rs:40:9
[INFO] [stdout]   36:     0x5930b4cb74d9 - tokio::runtime::context::set_scheduler::{{closure}}::ha0be47d70e04c470
[INFO] [stdout]                                at /opt/rustwide/cargo-home/registry/src/index.crates.io-6f17d22bba15001f/tokio-1.38.0/src/runtime/context.rs:180:26
[INFO] [stdout]   37:     0x5930b4c9f37d - std::thread::local::LocalKey<T>::try_with::h4a6fa25229f6d860
[INFO] [stdout]                                at /rustc/df4ca44d3fbc9301ee17f30f4d474e6ae4b05252/library/std/src/thread/local.rs:283:12
[INFO] [stdout]   38:     0x5930b4c9daca - std::thread::local::LocalKey<T>::with::h39ed5da4afe6bc69
[INFO] [stdout]                                at /rustc/df4ca44d3fbc9301ee17f30f4d474e6ae4b05252/library/std/src/thread/local.rs:260:9
[INFO] [stdout]   39:     0x5930b4cb728d - tokio::runtime::context::set_scheduler::h55e65860a0966895
[INFO] [stdout]                                at /opt/rustwide/cargo-home/registry/src/index.crates.io-6f17d22bba15001f/tokio-1.38.0/src/runtime/context.rs:180:9
[INFO] [stdout]   40:     0x5930b4c7a7f0 - tokio::runtime::scheduler::current_thread::CoreGuard::enter::he758ad62cc815f7b
[INFO] [stdout]                                at /opt/rustwide/cargo-home/registry/src/index.crates.io-6f17d22bba15001f/tokio-1.38.0/src/runtime/scheduler/current_thread/mod.rs:737:27
[INFO] [stdout]   41:     0x5930b4c7b623 - tokio::runtime::scheduler::current_thread::CoreGuard::block_on::hec1ce58a6bc31e95
[INFO] [stdout]                                at /opt/rustwide/cargo-home/registry/src/index.crates.io-6f17d22bba15001f/tokio-1.38.0/src/runtime/scheduler/current_thread/mod.rs:646:19
[INFO] [stdout]   42:     0x5930b4c73abd - tokio::runtime::scheduler::current_thread::CurrentThread::block_on::{{closure}}::hd5d6ad439be7fa6a
[INFO] [stdout]                                at /opt/rustwide/cargo-home/registry/src/index.crates.io-6f17d22bba15001f/tokio-1.38.0/src/runtime/scheduler/current_thread/mod.rs:175:28
[INFO] [stdout]   43:     0x5930b4c88ca7 - tokio::runtime::context::runtime::enter_runtime::h101c911ac675b24c
[INFO] [stdout]                                at /opt/rustwide/cargo-home/registry/src/index.crates.io-6f17d22bba15001f/tokio-1.38.0/src/runtime/context/runtime.rs:65:16
[INFO] [stdout]   44:     0x5930b4c72593 - tokio::runtime::scheduler::current_thread::CurrentThread::block_on::h32e15f3d41124068
[INFO] [stdout]                                at /opt/rustwide/cargo-home/registry/src/index.crates.io-6f17d22bba15001f/tokio-1.38.0/src/runtime/scheduler/current_thread/mod.rs:167:9
[INFO] [stdout]   45:     0x5930b4c8a8bf - tokio::runtime::runtime::Runtime::block_on::h1c329b3d5218b54e
[INFO] [stdout]                                at /opt/rustwide/cargo-home/registry/src/index.crates.io-6f17d22bba15001f/tokio-1.38.0/src/runtime/runtime.rs:347:47
[INFO] [stdout]   46:     0x5930b4cccb00 - tokio::task::local::LocalSet::block_on::h7b1e9dac552aa823
[INFO] [stdout]                                at /opt/rustwide/cargo-home/registry/src/index.crates.io-6f17d22bba15001f/tokio-1.38.0/src/task/local.rs:592:9
[INFO] [stdout]   47:     0x5930b4cd08c7 - actix_rt::runtime::Runtime::block_on::h463aa7c747d8c861
[INFO] [stdout]                                at /opt/rustwide/cargo-home/registry/src/index.crates.io-6f17d22bba15001f/actix-rt-2.10.0/src/runtime.rs:138:9
[INFO] [stdout]   48:     0x5930b4c9b03a - actix_rt::system::SystemRunner::block_on::hfe039f68e6359126
[INFO] [stdout]                                at /opt/rustwide/cargo-home/registry/src/index.crates.io-6f17d22bba15001f/actix-rt-2.10.0/src/system.rs:244:9
[INFO] [stdout]   49:     0x5930b4ce99f7 - mini_rust_auth::auth_tests::delete_user::h83ac14f99927ea2e
[INFO] [stdout]                                at /opt/rustwide/workdir/src/lib.rs:361:5
[INFO] [stdout]   50:     0x5930b4ce9997 - mini_rust_auth::auth_tests::delete_user::{{closure}}::hb5ac8b9fa6b14621
[INFO] [stdout]                                at /opt/rustwide/workdir/src/lib.rs:362:27
[INFO] [stdout]   51:     0x5930b4c694b6 - core::ops::function::FnOnce::call_once::h14ac90c4d2572e8f
[INFO] [stdout]                                at /rustc/df4ca44d3fbc9301ee17f30f4d474e6ae4b05252/library/core/src/ops/function.rs:250:5
[INFO] [stdout]   52:     0x5930b4d4267b - core::ops::function::FnOnce::call_once::h22c3ba5715e93f05
[INFO] [stdout]                                at /rustc/df4ca44d3fbc9301ee17f30f4d474e6ae4b05252/library/core/src/ops/function.rs:250:5
[INFO] [stdout]   53:     0x5930b4d4267b - test::__rust_begin_short_backtrace::h8e82d8113d0da17f
[INFO] [stdout]                                at /rustc/df4ca44d3fbc9301ee17f30f4d474e6ae4b05252/library/test/src/lib.rs:621:18
[INFO] [stdout]   54:     0x5930b4d41ff7 - test::run_test_in_process::{{closure}}::h33235f4f20b7b7c7
[INFO] [stdout]                                at /rustc/df4ca44d3fbc9301ee17f30f4d474e6ae4b05252/library/test/src/lib.rs:644:60
[INFO] [stdout]   55:     0x5930b4d41ff7 - <core::panic::unwind_safe::AssertUnwindSafe<F> as core::ops::function::FnOnce<()>>::call_once::hb5043206310c586f
[INFO] [stdout]                                at /rustc/df4ca44d3fbc9301ee17f30f4d474e6ae4b05252/library/core/src/panic/unwind_safe.rs:272:9
[INFO] [stdout]   56:     0x5930b4d41ff7 - std::panicking::try::do_call::h9ad4731a60ab23e2
[INFO] [stdout]                                at /rustc/df4ca44d3fbc9301ee17f30f4d474e6ae4b05252/library/std/src/panicking.rs:557:40
[INFO] [stdout]   57:     0x5930b4d41ff7 - std::panicking::try::h3824d23db772a716
[INFO] [stdout]                                at /rustc/df4ca44d3fbc9301ee17f30f4d474e6ae4b05252/library/std/src/panicking.rs:520:19
[INFO] [stdout]   58:     0x5930b4d41ff7 - std::panic::catch_unwind::h5afd514605fde46b
[INFO] [stdout]                                at /rustc/df4ca44d3fbc9301ee17f30f4d474e6ae4b05252/library/std/src/panic.rs:358:14
[INFO] [stdout]   59:     0x5930b4d41ff7 - test::run_test_in_process::h0d5cbfa7067d1720
[INFO] [stdout]                                at /rustc/df4ca44d3fbc9301ee17f30f4d474e6ae4b05252/library/test/src/lib.rs:644:27
[INFO] [stdout]   60:     0x5930b4d41ff7 - test::run_test::{{closure}}::h708eb8872708115d
[INFO] [stdout]                                at /rustc/df4ca44d3fbc9301ee17f30f4d474e6ae4b05252/library/test/src/lib.rs:565:43
[INFO] [stdout]   61:     0x5930b4d05714 - test::run_test::{{closure}}::h392c51cee94713ab
[INFO] [stdout]                                at /rustc/df4ca44d3fbc9301ee17f30f4d474e6ae4b05252/library/test/src/lib.rs:595:41
[INFO] [stdout]   62:     0x5930b4d05714 - std::sys::backtrace::__rust_begin_short_backtrace::h2f40290710935a8b
[INFO] [stdout]                                at /rustc/df4ca44d3fbc9301ee17f30f4d474e6ae4b05252/library/std/src/sys/backtrace.rs:154:18
[INFO] [stdout]   63:     0x5930b4d08ebe - std::thread::Builder::spawn_unchecked_::{{closure}}::{{closure}}::h3fd968d89053a903
[INFO] [stdout]                                at /rustc/df4ca44d3fbc9301ee17f30f4d474e6ae4b05252/library/std/src/thread/mod.rs:541:17
[INFO] [stdout]   64:     0x5930b4d08ebe - <core::panic::unwind_safe::AssertUnwindSafe<F> as core::ops::function::FnOnce<()>>::call_once::h743f637ba4229880
[INFO] [stdout]                                at /rustc/df4ca44d3fbc9301ee17f30f4d474e6ae4b05252/library/core/src/panic/unwind_safe.rs:272:9
[INFO] [stdout]   65:     0x5930b4d08ebe - std::panicking::try::do_call::h07440897322525a6
[INFO] [stdout]                                at /rustc/df4ca44d3fbc9301ee17f30f4d474e6ae4b05252/library/std/src/panicking.rs:557:40
[INFO] [stdout]   66:     0x5930b4d08ebe - std::panicking::try::he5a2e00188156637
[INFO] [stdout]                                at /rustc/df4ca44d3fbc9301ee17f30f4d474e6ae4b05252/library/std/src/panicking.rs:520:19
[INFO] [stdout]   67:     0x5930b4d08ebe - std::panic::catch_unwind::hbaf3cae49b3c6433
[INFO] [stdout]                                at /rustc/df4ca44d3fbc9301ee17f30f4d474e6ae4b05252/library/std/src/panic.rs:358:14
[INFO] [stdout]   68:     0x5930b4d08ebe - std::thread::Builder::spawn_unchecked_::{{closure}}::h8e141ea224820bce
[INFO] [stdout]                                at /rustc/df4ca44d3fbc9301ee17f30f4d474e6ae4b05252/library/std/src/thread/mod.rs:540:30
[INFO] [stdout]   69:     0x5930b4d08ebe - core::ops::function::FnOnce::call_once{{vtable.shim}}::h90d312fedd7b8ea8
[INFO] [stdout]                                at /rustc/df4ca44d3fbc9301ee17f30f4d474e6ae4b05252/library/core/src/ops/function.rs:250:5
[INFO] [stdout]   70:     0x5930b5743edb - <alloc::boxed::Box<F,A> as core::ops::function::FnOnce<Args>>::call_once::h69aa08ddb6adb8b6
[INFO] [stdout]                                at /rustc/df4ca44d3fbc9301ee17f30f4d474e6ae4b05252/library/alloc/src/boxed.rs:2454:9
[INFO] [stdout]   71:     0x5930b5743edb - <alloc::boxed::Box<F,A> as core::ops::function::FnOnce<Args>>::call_once::h5aa36efdb79c806f
[INFO] [stdout]                                at /rustc/df4ca44d3fbc9301ee17f30f4d474e6ae4b05252/library/alloc/src/boxed.rs:2454:9
[INFO] [stdout]   72:     0x5930b5743edb - std::sys::pal::unix::thread::Thread::new::thread_start::h6cd80a1b4be5158d
[INFO] [stdout]                                at /rustc/df4ca44d3fbc9301ee17f30f4d474e6ae4b05252/library/std/src/sys/pal/unix/thread.rs:105:17
[INFO] [stdout]   73:     0x7a2decf36ac3 - <unknown>
[INFO] [stdout]   74:     0x7a2decfc7a04 - clone
[INFO] [stdout]   75:                0x0 - <unknown>
[INFO] [stdout] 
[INFO] [stdout] ---- auth_tests::invalidate_session_test stdout ----
[INFO] [stdout] thread 'auth_tests::invalidate_session_test' panicked at src/lib.rs:129:23:
[INFO] [stdout] could not connect to db
[INFO] [stdout] stack backtrace:
[INFO] [stdout]    0:     0x5930b573e08a - std::backtrace_rs::backtrace::libunwind::trace::h207520d6e9873551
[INFO] [stdout]                                at /rustc/df4ca44d3fbc9301ee17f30f4d474e6ae4b05252/library/std/src/../../backtrace/src/backtrace/libunwind.rs:116:5
[INFO] [stdout]    1:     0x5930b573e08a - std::backtrace_rs::backtrace::trace_unsynchronized::h2ed7433f370e3eca
[INFO] [stdout]                                at /rustc/df4ca44d3fbc9301ee17f30f4d474e6ae4b05252/library/std/src/../../backtrace/src/backtrace/mod.rs:66:5
[INFO] [stdout]    2:     0x5930b573e08a - std::sys::backtrace::_print_fmt::h916fac51166b18d7
[INFO] [stdout]                                at /rustc/df4ca44d3fbc9301ee17f30f4d474e6ae4b05252/library/std/src/sys/backtrace.rs:66:9
[INFO] [stdout]    3:     0x5930b573e08a - <std::sys::backtrace::BacktraceLock::print::DisplayBacktrace as core::fmt::Display>::fmt::ha0a4c9b8ce3802e6
[INFO] [stdout]                                at /rustc/df4ca44d3fbc9301ee17f30f4d474e6ae4b05252/library/std/src/sys/backtrace.rs:39:26
[INFO] [stdout]    4:     0x5930b5768cd3 - core::fmt::rt::Argument::fmt::h4cfc8587d52b3eb5
[INFO] [stdout]                                at /rustc/df4ca44d3fbc9301ee17f30f4d474e6ae4b05252/library/core/src/fmt/rt.rs:177:76
[INFO] [stdout]    5:     0x5930b5768cd3 - core::fmt::write::h522cc39e5b36ae9f
[INFO] [stdout]                                at /rustc/df4ca44d3fbc9301ee17f30f4d474e6ae4b05252/library/core/src/fmt/mod.rs:1190:21
[INFO] [stdout]    6:     0x5930b5739f13 - std::io::Write::write_fmt::h7d3c26752da97734
[INFO] [stdout]                                at /rustc/df4ca44d3fbc9301ee17f30f4d474e6ae4b05252/library/std/src/io/mod.rs:1839:15
[INFO] [stdout]    7:     0x5930b573ded2 - std::sys::backtrace::BacktraceLock::print::h4b9e00b29e9c0942
[INFO] [stdout]                                at /rustc/df4ca44d3fbc9301ee17f30f4d474e6ae4b05252/library/std/src/sys/backtrace.rs:42:9
[INFO] [stdout]    8:     0x5930b573f51a - std::panicking::default_hook::{{closure}}::hb59b88280d0324d9
[INFO] [stdout]                                at /rustc/df4ca44d3fbc9301ee17f30f4d474e6ae4b05252/library/std/src/panicking.rs:268:22
[INFO] [stdout]    9:     0x5930b573f324 - std::panicking::default_hook::he1dd496665be4a29
[INFO] [stdout]                                at /rustc/df4ca44d3fbc9301ee17f30f4d474e6ae4b05252/library/std/src/panicking.rs:292:9
[INFO] [stdout]   10:     0x5930b4d3dda9 - <alloc::boxed::Box<F,A> as core::ops::function::Fn<Args>>::call::h4ff71de18744e1dc
[INFO] [stdout]                                at /rustc/df4ca44d3fbc9301ee17f30f4d474e6ae4b05252/library/alloc/src/boxed.rs:2468:9
[INFO] [stdout]   11:     0x5930b4d3dda9 - test::test_main::{{closure}}::hcf7c055ce117aa81
[INFO] [stdout]                                at /rustc/df4ca44d3fbc9301ee17f30f4d474e6ae4b05252/library/test/src/lib.rs:133:21
[INFO] [stdout]   12:     0x5930b573fc18 - <alloc::boxed::Box<F,A> as core::ops::function::Fn<Args>>::call::h1d66c6bbd60c9692
[INFO] [stdout]                                at /rustc/df4ca44d3fbc9301ee17f30f4d474e6ae4b05252/library/alloc/src/boxed.rs:2468:9
[INFO] [stdout]   13:     0x5930b573fc18 - std::panicking::rust_panic_with_hook::h2ff17fe8f26dfcf8
[INFO] [stdout]                                at /rustc/df4ca44d3fbc9301ee17f30f4d474e6ae4b05252/library/std/src/panicking.rs:809:13
[INFO] [stdout]   14:     0x5930b573f9a6 - std::panicking::begin_panic_handler::{{closure}}::h4fad77951c07e101
[INFO] [stdout]                                at /rustc/df4ca44d3fbc9301ee17f30f4d474e6ae4b05252/library/std/src/panicking.rs:667:13
[INFO] [stdout]   15:     0x5930b573e569 - std::sys::backtrace::__rust_end_short_backtrace::hb1a25b3da5d0ea08
[INFO] [stdout]                                at /rustc/df4ca44d3fbc9301ee17f30f4d474e6ae4b05252/library/std/src/sys/backtrace.rs:170:18
[INFO] [stdout]   16:     0x5930b573f66c - rust_begin_unwind
[INFO] [stdout]                                at /rustc/df4ca44d3fbc9301ee17f30f4d474e6ae4b05252/library/std/src/panicking.rs:665:5
[INFO] [stdout]   17:     0x5930b57669a0 - core::panicking::panic_fmt::ha9db07b529f9b256
[INFO] [stdout]                                at /rustc/df4ca44d3fbc9301ee17f30f4d474e6ae4b05252/library/core/src/panicking.rs:75:14
[INFO] [stdout]   18:     0x5930b4ce33b3 - mini_rust_auth::auth_tests::connect_to_pool::{{closure}}::h6b0b1e09d3834893
[INFO] [stdout]                                at /opt/rustwide/workdir/src/lib.rs:129:23
[INFO] [stdout]   19:     0x5930b4ce74e4 - mini_rust_auth::auth_tests::invalidate_session_test::{{closure}}::hd38b6b6637402f82
[INFO] [stdout]                                at /opt/rustwide/workdir/src/lib.rs:283:38
[INFO] [stdout]   20:     0x5930b4cd04de - <tokio::task::local::RunUntil<T> as core::future::future::Future>::poll::{{closure}}::hce6b5284c2ce08bc
[INFO] [stdout]                                at /opt/rustwide/cargo-home/registry/src/index.crates.io-6f17d22bba15001f/tokio-1.38.0/src/task/local.rs:978:42
[INFO] [stdout]   21:     0x5930b4ccc760 - tokio::task::local::LocalSet::with::{{closure}}::he1ebae089313b0a9
[INFO] [stdout]                                at /opt/rustwide/cargo-home/registry/src/index.crates.io-6f17d22bba15001f/tokio-1.38.0/src/task/local.rs:730:13
[INFO] [stdout]   22:     0x5930b4c9f260 - std::thread::local::LocalKey<T>::try_with::h45f8d11820c95f5c
[INFO] [stdout]                                at /rustc/df4ca44d3fbc9301ee17f30f4d474e6ae4b05252/library/std/src/thread/local.rs:283:12
[INFO] [stdout]   23:     0x5930b4c9db2a - std::thread::local::LocalKey<T>::with::h4919c1a7c1fce2fb
[INFO] [stdout]                                at /rustc/df4ca44d3fbc9301ee17f30f4d474e6ae4b05252/library/std/src/thread/local.rs:260:9
[INFO] [stdout]   24:     0x5930b4ccbf66 - tokio::task::local::LocalSet::with::h04dfba1c4be6cece
[INFO] [stdout]                                at /opt/rustwide/cargo-home/registry/src/index.crates.io-6f17d22bba15001f/tokio-1.38.0/src/task/local.rs:728:9
[INFO] [stdout]   25:     0x5930b4ccfb85 - <tokio::task::local::RunUntil<T> as core::future::future::Future>::poll::h177b6fd6ceac66ef
[INFO] [stdout]                                at /opt/rustwide/cargo-home/registry/src/index.crates.io-6f17d22bba15001f/tokio-1.38.0/src/task/local.rs:968:9
[INFO] [stdout]   26:     0x5930b4ccdf81 - tokio::task::local::LocalSet::run_until::{{closure}}::h779b274756af29f9
[INFO] [stdout]                                at /opt/rustwide/cargo-home/registry/src/index.crates.io-6f17d22bba15001f/tokio-1.38.0/src/task/local.rs:635:19
[INFO] [stdout]   27:     0x5930b4cece3d - <core::pin::Pin<P> as core::future::future::Future>::poll::h97b95813e3fb69a6
[INFO] [stdout]                                at /rustc/df4ca44d3fbc9301ee17f30f4d474e6ae4b05252/library/core/src/future/future.rs:123:9
[INFO] [stdout]   28:     0x5930b4c8095f - tokio::runtime::scheduler::current_thread::CoreGuard::block_on::{{closure}}::{{closure}}::{{closure}}::h3f4d98237fb163dc
[INFO] [stdout]                                at /opt/rustwide/cargo-home/registry/src/index.crates.io-6f17d22bba15001f/tokio-1.38.0/src/runtime/scheduler/current_thread/mod.rs:659:57
[INFO] [stdout]   29:     0x5930b4c80325 - tokio::runtime::coop::with_budget::hcdada68413ba6fc9
[INFO] [stdout]                                at /opt/rustwide/cargo-home/registry/src/index.crates.io-6f17d22bba15001f/tokio-1.38.0/src/runtime/coop.rs:107:5
[INFO] [stdout]   30:     0x5930b4c80325 - tokio::runtime::coop::budget::hd49291ec87d20ef3
[INFO] [stdout]                                at /opt/rustwide/cargo-home/registry/src/index.crates.io-6f17d22bba15001f/tokio-1.38.0/src/runtime/coop.rs:73:5
[INFO] [stdout]   31:     0x5930b4c80325 - tokio::runtime::scheduler::current_thread::CoreGuard::block_on::{{closure}}::{{closure}}::h62da484c9ffbc291
[INFO] [stdout]                                at /opt/rustwide/cargo-home/registry/src/index.crates.io-6f17d22bba15001f/tokio-1.38.0/src/runtime/scheduler/current_thread/mod.rs:659:25
[INFO] [stdout]   32:     0x5930b4c77930 - tokio::runtime::scheduler::current_thread::Context::enter::hfc16d93baed358cc
[INFO] [stdout]                                at /opt/rustwide/cargo-home/registry/src/index.crates.io-6f17d22bba15001f/tokio-1.38.0/src/runtime/scheduler/current_thread/mod.rs:404:19
[INFO] [stdout]   33:     0x5930b4c7db0e - tokio::runtime::scheduler::current_thread::CoreGuard::block_on::{{closure}}::ha65be22bcfaf41fc
[INFO] [stdout]                                at /opt/rustwide/cargo-home/registry/src/index.crates.io-6f17d22bba15001f/tokio-1.38.0/src/runtime/scheduler/current_thread/mod.rs:658:36
[INFO] [stdout]   34:     0x5930b4c7b304 - tokio::runtime::scheduler::current_thread::CoreGuard::enter::{{closure}}::h699b9394f32f37fd
[INFO] [stdout]                                at /opt/rustwide/cargo-home/registry/src/index.crates.io-6f17d22bba15001f/tokio-1.38.0/src/runtime/scheduler/current_thread/mod.rs:737:68
[INFO] [stdout]   35:     0x5930b4c9885b - tokio::runtime::context::scoped::Scoped<T>::set::h89bdbc7f2f89cc46
[INFO] [stdout]                                at /opt/rustwide/cargo-home/registry/src/index.crates.io-6f17d22bba15001f/tokio-1.38.0/src/runtime/context/scoped.rs:40:9
[INFO] [stdout]   36:     0x5930b4cb7359 - tokio::runtime::context::set_scheduler::{{closure}}::h0770f47012a72039
[INFO] [stdout]                                at /opt/rustwide/cargo-home/registry/src/index.crates.io-6f17d22bba15001f/tokio-1.38.0/src/runtime/context.rs:180:26
[INFO] [stdout]   37:     0x5930b4ca083d - std::thread::local::LocalKey<T>::try_with::ha3f7e74bddc2d665
[INFO] [stdout]                                at /rustc/df4ca44d3fbc9301ee17f30f4d474e6ae4b05252/library/std/src/thread/local.rs:283:12
[INFO] [stdout]   38:     0x5930b4c9da6a - std::thread::local::LocalKey<T>::with::h355eac2c1a72c16c
[INFO] [stdout]                                at /rustc/df4ca44d3fbc9301ee17f30f4d474e6ae4b05252/library/std/src/thread/local.rs:260:9
[INFO] [stdout]   39:     0x5930b4cb72cd - tokio::runtime::context::set_scheduler::h758907bb6b59a0ec
[INFO] [stdout]                                at /opt/rustwide/cargo-home/registry/src/index.crates.io-6f17d22bba15001f/tokio-1.38.0/src/runtime/context.rs:180:9
[INFO] [stdout]   40:     0x5930b4c7a3d0 - tokio::runtime::scheduler::current_thread::CoreGuard::enter::hc289b61f08c10fcb
[INFO] [stdout]                                at /opt/rustwide/cargo-home/registry/src/index.crates.io-6f17d22bba15001f/tokio-1.38.0/src/runtime/scheduler/current_thread/mod.rs:737:27
[INFO] [stdout]   41:     0x5930b4c7b563 - tokio::runtime::scheduler::current_thread::CoreGuard::block_on::hb53c8027c8eb9b81
[INFO] [stdout]                                at /opt/rustwide/cargo-home/registry/src/index.crates.io-6f17d22bba15001f/tokio-1.38.0/src/runtime/scheduler/current_thread/mod.rs:646:19
[INFO] [stdout]   42:     0x5930b4c7377d - tokio::runtime::scheduler::current_thread::CurrentThread::block_on::{{closure}}::hc2873b42940df4f2
[INFO] [stdout]                                at /opt/rustwide/cargo-home/registry/src/index.crates.io-6f17d22bba15001f/tokio-1.38.0/src/runtime/scheduler/current_thread/mod.rs:175:28
[INFO] [stdout]   43:     0x5930b4c891b7 - tokio::runtime::context::runtime::enter_runtime::h4a26e350d487a0b9
[INFO] [stdout]                                at /opt/rustwide/cargo-home/registry/src/index.crates.io-6f17d22bba15001f/tokio-1.38.0/src/runtime/context/runtime.rs:65:16
[INFO] [stdout]   44:     0x5930b4c728b3 - tokio::runtime::scheduler::current_thread::CurrentThread::block_on::h8085e2de74f744f4
[INFO] [stdout]                                at /opt/rustwide/cargo-home/registry/src/index.crates.io-6f17d22bba15001f/tokio-1.38.0/src/runtime/scheduler/current_thread/mod.rs:167:9
[INFO] [stdout]   45:     0x5930b4c8a74f - tokio::runtime::runtime::Runtime::block_on::h0a6fef95cb1ecada
[INFO] [stdout]                                at /opt/rustwide/cargo-home/registry/src/index.crates.io-6f17d22bba15001f/tokio-1.38.0/src/runtime/runtime.rs:347:47
[INFO] [stdout]   46:     0x5930b4ccc91d - tokio::task::local::LocalSet::block_on::h097a686bec838977
[INFO] [stdout]                                at /opt/rustwide/cargo-home/registry/src/index.crates.io-6f17d22bba15001f/tokio-1.38.0/src/task/local.rs:592:9
[INFO] [stdout]   47:     0x5930b4cd0927 - actix_rt::runtime::Runtime::block_on::h7c5f686a0445fc97
[INFO] [stdout]                                at /opt/rustwide/cargo-home/registry/src/index.crates.io-6f17d22bba15001f/actix-rt-2.10.0/src/runtime.rs:138:9
[INFO] [stdout]   48:     0x5930b4c9b00a - actix_rt::system::SystemRunner::block_on::h998ac54c3c7fbfbc
[INFO] [stdout]                                at /opt/rustwide/cargo-home/registry/src/index.crates.io-6f17d22bba15001f/actix-rt-2.10.0/src/system.rs:244:9
[INFO] [stdout]   49:     0x5930b4ce7297 - mini_rust_auth::auth_tests::invalidate_session_test::h19d8865747578d65
[INFO] [stdout]                                at /opt/rustwide/workdir/src/lib.rs:281:5
[INFO] [stdout]   50:     0x5930b4ce7237 - mini_rust_auth::auth_tests::invalidate_session_test::{{closure}}::h20f01cd3a6d8b1ee
[INFO] [stdout]                                at /opt/rustwide/workdir/src/lib.rs:282:39
[INFO] [stdout]   51:     0x5930b4c69a76 - core::ops::function::FnOnce::call_once::ha69433715c4c02ab
[INFO] [stdout]                                at /rustc/df4ca44d3fbc9301ee17f30f4d474e6ae4b05252/library/core/src/ops/function.rs:250:5
[INFO] [stdout]   52:     0x5930b4d4267b - core::ops::function::FnOnce::call_once::h22c3ba5715e93f05
[INFO] [stdout]                                at /rustc/df4ca44d3fbc9301ee17f30f4d474e6ae4b05252/library/core/src/ops/function.rs:250:5
[INFO] [stdout]   53:     0x5930b4d4267b - test::__rust_begin_short_backtrace::h8e82d8113d0da17f
[INFO] [stdout]                                at /rustc/df4ca44d3fbc9301ee17f30f4d474e6ae4b05252/library/test/src/lib.rs:621:18
[INFO] [stdout]   54:     0x5930b4d41ff7 - test::run_test_in_process::{{closure}}::h33235f4f20b7b7c7
[INFO] [stdout]                                at /rustc/df4ca44d3fbc9301ee17f30f4d474e6ae4b05252/library/test/src/lib.rs:644:60
[INFO] [stdout]   55:     0x5930b4d41ff7 - <core::panic::unwind_safe::AssertUnwindSafe<F> as core::ops::function::FnOnce<()>>::call_once::hb5043206310c586f
[INFO] [stdout]                                at /rustc/df4ca44d3fbc9301ee17f30f4d474e6ae4b05252/library/core/src/panic/unwind_safe.rs:272:9
[INFO] [stdout]   56:     0x5930b4d41ff7 - std::panicking::try::do_call::h9ad4731a60ab23e2
[INFO] [stdout]                                at /rustc/df4ca44d3fbc9301ee17f30f4d474e6ae4b05252/library/std/src/panicking.rs:557:40
[INFO] [stdout]   57:     0x5930b4d41ff7 - std::panicking::try::h3824d23db772a716
[INFO] [stdout]                                at /rustc/df4ca44d3fbc9301ee17f30f4d474e6ae4b05252/library/std/src/panicking.rs:520:19
[INFO] [stdout]   58:     0x5930b4d41ff7 - std::panic::catch_unwind::h5afd514605fde46b
[INFO] [stdout]                                at /rustc/df4ca44d3fbc9301ee17f30f4d474e6ae4b05252/library/std/src/panic.rs:358:14
[INFO] [stdout]   59:     0x5930b4d41ff7 - test::run_test_in_process::h0d5cbfa7067d1720
[INFO] [stdout]                                at /rustc/df4ca44d3fbc9301ee17f30f4d474e6ae4b05252/library/test/src/lib.rs:644:27
[INFO] [stdout]   60:     0x5930b4d41ff7 - test::run_test::{{closure}}::h708eb8872708115d
[INFO] [stdout]                                at /rustc/df4ca44d3fbc9301ee17f30f4d474e6ae4b05252/library/test/src/lib.rs:565:43
[INFO] [stdout]   61:     0x5930b4d05714 - test::run_test::{{closure}}::h392c51cee94713ab
[INFO] [stdout]                                at /rustc/df4ca44d3fbc9301ee17f30f4d474e6ae4b05252/library/test/src/lib.rs:595:41
[INFO] [stdout]   62:     0x5930b4d05714 - std::sys::backtrace::__rust_begin_short_backtrace::h2f40290710935a8b
[INFO] [stdout]                                at /rustc/df4ca44d3fbc9301ee17f30f4d474e6ae4b05252/library/std/src/sys/backtrace.rs:154:18
[INFO] [stdout]   63:     0x5930b4d08ebe - std::thread::Builder::spawn_unchecked_::{{closure}}::{{closure}}::h3fd968d89053a903
[INFO] [stdout]                                at /rustc/df4ca44d3fbc9301ee17f30f4d474e6ae4b05252/library/std/src/thread/mod.rs:541:17
[INFO] [stdout]   64:     0x5930b4d08ebe - <core::panic::unwind_safe::AssertUnwindSafe<F> as core::ops::function::FnOnce<()>>::call_once::h743f637ba4229880
[INFO] [stdout]                                at /rustc/df4ca44d3fbc9301ee17f30f4d474e6ae4b05252/library/core/src/panic/unwind_safe.rs:272:9
[INFO] [stdout]   65:     0x5930b4d08ebe - std::panicking::try::do_call::h07440897322525a6
[INFO] [stdout]                                at /rustc/df4ca44d3fbc9301ee17f30f4d474e6ae4b05252/library/std/src/panicking.rs:557:40
[INFO] [stdout]   66:     0x5930b4d08ebe - std::panicking::try::he5a2e00188156637
[INFO] [stdout]                                at /rustc/df4ca44d3fbc9301ee17f30f4d474e6ae4b05252/library/std/src/panicking.rs:520:19
[INFO] [stdout]   67:     0x5930b4d08ebe - std::panic::catch_unwind::hbaf3cae49b3c6433
[INFO] [stdout]                                at /rustc/df4ca44d3fbc9301ee17f30f4d474e6ae4b05252/library/std/src/panic.rs:358:14
[INFO] [stdout]   68:     0x5930b4d08ebe - std::thread::Builder::spawn_unchecked_::{{closure}}::h8e141ea224820bce
[INFO] [stdout]                                at /rustc/df4ca44d3fbc9301ee17f30f4d474e6ae4b05252/library/std/src/thread/mod.rs:540:30
[INFO] [stdout]   69:     0x5930b4d08ebe - core::ops::function::FnOnce::call_once{{vtable.shim}}::h90d312fedd7b8ea8
[INFO] [stdout]                                at /rustc/df4ca44d3fbc9301ee17f30f4d474e6ae4b05252/library/core/src/ops/function.rs:250:5
[INFO] [stdout]   70:     0x5930b5743edb - <alloc::boxed::Box<F,A> as core::ops::function::FnOnce<Args>>::call_once::h69aa08ddb6adb8b6
[INFO] [stdout]                                at /rustc/df4ca44d3fbc9301ee17f30f4d474e6ae4b05252/library/alloc/src/boxed.rs:2454:9
[INFO] [stdout]   71:     0x5930b5743edb - <alloc::boxed::Box<F,A> as core::ops::function::FnOnce<Args>>::call_once::h5aa36efdb79c806f
[INFO] [stdout]                                at /rustc/df4ca44d3fbc9301ee17f30f4d474e6ae4b05252/library/alloc/src/boxed.rs:2454:9
[INFO] [stdout]   72:     0x5930b5743edb - std::sys::pal::unix::thread::Thread::new::thread_start::h6cd80a1b4be5158d
[INFO] [stdout]                                at /rustc/df4ca44d3fbc9301ee17f30f4d474e6ae4b05252/library/std/src/sys/pal/unix/thread.rs:105:17
[INFO] [stdout]   73:     0x7a2decf36ac3 - <unknown>
[INFO] [stdout]   74:     0x7a2decfc7a04 - clone
[INFO] [stdout]   75:                0x0 - <unknown>
[INFO] [stdout] 
[INFO] [stdout] ---- auth_tests::end_sessions stdout ----
[INFO] [stdout] thread 'auth_tests::end_sessions' panicked at src/lib.rs:129:23:
[INFO] [stdout] could not connect to db
[INFO] [stdout] stack backtrace:
[INFO] [stdout]    0:     0x5930b573e08a - std::backtrace_rs::backtrace::libunwind::trace::h207520d6e9873551
[INFO] [stdout]                                at /rustc/df4ca44d3fbc9301ee17f30f4d474e6ae4b05252/library/std/src/../../backtrace/src/backtrace/libunwind.rs:116:5
[INFO] [stdout]    1:     0x5930b573e08a - std::backtrace_rs::backtrace::trace_unsynchronized::h2ed7433f370e3eca
[INFO] [stdout]                                at /rustc/df4ca44d3fbc9301ee17f30f4d474e6ae4b05252/library/std/src/../../backtrace/src/backtrace/mod.rs:66:5
[INFO] [stdout]    2:     0x5930b573e08a - std::sys::backtrace::_print_fmt::h916fac51166b18d7
[INFO] [stdout]                                at /rustc/df4ca44d3fbc9301ee17f30f4d474e6ae4b05252/library/std/src/sys/backtrace.rs:66:9
[INFO] [stdout]    3:     0x5930b573e08a - <std::sys::backtrace::BacktraceLock::print::DisplayBacktrace as core::fmt::Display>::fmt::ha0a4c9b8ce3802e6
[INFO] [stdout]                                at /rustc/df4ca44d3fbc9301ee17f30f4d474e6ae4b05252/library/std/src/sys/backtrace.rs:39:26
[INFO] [stdout]    4:     0x5930b5768cd3 - core::fmt::rt::Argument::fmt::h4cfc8587d52b3eb5
[INFO] [stdout]                                at /rustc/df4ca44d3fbc9301ee17f30f4d474e6ae4b05252/library/core/src/fmt/rt.rs:177:76
[INFO] [stdout]    5:     0x5930b5768cd3 - core::fmt::write::h522cc39e5b36ae9f
[INFO] [stdout]                                at /rustc/df4ca44d3fbc9301ee17f30f4d474e6ae4b05252/library/core/src/fmt/mod.rs:1190:21
[INFO] [stdout]    6:     0x5930b5739f13 - std::io::Write::write_fmt::h7d3c26752da97734
[INFO] [stdout]                                at /rustc/df4ca44d3fbc9301ee17f30f4d474e6ae4b05252/library/std/src/io/mod.rs:1839:15
[INFO] [stdout]    7:     0x5930b573ded2 - std::sys::backtrace::BacktraceLock::print::h4b9e00b29e9c0942
[INFO] [stdout]                                at /rustc/df4ca44d3fbc9301ee17f30f4d474e6ae4b05252/library/std/src/sys/backtrace.rs:42:9
[INFO] [stdout]    8:     0x5930b573f51a - std::panicking::default_hook::{{closure}}::hb59b88280d0324d9
[INFO] [stdout]                                at /rustc/df4ca44d3fbc9301ee17f30f4d474e6ae4b05252/library/std/src/panicking.rs:268:22
[INFO] [stdout]    9:     0x5930b573f324 - std::panicking::default_hook::he1dd496665be4a29
[INFO] [stdout]                                at /rustc/df4ca44d3fbc9301ee17f30f4d474e6ae4b05252/library/std/src/panicking.rs:292:9
[INFO] [stdout]   10:     0x5930b4d3dda9 - <alloc::boxed::Box<F,A> as core::ops::function::Fn<Args>>::call::h4ff71de18744e1dc
[INFO] [stdout]                                at /rustc/df4ca44d3fbc9301ee17f30f4d474e6ae4b05252/library/alloc/src/boxed.rs:2468:9
[INFO] [stdout]   11:     0x5930b4d3dda9 - test::test_main::{{closure}}::hcf7c055ce117aa81
[INFO] [stdout]                                at /rustc/df4ca44d3fbc9301ee17f30f4d474e6ae4b05252/library/test/src/lib.rs:133:21
[INFO] [stdout]   12:     0x5930b573fc18 - <alloc::boxed::Box<F,A> as core::ops::function::Fn<Args>>::call::h1d66c6bbd60c9692
[INFO] [stdout]                                at /rustc/df4ca44d3fbc9301ee17f30f4d474e6ae4b05252/library/alloc/src/boxed.rs:2468:9
[INFO] [stdout]   13:     0x5930b573fc18 - std::panicking::rust_panic_with_hook::h2ff17fe8f26dfcf8
[INFO] [stdout]                                at /rustc/df4ca44d3fbc9301ee17f30f4d474e6ae4b05252/library/std/src/panicking.rs:809:13
[INFO] [stdout]   14:     0x5930b573f9a6 - std::panicking::begin_panic_handler::{{closure}}::h4fad77951c07e101
[INFO] [stdout]                                at /rustc/df4ca44d3fbc9301ee17f30f4d474e6ae4b05252/library/std/src/panicking.rs:667:13
[INFO] [stdout]   15:     0x5930b573e569 - std::sys::backtrace::__rust_end_short_backtrace::hb1a25b3da5d0ea08
[INFO] [stdout]                                at /rustc/df4ca44d3fbc9301ee17f30f4d474e6ae4b05252/library/std/src/sys/backtrace.rs:170:18
[INFO] [stdout]   16:     0x5930b573f66c - rust_begin_unwind
[INFO] [stdout]                                at /rustc/df4ca44d3fbc9301ee17f30f4d474e6ae4b05252/library/std/src/panicking.rs:665:5
[INFO] [stdout]   17:     0x5930b57669a0 - core::panicking::panic_fmt::ha9db07b529f9b256
[INFO] [stdout]                                at /rustc/df4ca44d3fbc9301ee17f30f4d474e6ae4b05252/library/core/src/panicking.rs:75:14
[INFO] [stdout]   18:     0x5930b4ce33b3 - mini_rust_auth::auth_tests::connect_to_pool::{{closure}}::h6b0b1e09d3834893
[INFO] [stdout]                                at /opt/rustwide/workdir/src/lib.rs:129:23
[INFO] [stdout]   19:     0x5930b4ce852c - mini_rust_auth::auth_tests::end_sessions::{{closure}}::h138602ebc87b5d0a
[INFO] [stdout]                                at /opt/rustwide/workdir/src/lib.rs:320:38
[INFO] [stdout]   20:     0x5930b4cd077e - <tokio::task::local::RunUntil<T> as core::future::future::Future>::poll::{{closure}}::hda9d0b4a7d2dcb3c
[INFO] [stdout]                                at /opt/rustwide/cargo-home/registry/src/index.crates.io-6f17d22bba15001f/tokio-1.38.0/src/task/local.rs:978:42
[INFO] [stdout]   21:     0x5930b4ccc490 - tokio::task::local::LocalSet::with::{{closure}}::h6826c407a0b109f8
[INFO] [stdout]                                at /opt/rustwide/cargo-home/registry/src/index.crates.io-6f17d22bba15001f/tokio-1.38.0/src/task/local.rs:730:13
[INFO] [stdout]   22:     0x5930b4ca0a90 - std::thread::local::LocalKey<T>::try_with::hb51600b9ce51c5f0
[INFO] [stdout]                                at /rustc/df4ca44d3fbc9301ee17f30f4d474e6ae4b05252/library/std/src/thread/local.rs:283:12
[INFO] [stdout]   23:     0x5930b4c9d97a - std::thread::local::LocalKey<T>::with::h0199e435db1221e7
[INFO] [stdout]                                at /rustc/df4ca44d3fbc9301ee17f30f4d474e6ae4b05252/library/std/src/thread/local.rs:260:9
[INFO] [stdout]   24:     0x5930b4ccc0e6 - tokio::task::local::LocalSet::with::hd3e8c01ed27c2cd1
[INFO] [stdout]                                at /opt/rustwide/cargo-home/registry/src/index.crates.io-6f17d22bba15001f/tokio-1.38.0/src/task/local.rs:728:9
[INFO] [stdout]   25:     0x5930b4ccfb25 - <tokio::task::local::RunUntil<T> as core::future::future::Future>::poll::h02f84d63e0670466
[INFO] [stdout]                                at /opt/rustwide/cargo-home/registry/src/index.crates.io-6f17d22bba15001f/tokio-1.38.0/src/task/local.rs:968:9
[INFO] [stdout]   26:     0x5930b4ccdaa1 - tokio::task::local::LocalSet::run_until::{{closure}}::h5f55776c4c26ba28
[INFO] [stdout]                                at /opt/rustwide/cargo-home/registry/src/index.crates.io-6f17d22bba15001f/tokio-1.38.0/src/task/local.rs:635:19
[INFO] [stdout]   27:     0x5930b4cecedd - <core::pin::Pin<P> as core::future::future::Future>::poll::ha2dc7a42fe99c304
[INFO] [stdout]                                at /rustc/df4ca44d3fbc9301ee17f30f4d474e6ae4b05252/library/core/src/future/future.rs:123:9
[INFO] [stdout]   28:     0x5930b4c809df - tokio::runtime::scheduler::current_thread::CoreGuard::block_on::{{closure}}::{{closure}}::{{closure}}::h5a90f8dd38d887fa
[INFO] [stdout]                                at /opt/rustwide/cargo-home/registry/src/index.crates.io-6f17d22bba15001f/tokio-1.38.0/src/runtime/scheduler/current_thread/mod.rs:659:57
[INFO] [stdout]   29:     0x5930b4c80185 - tokio::runtime::coop::with_budget::h26b86410bfefd3db
[INFO] [stdout]                                at /opt/rustwide/cargo-home/registry/src/index.crates.io-6f17d22bba15001f/tokio-1.38.0/src/runtime/coop.rs:107:5
[INFO] [stdout]   30:     0x5930b4c80185 - tokio::runtime::coop::budget::h58f75ab09d2295a3
[INFO] [stdout]                                at /opt/rustwide/cargo-home/registry/src/index.crates.io-6f17d22bba15001f/tokio-1.38.0/src/runtime/coop.rs:73:5
[INFO] [stdout]   31:     0x5930b4c80185 - tokio::runtime::scheduler::current_thread::CoreGuard::block_on::{{closure}}::{{closure}}::h5c277fa27a133ce0
[INFO] [stdout]                                at /opt/rustwide/cargo-home/registry/src/index.crates.io-6f17d22bba15001f/tokio-1.38.0/src/runtime/scheduler/current_thread/mod.rs:659:25
[INFO] [stdout]   32:     0x5930b4c77c60 - tokio::runtime::scheduler::current_thread::Context::enter::hfda3fe7816d7456a
[INFO] [stdout]                                at /opt/rustwide/cargo-home/registry/src/index.crates.io-6f17d22bba15001f/tokio-1.38.0/src/runtime/scheduler/current_thread/mod.rs:404:19
[INFO] [stdout]   33:     0x5930b4c7e3ae - tokio::runtime::scheduler::current_thread::CoreGuard::block_on::{{closure}}::hb113d18d4d104737
[INFO] [stdout]                                at /opt/rustwide/cargo-home/registry/src/index.crates.io-6f17d22bba15001f/tokio-1.38.0/src/runtime/scheduler/current_thread/mod.rs:658:36
[INFO] [stdout]   34:     0x5930b4c7b2a4 - tokio::runtime::scheduler::current_thread::CoreGuard::enter::{{closure}}::h2fad36244dce283d
[INFO] [stdout]                                at /opt/rustwide/cargo-home/registry/src/index.crates.io-6f17d22bba15001f/tokio-1.38.0/src/runtime/scheduler/current_thread/mod.rs:737:68
[INFO] [stdout]   35:     0x5930b4c9846b - tokio::runtime::context::scoped::Scoped<T>::set::h400eaca0d7e17a50
[INFO] [stdout]                                at /opt/rustwide/cargo-home/registry/src/index.crates.io-6f17d22bba15001f/tokio-1.38.0/src/runtime/context/scoped.rs:40:9
[INFO] [stdout]   36:     0x5930b4cb7519 - tokio::runtime::context::set_scheduler::{{closure}}::hec9e0a298415b766
[INFO] [stdout]                                at /opt/rustwide/cargo-home/registry/src/index.crates.io-6f17d22bba15001f/tokio-1.38.0/src/runtime/context.rs:180:26
[INFO] [stdout]   37:     0x5930b4ca02ed - std::thread::local::LocalKey<T>::try_with::h8f0a89f1e053e132
[INFO] [stdout]                                at /rustc/df4ca44d3fbc9301ee17f30f4d474e6ae4b05252/library/std/src/thread/local.rs:283:12
[INFO] [stdout]   38:     0x5930b4c9de2a - std::thread::local::LocalKey<T>::with::he48cc0c306f6f2cd
[INFO] [stdout]                                at /rustc/df4ca44d3fbc9301ee17f30f4d474e6ae4b05252/library/std/src/thread/local.rs:260:9
[INFO] [stdout]   39:     0x5930b4cb71cd - tokio::runtime::context::set_scheduler::h309fbda7799bdab0
[INFO] [stdout]                                at /opt/rustwide/cargo-home/registry/src/index.crates.io-6f17d22bba15001f/tokio-1.38.0/src/runtime/context.rs:180:9
[INFO] [stdout]   40:     0x5930b4c7ac10 - tokio::runtime::scheduler::current_thread::CoreGuard::enter::hebf2fc643be18ec2
[INFO] [stdout]                                at /opt/rustwide/cargo-home/registry/src/index.crates.io-6f17d22bba15001f/tokio-1.38.0/src/runtime/scheduler/current_thread/mod.rs:737:27
[INFO] [stdout]   41:     0x5930b4c7b5c3 - tokio::runtime::scheduler::current_thread::CoreGuard::block_on::hb6a5b0ba35c12ee6
[INFO] [stdout]                                at /opt/rustwide/cargo-home/registry/src/index.crates.io-6f17d22bba15001f/tokio-1.38.0/src/runtime/scheduler/current_thread/mod.rs:646:19
[INFO] [stdout]   42:     0x5930b4c7447d - tokio::runtime::scheduler::current_thread::CurrentThread::block_on::{{closure}}::hfedd2c5292e18f33
[INFO] [stdout]                                at /opt/rustwide/cargo-home/registry/src/index.crates.io-6f17d22bba15001f/tokio-1.38.0/src/runtime/scheduler/current_thread/mod.rs:175:28
[INFO] [stdout]   43:     0x5930b4c89877 - tokio::runtime::context::runtime::enter_runtime::hf74c25212bfbb1aa
[INFO] [stdout]                                at /opt/rustwide/cargo-home/registry/src/index.crates.io-6f17d22bba15001f/tokio-1.38.0/src/runtime/context/runtime.rs:65:16
[INFO] [stdout]   44:     0x5930b4c72bc3 - tokio::runtime::scheduler::current_thread::CurrentThread::block_on::hccee6e2682a66e0e
[INFO] [stdout]                                at /opt/rustwide/cargo-home/registry/src/index.crates.io-6f17d22bba15001f/tokio-1.38.0/src/runtime/scheduler/current_thread/mod.rs:167:9
[INFO] [stdout]   45:     0x5930b4c8afbf - tokio::runtime::runtime::Runtime::block_on::hdfdaf8f064cafc37
[INFO] [stdout]                                at /opt/rustwide/cargo-home/registry/src/index.crates.io-6f17d22bba15001f/tokio-1.38.0/src/runtime/runtime.rs:347:47
[INFO] [stdout]   46:     0x5930b4cccb80 - tokio::task::local::LocalSet::block_on::ha03d8f662719db14
[INFO] [stdout]                                at /opt/rustwide/cargo-home/registry/src/index.crates.io-6f17d22bba15001f/tokio-1.38.0/src/task/local.rs:592:9
[INFO] [stdout]   47:     0x5930b4cd08e7 - actix_rt::runtime::Runtime::block_on::h4cb5abe1611b2277
[INFO] [stdout]                                at /opt/rustwide/cargo-home/registry/src/index.crates.io-6f17d22bba15001f/actix-rt-2.10.0/src/runtime.rs:138:9
[INFO] [stdout]   48:     0x5930b4c9afca - actix_rt::system::SystemRunner::block_on::h12efcf171d4ae8ea
[INFO] [stdout]                                at /opt/rustwide/cargo-home/registry/src/index.crates.io-6f17d22bba15001f/actix-rt-2.10.0/src/system.rs:244:9
[INFO] [stdout]   49:     0x5930b4ce82c5 - mini_rust_auth::auth_tests::end_sessions::h9741cf0bb6e677e9
[INFO] [stdout]                                at /opt/rustwide/workdir/src/lib.rs:318:5
[INFO] [stdout]   50:     0x5930b4ce8267 - mini_rust_auth::auth_tests::end_sessions::{{closure}}::h3a18dde385c44797
[INFO] [stdout]                                at /opt/rustwide/workdir/src/lib.rs:319:28
[INFO] [stdout]   51:     0x5930b4c695f6 - core::ops::function::FnOnce::call_once::h3b2d55f2cc7030b5
[INFO] [stdout]                                at /rustc/df4ca44d3fbc9301ee17f30f4d474e6ae4b05252/library/core/src/ops/function.rs:250:5
[INFO] [stdout]   52:     0x5930b4d4267b - core::ops::function::FnOnce::call_once::h22c3ba5715e93f05
[INFO] [stdout]                                at /rustc/df4ca44d3fbc9301ee17f30f4d474e6ae4b05252/library/core/src/ops/function.rs:250:5
[INFO] [stdout]   53:     0x5930b4d4267b - test::__rust_begin_short_backtrace::h8e82d8113d0da17f
[INFO] [stdout]                                at /rustc/df4ca44d3fbc9301ee17f30f4d474e6ae4b05252/library/test/src/lib.rs:621:18
[INFO] [stdout]   54:     0x5930b4d41ff7 - test::run_test_in_process::{{closure}}::h33235f4f20b7b7c7
[INFO] [stdout]                                at /rustc/df4ca44d3fbc9301ee17f30f4d474e6ae4b05252/library/test/src/lib.rs:644:60
[INFO] [stdout]   55:     0x5930b4d41ff7 - <core::panic::unwind_safe::AssertUnwindSafe<F> as core::ops::function::FnOnce<()>>::call_once::hb5043206310c586f
[INFO] [stdout]                                at /rustc/df4ca44d3fbc9301ee17f30f4d474e6ae4b05252/library/core/src/panic/unwind_safe.rs:272:9
[INFO] [stdout]   56:     0x5930b4d41ff7 - std::panicking::try::do_call::h9ad4731a60ab23e2
[INFO] [stdout]                                at /rustc/df4ca44d3fbc9301ee17f30f4d474e6ae4b05252/library/std/src/panicking.rs:557:40
[INFO] [stdout]   57:     0x5930b4d41ff7 - std::panicking::try::h3824d23db772a716
[INFO] [stdout]                                at /rustc/df4ca44d3fbc9301ee17f30f4d474e6ae4b05252/library/std/src/panicking.rs:520:19
[INFO] [stdout]   58:     0x5930b4d41ff7 - std::panic::catch_unwind::h5afd514605fde46b
[INFO] [stdout]                                at /rustc/df4ca44d3fbc9301ee17f30f4d474e6ae4b05252/library/std/src/panic.rs:358:14
[INFO] [stdout]   59:     0x5930b4d41ff7 - test::run_test_in_process::h0d5cbfa7067d1720
[INFO] [stdout]                                at /rustc/df4ca44d3fbc9301ee17f30f4d474e6ae4b05252/library/test/src/lib.rs:644:27
[INFO] [stdout]   60:     0x5930b4d41ff7 - test::run_test::{{closure}}::h708eb8872708115d
[INFO] [stdout]                                at /rustc/df4ca44d3fbc9301ee17f30f4d474e6ae4b05252/library/test/src/lib.rs:565:43
[INFO] [stdout]   61:     0x5930b4d05714 - test::run_test::{{closure}}::h392c51cee94713ab
[INFO] [stdout]                                at /rustc/df4ca44d3fbc9301ee17f30f4d474e6ae4b05252/library/test/src/lib.rs:595:41
[INFO] [stdout]   62:     0x5930b4d05714 - std::sys::backtrace::__rust_begin_short_backtrace::h2f40290710935a8b
[INFO] [stdout]                                at /rustc/df4ca44d3fbc9301ee17f30f4d474e6ae4b05252/library/std/src/sys/backtrace.rs:154:18
[INFO] [stdout]   63:     0x5930b4d08ebe - std::thread::Builder::spawn_unchecked_::{{closure}}::{{closure}}::h3fd968d89053a903
[INFO] [stdout]                                at /rustc/df4ca44d3fbc9301ee17f30f4d474e6ae4b05252/library/std/src/thread/mod.rs:541:17
[INFO] [stdout]   64:     0x5930b4d08ebe - <core::panic::unwind_safe::AssertUnwindSafe<F> as core::ops::function::FnOnce<()>>::call_once::h743f637ba4229880
[INFO] [stdout]                                at /rustc/df4ca44d3fbc9301ee17f30f4d474e6ae4b05252/library/core/src/panic/unwind_safe.rs:272:9
[INFO] [stdout]   65:     0x5930b4d08ebe - std::panicking::try::do_call::h07440897322525a6
[INFO] [stdout]                                at /rustc/df4ca44d3fbc9301ee17f30f4d474e6ae4b05252/library/std/src/panicking.rs:557:40
[INFO] [stdout]   66:     0x5930b4d08ebe - std::panicking::try::he5a2e00188156637
[INFO] [stdout]                                at /rustc/df4ca44d3fbc9301ee17f30f4d474e6ae4b05252/library/std/src/panicking.rs:520:19
[INFO] [stdout]   67:     0x5930b4d08ebe - std::panic::catch_unwind::hbaf3cae49b3c6433
[INFO] [stdout]                                at /rustc/df4ca44d3fbc9301ee17f30f4d474e6ae4b05252/library/std/src/panic.rs:358:14
[INFO] [stdout]   68:     0x5930b4d08ebe - std::thread::Builder::spawn_unchecked_::{{closure}}::h8e141ea224820bce
[INFO] [stdout]                                at /rustc/df4ca44d3fbc9301ee17f30f4d474e6ae4b05252/library/std/src/thread/mod.rs:540:30
[INFO] [stdout]   69:     0x5930b4d08ebe - core::ops::function::FnOnce::call_once{{vtable.shim}}::h90d312fedd7b8ea8
[INFO] [stdout]                                at /rustc/df4ca44d3fbc9301ee17f30f4d474e6ae4b05252/library/core/src/ops/function.rs:250:5
[INFO] [stdout]   70:     0x5930b5743edb - <alloc::boxed::Box<F,A> as core::ops::function::FnOnce<Args>>::call_once::h69aa08ddb6adb8b6
[INFO] [stdout]                                at /rustc/df4ca44d3fbc9301ee17f30f4d474e6ae4b05252/library/alloc/src/boxed.rs:2454:9
[INFO] [stdout]   71:     0x5930b5743edb - <alloc::boxed::Box<F,A> as core::ops::function::FnOnce<Args>>::call_once::h5aa36efdb79c806f
[INFO] [stdout]                                at /rustc/df4ca44d3fbc9301ee17f30f4d474e6ae4b05252/library/alloc/src/boxed.rs:2454:9
[INFO] [stdout]   72:     0x5930b5743edb - std::sys::pal::unix::thread::Thread::new::thread_start::h6cd80a1b4be5158d
[INFO] [stdout]                                at /rustc/df4ca44d3fbc9301ee17f30f4d474e6ae4b05252/library/std/src/sys/pal/unix/thread.rs:105:17
[INFO] [stdout]   73:     0x7a2decf36ac3 - <unknown>
[INFO] [stdout]   74:     0x7a2decfc7a04 - clone
[INFO] [stdout]   75:                0x0 - <unknown>
[INFO] [stdout] 
[INFO] [stdout] ---- auth_tests::verify_session stdout ----
[INFO] [stdout] thread 'auth_tests::verify_session' panicked at src/lib.rs:129:23:
[INFO] [stdout] could not connect to db
[INFO] [stdout] stack backtrace:
[INFO] [stdout]    0:     0x5930b573e08a - std::backtrace_rs::backtrace::libunwind::trace::h207520d6e9873551
[INFO] [stdout]                                at /rustc/df4ca44d3fbc9301ee17f30f4d474e6ae4b05252/library/std/src/../../backtrace/src/backtrace/libunwind.rs:116:5
[INFO] [stdout]    1:     0x5930b573e08a - std::backtrace_rs::backtrace::trace_unsynchronized::h2ed7433f370e3eca
[INFO] [stdout]                                at /rustc/df4ca44d3fbc9301ee17f30f4d474e6ae4b05252/library/std/src/../../backtrace/src/backtrace/mod.rs:66:5
[INFO] [stdout]    2:     0x5930b573e08a - std::sys::backtrace::_print_fmt::h916fac51166b18d7
[INFO] [stdout]                                at /rustc/df4ca44d3fbc9301ee17f30f4d474e6ae4b05252/library/std/src/sys/backtrace.rs:66:9
[INFO] [stdout]    3:     0x5930b573e08a - <std::sys::backtrace::BacktraceLock::print::DisplayBacktrace as core::fmt::Display>::fmt::ha0a4c9b8ce3802e6
[INFO] [stdout]                                at /rustc/df4ca44d3fbc9301ee17f30f4d474e6ae4b05252/library/std/src/sys/backtrace.rs:39:26
[INFO] [stdout]    4:     0x5930b5768cd3 - core::fmt::rt::Argument::fmt::h4cfc8587d52b3eb5
[INFO] [stdout]                                at /rustc/df4ca44d3fbc9301ee17f30f4d474e6ae4b05252/library/core/src/fmt/rt.rs:177:76
[INFO] [stdout]    5:     0x5930b5768cd3 - core::fmt::write::h522cc39e5b36ae9f
[INFO] [stdout]                                at /rustc/df4ca44d3fbc9301ee17f30f4d474e6ae4b05252/library/core/src/fmt/mod.rs:1190:21
[INFO] [stdout]    6:     0x5930b5739f13 - std::io::Write::write_fmt::h7d3c26752da97734
[INFO] [stdout]                                at /rustc/df4ca44d3fbc9301ee17f30f4d474e6ae4b05252/library/std/src/io/mod.rs:1839:15
[INFO] [stdout]    7:     0x5930b573ded2 - std::sys::backtrace::BacktraceLock::print::h4b9e00b29e9c0942
[INFO] [stdout]                                at /rustc/df4ca44d3fbc9301ee17f30f4d474e6ae4b05252/library/std/src/sys/backtrace.rs:42:9
[INFO] [stdout]    8:     0x5930b573f51a - std::panicking::default_hook::{{closure}}::hb59b88280d0324d9
[INFO] [stdout]                                at /rustc/df4ca44d3fbc9301ee17f30f4d474e6ae4b05252/library/std/src/panicking.rs:268:22
[INFO] [stdout]    9:     0x5930b573f324 - std::panicking::default_hook::he1dd496665be4a29
[INFO] [stdout]                                at /rustc/df4ca44d3fbc9301ee17f30f4d474e6ae4b05252/library/std/src/panicking.rs:292:9
[INFO] [stdout]   10:     0x5930b4d3dda9 - <alloc::boxed::Box<F,A> as core::ops::function::Fn<Args>>::call::h4ff71de18744e1dc
[INFO] [stdout]                                at /rustc/df4ca44d3fbc9301ee17f30f4d474e6ae4b05252/library/alloc/src/boxed.rs:2468:9
[INFO] [stdout]   11:     0x5930b4d3dda9 - test::test_main::{{closure}}::hcf7c055ce117aa81
[INFO] [stdout]                                at /rustc/df4ca44d3fbc9301ee17f30f4d474e6ae4b05252/library/test/src/lib.rs:133:21
[INFO] [stdout]   12:     0x5930b573fc18 - <alloc::boxed::Box<F,A> as core::ops::function::Fn<Args>>::call::h1d66c6bbd60c9692
[INFO] [stdout]                                at /rustc/df4ca44d3fbc9301ee17f30f4d474e6ae4b05252/library/alloc/src/boxed.rs:2468:9
[INFO] [stdout]   13:     0x5930b573fc18 - std::panicking::rust_panic_with_hook::h2ff17fe8f26dfcf8
[INFO] [stdout]                                at /rustc/df4ca44d3fbc9301ee17f30f4d474e6ae4b05252/library/std/src/panicking.rs:809:13
[INFO] [stdout]   14:     0x5930b573f9a6 - std::panicking::begin_panic_handler::{{closure}}::h4fad77951c07e101
[INFO] [stdout]                                at /rustc/df4ca44d3fbc9301ee17f30f4d474e6ae4b05252/library/std/src/panicking.rs:667:13
[INFO] [stdout]   15:     0x5930b573e569 - std::sys::backtrace::__rust_end_short_backtrace::hb1a25b3da5d0ea08
[INFO] [stdout]                                at /rustc/df4ca44d3fbc9301ee17f30f4d474e6ae4b05252/library/std/src/sys/backtrace.rs:170:18
[INFO] [stdout]   16:     0x5930b573f66c - rust_begin_unwind
[INFO] [stdout]                                at /rustc/df4ca44d3fbc9301ee17f30f4d474e6ae4b05252/library/std/src/panicking.rs:665:5
[INFO] [stdout]   17:     0x5930b57669a0 - core::panicking::panic_fmt::ha9db07b529f9b256
[INFO] [stdout]                                at /rustc/df4ca44d3fbc9301ee17f30f4d474e6ae4b05252/library/core/src/panicking.rs:75:14
[INFO] [stdout]   18:     0x5930b4ce33b3 - mini_rust_auth::auth_tests::connect_to_pool::{{closure}}::h6b0b1e09d3834893
[INFO] [stdout]                                at /opt/rustwide/workdir/src/lib.rs:129:23
[INFO] [stdout]   19:     0x5930b4ce4965 - mini_rust_auth::auth_tests::verify_session::{{closure}}::hb5921ea944b7710f
[INFO] [stdout]                                at /opt/rustwide/workdir/src/lib.rs:175:38
[INFO] [stdout]   20:     0x5930b4ccfe4e - <tokio::task::local::RunUntil<T> as core::future::future::Future>::poll::{{closure}}::h2bb916198f84d0e7
[INFO] [stdout]                                at /opt/rustwide/cargo-home/registry/src/index.crates.io-6f17d22bba15001f/tokio-1.38.0/src/task/local.rs:978:42
[INFO] [stdout]   21:     0x5930b4ccc1c0 - tokio::task::local::LocalSet::with::{{closure}}::h2dfbac649130a8a6
[INFO] [stdout]                                at /opt/rustwide/cargo-home/registry/src/index.crates.io-6f17d22bba15001f/tokio-1.38.0/src/task/local.rs:730:13
[INFO] [stdout]   22:     0x5930b4c9ea10 - std::thread::local::LocalKey<T>::try_with::h33d3b52deb8dae10
[INFO] [stdout]                                at /rustc/df4ca44d3fbc9301ee17f30f4d474e6ae4b05252/library/std/src/thread/local.rs:283:12
[INFO] [stdout]   23:     0x5930b4c9db5a - std::thread::local::LocalKey<T>::with::h5a5270f92174f828
[INFO] [stdout]                                at /rustc/df4ca44d3fbc9301ee17f30f4d474e6ae4b05252/library/std/src/thread/local.rs:260:9
[INFO] [stdout]   24:     0x5930b4ccc026 - tokio::task::local::LocalSet::with::h496c18a8d99c82b4
[INFO] [stdout]                                at /opt/rustwide/cargo-home/registry/src/index.crates.io-6f17d22bba15001f/tokio-1.38.0/src/task/local.rs:728:9
[INFO] [stdout]   25:     0x5930b4ccfc45 - <tokio::task::local::RunUntil<T> as core::future::future::Future>::poll::h57f52bbd90230ee5
[INFO] [stdout]                                at /opt/rustwide/cargo-home/registry/src/index.crates.io-6f17d22bba15001f/tokio-1.38.0/src/task/local.rs:968:9
[INFO] [stdout]   26:     0x5930b4ccd351 - tokio::task::local::LocalSet::run_until::{{closure}}::h12b5d350f701be97
[INFO] [stdout]                                at /opt/rustwide/cargo-home/registry/src/index.crates.io-6f17d22bba15001f/tokio-1.38.0/src/task/local.rs:635:19
[INFO] [stdout]   27:     0x5930b4ceccdd - <core::pin::Pin<P> as core::future::future::Future>::poll::h4efb85e3ba3b92e9
[INFO] [stdout]                                at /rustc/df4ca44d3fbc9301ee17f30f4d474e6ae4b05252/library/core/src/future/future.rs:123:9
[INFO] [stdout]   28:     0x5930b4c8099f - tokio::runtime::scheduler::current_thread::CoreGuard::block_on::{{closure}}::{{closure}}::{{closure}}::h43398c9816440918
[INFO] [stdout]                                at /opt/rustwide/cargo-home/registry/src/index.crates.io-6f17d22bba15001f/tokio-1.38.0/src/runtime/scheduler/current_thread/mod.rs:659:57
[INFO] [stdout]   29:     0x5930b4c80695 - tokio::runtime::coop::with_budget::h8f96935618657904
[INFO] [stdout]                                at /opt/rustwide/cargo-home/registry/src/index.crates.io-6f17d22bba15001f/tokio-1.38.0/src/runtime/coop.rs:107:5
[INFO] [stdout]   30:     0x5930b4c80695 - tokio::runtime::coop::budget::h35c007465ea42878
[INFO] [stdout]                                at /opt/rustwide/cargo-home/registry/src/index.crates.io-6f17d22bba15001f/tokio-1.38.0/src/runtime/coop.rs:73:5
[INFO] [stdout]   31:     0x5930b4c80695 - tokio::runtime::scheduler::current_thread::CoreGuard::block_on::{{closure}}::{{closure}}::h9ab2ad6c4e094d6e
[INFO] [stdout]                                at /opt/rustwide/cargo-home/registry/src/index.crates.io-6f17d22bba15001f/tokio-1.38.0/src/runtime/scheduler/current_thread/mod.rs:659:25
[INFO] [stdout]   32:     0x5930b4c76a00 - tokio::runtime::scheduler::current_thread::Context::enter::h71f1a7c5f066ddef
[INFO] [stdout]                                at /opt/rustwide/cargo-home/registry/src/index.crates.io-6f17d22bba15001f/tokio-1.38.0/src/runtime/scheduler/current_thread/mod.rs:404:19
[INFO] [stdout]   33:     0x5930b4c7f4ee - tokio::runtime::scheduler::current_thread::CoreGuard::block_on::{{closure}}::hf1361425c432eed9
[INFO] [stdout]                                at /opt/rustwide/cargo-home/registry/src/index.crates.io-6f17d22bba15001f/tokio-1.38.0/src/runtime/scheduler/current_thread/mod.rs:658:36
[INFO] [stdout]   34:     0x5930b4c7b364 - tokio::runtime::scheduler::current_thread::CoreGuard::enter::{{closure}}::hd274ead73c4be6f9
[INFO] [stdout]                                at /opt/rustwide/cargo-home/registry/src/index.crates.io-6f17d22bba15001f/tokio-1.38.0/src/runtime/scheduler/current_thread/mod.rs:737:68
[INFO] [stdout]   35:     0x5930b4c9870b - tokio::runtime::context::scoped::Scoped<T>::set::h767a1760441ab4de
[INFO] [stdout]                                at /opt/rustwide/cargo-home/registry/src/index.crates.io-6f17d22bba15001f/tokio-1.38.0/src/runtime/context/scoped.rs:40:9
[INFO] [stdout]   36:     0x5930b4cb7419 - tokio::runtime::context::set_scheduler::{{closure}}::h4cee26290e02133d
[INFO] [stdout]                                at /opt/rustwide/cargo-home/registry/src/index.crates.io-6f17d22bba15001f/tokio-1.38.0/src/runtime/context.rs:180:26
[INFO] [stdout]   37:     0x5930b4c9eb2d - std::thread::local::LocalKey<T>::try_with::h3525afdb25eacb1c
[INFO] [stdout]                                at /rustc/df4ca44d3fbc9301ee17f30f4d474e6ae4b05252/library/std/src/thread/local.rs:283:12
[INFO] [stdout]   38:     0x5930b4c9da3a - std::thread::local::LocalKey<T>::with::h1ceb35657bbf3cbd
[INFO] [stdout]                                at /rustc/df4ca44d3fbc9301ee17f30f4d474e6ae4b05252/library/std/src/thread/local.rs:260:9
[INFO] [stdout]   39:     0x5930b4cb730d - tokio::runtime::context::set_scheduler::hca178bb11dcb2aae
[INFO] [stdout]                                at /opt/rustwide/cargo-home/registry/src/index.crates.io-6f17d22bba15001f/tokio-1.38.0/src/runtime/context.rs:180:9
[INFO] [stdout]   40:     0x5930b4c79fb0 - tokio::runtime::scheduler::current_thread::CoreGuard::enter::h63e8767be4f754d3
[INFO] [stdout]                                at /opt/rustwide/cargo-home/registry/src/index.crates.io-6f17d22bba15001f/tokio-1.38.0/src/runtime/scheduler/current_thread/mod.rs:737:27
[INFO] [stdout]   41:     0x5930b4c7b503 - tokio::runtime::scheduler::current_thread::CoreGuard::block_on::h9cf8d048d96e20b5
[INFO] [stdout]                                at /opt/rustwide/cargo-home/registry/src/index.crates.io-6f17d22bba15001f/tokio-1.38.0/src/runtime/scheduler/current_thread/mod.rs:646:19
[INFO] [stdout]   42:     0x5930b4c730fd - tokio::runtime::scheduler::current_thread::CurrentThread::block_on::{{closure}}::h2d45596ad59f46e2
[INFO] [stdout]                                at /opt/rustwide/cargo-home/registry/src/index.crates.io-6f17d22bba15001f/tokio-1.38.0/src/runtime/scheduler/current_thread/mod.rs:175:28
[INFO] [stdout]   43:     0x5930b4c896c7 - tokio::runtime::context::runtime::enter_runtime::ha71e4d7dd967d220
[INFO] [stdout]                                at /opt/rustwide/cargo-home/registry/src/index.crates.io-6f17d22bba15001f/tokio-1.38.0/src/runtime/context/runtime.rs:65:16
[INFO] [stdout]   44:     0x5930b4c729b4 - tokio::runtime::scheduler::current_thread::CurrentThread::block_on::ha3fc29f1ab4b6da8
[INFO] [stdout]                                at /opt/rustwide/cargo-home/registry/src/index.crates.io-6f17d22bba15001f/tokio-1.38.0/src/runtime/scheduler/current_thread/mod.rs:167:9
[INFO] [stdout]   45:     0x5930b4c8b120 - tokio::runtime::runtime::Runtime::block_on::hf0154f74a6dffdc6
[INFO] [stdout]                                at /opt/rustwide/cargo-home/registry/src/index.crates.io-6f17d22bba15001f/tokio-1.38.0/src/runtime/runtime.rs:347:47
[INFO] [stdout]   46:     0x5930b4ccca81 - tokio::task::local::LocalSet::block_on::h74e6be9358800b5e
[INFO] [stdout]                                at /opt/rustwide/cargo-home/registry/src/index.crates.io-6f17d22bba15001f/tokio-1.38.0/src/task/local.rs:592:9
[INFO] [stdout]   47:     0x5930b4cd0967 - actix_rt::runtime::Runtime::block_on::hfeab6dc39008a678
[INFO] [stdout]                                at /opt/rustwide/cargo-home/registry/src/index.crates.io-6f17d22bba15001f/actix-rt-2.10.0/src/runtime.rs:138:9
[INFO] [stdout]   48:     0x5930b4c9b01a - actix_rt::system::SystemRunner::block_on::hb660b9877d08efb1
[INFO] [stdout]                                at /opt/rustwide/cargo-home/registry/src/index.crates.io-6f17d22bba15001f/actix-rt-2.10.0/src/system.rs:244:9
[INFO] [stdout]   49:     0x5930b4ce4745 - mini_rust_auth::auth_tests::verify_session::h6a6a5c629b12dabb
[INFO] [stdout]                                at /opt/rustwide/workdir/src/lib.rs:173:5
[INFO] [stdout]   50:     0x5930b4ce46e7 - mini_rust_auth::auth_tests::verify_session::{{closure}}::h7a82c596a6c900e5
[INFO] [stdout]                                at /opt/rustwide/workdir/src/lib.rs:174:30
[INFO] [stdout]   51:     0x5930b4c69936 - core::ops::function::FnOnce::call_once::h8c89238da9c34dc4
[INFO] [stdout]                                at /rustc/df4ca44d3fbc9301ee17f30f4d474e6ae4b05252/library/core/src/ops/function.rs:250:5
[INFO] [stdout]   52:     0x5930b4d4267b - core::ops::function::FnOnce::call_once::h22c3ba5715e93f05
[INFO] [stdout]                                at /rustc/df4ca44d3fbc9301ee17f30f4d474e6ae4b05252/library/core/src/ops/function.rs:250:5
[INFO] [stdout]   53:     0x5930b4d4267b - test::__rust_begin_short_backtrace::h8e82d8113d0da17f
[INFO] [stdout]                                at /rustc/df4ca44d3fbc9301ee17f30f4d474e6ae4b05252/library/test/src/lib.rs:621:18
[INFO] [stdout]   54:     0x5930b4d41ff7 - test::run_test_in_process::{{closure}}::h33235f4f20b7b7c7
[INFO] [stdout]                                at /rustc/df4ca44d3fbc9301ee17f30f4d474e6ae4b05252/library/test/src/lib.rs:644:60
[INFO] [stdout]   55:     0x5930b4d41ff7 - <core::panic::unwind_safe::AssertUnwindSafe<F> as core::ops::function::FnOnce<()>>::call_once::hb5043206310c586f
[INFO] [stdout]                                at /rustc/df4ca44d3fbc9301ee17f30f4d474e6ae4b05252/library/core/src/panic/unwind_safe.rs:272:9
[INFO] [stdout]   56:     0x5930b4d41ff7 - std::panicking::try::do_call::h9ad4731a60ab23e2
[INFO] [stdout]                                at /rustc/df4ca44d3fbc9301ee17f30f4d474e6ae4b05252/library/std/src/panicking.rs:557:40
[INFO] [stdout]   57:     0x5930b4d41ff7 - std::panicking::try::h3824d23db772a716
[INFO] [stdout]                                at /rustc/df4ca44d3fbc9301ee17f30f4d474e6ae4b05252/library/std/src/panicking.rs:520:19
[INFO] [stdout]   58:     0x5930b4d41ff7 - std::panic::catch_unwind::h5afd514605fde46b
[INFO] [stdout]                                at /rustc/df4ca44d3fbc9301ee17f30f4d474e6ae4b05252/library/std/src/panic.rs:358:14
[INFO] [stdout]   59:     0x5930b4d41ff7 - test::run_test_in_process::h0d5cbfa7067d1720
[INFO] [stdout]                                at /rustc/df4ca44d3fbc9301ee17f30f4d474e6ae4b05252/library/test/src/lib.rs:644:27
[INFO] [stdout]   60:     0x5930b4d41ff7 - test::run_test::{{closure}}::h708eb8872708115d
[INFO] [stdout]                                at /rustc/df4ca44d3fbc9301ee17f30f4d474e6ae4b05252/library/test/src/lib.rs:565:43
[INFO] [stdout]   61:     0x5930b4d05714 - test::run_test::{{closure}}::h392c51cee94713ab
[INFO] [stdout]                                at /rustc/df4ca44d3fbc9301ee17f30f4d474e6ae4b05252/library/test/src/lib.rs:595:41
[INFO] [stdout]   62:     0x5930b4d05714 - std::sys::backtrace::__rust_begin_short_backtrace::h2f40290710935a8b
[INFO] [stdout]                                at /rustc/df4ca44d3fbc9301ee17f30f4d474e6ae4b05252/library/std/src/sys/backtrace.rs:154:18
[INFO] [stdout]   63:     0x5930b4d08ebe - std::thread::Builder::spawn_unchecked_::{{closure}}::{{closure}}::h3fd968d89053a903
[INFO] [stdout]                                at /rustc/df4ca44d3fbc9301ee17f30f4d474e6ae4b05252/library/std/src/thread/mod.rs:541:17
[INFO] [stdout]   64:     0x5930b4d08ebe - <core::panic::unwind_safe::AssertUnwindSafe<F> as core::ops::function::FnOnce<()>>::call_once::h743f637ba4229880
[INFO] [stdout]                                at /rustc/df4ca44d3fbc9301ee17f30f4d474e6ae4b05252/library/core/src/panic/unwind_safe.rs:272:9
[INFO] [stdout]   65:     0x5930b4d08ebe - std::panicking::try::do_call::h07440897322525a6
[INFO] [stdout]                                at /rustc/df4ca44d3fbc9301ee17f30f4d474e6ae4b05252/library/std/src/panicking.rs:557:40
[INFO] [stdout]   66:     0x5930b4d08ebe - std::panicking::try::he5a2e00188156637
[INFO] [stdout]                                at /rustc/df4ca44d3fbc9301ee17f30f4d474e6ae4b05252/library/std/src/panicking.rs:520:19
[INFO] [stdout]   67:     0x5930b4d08ebe - std::panic::catch_unwind::hbaf3cae49b3c6433
[INFO] [stdout]                                at /rustc/df4ca44d3fbc9301ee17f30f4d474e6ae4b05252/library/std/src/panic.rs:358:14
[INFO] [stdout]   68:     0x5930b4d08ebe - std::thread::Builder::spawn_unchecked_::{{closure}}::h8e141ea224820bce
[INFO] [stdout]                                at /rustc/df4ca44d3fbc9301ee17f30f4d474e6ae4b05252/library/std/src/thread/mod.rs:540:30
[INFO] [stdout]   69:     0x5930b4d08ebe - core::ops::function::FnOnce::call_once{{vtable.shim}}::h90d312fedd7b8ea8
[INFO] [stdout]                                at /rustc/df4ca44d3fbc9301ee17f30f4d474e6ae4b05252/library/core/src/ops/function.rs:250:5
[INFO] [stdout]   70:     0x5930b5743edb - <alloc::boxed::Box<F,A> as core::ops::function::FnOnce<Args>>::call_once::h69aa08ddb6adb8b6
[INFO] [stdout]                                at /rustc/df4ca44d3fbc9301ee17f30f4d474e6ae4b05252/library/alloc/src/boxed.rs:2454:9
[INFO] [stdout]   71:     0x5930b5743edb - <alloc::boxed::Box<F,A> as core::ops::function::FnOnce<Args>>::call_once::h5aa36efdb79c806f
[INFO] [stdout]                                at /rustc/df4ca44d3fbc9301ee17f30f4d474e6ae4b05252/library/alloc/src/boxed.rs:2454:9
[INFO] [stdout]   72:     0x5930b5743edb - std::sys::pal::unix::thread::Thread::new::thread_start::h6cd80a1b4be5158d
[INFO] [stdout]                                at /rustc/df4ca44d3fbc9301ee17f30f4d474e6ae4b05252/library/std/src/sys/pal/unix/thread.rs:105:17
[INFO] [stdout]   73:     0x7a2decf36ac3 - <unknown>
[INFO] [stdout]   74:     0x7a2decfc7a04 - clone
[INFO] [stdout]   75:                0x0 - <unknown>
[INFO] [stdout] 
[INFO] [stdout] ---- session_test::test_gen_and_valid_session_based stdout ----
[INFO] [stdout] thread 'session_test::test_gen_and_valid_session_based' panicked at src/lib.rs:63:26:
[INFO] [stdout] cound not connect to db
[INFO] [stdout] stack backtrace:
[INFO] [stdout]    0:     0x5930b573e08a - std::backtrace_rs::backtrace::libunwind::trace::h207520d6e9873551
[INFO] [stdout]                                at /rustc/df4ca44d3fbc9301ee17f30f4d474e6ae4b05252/library/std/src/../../backtrace/src/backtrace/libunwind.rs:116:5
[INFO] [stdout]    1:     0x5930b573e08a - std::backtrace_rs::backtrace::trace_unsynchronized::h2ed7433f370e3eca
[INFO] [stdout]                                at /rustc/df4ca44d3fbc9301ee17f30f4d474e6ae4b05252/library/std/src/../../backtrace/src/backtrace/mod.rs:66:5
[INFO] [stdout]    2:     0x5930b573e08a - std::sys::backtrace::_print_fmt::h916fac51166b18d7
[INFO] [stdout]                                at /rustc/df4ca44d3fbc9301ee17f30f4d474e6ae4b05252/library/std/src/sys/backtrace.rs:66:9
[INFO] [stdout]    3:     0x5930b573e08a - <std::sys::backtrace::BacktraceLock::print::DisplayBacktrace as core::fmt::Display>::fmt::ha0a4c9b8ce3802e6
[INFO] [stdout]                                at /rustc/df4ca44d3fbc9301ee17f30f4d474e6ae4b05252/library/std/src/sys/backtrace.rs:39:26
[INFO] [stdout]    4:     0x5930b5768cd3 - core::fmt::rt::Argument::fmt::h4cfc8587d52b3eb5
[INFO] [stdout]                                at /rustc/df4ca44d3fbc9301ee17f30f4d474e6ae4b05252/library/core/src/fmt/rt.rs:177:76
[INFO] [stdout]    5:     0x5930b5768cd3 - core::fmt::write::h522cc39e5b36ae9f
[INFO] [stdout]                                at /rustc/df4ca44d3fbc9301ee17f30f4d474e6ae4b05252/library/core/src/fmt/mod.rs:1190:21
[INFO] [stdout]    6:     0x5930b5739f13 - std::io::Write::write_fmt::h7d3c26752da97734
[INFO] [stdout]                                at /rustc/df4ca44d3fbc9301ee17f30f4d474e6ae4b05252/library/std/src/io/mod.rs:1839:15
[INFO] [stdout]    7:     0x5930b573ded2 - std::sys::backtrace::BacktraceLock::print::h4b9e00b29e9c0942
[INFO] [stdout]                                at /rustc/df4ca44d3fbc9301ee17f30f4d474e6ae4b05252/library/std/src/sys/backtrace.rs:42:9
[INFO] [stdout]    8:     0x5930b573f51a - std::panicking::default_hook::{{closure}}::hb59b88280d0324d9
[INFO] [stdout]                                at /rustc/df4ca44d3fbc9301ee17f30f4d474e6ae4b05252/library/std/src/panicking.rs:268:22
[INFO] [stdout]    9:     0x5930b573f324 - std::panicking::default_hook::he1dd496665be4a29
[INFO] [stdout]                                at /rustc/df4ca44d3fbc9301ee17f30f4d474e6ae4b05252/library/std/src/panicking.rs:292:9
[INFO] [stdout]   10:     0x5930b4d3dda9 - <alloc::boxed::Box<F,A> as core::ops::function::Fn<Args>>::call::h4ff71de18744e1dc
[INFO] [stdout]                                at /rustc/df4ca44d3fbc9301ee17f30f4d474e6ae4b05252/library/alloc/src/boxed.rs:2468:9
[INFO] [stdout]   11:     0x5930b4d3dda9 - test::test_main::{{closure}}::hcf7c055ce117aa81
[INFO] [stdout]                                at /rustc/df4ca44d3fbc9301ee17f30f4d474e6ae4b05252/library/test/src/lib.rs:133:21
[INFO] [stdout]   12:     0x5930b573fc18 - <alloc::boxed::Box<F,A> as core::ops::function::Fn<Args>>::call::h1d66c6bbd60c9692
[INFO] [stdout]                                at /rustc/df4ca44d3fbc9301ee17f30f4d474e6ae4b05252/library/alloc/src/boxed.rs:2468:9
[INFO] [stdout]   13:     0x5930b573fc18 - std::panicking::rust_panic_with_hook::h2ff17fe8f26dfcf8
[INFO] [stdout]                                at /rustc/df4ca44d3fbc9301ee17f30f4d474e6ae4b05252/library/std/src/panicking.rs:809:13
[INFO] [stdout]   14:     0x5930b573f9a6 - std::panicking::begin_panic_handler::{{closure}}::h4fad77951c07e101
[INFO] [stdout]                                at /rustc/df4ca44d3fbc9301ee17f30f4d474e6ae4b05252/library/std/src/panicking.rs:667:13
[INFO] [stdout]   15:     0x5930b573e569 - std::sys::backtrace::__rust_end_short_backtrace::hb1a25b3da5d0ea08
[INFO] [stdout]                                at /rustc/df4ca44d3fbc9301ee17f30f4d474e6ae4b05252/library/std/src/sys/backtrace.rs:170:18
[INFO] [stdout]   16:     0x5930b573f66c - rust_begin_unwind
[INFO] [stdout]                                at /rustc/df4ca44d3fbc9301ee17f30f4d474e6ae4b05252/library/std/src/panicking.rs:665:5
[INFO] [stdout]   17:     0x5930b57669a0 - core::panicking::panic_fmt::ha9db07b529f9b256
[INFO] [stdout]                                at /rustc/df4ca44d3fbc9301ee17f30f4d474e6ae4b05252/library/core/src/panicking.rs:75:14
[INFO] [stdout]   18:     0x5930b4cc714f - mini_rust_auth::session_test::test_gen_and_valid_session_based::{{closure}}::ha51d399215dc5bf1
[INFO] [stdout]                                at /opt/rustwide/workdir/src/lib.rs:63:26
[INFO] [stdout]   19:     0x5930b4cd023e - <tokio::task::local::RunUntil<T> as core::future::future::Future>::poll::{{closure}}::ha1b7319e689f5d96
[INFO] [stdout]                                at /opt/rustwide/cargo-home/registry/src/index.crates.io-6f17d22bba15001f/tokio-1.38.0/src/task/local.rs:978:42
[INFO] [stdout]   20:     0x5930b4ccc670 - tokio::task::local::LocalSet::with::{{closure}}::h9fabaea8cb1d2a03
[INFO] [stdout]                                at /opt/rustwide/cargo-home/registry/src/index.crates.io-6f17d22bba15001f/tokio-1.38.0/src/task/local.rs:730:13
[INFO] [stdout]   21:     0x5930b4ca1240 - std::thread::local::LocalKey<T>::try_with::he3e0a88afb1154b1
[INFO] [stdout]                                at /rustc/df4ca44d3fbc9301ee17f30f4d474e6ae4b05252/library/std/src/thread/local.rs:283:12
[INFO] [stdout]   22:     0x5930b4c9da0a - std::thread::local::LocalKey<T>::with::h13056301d66e9adf
[INFO] [stdout]                                at /rustc/df4ca44d3fbc9301ee17f30f4d474e6ae4b05252/library/std/src/thread/local.rs:260:9
[INFO] [stdout]   23:     0x5930b4ccbfe6 - tokio::task::local::LocalSet::with::h2e265dd2d1380af3
[INFO] [stdout]                                at /opt/rustwide/cargo-home/registry/src/index.crates.io-6f17d22bba15001f/tokio-1.38.0/src/task/local.rs:728:9
[INFO] [stdout]   24:     0x5930b4ccfd65 - <tokio::task::local::RunUntil<T> as core::future::future::Future>::poll::hdd1ad21b00047378
[INFO] [stdout]                                at /opt/rustwide/cargo-home/registry/src/index.crates.io-6f17d22bba15001f/tokio-1.38.0/src/task/local.rs:968:9
[INFO] [stdout]   25:     0x5930b4ccd0e1 - tokio::task::local::LocalSet::run_until::{{closure}}::h09ded78b9df6552e
[INFO] [stdout]                                at /opt/rustwide/cargo-home/registry/src/index.crates.io-6f17d22bba15001f/tokio-1.38.0/src/task/local.rs:635:19
[INFO] [stdout]   26:     0x5930b4cecdbd - <core::pin::Pin<P> as core::future::future::Future>::poll::h6aa4ec7145ca82f2
[INFO] [stdout]                                at /rustc/df4ca44d3fbc9301ee17f30f4d474e6ae4b05252/library/core/src/future/future.rs:123:9
[INFO] [stdout]   27:     0x5930b4c8091f - tokio::runtime::scheduler::current_thread::CoreGuard::block_on::{{closure}}::{{closure}}::{{closure}}::h23ef44f072621df7
[INFO] [stdout]                                at /opt/rustwide/cargo-home/registry/src/index.crates.io-6f17d22bba15001f/tokio-1.38.0/src/runtime/scheduler/current_thread/mod.rs:659:57
[INFO] [stdout]   28:     0x5930b4c7fe45 - tokio::runtime::coop::with_budget::haa1ddbbeade7d33b
[INFO] [stdout]                                at /opt/rustwide/cargo-home/registry/src/index.crates.io-6f17d22bba15001f/tokio-1.38.0/src/runtime/coop.rs:107:5
[INFO] [stdout]   29:     0x5930b4c7fe45 - tokio::runtime::coop::budget::h946c20d88398b373
[INFO] [stdout]                                at /opt/rustwide/cargo-home/registry/src/index.crates.io-6f17d22bba15001f/tokio-1.38.0/src/runtime/coop.rs:73:5
[INFO] [stdout]   30:     0x5930b4c7fe45 - tokio::runtime::scheduler::current_thread::CoreGuard::block_on::{{closure}}::{{closure}}::h53b1ba2e3443f9f2
[INFO] [stdout]                                at /opt/rustwide/cargo-home/registry/src/index.crates.io-6f17d22bba15001f/tokio-1.38.0/src/runtime/scheduler/current_thread/mod.rs:659:25
[INFO] [stdout]   31:     0x5930b4c77310 - tokio::runtime::scheduler::current_thread::Context::enter::hd3ca00870b307a61
[INFO] [stdout]                                at /opt/rustwide/cargo-home/registry/src/index.crates.io-6f17d22bba15001f/tokio-1.38.0/src/runtime/scheduler/current_thread/mod.rs:404:19
[INFO] [stdout]   32:     0x5930b4c7c9ce - tokio::runtime::scheduler::current_thread::CoreGuard::block_on::{{closure}}::h4e0e25bcb222f868
[INFO] [stdout]                                at /opt/rustwide/cargo-home/registry/src/index.crates.io-6f17d22bba15001f/tokio-1.38.0/src/runtime/scheduler/current_thread/mod.rs:658:36
[INFO] [stdout]   33:     0x5930b4c7b2c4 - tokio::runtime::scheduler::current_thread::CoreGuard::enter::{{closure}}::h310fb9284afe4bb4
[INFO] [stdout]                                at /opt/rustwide/cargo-home/registry/src/index.crates.io-6f17d22bba15001f/tokio-1.38.0/src/runtime/scheduler/current_thread/mod.rs:737:68
[INFO] [stdout]   34:     0x5930b4c9831b - tokio::runtime::context::scoped::Scoped<T>::set::h2871fd175c481feb
[INFO] [stdout]                                at /opt/rustwide/cargo-home/registry/src/index.crates.io-6f17d22bba15001f/tokio-1.38.0/src/runtime/context/scoped.rs:40:9
[INFO] [stdout]   35:     0x5930b4cb73d9 - tokio::runtime::context::set_scheduler::{{closure}}::h35f723bfaa8d15d4
[INFO] [stdout]                                at /opt/rustwide/cargo-home/registry/src/index.crates.io-6f17d22bba15001f/tokio-1.38.0/src/runtime/context.rs:180:26
[INFO] [stdout]   36:     0x5930b4c9ed7d - std::thread::local::LocalKey<T>::try_with::h37fdb9922cf07481
[INFO] [stdout]                                at /rustc/df4ca44d3fbc9301ee17f30f4d474e6ae4b05252/library/std/src/thread/local.rs:283:12
[INFO] [stdout]   37:     0x5930b4c9da9a - std::thread::local::LocalKey<T>::with::h38b92202ab40eb2d
[INFO] [stdout]                                at /rustc/df4ca44d3fbc9301ee17f30f4d474e6ae4b05252/library/std/src/thread/local.rs:260:9
[INFO] [stdout]   38:     0x5930b4cb720d - tokio::runtime::context::set_scheduler::h444f19ee42f172fb
[INFO] [stdout]                                at /opt/rustwide/cargo-home/registry/src/index.crates.io-6f17d22bba15001f/tokio-1.38.0/src/runtime/context.rs:180:9
[INFO] [stdout]   39:     0x5930b4c7b030 - tokio::runtime::scheduler::current_thread::CoreGuard::enter::hf4aac5f275721cb0
[INFO] [stdout]                                at /opt/rustwide/cargo-home/registry/src/index.crates.io-6f17d22bba15001f/tokio-1.38.0/src/runtime/scheduler/current_thread/mod.rs:737:27
[INFO] [stdout]   40:     0x5930b4c7b443 - tokio::runtime::scheduler::current_thread::CoreGuard::block_on::h57913855114d3ae2
[INFO] [stdout]                                at /opt/rustwide/cargo-home/registry/src/index.crates.io-6f17d22bba15001f/tokio-1.38.0/src/runtime/scheduler/current_thread/mod.rs:646:19
[INFO] [stdout]   41:     0x5930b4c7343d - tokio::runtime::scheduler::current_thread::CurrentThread::block_on::{{closure}}::h5ea71b60f8e7df81
[INFO] [stdout]                                at /opt/rustwide/cargo-home/registry/src/index.crates.io-6f17d22bba15001f/tokio-1.38.0/src/runtime/scheduler/current_thread/mod.rs:175:28
[INFO] [stdout]   42:     0x5930b4c88e57 - tokio::runtime::context::runtime::enter_runtime::h1243e1fb56553b29
[INFO] [stdout]                                at /opt/rustwide/cargo-home/registry/src/index.crates.io-6f17d22bba15001f/tokio-1.38.0/src/runtime/context/runtime.rs:65:16
[INFO] [stdout]   43:     0x5930b4c727a3 - tokio::runtime::scheduler::current_thread::CurrentThread::block_on::h61f27d518f3ecb60
[INFO] [stdout]                                at /opt/rustwide/cargo-home/registry/src/index.crates.io-6f17d22bba15001f/tokio-1.38.0/src/runtime/scheduler/current_thread/mod.rs:167:9
[INFO] [stdout]   44:     0x5930b4c8ae4f - tokio::runtime::runtime::Runtime::block_on::hbeaa33afa7d0217b
[INFO] [stdout]                                at /opt/rustwide/cargo-home/registry/src/index.crates.io-6f17d22bba15001f/tokio-1.38.0/src/runtime/runtime.rs:347:47
[INFO] [stdout]   45:     0x5930b4ccc9a0 - tokio::task::local::LocalSet::block_on::h2a07c0cedc45d9f2
[INFO] [stdout]                                at /opt/rustwide/cargo-home/registry/src/index.crates.io-6f17d22bba15001f/tokio-1.38.0/src/task/local.rs:592:9
[INFO] [stdout]   46:     0x5930b4cd08a7 - actix_rt::runtime::Runtime::block_on::h25bdefd52396439a
[INFO] [stdout]                                at /opt/rustwide/cargo-home/registry/src/index.crates.io-6f17d22bba15001f/actix-rt-2.10.0/src/runtime.rs:138:9
[INFO] [stdout]   47:     0x5930b4c9affa - actix_rt::system::SystemRunner::block_on::h5a35aeb5bf45c435
[INFO] [stdout]                                at /opt/rustwide/cargo-home/registry/src/index.crates.io-6f17d22bba15001f/actix-rt-2.10.0/src/system.rs:244:9
[INFO] [stdout]   48:     0x5930b4cc6c75 - mini_rust_auth::session_test::test_gen_and_valid_session_based::h533586bd2031dea7
[INFO] [stdout]                                at /opt/rustwide/workdir/src/lib.rs:59:5
[INFO] [stdout]   49:     0x5930b4cc6c17 - mini_rust_auth::session_test::test_gen_and_valid_session_based::{{closure}}::h7b00aa963e6a8d3d
[INFO] [stdout]                                at /opt/rustwide/workdir/src/lib.rs:60:48
[INFO] [stdout]   50:     0x5930b4c69976 - core::ops::function::FnOnce::call_once::h90cd79164719cf18
[INFO] [stdout]                                at /rustc/df4ca44d3fbc9301ee17f30f4d474e6ae4b05252/library/core/src/ops/function.rs:250:5
[INFO] [stdout]   51:     0x5930b4d4267b - core::ops::function::FnOnce::call_once::h22c3ba5715e93f05
[INFO] [stdout]                                at /rustc/df4ca44d3fbc9301ee17f30f4d474e6ae4b05252/library/core/src/ops/function.rs:250:5
[INFO] [stdout]   52:     0x5930b4d4267b - test::__rust_begin_short_backtrace::h8e82d8113d0da17f
[INFO] [stdout]                                at /rustc/df4ca44d3fbc9301ee17f30f4d474e6ae4b05252/library/test/src/lib.rs:621:18
[INFO] [stdout]   53:     0x5930b4d41ff7 - test::run_test_in_process::{{closure}}::h33235f4f20b7b7c7
[INFO] [stdout]                                at /rustc/df4ca44d3fbc9301ee17f30f4d474e6ae4b05252/library/test/src/lib.rs:644:60
[INFO] [stdout]   54:     0x5930b4d41ff7 - <core::panic::unwind_safe::AssertUnwindSafe<F> as core::ops::function::FnOnce<()>>::call_once::hb5043206310c586f
[INFO] [stdout]                                at /rustc/df4ca44d3fbc9301ee17f30f4d474e6ae4b05252/library/core/src/panic/unwind_safe.rs:272:9
[INFO] [stdout]   55:     0x5930b4d41ff7 - std::panicking::try::do_call::h9ad4731a60ab23e2
[INFO] [stdout]                                at /rustc/df4ca44d3fbc9301ee17f30f4d474e6ae4b05252/library/std/src/panicking.rs:557:40
[INFO] [stdout]   56:     0x5930b4d41ff7 - std::panicking::try::h3824d23db772a716
[INFO] [stdout]                                at /rustc/df4ca44d3fbc9301ee17f30f4d474e6ae4b05252/library/std/src/panicking.rs:520:19
[INFO] [stdout]   57:     0x5930b4d41ff7 - std::panic::catch_unwind::h5afd514605fde46b
[INFO] [stdout]                                at /rustc/df4ca44d3fbc9301ee17f30f4d474e6ae4b05252/library/std/src/panic.rs:358:14
[INFO] [stdout]   58:     0x5930b4d41ff7 - test::run_test_in_process::h0d5cbfa7067d1720
[INFO] [stdout]                                at /rustc/df4ca44d3fbc9301ee17f30f4d474e6ae4b05252/library/test/src/lib.rs:644:27
[INFO] [stdout]   59:     0x5930b4d41ff7 - test::run_test::{{closure}}::h708eb8872708115d
[INFO] [stdout]                                at /rustc/df4ca44d3fbc9301ee17f30f4d474e6ae4b05252/library/test/src/lib.rs:565:43
[INFO] [stdout]   60:     0x5930b4d05714 - test::run_test::{{closure}}::h392c51cee94713ab
[INFO] [stdout]                                at /rustc/df4ca44d3fbc9301ee17f30f4d474e6ae4b05252/library/test/src/lib.rs:595:41
[INFO] [stdout]   61:     0x5930b4d05714 - std::sys::backtrace::__rust_begin_short_backtrace::h2f40290710935a8b
[INFO] [stdout]                                at /rustc/df4ca44d3fbc9301ee17f30f4d474e6ae4b05252/library/std/src/sys/backtrace.rs:154:18
[INFO] [stdout]   62:     0x5930b4d08ebe - std::thread::Builder::spawn_unchecked_::{{closure}}::{{closure}}::h3fd968d89053a903
[INFO] [stdout]                                at /rustc/df4ca44d3fbc9301ee17f30f4d474e6ae4b05252/library/std/src/thread/mod.rs:541:17
[INFO] [stdout]   63:     0x5930b4d08ebe - <core::panic::unwind_safe::AssertUnwindSafe<F> as core::ops::function::FnOnce<()>>::call_once::h743f637ba4229880
[INFO] [stdout]                                at /rustc/df4ca44d3fbc9301ee17f30f4d474e6ae4b05252/library/core/src/panic/unwind_safe.rs:272:9
[INFO] [stdout]   64:     0x5930b4d08ebe - std::panicking::try::do_call::h07440897322525a6
[INFO] [stdout]                                at /rustc/df4ca44d3fbc9301ee17f30f4d474e6ae4b05252/library/std/src/panicking.rs:557:40
[INFO] [stdout]   65:     0x5930b4d08ebe - std::panicking::try::he5a2e00188156637
[INFO] [stdout]                                at /rustc/df4ca44d3fbc9301ee17f30f4d474e6ae4b05252/library/std/src/panicking.rs:520:19
[INFO] [stdout]   66:     0x5930b4d08ebe - std::panic::catch_unwind::hbaf3cae49b3c6433
[INFO] [stdout]                                at /rustc/df4ca44d3fbc9301ee17f30f4d474e6ae4b05252/library/std/src/panic.rs:358:14
[INFO] [stdout]   67:     0x5930b4d08ebe - std::thread::Builder::spawn_unchecked_::{{closure}}::h8e141ea224820bce
[INFO] [stdout]                                at /rustc/df4ca44d3fbc9301ee17f30f4d474e6ae4b05252/library/std/src/thread/mod.rs:540:30
[INFO] [stdout]   68:     0x5930b4d08ebe - core::ops::function::FnOnce::call_once{{vtable.shim}}::h90d312fedd7b8ea8
[INFO] [stdout]                                at /rustc/df4ca44d3fbc9301ee17f30f4d474e6ae4b05252/library/core/src/ops/function.rs:250:5
[INFO] [stdout]   69:     0x5930b5743edb - <alloc::boxed::Box<F,A> as core::ops::function::FnOnce<Args>>::call_once::h69aa08ddb6adb8b6
[INFO] [stdout]                                at /rustc/df4ca44d3fbc9301ee17f30f4d474e6ae4b05252/library/alloc/src/boxed.rs:2454:9
[INFO] [stdout]   70:     0x5930b5743edb - <alloc::boxed::Box<F,A> as core::ops::function::FnOnce<Args>>::call_once::h5aa36efdb79c806f
[INFO] [stdout]                                at /rustc/df4ca44d3fbc9301ee17f30f4d474e6ae4b05252/library/alloc/src/boxed.rs:2454:9
[INFO] [stdout]   71:     0x5930b5743edb - std::sys::pal::unix::thread::Thread::new::thread_start::h6cd80a1b4be5158d
[INFO] [stdout]                                at /rustc/df4ca44d3fbc9301ee17f30f4d474e6ae4b05252/library/std/src/sys/pal/unix/thread.rs:105:17
[INFO] [stdout]   72:     0x7a2decf36ac3 - <unknown>
[INFO] [stdout]   73:     0x7a2decfc7a04 - clone
[INFO] [stdout]   74:                0x0 - <unknown>
[INFO] [stdout] 
[INFO] [stdout] ---- auth_tests::verify_session_invalid_user_name stdout ----
[INFO] [stdout] thread 'auth_tests::verify_session_invalid_user_name' panicked at src/lib.rs:129:23:
[INFO] [stdout] could not connect to db
[INFO] [stdout] stack backtrace:
[INFO] [stdout]    0:     0x5930b573e08a - std::backtrace_rs::backtrace::libunwind::trace::h207520d6e9873551
[INFO] [stdout]                                at /rustc/df4ca44d3fbc9301ee17f30f4d474e6ae4b05252/library/std/src/../../backtrace/src/backtrace/libunwind.rs:116:5
[INFO] [stdout]    1:     0x5930b573e08a - std::backtrace_rs::backtrace::trace_unsynchronized::h2ed7433f370e3eca
[INFO] [stdout]                                at /rustc/df4ca44d3fbc9301ee17f30f4d474e6ae4b05252/library/std/src/../../backtrace/src/backtrace/mod.rs:66:5
[INFO] [stdout]    2:     0x5930b573e08a - std::sys::backtrace::_print_fmt::h916fac51166b18d7
[INFO] [stdout]                                at /rustc/df4ca44d3fbc9301ee17f30f4d474e6ae4b05252/library/std/src/sys/backtrace.rs:66:9
[INFO] [stdout]    3:     0x5930b573e08a - <std::sys::backtrace::BacktraceLock::print::DisplayBacktrace as core::fmt::Display>::fmt::ha0a4c9b8ce3802e6
[INFO] [stdout]                                at /rustc/df4ca44d3fbc9301ee17f30f4d474e6ae4b05252/library/std/src/sys/backtrace.rs:39:26
[INFO] [stdout]    4:     0x5930b5768cd3 - core::fmt::rt::Argument::fmt::h4cfc8587d52b3eb5
[INFO] [stdout]                                at /rustc/df4ca44d3fbc9301ee17f30f4d474e6ae4b05252/library/core/src/fmt/rt.rs:177:76
[INFO] [stdout]    5:     0x5930b5768cd3 - core::fmt::write::h522cc39e5b36ae9f
[INFO] [stdout]                                at /rustc/df4ca44d3fbc9301ee17f30f4d474e6ae4b05252/library/core/src/fmt/mod.rs:1190:21
[INFO] [stdout]    6:     0x5930b5739f13 - std::io::Write::write_fmt::h7d3c26752da97734
[INFO] [stdout]                                at /rustc/df4ca44d3fbc9301ee17f30f4d474e6ae4b05252/library/std/src/io/mod.rs:1839:15
[INFO] [stdout]    7:     0x5930b573ded2 - std::sys::backtrace::BacktraceLock::print::h4b9e00b29e9c0942
[INFO] [stdout]                                at /rustc/df4ca44d3fbc9301ee17f30f4d474e6ae4b05252/library/std/src/sys/backtrace.rs:42:9
[INFO] [stdout]    8:     0x5930b573f51a - std::panicking::default_hook::{{closure}}::hb59b88280d0324d9
[INFO] [stdout]                                at /rustc/df4ca44d3fbc9301ee17f30f4d474e6ae4b05252/library/std/src/panicking.rs:268:22
[INFO] [stdout]    9:     0x5930b573f324 - std::panicking::default_hook::he1dd496665be4a29
[INFO] [stdout]                                at /rustc/df4ca44d3fbc9301ee17f30f4d474e6ae4b05252/library/std/src/panicking.rs:292:9
[INFO] [stdout]   10:     0x5930b4d3dda9 - <alloc::boxed::Box<F,A> as core::ops::function::Fn<Args>>::call::h4ff71de18744e1dc
[INFO] [stdout]                                at /rustc/df4ca44d3fbc9301ee17f30f4d474e6ae4b05252/library/alloc/src/boxed.rs:2468:9
[INFO] [stdout]   11:     0x5930b4d3dda9 - test::test_main::{{closure}}::hcf7c055ce117aa81
[INFO] [stdout]                                at /rustc/df4ca44d3fbc9301ee17f30f4d474e6ae4b05252/library/test/src/lib.rs:133:21
[INFO] [stdout]   12:     0x5930b573fc18 - <alloc::boxed::Box<F,A> as core::ops::function::Fn<Args>>::call::h1d66c6bbd60c9692
[INFO] [stdout]                                at /rustc/df4ca44d3fbc9301ee17f30f4d474e6ae4b05252/library/alloc/src/boxed.rs:2468:9
[INFO] [stdout]   13:     0x5930b573fc18 - std::panicking::rust_panic_with_hook::h2ff17fe8f26dfcf8
[INFO] [stdout]                                at /rustc/df4ca44d3fbc9301ee17f30f4d474e6ae4b05252/library/std/src/panicking.rs:809:13
[INFO] [stdout]   14:     0x5930b573f9a6 - std::panicking::begin_panic_handler::{{closure}}::h4fad77951c07e101
[INFO] [stdout]                                at /rustc/df4ca44d3fbc9301ee17f30f4d474e6ae4b05252/library/std/src/panicking.rs:667:13
[INFO] [stdout]   15:     0x5930b573e569 - std::sys::backtrace::__rust_end_short_backtrace::hb1a25b3da5d0ea08
[INFO] [stdout]                                at /rustc/df4ca44d3fbc9301ee17f30f4d474e6ae4b05252/library/std/src/sys/backtrace.rs:170:18
[INFO] [stdout]   16:     0x5930b573f66c - rust_begin_unwind
[INFO] [stdout]                                at /rustc/df4ca44d3fbc9301ee17f30f4d474e6ae4b05252/library/std/src/panicking.rs:665:5
[INFO] [stdout]   17:     0x5930b57669a0 - core::panicking::panic_fmt::ha9db07b529f9b256
[INFO] [stdout]                                at /rustc/df4ca44d3fbc9301ee17f30f4d474e6ae4b05252/library/core/src/panicking.rs:75:14
[INFO] [stdout]   18:     0x5930b4ce33b3 - mini_rust_auth::auth_tests::connect_to_pool::{{closure}}::h6b0b1e09d3834893
[INFO] [stdout]                                at /opt/rustwide/workdir/src/lib.rs:129:23
[INFO] [stdout]   19:     0x5930b4ce6645 - mini_rust_auth::auth_tests::verify_session_invalid_user_name::{{closure}}::ha887bed509876977
[INFO] [stdout]                                at /opt/rustwide/workdir/src/lib.rs:252:38
[INFO] [stdout]   20:     0x5930b4cd062e - <tokio::task::local::RunUntil<T> as core::future::future::Future>::poll::{{closure}}::hd35d0027b316f740
[INFO] [stdout]                                at /opt/rustwide/cargo-home/registry/src/index.crates.io-6f17d22bba15001f/tokio-1.38.0/src/task/local.rs:978:42
[INFO] [stdout]   21:     0x5930b4ccc580 - tokio::task::local::LocalSet::with::{{closure}}::h876c9d2204ef5d3c
[INFO] [stdout]                                at /opt/rustwide/cargo-home/registry/src/index.crates.io-6f17d22bba15001f/tokio-1.38.0/src/task/local.rs:730:13
[INFO] [stdout]   22:     0x5930b4ca0980 - std::thread::local::LocalKey<T>::try_with::hb4d34226871af4f6
[INFO] [stdout]                                at /rustc/df4ca44d3fbc9301ee17f30f4d474e6ae4b05252/library/std/src/thread/local.rs:283:12
[INFO] [stdout]   23:     0x5930b4c9dcda - std::thread::local::LocalKey<T>::with::h992b630ae6ecc3e0
[INFO] [stdout]                                at /rustc/df4ca44d3fbc9301ee17f30f4d474e6ae4b05252/library/std/src/thread/local.rs:260:9
[INFO] [stdout]   24:     0x5930b4ccc0a6 - tokio::task::local::LocalSet::with::h6cc2555b45abbd60
[INFO] [stdout]                                at /opt/rustwide/cargo-home/registry/src/index.crates.io-6f17d22bba15001f/tokio-1.38.0/src/task/local.rs:728:9
[INFO] [stdout]   25:     0x5930b4ccfdc5 - <tokio::task::local::RunUntil<T> as core::future::future::Future>::poll::hfdb88f2eb92f16cb
[INFO] [stdout]                                at /opt/rustwide/cargo-home/registry/src/index.crates.io-6f17d22bba15001f/tokio-1.38.0/src/task/local.rs:968:9
[INFO] [stdout]   26:     0x5930b4ccd5c1 - tokio::task::local::LocalSet::run_until::{{closure}}::h286c0a6f11a22a82
[INFO] [stdout]                                at /opt/rustwide/cargo-home/registry/src/index.crates.io-6f17d22bba15001f/tokio-1.38.0/src/task/local.rs:635:19
[INFO] [stdout]   27:     0x5930b4cecfdd - <core::pin::Pin<P> as core::future::future::Future>::poll::hb723d3238333cb3b
[INFO] [stdout]                                at /rustc/df4ca44d3fbc9301ee17f30f4d474e6ae4b05252/library/core/src/future/future.rs:123:9
[INFO] [stdout]   28:     0x5930b4c80a9f - tokio::runtime::scheduler::current_thread::CoreGuard::block_on::{{closure}}::{{closure}}::{{closure}}::hc49f70ba981307ae
[INFO] [stdout]                                at /opt/rustwide/cargo-home/registry/src/index.crates.io-6f17d22bba15001f/tokio-1.38.0/src/runtime/scheduler/current_thread/mod.rs:659:57
[INFO] [stdout]   29:     0x5930b4c7ffe5 - tokio::runtime::coop::with_budget::hb176690ea084c251
[INFO] [stdout]                                at /opt/rustwide/cargo-home/registry/src/index.crates.io-6f17d22bba15001f/tokio-1.38.0/src/runtime/coop.rs:107:5
[INFO] [stdout]   30:     0x5930b4c7ffe5 - tokio::runtime::coop::budget::hc93c0cbed2b8c0f3
[INFO] [stdout]                                at /opt/rustwide/cargo-home/registry/src/index.crates.io-6f17d22bba15001f/tokio-1.38.0/src/runtime/coop.rs:73:5
[INFO] [stdout]   31:     0x5930b4c7ffe5 - tokio::runtime::scheduler::current_thread::CoreGuard::block_on::{{closure}}::{{closure}}::h5b139e43f451e567
[INFO] [stdout]                                at /opt/rustwide/cargo-home/registry/src/index.crates.io-6f17d22bba15001f/tokio-1.38.0/src/runtime/scheduler/current_thread/mod.rs:659:25
[INFO] [stdout]   32:     0x5930b4c74e90 - tokio::runtime::scheduler::current_thread::Context::enter::h0345f25ef665ff00
[INFO] [stdout]                                at /opt/rustwide/cargo-home/registry/src/index.crates.io-6f17d22bba15001f/tokio-1.38.0/src/runtime/scheduler/current_thread/mod.rs:404:19
[INFO] [stdout]   33:     0x5930b4c7c12e - tokio::runtime::scheduler::current_thread::CoreGuard::block_on::{{closure}}::h33561d820063ff9d
[INFO] [stdout]                                at /opt/rustwide/cargo-home/registry/src/index.crates.io-6f17d22bba15001f/tokio-1.38.0/src/runtime/scheduler/current_thread/mod.rs:658:36
[INFO] [stdout]   34:     0x5930b4c7b2e4 - tokio::runtime::scheduler::current_thread::CoreGuard::enter::{{closure}}::h40fa08cb79912d99
[INFO] [stdout]                                at /opt/rustwide/cargo-home/registry/src/index.crates.io-6f17d22bba15001f/tokio-1.38.0/src/runtime/scheduler/current_thread/mod.rs:737:68
[INFO] [stdout]   35:     0x5930b4c989ab - tokio::runtime::context::scoped::Scoped<T>::set::h8d87b42578ddfbee
[INFO] [stdout]                                at /opt/rustwide/cargo-home/registry/src/index.crates.io-6f17d22bba15001f/tokio-1.38.0/src/runtime/context/scoped.rs:40:9
[INFO] [stdout]   36:     0x5930b4cb7399 - tokio::runtime::context::set_scheduler::{{closure}}::h07c54f4db443e4ae
[INFO] [stdout]                                at /opt/rustwide/cargo-home/registry/src/index.crates.io-6f17d22bba15001f/tokio-1.38.0/src/runtime/context.rs:180:26
[INFO] [stdout]   37:     0x5930b4ca0dbd - std::thread::local::LocalKey<T>::try_with::hbe40e80eea20e43b
[INFO] [stdout]                                at /rustc/df4ca44d3fbc9301ee17f30f4d474e6ae4b05252/library/std/src/thread/local.rs:283:12
[INFO] [stdout]   38:     0x5930b4c9dd0a - std::thread::local::LocalKey<T>::with::hbbb70f8ac3709de7
[INFO] [stdout]                                at /rustc/df4ca44d3fbc9301ee17f30f4d474e6ae4b05252/library/std/src/thread/local.rs:260:9
[INFO] [stdout]   39:     0x5930b4cb718d - tokio::runtime::context::set_scheduler::h2958779f0691e4b1
[INFO] [stdout]                                at /opt/rustwide/cargo-home/registry/src/index.crates.io-6f17d22bba15001f/tokio-1.38.0/src/runtime/context.rs:180:9
[INFO] [stdout]   40:     0x5930b4c79770 - tokio::runtime::scheduler::current_thread::CoreGuard::enter::h401f7c58932d69d9
[INFO] [stdout]                                at /opt/rustwide/cargo-home/registry/src/index.crates.io-6f17d22bba15001f/tokio-1.38.0/src/runtime/scheduler/current_thread/mod.rs:737:27
[INFO] [stdout]   41:     0x5930b4c7b383 - tokio::runtime::scheduler::current_thread::CoreGuard::block_on::h01d036314e601247
[INFO] [stdout]                                at /opt/rustwide/cargo-home/registry/src/index.crates.io-6f17d22bba15001f/tokio-1.38.0/src/runtime/scheduler/current_thread/mod.rs:646:19
[INFO] [stdout]   42:     0x5930b4c73dfd - tokio::runtime::scheduler::current_thread::CurrentThread::block_on::{{closure}}::he5557e1fb49997dd
[INFO] [stdout]                                at /opt/rustwide/cargo-home/registry/src/index.crates.io-6f17d22bba15001f/tokio-1.38.0/src/runtime/scheduler/current_thread/mod.rs:175:28
[INFO] [stdout]   43:     0x5930b4c89517 - tokio::runtime::context::runtime::enter_runtime::ha0963889740d5999
[INFO] [stdout]                                at /opt/rustwide/cargo-home/registry/src/index.crates.io-6f17d22bba15001f/tokio-1.38.0/src/runtime/context/runtime.rs:65:16
[INFO] [stdout]   44:     0x5930b4c72cc4 - tokio::runtime::scheduler::current_thread::CurrentThread::block_on::he69b35bb56e45dcf
[INFO] [stdout]                                at /opt/rustwide/cargo-home/registry/src/index.crates.io-6f17d22bba15001f/tokio-1.38.0/src/runtime/scheduler/current_thread/mod.rs:167:9
[INFO] [stdout]   45:     0x5930b4c8ace0 - tokio::runtime::runtime::Runtime::block_on::h8b589cb6d9d68587
[INFO] [stdout]                                at /opt/rustwide/cargo-home/registry/src/index.crates.io-6f17d22bba15001f/tokio-1.38.0/src/runtime/runtime.rs:347:47
[INFO] [stdout]   46:     0x5930b4cccbf1 - tokio::task::local::LocalSet::block_on::hdc1627ba8c9c975e
[INFO] [stdout]                                at /opt/rustwide/cargo-home/registry/src/index.crates.io-6f17d22bba15001f/tokio-1.38.0/src/task/local.rs:592:9
[INFO] [stdout]   47:     0x5930b4cd0887 - actix_rt::runtime::Runtime::block_on::h0cb349dee4619a90
[INFO] [stdout]                                at /opt/rustwide/cargo-home/registry/src/index.crates.io-6f17d22bba15001f/actix-rt-2.10.0/src/runtime.rs:138:9
[INFO] [stdout]   48:     0x5930b4c9afda - actix_rt::system::SystemRunner::block_on::h340baaa35d97a327
[INFO] [stdout]                                at /opt/rustwide/cargo-home/registry/src/index.crates.io-6f17d22bba15001f/actix-rt-2.10.0/src/system.rs:244:9
[INFO] [stdout]   49:     0x5930b4ce6425 - mini_rust_auth::auth_tests::verify_session_invalid_user_name::h3b993300f71cd104
[INFO] [stdout]                                at /opt/rustwide/workdir/src/lib.rs:250:5
[INFO] [stdout]   50:     0x5930b4ce63c7 - mini_rust_auth::auth_tests::verify_session_invalid_user_name::{{closure}}::hbe7e5546cfbef5e2
[INFO] [stdout]                                at /opt/rustwide/workdir/src/lib.rs:251:48
[INFO] [stdout]   51:     0x5930b4c69576 - core::ops::function::FnOnce::call_once::h28a381acefbef3e5
[INFO] [stdout]                                at /rustc/df4ca44d3fbc9301ee17f30f4d474e6ae4b05252/library/core/src/ops/function.rs:250:5
[INFO] [stdout]   52:     0x5930b4d4267b - core::ops::function::FnOnce::call_once::h22c3ba5715e93f05
[INFO] [stdout]                                at /rustc/df4ca44d3fbc9301ee17f30f4d474e6ae4b05252/library/core/src/ops/function.rs:250:5
[INFO] [stdout]   53:     0x5930b4d4267b - test::__rust_begin_short_backtrace::h8e82d8113d0da17f
[INFO] [stdout]                                at /rustc/df4ca44d3fbc9301ee17f30f4d474e6ae4b05252/library/test/src/lib.rs:621:18
[INFO] [stdout]   54:     0x5930b4d41ff7 - test::run_test_in_process::{{closure}}::h33235f4f20b7b7c7
[INFO] [stdout]                                at /rustc/df4ca44d3fbc9301ee17f30f4d474e6ae4b05252/library/test/src/lib.rs:644:60
[INFO] [stdout]   55:     0x5930b4d41ff7 - <core::panic::unwind_safe::AssertUnwindSafe<F> as core::ops::function::FnOnce<()>>::call_once::hb5043206310c586f
[INFO] [stdout]                                at /rustc/df4ca44d3fbc9301ee17f30f4d474e6ae4b05252/library/core/src/panic/unwind_safe.rs:272:9
[INFO] [stdout]   56:     0x5930b4d41ff7 - std::panicking::try::do_call::h9ad4731a60ab23e2
[INFO] [stdout]                                at /rustc/df4ca44d3fbc9301ee17f30f4d474e6ae4b05252/library/std/src/panicking.rs:557:40
[INFO] [stdout]   57:     0x5930b4d41ff7 - std::panicking::try::h3824d23db772a716
[INFO] [stdout]                                at /rustc/df4ca44d3fbc9301ee17f30f4d474e6ae4b05252/library/std/src/panicking.rs:520:19
[INFO] [stdout]   58:     0x5930b4d41ff7 - std::panic::catch_unwind::h5afd514605fde46b
[INFO] [stdout]                                at /rustc/df4ca44d3fbc9301ee17f30f4d474e6ae4b05252/library/std/src/panic.rs:358:14
[INFO] [stdout]   59:     0x5930b4d41ff7 - test::run_test_in_process::h0d5cbfa7067d1720
[INFO] [stdout]                                at /rustc/df4ca44d3fbc9301ee17f30f4d474e6ae4b05252/library/test/src/lib.rs:644:27
[INFO] [stdout]   60:     0x5930b4d41ff7 - test::run_test::{{closure}}::h708eb8872708115d
[INFO] [stdout]                                at /rustc/df4ca44d3fbc9301ee17f30f4d474e6ae4b05252/library/test/src/lib.rs:565:43
[INFO] [stdout]   61:     0x5930b4d05714 - test::run_test::{{closure}}::h392c51cee94713ab
[INFO] [stdout]                                at /rustc/df4ca44d3fbc9301ee17f30f4d474e6ae4b05252/library/test/src/lib.rs:595:41
[INFO] [stdout]   62:     0x5930b4d05714 - std::sys::backtrace::__rust_begin_short_backtrace::h2f40290710935a8b
[INFO] [stdout]                                at /rustc/df4ca44d3fbc9301ee17f30f4d474e6ae4b05252/library/std/src/sys/backtrace.rs:154:18
[INFO] [stdout]   63:     0x5930b4d08ebe - std::thread::Builder::spawn_unchecked_::{{closure}}::{{closure}}::h3fd968d89053a903
[INFO] [stdout]                                at /rustc/df4ca44d3fbc9301ee17f30f4d474e6ae4b05252/library/std/src/thread/mod.rs:541:17
[INFO] [stdout]   64:     0x5930b4d08ebe - <core::panic::unwind_safe::AssertUnwindSafe<F> as core::ops::function::FnOnce<()>>::call_once::h743f637ba4229880
[INFO] [stdout]                                at /rustc/df4ca44d3fbc9301ee17f30f4d474e6ae4b05252/library/core/src/panic/unwind_safe.rs:272:9
[INFO] [stdout]   65:     0x5930b4d08ebe - std::panicking::try::do_call::h07440897322525a6
[INFO] [stdout]                                at /rustc/df4ca44d3fbc9301ee17f30f4d474e6ae4b05252/library/std/src/panicking.rs:557:40
[INFO] [stdout]   66:     0x5930b4d08ebe - std::panicking::try::he5a2e00188156637
[INFO] [stdout]                                at /rustc/df4ca44d3fbc9301ee17f30f4d474e6ae4b05252/library/std/src/panicking.rs:520:19
[INFO] [stdout]   67:     0x5930b4d08ebe - std::panic::catch_unwind::hbaf3cae49b3c6433
[INFO] [stdout]                                at /rustc/df4ca44d3fbc9301ee17f30f4d474e6ae4b05252/library/std/src/panic.rs:358:14
[INFO] [stdout]   68:     0x5930b4d08ebe - std::thread::Builder::spawn_unchecked_::{{closure}}::h8e141ea224820bce
[INFO] [stdout]                                at /rustc/df4ca44d3fbc9301ee17f30f4d474e6ae4b05252/library/std/src/thread/mod.rs:540:30
[INFO] [stdout]   69:     0x5930b4d08ebe - core::ops::function::FnOnce::call_once{{vtable.shim}}::h90d312fedd7b8ea8
[INFO] [stdout]                                at /rustc/df4ca44d3fbc9301ee17f30f4d474e6ae4b05252/library/core/src/ops/function.rs:250:5
[INFO] [stdout]   70:     0x5930b5743edb - <alloc::boxed::Box<F,A> as core::ops::function::FnOnce<Args>>::call_once::h69aa08ddb6adb8b6
[INFO] [stdout]                                at /rustc/df4ca44d3fbc9301ee17f30f4d474e6ae4b05252/library/alloc/src/boxed.rs:2454:9
[INFO] [stdout]   71:     0x5930b5743edb - <alloc::boxed::Box<F,A> as core::ops::function::FnOnce<Args>>::call_once::h5aa36efdb79c806f
[INFO] [stdout]                                at /rustc/df4ca44d3fbc9301ee17f30f4d474e6ae4b05252/library/alloc/src/boxed.rs:2454:9
[INFO] [stdout]   72:     0x5930b5743edb - std::sys::pal::unix::thread::Thread::new::thread_start::h6cd80a1b4be5158d
[INFO] [stdout]                                at /rustc/df4ca44d3fbc9301ee17f30f4d474e6ae4b05252/library/std/src/sys/pal/unix/thread.rs:105:17
[INFO] [stdout]   73:     0x7a2decf36ac3 - <unknown>
[INFO] [stdout]   74:     0x7a2decfc7a04 - clone
[INFO] [stdout]   75:                0x0 - <unknown>
[INFO] [stdout] 
[INFO] [stdout] ---- auth_tests::verify_session_invalid_token_end stdout ----
[INFO] [stdout] thread 'auth_tests::verify_session_invalid_token_end' panicked at src/lib.rs:129:23:
[INFO] [stdout] could not connect to db
[INFO] [stdout] stack backtrace:
[INFO] [stdout]    0:     0x5930b573e08a - std::backtrace_rs::backtrace::libunwind::trace::h207520d6e9873551
[INFO] [stdout]                                at /rustc/df4ca44d3fbc9301ee17f30f4d474e6ae4b05252/library/std/src/../../backtrace/src/backtrace/libunwind.rs:116:5
[INFO] [stdout]    1:     0x5930b573e08a - std::backtrace_rs::backtrace::trace_unsynchronized::h2ed7433f370e3eca
[INFO] [stdout]                                at /rustc/df4ca44d3fbc9301ee17f30f4d474e6ae4b05252/library/std/src/../../backtrace/src/backtrace/mod.rs:66:5
[INFO] [stdout]    2:     0x5930b573e08a - std::sys::backtrace::_print_fmt::h916fac51166b18d7
[INFO] [stdout]                                at /rustc/df4ca44d3fbc9301ee17f30f4d474e6ae4b05252/library/std/src/sys/backtrace.rs:66:9
[INFO] [stdout]    3:     0x5930b573e08a - <std::sys::backtrace::BacktraceLock::print::DisplayBacktrace as core::fmt::Display>::fmt::ha0a4c9b8ce3802e6
[INFO] [stdout]                                at /rustc/df4ca44d3fbc9301ee17f30f4d474e6ae4b05252/library/std/src/sys/backtrace.rs:39:26
[INFO] [stdout]    4:     0x5930b5768cd3 - core::fmt::rt::Argument::fmt::h4cfc8587d52b3eb5
[INFO] [stdout]                                at /rustc/df4ca44d3fbc9301ee17f30f4d474e6ae4b05252/library/core/src/fmt/rt.rs:177:76
[INFO] [stdout]    5:     0x5930b5768cd3 - core::fmt::write::h522cc39e5b36ae9f
[INFO] [stdout]                                at /rustc/df4ca44d3fbc9301ee17f30f4d474e6ae4b05252/library/core/src/fmt/mod.rs:1190:21
[INFO] [stdout]    6:     0x5930b5739f13 - std::io::Write::write_fmt::h7d3c26752da97734
[INFO] [stdout]                                at /rustc/df4ca44d3fbc9301ee17f30f4d474e6ae4b05252/library/std/src/io/mod.rs:1839:15
[INFO] [stdout]    7:     0x5930b573ded2 - std::sys::backtrace::BacktraceLock::print::h4b9e00b29e9c0942
[INFO] [stdout]                                at /rustc/df4ca44d3fbc9301ee17f30f4d474e6ae4b05252/library/std/src/sys/backtrace.rs:42:9
[INFO] [stdout]    8:     0x5930b573f51a - std::panicking::default_hook::{{closure}}::hb59b88280d0324d9
[INFO] [stdout]                                at /rustc/df4ca44d3fbc9301ee17f30f4d474e6ae4b05252/library/std/src/panicking.rs:268:22
[INFO] [stdout]    9:     0x5930b573f324 - std::panicking::default_hook::he1dd496665be4a29
[INFO] [stdout]                                at /rustc/df4ca44d3fbc9301ee17f30f4d474e6ae4b05252/library/std/src/panicking.rs:292:9
[INFO] [stdout]   10:     0x5930b4d3dda9 - <alloc::boxed::Box<F,A> as core::ops::function::Fn<Args>>::call::h4ff71de18744e1dc
[INFO] [stdout]                                at /rustc/df4ca44d3fbc9301ee17f30f4d474e6ae4b05252/library/alloc/src/boxed.rs:2468:9
[INFO] [stdout]   11:     0x5930b4d3dda9 - test::test_main::{{closure}}::hcf7c055ce117aa81
[INFO] [stdout]                                at /rustc/df4ca44d3fbc9301ee17f30f4d474e6ae4b05252/library/test/src/lib.rs:133:21
[INFO] [stdout]   12:     0x5930b573fc18 - <alloc::boxed::Box<F,A> as core::ops::function::Fn<Args>>::call::h1d66c6bbd60c9692
[INFO] [stdout]                                at /rustc/df4ca44d3fbc9301ee17f30f4d474e6ae4b05252/library/alloc/src/boxed.rs:2468:9
[INFO] [stdout]   13:     0x5930b573fc18 - std::panicking::rust_panic_with_hook::h2ff17fe8f26dfcf8
[INFO] [stdout]                                at /rustc/df4ca44d3fbc9301ee17f30f4d474e6ae4b05252/library/std/src/panicking.rs:809:13
[INFO] [stdout]   14:     0x5930b573f9a6 - std::panicking::begin_panic_handler::{{closure}}::h4fad77951c07e101
[INFO] [stdout]                                at /rustc/df4ca44d3fbc9301ee17f30f4d474e6ae4b05252/library/std/src/panicking.rs:667:13
[INFO] [stdout]   15:     0x5930b573e569 - std::sys::backtrace::__rust_end_short_backtrace::hb1a25b3da5d0ea08
[INFO] [stdout]                                at /rustc/df4ca44d3fbc9301ee17f30f4d474e6ae4b05252/library/std/src/sys/backtrace.rs:170:18
[INFO] [stdout]   16:     0x5930b573f66c - rust_begin_unwind
[INFO] [stdout]                                at /rustc/df4ca44d3fbc9301ee17f30f4d474e6ae4b05252/library/std/src/panicking.rs:665:5
[INFO] [stdout]   17:     0x5930b57669a0 - core::panicking::panic_fmt::ha9db07b529f9b256
[INFO] [stdout]                                at /rustc/df4ca44d3fbc9301ee17f30f4d474e6ae4b05252/library/core/src/panicking.rs:75:14
[INFO] [stdout]   18:     0x5930b4ce33b3 - mini_rust_auth::auth_tests::connect_to_pool::{{closure}}::h6b0b1e09d3834893
[INFO] [stdout]                                at /opt/rustwide/workdir/src/lib.rs:129:23
[INFO] [stdout]   19:     0x5930b4ce57e5 - mini_rust_auth::auth_tests::verify_session_invalid_token_end::{{closure}}::h6b7f483441ea4125
[INFO] [stdout]                                at /opt/rustwide/workdir/src/lib.rs:210:38
[INFO] [stdout]   20:     0x5930b4cd00ee - <tokio::task::local::RunUntil<T> as core::future::future::Future>::poll::{{closure}}::h6acaaa08cd82020b
[INFO] [stdout]                                at /opt/rustwide/cargo-home/registry/src/index.crates.io-6f17d22bba15001f/tokio-1.38.0/src/task/local.rs:978:42
[INFO] [stdout]   21:     0x5930b4ccc850 - tokio::task::local::LocalSet::with::{{closure}}::hff52906fe29874b7
[INFO] [stdout]                                at /opt/rustwide/cargo-home/registry/src/index.crates.io-6f17d22bba15001f/tokio-1.38.0/src/task/local.rs:730:13
[INFO] [stdout]   22:     0x5930b4ca0ba0 - std::thread::local::LocalKey<T>::try_with::hbb70b36ec4b8e38c
[INFO] [stdout]                                at /rustc/df4ca44d3fbc9301ee17f30f4d474e6ae4b05252/library/std/src/thread/local.rs:283:12
[INFO] [stdout]   23:     0x5930b4c9ddfa - std::thread::local::LocalKey<T>::with::hd9deaf8d1c685bc8
[INFO] [stdout]                                at /rustc/df4ca44d3fbc9301ee17f30f4d474e6ae4b05252/library/std/src/thread/local.rs:260:9
[INFO] [stdout]   24:     0x5930b4ccc126 - tokio::task::local::LocalSet::with::hdfb2071544c99505
[INFO] [stdout]                                at /opt/rustwide/cargo-home/registry/src/index.crates.io-6f17d22bba15001f/tokio-1.38.0/src/task/local.rs:728:9
[INFO] [stdout]   25:     0x5930b4ccfd05 - <tokio::task::local::RunUntil<T> as core::future::future::Future>::poll::ha80e4e0d713f4cdc
[INFO] [stdout]                                at /opt/rustwide/cargo-home/registry/src/index.crates.io-6f17d22bba15001f/tokio-1.38.0/src/task/local.rs:968:9
[INFO] [stdout]   26:     0x5930b4ccdd11 - tokio::task::local::LocalSet::run_until::{{closure}}::h70dec13f9963e988
[INFO] [stdout]                                at /opt/rustwide/cargo-home/registry/src/index.crates.io-6f17d22bba15001f/tokio-1.38.0/src/task/local.rs:635:19
[INFO] [stdout]   27:     0x5930b4cecd1d - <core::pin::Pin<P> as core::future::future::Future>::poll::h53ad819d674be41d
[INFO] [stdout]                                at /rustc/df4ca44d3fbc9301ee17f30f4d474e6ae4b05252/library/core/src/future/future.rs:123:9
[INFO] [stdout]   28:     0x5930b4c80a5f - tokio::runtime::scheduler::current_thread::CoreGuard::block_on::{{closure}}::{{closure}}::{{closure}}::h9da5af9c167fd6b7
[INFO] [stdout]                                at /opt/rustwide/cargo-home/registry/src/index.crates.io-6f17d22bba15001f/tokio-1.38.0/src/runtime/scheduler/current_thread/mod.rs:659:57
[INFO] [stdout]   29:     0x5930b4c804d5 - tokio::runtime::coop::with_budget::h2c464df9c64eeb8e
[INFO] [stdout]                                at /opt/rustwide/cargo-home/registry/src/index.crates.io-6f17d22bba15001f/tokio-1.38.0/src/runtime/coop.rs:107:5
[INFO] [stdout]   30:     0x5930b4c804d5 - tokio::runtime::coop::budget::h028c258741e5b64d
[INFO] [stdout]                                at /opt/rustwide/cargo-home/registry/src/index.crates.io-6f17d22bba15001f/tokio-1.38.0/src/runtime/coop.rs:73:5
[INFO] [stdout]   31:     0x5930b4c804d5 - tokio::runtime::scheduler::current_thread::CoreGuard::block_on::{{closure}}::{{closure}}::h70c85fb1c887039e
[INFO] [stdout]                                at /opt/rustwide/cargo-home/registry/src/index.crates.io-6f17d22bba15001f/tokio-1.38.0/src/runtime/scheduler/current_thread/mod.rs:659:25
[INFO] [stdout]   32:     0x5930b4c754b0 - tokio::runtime::scheduler::current_thread::Context::enter::h062bdcbb783c41e7
[INFO] [stdout]                                at /opt/rustwide/cargo-home/registry/src/index.crates.io-6f17d22bba15001f/tokio-1.38.0/src/runtime/scheduler/current_thread/mod.rs:404:19
[INFO] [stdout]   33:     0x5930b4c7ec4e - tokio::runtime::scheduler::current_thread::CoreGuard::block_on::{{closure}}::he31e594eb7f566c6
[INFO] [stdout]                                at /opt/rustwide/cargo-home/registry/src/index.crates.io-6f17d22bba15001f/tokio-1.38.0/src/runtime/scheduler/current_thread/mod.rs:658:36
[INFO] [stdout]   34:     0x5930b4c7b284 - tokio::runtime::scheduler::current_thread::CoreGuard::enter::{{closure}}::h2b0434a183db3ca2
[INFO] [stdout]                                at /opt/rustwide/cargo-home/registry/src/index.crates.io-6f17d22bba15001f/tokio-1.38.0/src/runtime/scheduler/current_thread/mod.rs:737:68
[INFO] [stdout]   35:     0x5930b4c985bb - tokio::runtime::context::scoped::Scoped<T>::set::h66145d6366798440
[INFO] [stdout]                                at /opt/rustwide/cargo-home/registry/src/index.crates.io-6f17d22bba15001f/tokio-1.38.0/src/runtime/context/scoped.rs:40:9
[INFO] [stdout]   36:     0x5930b4cb7459 - tokio::runtime::context::set_scheduler::{{closure}}::h5da08c8b4acfbe5f
[INFO] [stdout]                                at /opt/rustwide/cargo-home/registry/src/index.crates.io-6f17d22bba15001f/tokio-1.38.0/src/runtime/context.rs:180:26
[INFO] [stdout]   37:     0x5930b4c9f11d - std::thread::local::LocalKey<T>::try_with::h44614824bf33c8c9
[INFO] [stdout]                                at /rustc/df4ca44d3fbc9301ee17f30f4d474e6ae4b05252/library/std/src/thread/local.rs:283:12
[INFO] [stdout]   38:     0x5930b4c9db8a - std::thread::local::LocalKey<T>::with::h61dd971d1148e9fc
[INFO] [stdout]                                at /rustc/df4ca44d3fbc9301ee17f30f4d474e6ae4b05252/library/std/src/thread/local.rs:260:9
[INFO] [stdout]   39:     0x5930b4cb714d - tokio::runtime::context::set_scheduler::h1598d77dc70416f2
[INFO] [stdout]                                at /opt/rustwide/cargo-home/registry/src/index.crates.io-6f17d22bba15001f/tokio-1.38.0/src/runtime/context.rs:180:9
[INFO] [stdout]   40:     0x5930b4c79350 - tokio::runtime::scheduler::current_thread::CoreGuard::enter::h1ed089bb5a44205f
[INFO] [stdout]                                at /opt/rustwide/cargo-home/registry/src/index.crates.io-6f17d22bba15001f/tokio-1.38.0/src/runtime/scheduler/current_thread/mod.rs:737:27
[INFO] [stdout]   41:     0x5930b4c7b4a3 - tokio::runtime::scheduler::current_thread::CoreGuard::block_on::h8759741f89d414ed
[INFO] [stdout]                                at /opt/rustwide/cargo-home/registry/src/index.crates.io-6f17d22bba15001f/tokio-1.38.0/src/runtime/scheduler/current_thread/mod.rs:646:19
[INFO] [stdout]   42:     0x5930b4c7413d - tokio::runtime::scheduler::current_thread::CurrentThread::block_on::{{closure}}::hf90ae4e17690ba83
[INFO] [stdout]                                at /opt/rustwide/cargo-home/registry/src/index.crates.io-6f17d22bba15001f/tokio-1.38.0/src/runtime/scheduler/current_thread/mod.rs:175:28
[INFO] [stdout]   43:     0x5930b4c89367 - tokio::runtime::context::runtime::enter_runtime::h8166da4710ec7f48
[INFO] [stdout]                                at /opt/rustwide/cargo-home/registry/src/index.crates.io-6f17d22bba15001f/tokio-1.38.0/src/runtime/context/runtime.rs:65:16
[INFO] [stdout]   44:     0x5930b4c72ab4 - tokio::runtime::scheduler::current_thread::CurrentThread::block_on::hb5f961bbc0201739
[INFO] [stdout]                                at /opt/rustwide/cargo-home/registry/src/index.crates.io-6f17d22bba15001f/tokio-1.38.0/src/runtime/scheduler/current_thread/mod.rs:167:9
[INFO] [stdout]   45:     0x5930b4c8ab80 - tokio::runtime::runtime::Runtime::block_on::h4bef8dd05cf64c00
[INFO] [stdout]                                at /opt/rustwide/cargo-home/registry/src/index.crates.io-6f17d22bba15001f/tokio-1.38.0/src/runtime/runtime.rs:347:47
[INFO] [stdout]   46:     0x5930b4cccc61 - tokio::task::local::LocalSet::block_on::hfc3d6d4e04fe7415
[INFO] [stdout]                                at /opt/rustwide/cargo-home/registry/src/index.crates.io-6f17d22bba15001f/tokio-1.38.0/src/task/local.rs:592:9
[INFO] [stdout]   47:     0x5930b4cd0947 - actix_rt::runtime::Runtime::block_on::hf0c9d0b653051dbd
[INFO] [stdout]                                at /opt/rustwide/cargo-home/registry/src/index.crates.io-6f17d22bba15001f/actix-rt-2.10.0/src/runtime.rs:138:9
[INFO] [stdout]   48:     0x5930b4c9afea - actix_rt::system::SystemRunner::block_on::h3c56f2a9295d22ba
[INFO] [stdout]                                at /opt/rustwide/cargo-home/registry/src/index.crates.io-6f17d22bba15001f/actix-rt-2.10.0/src/system.rs:244:9
[INFO] [stdout]   49:     0x5930b4ce55c5 - mini_rust_auth::auth_tests::verify_session_invalid_token_end::heaa93e230e04e802
[INFO] [stdout]                                at /opt/rustwide/workdir/src/lib.rs:208:5
[INFO] [stdout]   50:     0x5930b4ce5567 - mini_rust_auth::auth_tests::verify_session_invalid_token_end::{{closure}}::ha658a319e2c54c79
[INFO] [stdout]                                at /opt/rustwide/workdir/src/lib.rs:209:48
[INFO] [stdout]   51:     0x5930b4c69536 - core::ops::function::FnOnce::call_once::h25abbe7e2db8a4a8
[INFO] [stdout]                                at /rustc/df4ca44d3fbc9301ee17f30f4d474e6ae4b05252/library/core/src/ops/function.rs:250:5
[INFO] [stdout]   52:     0x5930b4d4267b - core::ops::function::FnOnce::call_once::h22c3ba5715e93f05
[INFO] [stdout]                                at /rustc/df4ca44d3fbc9301ee17f30f4d474e6ae4b05252/library/core/src/ops/function.rs:250:5
[INFO] [stdout]   53:     0x5930b4d4267b - test::__rust_begin_short_backtrace::h8e82d8113d0da17f
[INFO] [stdout]                                at /rustc/df4ca44d3fbc9301ee17f30f4d474e6ae4b05252/library/test/src/lib.rs:621:18
[INFO] [stdout]   54:     0x5930b4d41ff7 - test::run_test_in_process::{{closure}}::h33235f4f20b7b7c7
[INFO] [stdout]                                at /rustc/df4ca44d3fbc9301ee17f30f4d474e6ae4b05252/library/test/src/lib.rs:644:60
[INFO] [stdout]   55:     0x5930b4d41ff7 - <core::panic::unwind_safe::AssertUnwindSafe<F> as core::ops::function::FnOnce<()>>::call_once::hb5043206310c586f
[INFO] [stdout]                                at /rustc/df4ca44d3fbc9301ee17f30f4d474e6ae4b05252/library/core/src/panic/unwind_safe.rs:272:9
[INFO] [stdout]   56:     0x5930b4d41ff7 - std::panicking::try::do_call::h9ad4731a60ab23e2
[INFO] [stdout]                                at /rustc/df4ca44d3fbc9301ee17f30f4d474e6ae4b05252/library/std/src/panicking.rs:557:40
[INFO] [stdout]   57:     0x5930b4d41ff7 - std::panicking::try::h3824d23db772a716
[INFO] [stdout]                                at /rustc/df4ca44d3fbc9301ee17f30f4d474e6ae4b05252/library/std/src/panicking.rs:520:19
[INFO] [stdout]   58:     0x5930b4d41ff7 - std::panic::catch_unwind::h5afd514605fde46b
[INFO] [stdout]                                at /rustc/df4ca44d3fbc9301ee17f30f4d474e6ae4b05252/library/std/src/panic.rs:358:14
[INFO] [stdout]   59:     0x5930b4d41ff7 - test::run_test_in_process::h0d5cbfa7067d1720
[INFO] [stdout]                                at /rustc/df4ca44d3fbc9301ee17f30f4d474e6ae4b05252/library/test/src/lib.rs:644:27
[INFO] [stdout]   60:     0x5930b4d41ff7 - test::run_test::{{closure}}::h708eb8872708115d
[INFO] [stdout]                                at /rustc/df4ca44d3fbc9301ee17f30f4d474e6ae4b05252/library/test/src/lib.rs:565:43
[INFO] [stdout]   61:     0x5930b4d05714 - test::run_test::{{closure}}::h392c51cee94713ab
[INFO] [stdout]                                at /rustc/df4ca44d3fbc9301ee17f30f4d474e6ae4b05252/library/test/src/lib.rs:595:41
[INFO] [stdout]   62:     0x5930b4d05714 - std::sys::backtrace::__rust_begin_short_backtrace::h2f40290710935a8b
[INFO] [stdout]                                at /rustc/df4ca44d3fbc9301ee17f30f4d474e6ae4b05252/library/std/src/sys/backtrace.rs:154:18
[INFO] [stdout]   63:     0x5930b4d08ebe - std::thread::Builder::spawn_unchecked_::{{closure}}::{{closure}}::h3fd968d89053a903
[INFO] [stdout]                                at /rustc/df4ca44d3fbc9301ee17f30f4d474e6ae4b05252/library/std/src/thread/mod.rs:541:17
[INFO] [stdout]   64:     0x5930b4d08ebe - <core::panic::unwind_safe::AssertUnwindSafe<F> as core::ops::function::FnOnce<()>>::call_once::h743f637ba4229880
[INFO] [stdout]                                at /rustc/df4ca44d3fbc9301ee17f30f4d474e6ae4b05252/library/core/src/panic/unwind_safe.rs:272:9
[INFO] [stdout]   65:     0x5930b4d08ebe - std::panicking::try::do_call::h07440897322525a6
[INFO] [stdout]                                at /rustc/df4ca44d3fbc9301ee17f30f4d474e6ae4b05252/library/std/src/panicking.rs:557:40
[INFO] [stdout]   66:     0x5930b4d08ebe - std::panicking::try::he5a2e00188156637
[INFO] [stdout]                                at /rustc/df4ca44d3fbc9301ee17f30f4d474e6ae4b05252/library/std/src/panicking.rs:520:19
[INFO] [stdout]   67:     0x5930b4d08ebe - std::panic::catch_unwind::hbaf3cae49b3c6433
[INFO] [stdout]                                at /rustc/df4ca44d3fbc9301ee17f30f4d474e6ae4b05252/library/std/src/panic.rs:358:14
[INFO] [stdout]   68:     0x5930b4d08ebe - std::thread::Builder::spawn_unchecked_::{{closure}}::h8e141ea224820bce
[INFO] [stdout]                                at /rustc/df4ca44d3fbc9301ee17f30f4d474e6ae4b05252/library/std/src/thread/mod.rs:540:30
[INFO] [stdout]   69:     0x5930b4d08ebe - core::ops::function::FnOnce::call_once{{vtable.shim}}::h90d312fedd7b8ea8
[INFO] [stdout]                                at /rustc/df4ca44d3fbc9301ee17f30f4d474e6ae4b05252/library/core/src/ops/function.rs:250:5
[INFO] [stdout]   70:     0x5930b5743edb - <alloc::boxed::Box<F,A> as core::ops::function::FnOnce<Args>>::call_once::h69aa08ddb6adb8b6
[INFO] [stdout]                                at /rustc/df4ca44d3fbc9301ee17f30f4d474e6ae4b05252/library/alloc/src/boxed.rs:2454:9
[INFO] [stdout]   71:     0x5930b5743edb - <alloc::boxed::Box<F,A> as core::ops::function::FnOnce<Args>>::call_once::h5aa36efdb79c806f
[INFO] [stdout]                                at /rustc/df4ca44d3fbc9301ee17f30f4d474e6ae4b05252/library/alloc/src/boxed.rs:2454:9
[INFO] [stdout]   72:     0x5930b5743edb - std::sys::pal::unix::thread::Thread::new::thread_start::h6cd80a1b4be5158d
[INFO] [stdout]                                at /rustc/df4ca44d3fbc9301ee17f30f4d474e6ae4b05252/library/std/src/sys/pal/unix/thread.rs:105:17
[INFO] [stdout]   73:     0x7a2decf36ac3 - <unknown>
[INFO] [stdout]   74:     0x7a2decfc7a04 - clone
[INFO] [stdout]   75:                0x0 - <unknown>
[INFO] [stdout] 
[INFO] [stdout] ---- auth_tests::get_session stdout ----
[INFO] [stdout] thread 'auth_tests::get_session' panicked at src/lib.rs:129:23:
[INFO] [stdout] could not connect to db
[INFO] [stdout] stack backtrace:
[INFO] [stdout]    0:     0x5930b573e08a - std::backtrace_rs::backtrace::libunwind::trace::h207520d6e9873551
[INFO] [stdout]                                at /rustc/df4ca44d3fbc9301ee17f30f4d474e6ae4b05252/library/std/src/../../backtrace/src/backtrace/libunwind.rs:116:5
[INFO] [stdout]    1:     0x5930b573e08a - std::backtrace_rs::backtrace::trace_unsynchronized::h2ed7433f370e3eca
[INFO] [stdout]                                at /rustc/df4ca44d3fbc9301ee17f30f4d474e6ae4b05252/library/std/src/../../backtrace/src/backtrace/mod.rs:66:5
[INFO] [stdout]    2:     0x5930b573e08a - std::sys::backtrace::_print_fmt::h916fac51166b18d7
[INFO] [stdout]                                at /rustc/df4ca44d3fbc9301ee17f30f4d474e6ae4b05252/library/std/src/sys/backtrace.rs:66:9
[INFO] [stdout]    3:     0x5930b573e08a - <std::sys::backtrace::BacktraceLock::print::DisplayBacktrace as core::fmt::Display>::fmt::ha0a4c9b8ce3802e6
[INFO] [stdout]                                at /rustc/df4ca44d3fbc9301ee17f30f4d474e6ae4b05252/library/std/src/sys/backtrace.rs:39:26
[INFO] [stdout]    4:     0x5930b5768cd3 - core::fmt::rt::Argument::fmt::h4cfc8587d52b3eb5
[INFO] [stdout]                                at /rustc/df4ca44d3fbc9301ee17f30f4d474e6ae4b05252/library/core/src/fmt/rt.rs:177:76
[INFO] [stdout]    5:     0x5930b5768cd3 - core::fmt::write::h522cc39e5b36ae9f
[INFO] [stdout]                                at /rustc/df4ca44d3fbc9301ee17f30f4d474e6ae4b05252/library/core/src/fmt/mod.rs:1190:21
[INFO] [stdout]    6:     0x5930b5739f13 - std::io::Write::write_fmt::h7d3c26752da97734
[INFO] [stdout]                                at /rustc/df4ca44d3fbc9301ee17f30f4d474e6ae4b05252/library/std/src/io/mod.rs:1839:15
[INFO] [stdout]    7:     0x5930b573ded2 - std::sys::backtrace::BacktraceLock::print::h4b9e00b29e9c0942
[INFO] [stdout]                                at /rustc/df4ca44d3fbc9301ee17f30f4d474e6ae4b05252/library/std/src/sys/backtrace.rs:42:9
[INFO] [stdout]    8:     0x5930b573f51a - std::panicking::default_hook::{{closure}}::hb59b88280d0324d9
[INFO] [stdout]                                at /rustc/df4ca44d3fbc9301ee17f30f4d474e6ae4b05252/library/std/src/panicking.rs:268:22
[INFO] [stdout]    9:     0x5930b573f324 - std::panicking::default_hook::he1dd496665be4a29
[INFO] [stdout]                                at /rustc/df4ca44d3fbc9301ee17f30f4d474e6ae4b05252/library/std/src/panicking.rs:292:9
[INFO] [stdout]   10:     0x5930b4d3dda9 - <alloc::boxed::Box<F,A> as core::ops::function::Fn<Args>>::call::h4ff71de18744e1dc
[INFO] [stdout]                                at /rustc/df4ca44d3fbc9301ee17f30f4d474e6ae4b05252/library/alloc/src/boxed.rs:2468:9
[INFO] [stdout]   11:     0x5930b4d3dda9 - test::test_main::{{closure}}::hcf7c055ce117aa81
[INFO] [stdout]                                at /rustc/df4ca44d3fbc9301ee17f30f4d474e6ae4b05252/library/test/src/lib.rs:133:21
[INFO] [stdout]   12:     0x5930b573fc18 - <alloc::boxed::Box<F,A> as core::ops::function::Fn<Args>>::call::h1d66c6bbd60c9692
[INFO] [stdout]                                at /rustc/df4ca44d3fbc9301ee17f30f4d474e6ae4b05252/library/alloc/src/boxed.rs:2468:9
[INFO] [stdout]   13:     0x5930b573fc18 - std::panicking::rust_panic_with_hook::h2ff17fe8f26dfcf8
[INFO] [stdout]                                at /rustc/df4ca44d3fbc9301ee17f30f4d474e6ae4b05252/library/std/src/panicking.rs:809:13
[INFO] [stdout]   14:     0x5930b573f9a6 - std::panicking::begin_panic_handler::{{closure}}::h4fad77951c07e101
[INFO] [stdout]                                at /rustc/df4ca44d3fbc9301ee17f30f4d474e6ae4b05252/library/std/src/panicking.rs:667:13
[INFO] [stdout]   15:     0x5930b573e569 - std::sys::backtrace::__rust_end_short_backtrace::hb1a25b3da5d0ea08
[INFO] [stdout]                                at /rustc/df4ca44d3fbc9301ee17f30f4d474e6ae4b05252/library/std/src/sys/backtrace.rs:170:18
[INFO] [stdout]   16:     0x5930b573f66c - rust_begin_unwind
[INFO] [stdout]                                at /rustc/df4ca44d3fbc9301ee17f30f4d474e6ae4b05252/library/std/src/panicking.rs:665:5
[INFO] [stdout]   17:     0x5930b57669a0 - core::panicking::panic_fmt::ha9db07b529f9b256
[INFO] [stdout]                                at /rustc/df4ca44d3fbc9301ee17f30f4d474e6ae4b05252/library/core/src/panicking.rs:75:14
[INFO] [stdout]   18:     0x5930b4ce33b3 - mini_rust_auth::auth_tests::connect_to_pool::{{closure}}::h6b0b1e09d3834893
[INFO] [stdout]                                at /opt/rustwide/workdir/src/lib.rs:129:23
[INFO] [stdout]   19:     0x5930b4ce3cd3 - mini_rust_auth::auth_tests::get_session::{{closure}}::hdb7eb502d87cc9a2
[INFO] [stdout]                                at /opt/rustwide/workdir/src/lib.rs:150:38
[INFO] [stdout]   20:     0x5930b4ccff9e - <tokio::task::local::RunUntil<T> as core::future::future::Future>::poll::{{closure}}::h418042019ef31890
[INFO] [stdout]                                at /opt/rustwide/cargo-home/registry/src/index.crates.io-6f17d22bba15001f/tokio-1.38.0/src/task/local.rs:978:42
[INFO] [stdout]   21:     0x5930b4ccc2b0 - tokio::task::local::LocalSet::with::{{closure}}::h3df686fad095e32f
[INFO] [stdout]                                at /opt/rustwide/cargo-home/registry/src/index.crates.io-6f17d22bba15001f/tokio-1.38.0/src/task/local.rs:730:13
[INFO] [stdout]   22:     0x5930b4ca00c0 - std::thread::local::LocalKey<T>::try_with::h85f935221b02dfb9
[INFO] [stdout]                                at /rustc/df4ca44d3fbc9301ee17f30f4d474e6ae4b05252/library/std/src/thread/local.rs:283:12
[INFO] [stdout]   23:     0x5930b4c9ddca - std::thread::local::LocalKey<T>::with::hd9437453f687012d
[INFO] [stdout]                                at /rustc/df4ca44d3fbc9301ee17f30f4d474e6ae4b05252/library/std/src/thread/local.rs:260:9
[INFO] [stdout]   24:     0x5930b4ccc066 - tokio::task::local::LocalSet::with::h52f1de1bf5d242c3
[INFO] [stdout]                                at /opt/rustwide/cargo-home/registry/src/index.crates.io-6f17d22bba15001f/tokio-1.38.0/src/task/local.rs:728:9
[INFO] [stdout]   25:     0x5930b4ccfbe5 - <tokio::task::local::RunUntil<T> as core::future::future::Future>::poll::h570a2df30bb08393
[INFO] [stdout]                                at /opt/rustwide/cargo-home/registry/src/index.crates.io-6f17d22bba15001f/tokio-1.38.0/src/task/local.rs:968:9
[INFO] [stdout]   26:     0x5930b4cce1f1 - tokio::task::local::LocalSet::run_until::{{closure}}::hc57882a5b5bba27d
[INFO] [stdout]                                at /opt/rustwide/cargo-home/registry/src/index.crates.io-6f17d22bba15001f/tokio-1.38.0/src/task/local.rs:635:19
[INFO] [stdout]   27:     0x5930b4ced01d - <core::pin::Pin<P> as core::future::future::Future>::poll::hd929c78c3c697fae
[INFO] [stdout]                                at /rustc/df4ca44d3fbc9301ee17f30f4d474e6ae4b05252/library/core/src/future/future.rs:123:9
[INFO] [stdout]   28:     0x5930b4c80adf - tokio::runtime::scheduler::current_thread::CoreGuard::block_on::{{closure}}::{{closure}}::{{closure}}::hfcb28eb499bff617
[INFO] [stdout]                                at /opt/rustwide/cargo-home/registry/src/index.crates.io-6f17d22bba15001f/tokio-1.38.0/src/runtime/scheduler/current_thread/mod.rs:659:57
[INFO] [stdout]   29:     0x5930b4c80845 - tokio::runtime::coop::with_budget::hba39b1b06e14d831
[INFO] [stdout]                                at /opt/rustwide/cargo-home/registry/src/index.crates.io-6f17d22bba15001f/tokio-1.38.0/src/runtime/coop.rs:107:5
[INFO] [stdout]   30:     0x5930b4c80845 - tokio::runtime::coop::budget::h329a565e67a4f1b6
[INFO] [stdout]                                at /opt/rustwide/cargo-home/registry/src/index.crates.io-6f17d22bba15001f/tokio-1.38.0/src/runtime/coop.rs:73:5
[INFO] [stdout]   31:     0x5930b4c80845 - tokio::runtime::scheduler::current_thread::CoreGuard::block_on::{{closure}}::{{closure}}::hc521ceb0c6dc2d52
[INFO] [stdout]                                at /opt/rustwide/cargo-home/registry/src/index.crates.io-6f17d22bba15001f/tokio-1.38.0/src/runtime/scheduler/current_thread/mod.rs:659:25
[INFO] [stdout]   32:     0x5930b4c75e00 - tokio::runtime::scheduler::current_thread::Context::enter::h29c76359c06a6648
[INFO] [stdout]                                at /opt/rustwide/cargo-home/registry/src/index.crates.io-6f17d22bba15001f/tokio-1.38.0/src/runtime/scheduler/current_thread/mod.rs:404:19
[INFO] [stdout]   33:     0x5930b4c7b88e - tokio::runtime::scheduler::current_thread::CoreGuard::block_on::{{closure}}::h1d8c4d4a1d28e16d
[INFO] [stdout]                                at /opt/rustwide/cargo-home/registry/src/index.crates.io-6f17d22bba15001f/tokio-1.38.0/src/runtime/scheduler/current_thread/mod.rs:658:36
[INFO] [stdout]   34:     0x5930b4c7b324 - tokio::runtime::scheduler::current_thread::CoreGuard::enter::{{closure}}::ha00680887dc20a8d
[INFO] [stdout]                                at /opt/rustwide/cargo-home/registry/src/index.crates.io-6f17d22bba15001f/tokio-1.38.0/src/runtime/scheduler/current_thread/mod.rs:737:68
[INFO] [stdout]   35:     0x5930b4c981cb - tokio::runtime::context::scoped::Scoped<T>::set::h27d7d1827beeede1
[INFO] [stdout]                                at /opt/rustwide/cargo-home/registry/src/index.crates.io-6f17d22bba15001f/tokio-1.38.0/src/runtime/context/scoped.rs:40:9
[INFO] [stdout]   36:     0x5930b4cb7499 - tokio::runtime::context::set_scheduler::{{closure}}::h7dd316c10c0175a5
[INFO] [stdout]                                at /opt/rustwide/cargo-home/registry/src/index.crates.io-6f17d22bba15001f/tokio-1.38.0/src/runtime/context.rs:180:26
[INFO] [stdout]   37:     0x5930b4c9efcd - std::thread::local::LocalKey<T>::try_with::h3eff8c38e248b740
[INFO] [stdout]                                at /rustc/df4ca44d3fbc9301ee17f30f4d474e6ae4b05252/library/std/src/thread/local.rs:283:12
[INFO] [stdout]   38:     0x5930b4c9dafa - std::thread::local::LocalKey<T>::with::h44ab0ce367b325c7
[INFO] [stdout]                                at /rustc/df4ca44d3fbc9301ee17f30f4d474e6ae4b05252/library/std/src/thread/local.rs:260:9
[INFO] [stdout]   39:     0x5930b4cb724d - tokio::runtime::context::set_scheduler::h4b4a8692532ab042
[INFO] [stdout]                                at /opt/rustwide/cargo-home/registry/src/index.crates.io-6f17d22bba15001f/tokio-1.38.0/src/runtime/context.rs:180:9
[INFO] [stdout]   40:     0x5930b4c79b90 - tokio::runtime::scheduler::current_thread::CoreGuard::enter::h4686e7fc35f368b5
[INFO] [stdout]                                at /opt/rustwide/cargo-home/registry/src/index.crates.io-6f17d22bba15001f/tokio-1.38.0/src/runtime/scheduler/current_thread/mod.rs:737:27
[INFO] [stdout]   41:     0x5930b4c7b3e3 - tokio::runtime::scheduler::current_thread::CoreGuard::block_on::h29f0b10a7268758b
[INFO] [stdout]                                at /opt/rustwide/cargo-home/registry/src/index.crates.io-6f17d22bba15001f/tokio-1.38.0/src/runtime/scheduler/current_thread/mod.rs:646:19
[INFO] [stdout]   42:     0x5930b4c72dbd - tokio::runtime::scheduler::current_thread::CurrentThread::block_on::{{closure}}::h13f26d4c79a21097
[INFO] [stdout]                                at /opt/rustwide/cargo-home/registry/src/index.crates.io-6f17d22bba15001f/tokio-1.38.0/src/runtime/scheduler/current_thread/mod.rs:175:28
[INFO] [stdout]   43:     0x5930b4c89007 - tokio::runtime::context::runtime::enter_runtime::h3cda758877663c79
[INFO] [stdout]                                at /opt/rustwide/cargo-home/registry/src/index.crates.io-6f17d22bba15001f/tokio-1.38.0/src/runtime/context/runtime.rs:65:16
[INFO] [stdout]   44:     0x5930b4c72694 - tokio::runtime::scheduler::current_thread::CurrentThread::block_on::h4b4cbaba50db3df8
[INFO] [stdout]                                at /opt/rustwide/cargo-home/registry/src/index.crates.io-6f17d22bba15001f/tokio-1.38.0/src/runtime/scheduler/current_thread/mod.rs:167:9
[INFO] [stdout]   45:     0x5930b4c8aa20 - tokio::runtime::runtime::Runtime::block_on::h4417fbe1a53b9882
[INFO] [stdout]                                at /opt/rustwide/cargo-home/registry/src/index.crates.io-6f17d22bba15001f/tokio-1.38.0/src/runtime/runtime.rs:347:47
[INFO] [stdout]   46:     0x5930b4ccca11 - tokio::task::local::LocalSet::block_on::h2b6ae8eacc35af4e
[INFO] [stdout]                                at /opt/rustwide/cargo-home/registry/src/index.crates.io-6f17d22bba15001f/tokio-1.38.0/src/task/local.rs:592:9
[INFO] [stdout]   47:     0x5930b4cd0907 - actix_rt::runtime::Runtime::block_on::h67d407ef174bf82c
[INFO] [stdout]                                at /opt/rustwide/cargo-home/registry/src/index.crates.io-6f17d22bba15001f/actix-rt-2.10.0/src/runtime.rs:138:9
[INFO] [stdout]   48:     0x5930b4c9b02a - actix_rt::system::SystemRunner::block_on::he4e8b617569e112f
[INFO] [stdout]                                at /opt/rustwide/cargo-home/registry/src/index.crates.io-6f17d22bba15001f/actix-rt-2.10.0/src/system.rs:244:9
[INFO] [stdout]   49:     0x5930b4ce3ac5 - mini_rust_auth::auth_tests::get_session::h2d8309119cf9552f
[INFO] [stdout]                                at /opt/rustwide/workdir/src/lib.rs:148:5
[INFO] [stdout]   50:     0x5930b4ce3a67 - mini_rust_auth::auth_tests::get_session::{{closure}}::hb28bf9698c94c24a
[INFO] [stdout]                                at /opt/rustwide/workdir/src/lib.rs:149:27
[INFO] [stdout]   51:     0x5930b4c69646 - core::ops::function::FnOnce::call_once::h3d3881e10d576a39
[INFO] [stdout]                                at /rustc/df4ca44d3fbc9301ee17f30f4d474e6ae4b05252/library/core/src/ops/function.rs:250:5
[INFO] [stdout]   52:     0x5930b4d4267b - core::ops::function::FnOnce::call_once::h22c3ba5715e93f05
[INFO] [stdout]                                at /rustc/df4ca44d3fbc9301ee17f30f4d474e6ae4b05252/library/core/src/ops/function.rs:250:5
[INFO] [stdout]   53:     0x5930b4d4267b - test::__rust_begin_short_backtrace::h8e82d8113d0da17f
[INFO] [stdout]                                at /rustc/df4ca44d3fbc9301ee17f30f4d474e6ae4b05252/library/test/src/lib.rs:621:18
[INFO] [stdout]   54:     0x5930b4d41ff7 - test::run_test_in_process::{{closure}}::h33235f4f20b7b7c7
[INFO] [stdout]                                at /rustc/df4ca44d3fbc9301ee17f30f4d474e6ae4b05252/library/test/src/lib.rs:644:60
[INFO] [stdout]   55:     0x5930b4d41ff7 - <core::panic::unwind_safe::AssertUnwindSafe<F> as core::ops::function::FnOnce<()>>::call_once::hb5043206310c586f
[INFO] [stdout]                                at /rustc/df4ca44d3fbc9301ee17f30f4d474e6ae4b05252/library/core/src/panic/unwind_safe.rs:272:9
[INFO] [stdout]   56:     0x5930b4d41ff7 - std::panicking::try::do_call::h9ad4731a60ab23e2
[INFO] [stdout]                                at /rustc/df4ca44d3fbc9301ee17f30f4d474e6ae4b05252/library/std/src/panicking.rs:557:40
[INFO] [stdout]   57:     0x5930b4d41ff7 - std::panicking::try::h3824d23db772a716
[INFO] [stdout]                                at /rustc/df4ca44d3fbc9301ee17f30f4d474e6ae4b05252/library/std/src/panicking.rs:520:19
[INFO] [stdout]   58:     0x5930b4d41ff7 - std::panic::catch_unwind::h5afd514605fde46b
[INFO] [stdout]                                at /rustc/df4ca44d3fbc9301ee17f30f4d474e6ae4b05252/library/std/src/panic.rs:358:14
[INFO] [stdout]   59:     0x5930b4d41ff7 - test::run_test_in_process::h0d5cbfa7067d1720
[INFO] [stdout]                                at /rustc/df4ca44d3fbc9301ee17f30f4d474e6ae4b05252/library/test/src/lib.rs:644:27
[INFO] [stdout]   60:     0x5930b4d41ff7 - test::run_test::{{closure}}::h708eb8872708115d
[INFO] [stdout]                                at /rustc/df4ca44d3fbc9301ee17f30f4d474e6ae4b05252/library/test/src/lib.rs:565:43
[INFO] [stdout]   61:     0x5930b4d05714 - test::run_test::{{closure}}::h392c51cee94713ab
[INFO] [stdout]                                at /rustc/df4ca44d3fbc9301ee17f30f4d474e6ae4b05252/library/test/src/lib.rs:595:41
[INFO] [stdout]   62:     0x5930b4d05714 - std::sys::backtrace::__rust_begin_short_backtrace::h2f40290710935a8b
[INFO] [stdout]                                at /rustc/df4ca44d3fbc9301ee17f30f4d474e6ae4b05252/library/std/src/sys/backtrace.rs:154:18
[INFO] [stdout]   63:     0x5930b4d08ebe - std::thread::Builder::spawn_unchecked_::{{closure}}::{{closure}}::h3fd968d89053a903
[INFO] [stdout]                                at /rustc/df4ca44d3fbc9301ee17f30f4d474e6ae4b05252/library/std/src/thread/mod.rs:541:17
[INFO] [stdout]   64:     0x5930b4d08ebe - <core::panic::unwind_safe::AssertUnwindSafe<F> as core::ops::function::FnOnce<()>>::call_once::h743f637ba4229880
[INFO] [stdout]                                at /rustc/df4ca44d3fbc9301ee17f30f4d474e6ae4b05252/library/core/src/panic/unwind_safe.rs:272:9
[INFO] [stdout]   65:     0x5930b4d08ebe - std::panicking::try::do_call::h07440897322525a6
[INFO] [stdout]                                at /rustc/df4ca44d3fbc9301ee17f30f4d474e6ae4b05252/library/std/src/panicking.rs:557:40
[INFO] [stdout]   66:     0x5930b4d08ebe - std::panicking::try::he5a2e00188156637
[INFO] [stdout]                                at /rustc/df4ca44d3fbc9301ee17f30f4d474e6ae4b05252/library/std/src/panicking.rs:520:19
[INFO] [stdout]   67:     0x5930b4d08ebe - std::panic::catch_unwind::hbaf3cae49b3c6433
[INFO] [stdout]                                at /rustc/df4ca44d3fbc9301ee17f30f4d474e6ae4b05252/library/std/src/panic.rs:358:14
[INFO] [stdout]   68:     0x5930b4d08ebe - std::thread::Builder::spawn_unchecked_::{{closure}}::h8e141ea224820bce
[INFO] [stdout]                                at /rustc/df4ca44d3fbc9301ee17f30f4d474e6ae4b05252/library/std/src/thread/mod.rs:540:30
[INFO] [stdout]   69:     0x5930b4d08ebe - core::ops::function::FnOnce::call_once{{vtable.shim}}::h90d312fedd7b8ea8
[INFO] [stdout]                                at /rustc/df4ca44d3fbc9301ee17f30f4d474e6ae4b05252/library/core/src/ops/function.rs:250:5
[INFO] [stdout]   70:     0x5930b5743edb - <alloc::boxed::Box<F,A> as core::ops::function::FnOnce<Args>>::call_once::h69aa08ddb6adb8b6
[INFO] [stdout]                                at /rustc/df4ca44d3fbc9301ee17f30f4d474e6ae4b05252/library/alloc/src/boxed.rs:2454:9
[INFO] [stdout]   71:     0x5930b5743edb - <alloc::boxed::Box<F,A> as core::ops::function::FnOnce<Args>>::call_once::h5aa36efdb79c806f
[INFO] [stdout]                                at /rustc/df4ca44d3fbc9301ee17f30f4d474e6ae4b05252/library/alloc/src/boxed.rs:2454:9
[INFO] [stdout]   72:     0x5930b5743edb - std::sys::pal::unix::thread::Thread::new::thread_start::h6cd80a1b4be5158d
[INFO] [stdout]                                at /rustc/df4ca44d3fbc9301ee17f30f4d474e6ae4b05252/library/std/src/sys/pal/unix/thread.rs:105:17
[INFO] [stdout]   73:     0x7a2decf36ac3 - <unknown>
[INFO] [stdout]   74:     0x7a2decfc7a04 - clone
[INFO] [stdout]   75:                0x0 - <unknown>
[INFO] [stdout] 
[INFO] [stdout] 
[INFO] [stdout] failures:
[INFO] [stdout]     auth_tests::delete_user
[INFO] [stdout]     auth_tests::end_sessions
[INFO] [stdout]     auth_tests::get_session
[INFO] [stdout]     auth_tests::invalidate_session_test
[INFO] [stdout]     auth_tests::verify_session
[INFO] [stdout]     auth_tests::verify_session_invalid_token_end
[INFO] [stdout]     auth_tests::verify_session_invalid_user_name
[INFO] [stdout]     session_test::test_gen_and_valid_session_based
[INFO] [stdout] 
[INFO] [stdout] test result: FAILED. 0 passed; 8 failed; 0 ignored; 0 measured; 0 filtered out; finished in 0.09s
[INFO] [stdout] 
[INFO] [stderr] error: test failed, to rerun pass `--lib`
[INFO] running `Command { std: "docker" "inspect" "cf86029220d0a84fb481c57463feeecd6704b2816f7ed1576b2dd2f06b370d49", kill_on_drop: false }`
[INFO] running `Command { std: "docker" "rm" "-f" "cf86029220d0a84fb481c57463feeecd6704b2816f7ed1576b2dd2f06b370d49", kill_on_drop: false }`
[INFO] [stdout] cf86029220d0a84fb481c57463feeecd6704b2816f7ed1576b2dd2f06b370d49
