[INFO] cloning repository https://github.com/Nowaaru/nmm-cli
[INFO] running `Command { std: "git" "-c" "credential.helper=" "-c" "credential.helper=/workspace/cargo-home/bin/git-credential-null" "clone" "--bare" "https://github.com/Nowaaru/nmm-cli" "/workspace/cache/git-repos/https%3A%2F%2Fgithub.com%2FNowaaru%2Fnmm-cli", kill_on_drop: false }`
[INFO] [stderr] Cloning into bare repository '/workspace/cache/git-repos/https%3A%2F%2Fgithub.com%2FNowaaru%2Fnmm-cli'...
[INFO] running `Command { std: "git" "rev-parse" "HEAD", kill_on_drop: false }`
[INFO] [stdout] 3fd24810d5d3cd1781587f0ed8f202b9dbc90e62
[INFO] testing Nowaaru/nmm-cli/3fd24810d5d3cd1781587f0ed8f202b9dbc90e62 against nightly-2024-10-28 for randomize-layout
[INFO] running `Command { std: "git" "clone" "/workspace/cache/git-repos/https%3A%2F%2Fgithub.com%2FNowaaru%2Fnmm-cli" "/workspace/builds/worker-6-tc1/source", kill_on_drop: false }`
[INFO] [stderr] Cloning into '/workspace/builds/worker-6-tc1/source'...
[INFO] [stderr] done.
[INFO] validating manifest of git repo https://github.com/Nowaaru/nmm-cli on toolchain nightly-2024-10-28
[INFO] running `Command { std: CARGO_HOME="/workspace/cargo-home" RUSTUP_HOME="/workspace/rustup-home" "/workspace/cargo-home/bin/cargo" "+nightly-2024-10-28" "metadata" "--manifest-path" "Cargo.toml" "--no-deps", kill_on_drop: false }`
[INFO] started tweaking git repo https://github.com/Nowaaru/nmm-cli
[INFO] finished tweaking git repo https://github.com/Nowaaru/nmm-cli
[INFO] tweaked toml for git repo https://github.com/Nowaaru/nmm-cli written to /workspace/builds/worker-6-tc1/source/Cargo.toml
[INFO] crate git repo https://github.com/Nowaaru/nmm-cli already has a lockfile, it will not be regenerated
[INFO] running `Command { std: CARGO_HOME="/workspace/cargo-home" RUSTUP_HOME="/workspace/rustup-home" "/workspace/cargo-home/bin/cargo" "+nightly-2024-10-28" "fetch" "--manifest-path" "Cargo.toml", kill_on_drop: false }`
[INFO] [stderr]  Downloading crates ...
[INFO] [stderr]   Downloaded reqwest v0.12.1
[INFO] running `Command { std: "docker" "create" "-v" "/var/lib/crater-agent-workspace/builds/worker-6-tc1/target:/opt/rustwide/target:rw,Z" "-v" "/var/lib/crater-agent-workspace/builds/worker-6-tc1/source:/opt/rustwide/workdir:ro,Z" "-v" "/var/lib/crater-agent-workspace/cargo-home:/opt/rustwide/cargo-home:ro,Z" "-v" "/var/lib/crater-agent-workspace/rustup-home:/opt/rustwide/rustup-home:ro,Z" "-e" "SOURCE_DIR=/opt/rustwide/workdir" "-e" "CARGO_TARGET_DIR=/opt/rustwide/target" "-e" "CARGO_HOME=/opt/rustwide/cargo-home" "-e" "RUSTUP_HOME=/opt/rustwide/rustup-home" "-w" "/opt/rustwide/workdir" "-m" "1610612736" "--user" "0:0" "--network" "none" "ghcr.io/rust-lang/crates-build-env/linux@sha256:4a844ea9eb2546a2d2c7022eacef16ef2e8229c7fbb2c7d4d55a9ceca922f72d" "/opt/rustwide/cargo-home/bin/cargo" "+nightly-2024-10-28" "metadata" "--no-deps" "--format-version=1", kill_on_drop: false }`
[INFO] [stdout] 0f02b92c0f83bed9638c1fc25e8b9a548123668940ae49f7dc8133eac6755bca
[INFO] running `Command { std: "docker" "start" "-a" "0f02b92c0f83bed9638c1fc25e8b9a548123668940ae49f7dc8133eac6755bca", kill_on_drop: false }`
[INFO] running `Command { std: "docker" "inspect" "0f02b92c0f83bed9638c1fc25e8b9a548123668940ae49f7dc8133eac6755bca", kill_on_drop: false }`
[INFO] running `Command { std: "docker" "rm" "-f" "0f02b92c0f83bed9638c1fc25e8b9a548123668940ae49f7dc8133eac6755bca", kill_on_drop: false }`
[INFO] [stdout] 0f02b92c0f83bed9638c1fc25e8b9a548123668940ae49f7dc8133eac6755bca
[INFO] running `Command { std: "docker" "create" "-v" "/var/lib/crater-agent-workspace/builds/worker-6-tc1/target:/opt/rustwide/target:rw,Z" "-v" "/var/lib/crater-agent-workspace/builds/worker-6-tc1/source:/opt/rustwide/workdir:ro,Z" "-v" "/var/lib/crater-agent-workspace/cargo-home:/opt/rustwide/cargo-home:ro,Z" "-v" "/var/lib/crater-agent-workspace/rustup-home:/opt/rustwide/rustup-home:ro,Z" "-e" "SOURCE_DIR=/opt/rustwide/workdir" "-e" "CARGO_TARGET_DIR=/opt/rustwide/target" "-e" "CARGO_INCREMENTAL=0" "-e" "RUST_BACKTRACE=full" "-e" "RUSTFLAGS=--cap-lints=forbid" "-e" "RUSTDOCFLAGS=--cap-lints=forbid" "-e" "CARGO_HOME=/opt/rustwide/cargo-home" "-e" "RUSTUP_HOME=/opt/rustwide/rustup-home" "-w" "/opt/rustwide/workdir" "-m" "1610612736" "--user" "0:0" "--network" "none" "ghcr.io/rust-lang/crates-build-env/linux@sha256:4a844ea9eb2546a2d2c7022eacef16ef2e8229c7fbb2c7d4d55a9ceca922f72d" "/opt/rustwide/cargo-home/bin/cargo" "+nightly-2024-10-28" "build" "--frozen" "--message-format=json", kill_on_drop: false }`
[INFO] [stdout] 88aaafda964c829b3928f462388cd64537c07ab61ff6fd15d6a40a99cb03c0a7
[INFO] running `Command { std: "docker" "start" "-a" "88aaafda964c829b3928f462388cd64537c07ab61ff6fd15d6a40a99cb03c0a7", kill_on_drop: false }`
[INFO] [stderr]    Compiling proc-macro2 v1.0.79
[INFO] [stderr]    Compiling unicode-ident v1.0.12
[INFO] [stderr]    Compiling libc v0.2.153
[INFO] [stderr]    Compiling autocfg v1.1.0
[INFO] [stderr]    Compiling cfg-if v1.0.0
[INFO] [stderr]    Compiling once_cell v1.19.0
[INFO] [stderr]    Compiling pin-project-lite v0.2.13
[INFO] [stderr]    Compiling parking_lot_core v0.9.9
[INFO] [stderr]    Compiling bytes v1.6.0
[INFO] [stderr]    Compiling smallvec v1.13.2
[INFO] [stderr]    Compiling scopeguard v1.2.0
[INFO] [stderr]    Compiling futures-core v0.3.30
[INFO] [stderr]    Compiling vcpkg v0.2.15
[INFO] [stderr]    Compiling pkg-config v0.3.30
[INFO] [stderr]    Compiling cc v1.0.90
[INFO] [stderr]    Compiling log v0.4.21
[INFO] [stderr]    Compiling lock_api v0.4.11
[INFO] [stderr]    Compiling itoa v1.0.10
[INFO] [stderr]    Compiling slab v0.4.9
[INFO] [stderr]    Compiling quote v1.0.35
[INFO] [stderr]    Compiling futures-sink v0.3.30
[INFO] [stderr]    Compiling tracing-core v0.1.32
[INFO] [stderr]    Compiling fnv v1.0.7
[INFO] [stderr]    Compiling syn v2.0.55
[INFO] [stderr]    Compiling http v1.1.0
[INFO] [stderr]    Compiling signal-hook-registry v1.4.1
[INFO] [stderr]    Compiling num_cpus v1.16.0
[INFO] [stderr]    Compiling socket2 v0.5.6
[INFO] [stderr]    Compiling parking_lot v0.12.1
[INFO] [stderr]    Compiling mio v0.8.11
[INFO] [stderr]    Compiling tracing v0.1.40
[INFO] [stderr]    Compiling pin-utils v0.1.0
[INFO] [stderr]    Compiling memchr v2.7.1
[INFO] [stderr]    Compiling futures-task v0.3.30
[INFO] [stderr]    Compiling futures-io v0.3.30
[INFO] [stderr]    Compiling openssl-sys v0.9.101
[INFO] [stderr]    Compiling httparse v1.8.0
[INFO] [stderr]    Compiling equivalent v1.0.1
[INFO] [stderr]    Compiling openssl v0.10.64
[INFO] [stderr]    Compiling foreign-types-shared v0.1.1
[INFO] [stderr]    Compiling hashbrown v0.14.3
[INFO] [stderr]    Compiling foreign-types v0.3.2
[INFO] [stderr]    Compiling http-body v1.0.0
[INFO] [stderr]    Compiling try-lock v0.2.5
[INFO] [stderr]    Compiling futures-util v0.3.30
[INFO] [stderr]    Compiling native-tls v0.2.11
[INFO] [stderr]    Compiling bitflags v2.5.0
[INFO] [stderr]    Compiling serde v1.0.197
[INFO] [stderr]    Compiling tinyvec_macros v0.1.1
[INFO] [stderr]    Compiling tinyvec v1.6.0
[INFO] [stderr]    Compiling want v0.3.1
[INFO] [stderr]    Compiling futures-channel v0.3.30
[INFO] [stderr]    Compiling percent-encoding v2.3.1
[INFO] [stderr]    Compiling indexmap v2.2.6
[INFO] [stderr]    Compiling utf8parse v0.2.1
[INFO] [stderr]    Compiling openssl-probe v0.1.5
[INFO] [stderr]    Compiling tower-layer v0.3.2
[INFO] [stderr]    Compiling tower-service v0.3.2
[INFO] [stderr]    Compiling anstyle-parse v0.2.3
[INFO] [stderr]    Compiling form_urlencoded v1.2.1
[INFO] [stderr]    Compiling colorchoice v1.0.0
[INFO] [stderr]    Compiling serde_json v1.0.114
[INFO] [stderr]    Compiling anstyle v1.0.6
[INFO] [stderr]    Compiling unicode-bidi v0.3.15
[INFO] [stderr]    Compiling ryu v1.0.17
[INFO] [stderr]    Compiling anstyle-query v1.0.2
[INFO] [stderr]    Compiling unicode-normalization v0.1.23
[INFO] [stderr]    Compiling anstream v0.6.13
[INFO] [stderr]    Compiling http-body-util v0.1.1
[INFO] [stderr]    Compiling heck v0.5.0
[INFO] [stderr]    Compiling base64 v0.21.7
[INFO] [stderr]    Compiling strsim v0.11.0
[INFO] [stderr]    Compiling clap_lex v0.7.0
[INFO] [stderr]    Compiling encoding_rs v0.8.33
[INFO] [stderr]    Compiling clap_builder v4.5.2
[INFO] [stderr]    Compiling idna v0.5.0
[INFO] [stderr]    Compiling rustls-pemfile v1.0.4
[INFO] [stderr]    Compiling sync_wrapper v0.1.2
[INFO] [stderr]    Compiling mime v0.3.17
[INFO] [stderr]    Compiling ipnet v2.9.0
[INFO] [stderr]    Compiling url v2.5.0
[INFO] [stderr]    Compiling tokio-macros v2.2.0
[INFO] [stderr]    Compiling pin-project-internal v1.1.5
[INFO] [stderr]    Compiling openssl-macros v0.1.1
[INFO] [stderr]    Compiling serde_derive v1.0.197
[INFO] [stderr]    Compiling clap_derive v4.5.3
[INFO] [stderr]    Compiling tokio v1.36.0
[INFO] [stderr]    Compiling pin-project v1.1.5
[INFO] [stderr]    Compiling clap v4.5.3
[INFO] [stderr]    Compiling tokio-util v0.7.10
[INFO] [stderr]    Compiling tower v0.4.13
[INFO] [stderr]    Compiling tokio-native-tls v0.3.1
[INFO] [stderr]    Compiling serde_urlencoded v0.7.1
[INFO] [stderr]    Compiling h2 v0.4.3
[INFO] [stderr]    Compiling hyper v1.2.0
[INFO] [stderr]    Compiling hyper-util v0.1.3
[INFO] [stderr]    Compiling hyper-tls v0.6.0
[INFO] [stderr]    Compiling reqwest v0.12.1
[INFO] [stderr]    Compiling nmm-cli v0.1.0 (/opt/rustwide/workdir)
[INFO] [stdout] warning: unused import: `nexus::NexusEndpoints`
[INFO] [stdout]  --> src/main.rs:2:5
[INFO] [stdout]   |
[INFO] [stdout] 2 | use nexus::NexusEndpoints;
[INFO] [stdout]   |     ^^^^^^^^^^^^^^^^^^^^^
[INFO] [stdout]   |
[INFO] [stdout]   = note: `#[warn(unused_imports)]` on by default
[INFO] [stdout] 
[INFO] [stdout] 
[INFO] [stdout] warning: unused import: `Path`
[INFO] [stdout]  --> src/main.rs:4:17
[INFO] [stdout]   |
[INFO] [stdout] 4 | use std::path::{Path, PathBuf};
[INFO] [stdout]   |                 ^^^^
[INFO] [stdout] 
[INFO] [stdout] 
[INFO] [stdout] warning: unused import: `std::fmt::Display`
[INFO] [stdout]  --> src/nexus.rs:2:5
[INFO] [stdout]   |
[INFO] [stdout] 2 | use std::fmt::Display;
[INFO] [stdout]   |     ^^^^^^^^^^^^^^^^^
[INFO] [stdout] 
[INFO] [stdout] 
[INFO] [stdout] warning: unused import: `std::fmt::Display`
[INFO] [stdout]  --> src/provider.rs:3:5
[INFO] [stdout]   |
[INFO] [stdout] 3 | use std::fmt::Display;
[INFO] [stdout]   |     ^^^^^^^^^^^^^^^^^
[INFO] [stdout] 
[INFO] [stdout] 
[INFO] [stdout] warning: unused import: `crate::lockfile::ModLock`
[INFO] [stdout]  --> src/provider.rs:5:5
[INFO] [stdout]   |
[INFO] [stdout] 5 | use crate::lockfile::ModLock;
[INFO] [stdout]   |     ^^^^^^^^^^^^^^^^^^^^^^^^
[INFO] [stdout] 
[INFO] [stdout] 
[INFO] [stdout] warning: unused import: `crate::lockfile`
[INFO] [stdout]   --> src/tests.rs:52:13
[INFO] [stdout]    |
[INFO] [stdout] 52 |         use crate::lockfile;
[INFO] [stdout]    |             ^^^^^^^^^^^^^^^
[INFO] [stdout] 
[INFO] [stdout] 
[INFO] [stdout] warning: unused variable: `item_to_remove`
[INFO] [stdout]   --> src/lockfile.rs:85:17
[INFO] [stdout]    |
[INFO] [stdout] 85 |         let mut item_to_remove: String = "".into();
[INFO] [stdout]    |                 ^^^^^^^^^^^^^^ help: if this is intentional, prefix it with an underscore: `_item_to_remove`
[INFO] [stdout]    |
[INFO] [stdout]    = note: `#[warn(unused_variables)]` on by default
[INFO] [stdout] 
[INFO] [stdout] 
[INFO] [stdout] warning: variable does not need to be mutable
[INFO] [stdout]   --> src/lockfile.rs:85:13
[INFO] [stdout]    |
[INFO] [stdout] 85 |         let mut item_to_remove: String = "".into();
[INFO] [stdout]    |             ----^^^^^^^^^^^^^^
[INFO] [stdout]    |             |
[INFO] [stdout]    |             help: remove this `mut`
[INFO] [stdout]    |
[INFO] [stdout]    = note: `#[warn(unused_mut)]` on by default
[INFO] [stdout] 
[INFO] [stdout] 
[INFO] [stdout] warning: variable does not need to be mutable
[INFO] [stdout]   --> src/main.rs:74:9
[INFO] [stdout]    |
[INFO] [stdout] 74 |     let mut lock = lockfile::Lockfile::from(None);
[INFO] [stdout]    |         ----^^^^
[INFO] [stdout]    |         |
[INFO] [stdout]    |         help: remove this `mut`
[INFO] [stdout] 
[INFO] [stdout] 
[INFO] [stdout] warning: method `remove_modlock_by_fileid` is never used
[INFO] [stdout]   --> src/lockfile.rs:79:12
[INFO] [stdout]    |
[INFO] [stdout] 59 | / impl<L> LockProvider<L>
[INFO] [stdout] 60 | | where
[INFO] [stdout] 61 | |     L: Into<Limits>,
[INFO] [stdout]    | |____________________- method in this implementation
[INFO] [stdout] ...
[INFO] [stdout] 79 |       pub fn remove_modlock_by_fileid<S: Into<String> + Clone>(
[INFO] [stdout]    |              ^^^^^^^^^^^^^^^^^^^^^^^^
[INFO] [stdout]    |
[INFO] [stdout]    = note: `#[warn(dead_code)]` on by default
[INFO] [stdout] 
[INFO] [stdout] 
[INFO] [stdout] warning: method `remove_file_id` is never used
[INFO] [stdout]    --> src/lockfile.rs:138:12
[INFO] [stdout]     |
[INFO] [stdout] 118 | impl Lockfile {
[INFO] [stdout]     | ------------- method in this implementation
[INFO] [stdout] ...
[INFO] [stdout] 138 |     pub fn remove_file_id<S: Into<String> + Clone>(
[INFO] [stdout]     |            ^^^^^^^^^^^^^^
[INFO] [stdout] 
[INFO] [stdout] 
[INFO] [stdout] warning: field `limits` is never read
[INFO] [stdout]   --> src/nexus.rs:81:5
[INFO] [stdout]    |
[INFO] [stdout] 76 | pub struct NexusProvider {
[INFO] [stdout]    |            ------------- field in this struct
[INFO] [stdout] ...
[INFO] [stdout] 81 |     limits: NexusLimits,
[INFO] [stdout]    |     ^^^^^^
[INFO] [stdout] 
[INFO] [stdout] 
[INFO] [stdout] warning: function `check_store_url` is never used
[INFO] [stdout]  --> src/nix.rs:3:8
[INFO] [stdout]   |
[INFO] [stdout] 3 | pub fn check_store_url(path: PathBuf) -> bool {
[INFO] [stdout]   |        ^^^^^^^^^^^^^^^
[INFO] [stdout] 
[INFO] [stdout] 
[INFO] [stdout] warning: struct `Query` is never constructed
[INFO] [stdout]  --> src/query.rs:1:8
[INFO] [stdout]   |
[INFO] [stdout] 1 | struct Query {
[INFO] [stdout]   |        ^^^^^
[INFO] [stdout] 
[INFO] [stdout] 
[INFO] [stdout] warning: associated function `new` is never used
[INFO] [stdout]  --> src/query.rs:7:8
[INFO] [stdout]   |
[INFO] [stdout] 6 | impl Query {
[INFO] [stdout]   | ---------- associated function in this implementation
[INFO] [stdout] 7 |     fn new(url: String) -> Self {
[INFO] [stdout]   |        ^^^
[INFO] [stdout] 
[INFO] [stdout] 
[INFO] [stdout] warning: function `test_lockfile` is never used
[INFO] [stdout]   --> src/tests.rs:51:8
[INFO] [stdout]    |
[INFO] [stdout] 51 |     fn test_lockfile() {
[INFO] [stdout]    |        ^^^^^^^^^^^^^
[INFO] [stdout] 
[INFO] [stdout] 
[INFO] [stdout] warning: structure field `URI` should have a snake case name
[INFO] [stdout]   --> src/tests.rs:15:9
[INFO] [stdout]    |
[INFO] [stdout] 15 |         URI: String,
[INFO] [stdout]    |         ^^^ help: convert the identifier to snake case: `uri`
[INFO] [stdout]    |
[INFO] [stdout]    = note: `#[warn(non_snake_case)]` on by default
[INFO] [stdout] 
[INFO] [stdout] 
[INFO] [stderr]     Finished `dev` profile [unoptimized + debuginfo] target(s) in 14.44s
[INFO] running `Command { std: "docker" "inspect" "88aaafda964c829b3928f462388cd64537c07ab61ff6fd15d6a40a99cb03c0a7", kill_on_drop: false }`
[INFO] running `Command { std: "docker" "rm" "-f" "88aaafda964c829b3928f462388cd64537c07ab61ff6fd15d6a40a99cb03c0a7", kill_on_drop: false }`
[INFO] [stdout] 88aaafda964c829b3928f462388cd64537c07ab61ff6fd15d6a40a99cb03c0a7
[INFO] running `Command { std: "docker" "create" "-v" "/var/lib/crater-agent-workspace/builds/worker-6-tc1/target:/opt/rustwide/target:rw,Z" "-v" "/var/lib/crater-agent-workspace/builds/worker-6-tc1/source:/opt/rustwide/workdir:ro,Z" "-v" "/var/lib/crater-agent-workspace/cargo-home:/opt/rustwide/cargo-home:ro,Z" "-v" "/var/lib/crater-agent-workspace/rustup-home:/opt/rustwide/rustup-home:ro,Z" "-e" "SOURCE_DIR=/opt/rustwide/workdir" "-e" "CARGO_TARGET_DIR=/opt/rustwide/target" "-e" "CARGO_INCREMENTAL=0" "-e" "RUST_BACKTRACE=full" "-e" "RUSTFLAGS=--cap-lints=forbid" "-e" "RUSTDOCFLAGS=--cap-lints=forbid" "-e" "CARGO_HOME=/opt/rustwide/cargo-home" "-e" "RUSTUP_HOME=/opt/rustwide/rustup-home" "-w" "/opt/rustwide/workdir" "-m" "1610612736" "--user" "0:0" "--network" "none" "ghcr.io/rust-lang/crates-build-env/linux@sha256:4a844ea9eb2546a2d2c7022eacef16ef2e8229c7fbb2c7d4d55a9ceca922f72d" "/opt/rustwide/cargo-home/bin/cargo" "+nightly-2024-10-28" "test" "--frozen" "--no-run" "--message-format=json", kill_on_drop: false }`
[INFO] [stdout] e8706ce9759402fe98417a585a2f027bc52833925439adf1a31b84127be4d8b6
[INFO] running `Command { std: "docker" "start" "-a" "e8706ce9759402fe98417a585a2f027bc52833925439adf1a31b84127be4d8b6", kill_on_drop: false }`
[INFO] [stderr]    Compiling nmm-cli v0.1.0 (/opt/rustwide/workdir)
[INFO] [stdout] warning: unused import: `nexus::NexusEndpoints`
[INFO] [stdout]  --> src/main.rs:2:5
[INFO] [stdout]   |
[INFO] [stdout] 2 | use nexus::NexusEndpoints;
[INFO] [stdout]   |     ^^^^^^^^^^^^^^^^^^^^^
[INFO] [stdout]   |
[INFO] [stdout]   = note: `#[warn(unused_imports)]` on by default
[INFO] [stdout] 
[INFO] [stdout] 
[INFO] [stdout] warning: unused import: `Path`
[INFO] [stdout]  --> src/main.rs:4:17
[INFO] [stdout]   |
[INFO] [stdout] 4 | use std::path::{Path, PathBuf};
[INFO] [stdout]   |                 ^^^^
[INFO] [stdout] 
[INFO] [stdout] 
[INFO] [stdout] warning: unused import: `std::fmt::Display`
[INFO] [stdout]  --> src/nexus.rs:2:5
[INFO] [stdout]   |
[INFO] [stdout] 2 | use std::fmt::Display;
[INFO] [stdout]   |     ^^^^^^^^^^^^^^^^^
[INFO] [stdout] 
[INFO] [stdout] 
[INFO] [stdout] warning: unused import: `std::fmt::Display`
[INFO] [stdout]  --> src/provider.rs:3:5
[INFO] [stdout]   |
[INFO] [stdout] 3 | use std::fmt::Display;
[INFO] [stdout]   |     ^^^^^^^^^^^^^^^^^
[INFO] [stdout] 
[INFO] [stdout] 
[INFO] [stdout] warning: unused import: `crate::lockfile::ModLock`
[INFO] [stdout]  --> src/provider.rs:5:5
[INFO] [stdout]   |
[INFO] [stdout] 5 | use crate::lockfile::ModLock;
[INFO] [stdout]   |     ^^^^^^^^^^^^^^^^^^^^^^^^
[INFO] [stdout] 
[INFO] [stdout] 
[INFO] [stdout] warning: unused import: `crate::lockfile`
[INFO] [stdout]   --> src/tests.rs:52:13
[INFO] [stdout]    |
[INFO] [stdout] 52 |         use crate::lockfile;
[INFO] [stdout]    |             ^^^^^^^^^^^^^^^
[INFO] [stdout] 
[INFO] [stdout] 
[INFO] [stdout] warning: unused variable: `item_to_remove`
[INFO] [stdout]   --> src/lockfile.rs:85:17
[INFO] [stdout]    |
[INFO] [stdout] 85 |         let mut item_to_remove: String = "".into();
[INFO] [stdout]    |                 ^^^^^^^^^^^^^^ help: if this is intentional, prefix it with an underscore: `_item_to_remove`
[INFO] [stdout]    |
[INFO] [stdout]    = note: `#[warn(unused_variables)]` on by default
[INFO] [stdout] 
[INFO] [stdout] 
[INFO] [stdout] warning: variable does not need to be mutable
[INFO] [stdout]   --> src/lockfile.rs:85:13
[INFO] [stdout]    |
[INFO] [stdout] 85 |         let mut item_to_remove: String = "".into();
[INFO] [stdout]    |             ----^^^^^^^^^^^^^^
[INFO] [stdout]    |             |
[INFO] [stdout]    |             help: remove this `mut`
[INFO] [stdout]    |
[INFO] [stdout]    = note: `#[warn(unused_mut)]` on by default
[INFO] [stdout] 
[INFO] [stdout] 
[INFO] [stdout] warning: variable does not need to be mutable
[INFO] [stdout]   --> src/main.rs:74:9
[INFO] [stdout]    |
[INFO] [stdout] 74 |     let mut lock = lockfile::Lockfile::from(None);
[INFO] [stdout]    |         ----^^^^
[INFO] [stdout]    |         |
[INFO] [stdout]    |         help: remove this `mut`
[INFO] [stdout] 
[INFO] [stdout] 
[INFO] [stdout] warning: method `remove_modlock_by_fileid` is never used
[INFO] [stdout]   --> src/lockfile.rs:79:12
[INFO] [stdout]    |
[INFO] [stdout] 59 | / impl<L> LockProvider<L>
[INFO] [stdout] 60 | | where
[INFO] [stdout] 61 | |     L: Into<Limits>,
[INFO] [stdout]    | |____________________- method in this implementation
[INFO] [stdout] ...
[INFO] [stdout] 79 |       pub fn remove_modlock_by_fileid<S: Into<String> + Clone>(
[INFO] [stdout]    |              ^^^^^^^^^^^^^^^^^^^^^^^^
[INFO] [stdout]    |
[INFO] [stdout]    = note: `#[warn(dead_code)]` on by default
[INFO] [stdout] 
[INFO] [stdout] 
[INFO] [stdout] warning: method `remove_file_id` is never used
[INFO] [stdout]    --> src/lockfile.rs:138:12
[INFO] [stdout]     |
[INFO] [stdout] 118 | impl Lockfile {
[INFO] [stdout]     | ------------- method in this implementation
[INFO] [stdout] ...
[INFO] [stdout] 138 |     pub fn remove_file_id<S: Into<String> + Clone>(
[INFO] [stdout]     |            ^^^^^^^^^^^^^^
[INFO] [stdout] 
[INFO] [stdout] 
[INFO] [stdout] warning: field `limits` is never read
[INFO] [stdout]   --> src/nexus.rs:81:5
[INFO] [stdout]    |
[INFO] [stdout] 76 | pub struct NexusProvider {
[INFO] [stdout]    |            ------------- field in this struct
[INFO] [stdout] ...
[INFO] [stdout] 81 |     limits: NexusLimits,
[INFO] [stdout]    |     ^^^^^^
[INFO] [stdout] 
[INFO] [stdout] 
[INFO] [stdout] warning: function `check_store_url` is never used
[INFO] [stdout]  --> src/nix.rs:3:8
[INFO] [stdout]   |
[INFO] [stdout] 3 | pub fn check_store_url(path: PathBuf) -> bool {
[INFO] [stdout]   |        ^^^^^^^^^^^^^^^
[INFO] [stdout] 
[INFO] [stdout] 
[INFO] [stdout] warning: struct `Query` is never constructed
[INFO] [stdout]  --> src/query.rs:1:8
[INFO] [stdout]   |
[INFO] [stdout] 1 | struct Query {
[INFO] [stdout]   |        ^^^^^
[INFO] [stdout] 
[INFO] [stdout] 
[INFO] [stdout] warning: associated function `new` is never used
[INFO] [stdout]  --> src/query.rs:7:8
[INFO] [stdout]   |
[INFO] [stdout] 6 | impl Query {
[INFO] [stdout]   | ---------- associated function in this implementation
[INFO] [stdout] 7 |     fn new(url: String) -> Self {
[INFO] [stdout]   |        ^^^
[INFO] [stdout] 
[INFO] [stdout] 
[INFO] [stdout] warning: function `test_lockfile` is never used
[INFO] [stdout]   --> src/tests.rs:51:8
[INFO] [stdout]    |
[INFO] [stdout] 51 |     fn test_lockfile() {
[INFO] [stdout]    |        ^^^^^^^^^^^^^
[INFO] [stdout] 
[INFO] [stdout] 
[INFO] [stdout] warning: structure field `URI` should have a snake case name
[INFO] [stdout]   --> src/tests.rs:15:9
[INFO] [stdout]    |
[INFO] [stdout] 15 |         URI: String,
[INFO] [stdout]    |         ^^^ help: convert the identifier to snake case: `uri`
[INFO] [stdout]    |
[INFO] [stdout]    = note: `#[warn(non_snake_case)]` on by default
[INFO] [stdout] 
[INFO] [stdout] 
[INFO] [stderr]     Finished `test` profile [unoptimized + debuginfo] target(s) in 0.64s
[INFO] running `Command { std: "docker" "inspect" "e8706ce9759402fe98417a585a2f027bc52833925439adf1a31b84127be4d8b6", kill_on_drop: false }`
[INFO] running `Command { std: "docker" "rm" "-f" "e8706ce9759402fe98417a585a2f027bc52833925439adf1a31b84127be4d8b6", kill_on_drop: false }`
[INFO] [stdout] e8706ce9759402fe98417a585a2f027bc52833925439adf1a31b84127be4d8b6
[INFO] running `Command { std: "docker" "create" "-v" "/var/lib/crater-agent-workspace/builds/worker-6-tc1/target:/opt/rustwide/target:rw,Z" "-v" "/var/lib/crater-agent-workspace/builds/worker-6-tc1/source:/opt/rustwide/workdir:ro,Z" "-v" "/var/lib/crater-agent-workspace/cargo-home:/opt/rustwide/cargo-home:ro,Z" "-v" "/var/lib/crater-agent-workspace/rustup-home:/opt/rustwide/rustup-home:ro,Z" "-e" "SOURCE_DIR=/opt/rustwide/workdir" "-e" "CARGO_TARGET_DIR=/opt/rustwide/target" "-e" "CARGO_INCREMENTAL=0" "-e" "RUST_BACKTRACE=full" "-e" "RUSTFLAGS=--cap-lints=forbid" "-e" "RUSTDOCFLAGS=--cap-lints=forbid" "-e" "CARGO_HOME=/opt/rustwide/cargo-home" "-e" "RUSTUP_HOME=/opt/rustwide/rustup-home" "-w" "/opt/rustwide/workdir" "-m" "1610612736" "--user" "0:0" "--network" "none" "ghcr.io/rust-lang/crates-build-env/linux@sha256:4a844ea9eb2546a2d2c7022eacef16ef2e8229c7fbb2c7d4d55a9ceca922f72d" "/opt/rustwide/cargo-home/bin/cargo" "+nightly-2024-10-28" "test" "--frozen", kill_on_drop: false }`
[INFO] [stdout] 9a1d0cdde05de980a7ba673fcfe688ea4e7af3e9110d66c96f65d15f0a3a7b2d
[INFO] running `Command { std: "docker" "start" "-a" "9a1d0cdde05de980a7ba673fcfe688ea4e7af3e9110d66c96f65d15f0a3a7b2d", kill_on_drop: false }`
[INFO] [stderr] warning: unused import: `nexus::NexusEndpoints`
[INFO] [stderr]  --> src/main.rs:2:5
[INFO] [stderr]   |
[INFO] [stderr] 2 | use nexus::NexusEndpoints;
[INFO] [stderr]   |     ^^^^^^^^^^^^^^^^^^^^^
[INFO] [stderr]   |
[INFO] [stderr]   = note: `#[warn(unused_imports)]` on by default
[INFO] [stderr] 
[INFO] [stderr] warning: unused import: `Path`
[INFO] [stderr]  --> src/main.rs:4:17
[INFO] [stderr]   |
[INFO] [stderr] 4 | use std::path::{Path, PathBuf};
[INFO] [stderr]   |                 ^^^^
[INFO] [stderr] 
[INFO] [stderr] warning: unused import: `std::fmt::Display`
[INFO] [stderr]  --> src/nexus.rs:2:5
[INFO] [stderr]   |
[INFO] [stderr] 2 | use std::fmt::Display;
[INFO] [stderr]   |     ^^^^^^^^^^^^^^^^^
[INFO] [stderr] 
[INFO] [stderr] warning: unused import: `std::fmt::Display`
[INFO] [stderr]  --> src/provider.rs:3:5
[INFO] [stderr]   |
[INFO] [stderr] 3 | use std::fmt::Display;
[INFO] [stderr]   |     ^^^^^^^^^^^^^^^^^
[INFO] [stderr] 
[INFO] [stderr] warning: unused import: `crate::lockfile::ModLock`
[INFO] [stderr]  --> src/provider.rs:5:5
[INFO] [stderr]   |
[INFO] [stderr] 5 | use crate::lockfile::ModLock;
[INFO] [stderr]   |     ^^^^^^^^^^^^^^^^^^^^^^^^
[INFO] [stderr] 
[INFO] [stderr] warning: unused import: `crate::lockfile`
[INFO] [stderr]   --> src/tests.rs:52:13
[INFO] [stderr]    |
[INFO] [stderr] 52 |         use crate::lockfile;
[INFO] [stderr]    |             ^^^^^^^^^^^^^^^
[INFO] [stderr] 
[INFO] [stderr] warning: unused variable: `item_to_remove`
[INFO] [stderr]   --> src/lockfile.rs:85:17
[INFO] [stderr]    |
[INFO] [stderr] 85 |         let mut item_to_remove: String = "".into();
[INFO] [stderr]    |                 ^^^^^^^^^^^^^^ help: if this is intentional, prefix it with an underscore: `_item_to_remove`
[INFO] [stderr]    |
[INFO] [stderr]    = note: `#[warn(unused_variables)]` on by default
[INFO] [stderr] 
[INFO] [stderr] warning: variable does not need to be mutable
[INFO] [stderr]   --> src/lockfile.rs:85:13
[INFO] [stderr]    |
[INFO] [stderr] 85 |         let mut item_to_remove: String = "".into();
[INFO] [stderr]    |             ----^^^^^^^^^^^^^^
[INFO] [stderr]    |             |
[INFO] [stderr]    |             help: remove this `mut`
[INFO] [stderr]    |
[INFO] [stderr]    = note: `#[warn(unused_mut)]` on by default
[INFO] [stderr] 
[INFO] [stderr] warning: variable does not need to be mutable
[INFO] [stderr]   --> src/main.rs:74:9
[INFO] [stderr]    |
[INFO] [stderr] 74 |     let mut lock = lockfile::Lockfile::from(None);
[INFO] [stderr]    |         ----^^^^
[INFO] [stderr]    |         |
[INFO] [stderr]    |         help: remove this `mut`
[INFO] [stderr] 
[INFO] [stderr] warning: method `remove_modlock_by_fileid` is never used
[INFO] [stderr]   --> src/lockfile.rs:79:12
[INFO] [stderr]    |
[INFO] [stderr] 59 | / impl<L> LockProvider<L>
[INFO] [stderr] 60 | | where
[INFO] [stderr] 61 | |     L: Into<Limits>,
[INFO] [stderr]    | |____________________- method in this implementation
[INFO] [stderr] ...
[INFO] [stderr] 79 |       pub fn remove_modlock_by_fileid<S: Into<String> + Clone>(
[INFO] [stderr]    |              ^^^^^^^^^^^^^^^^^^^^^^^^
[INFO] [stderr]    |
[INFO] [stderr]    = note: `#[warn(dead_code)]` on by default
[INFO] [stderr] 
[INFO] [stderr] warning: method `remove_file_id` is never used
[INFO] [stderr]    --> src/lockfile.rs:138:12
[INFO] [stderr]     |
[INFO] [stderr] 118 | impl Lockfile {
[INFO] [stderr]     | ------------- method in this implementation
[INFO] [stderr] ...
[INFO] [stderr] 138 |     pub fn remove_file_id<S: Into<String> + Clone>(
[INFO] [stderr]     |            ^^^^^^^^^^^^^^
[INFO] [stderr] 
[INFO] [stderr] warning: field `limits` is never read
[INFO] [stderr]   --> src/nexus.rs:81:5
[INFO] [stderr]    |
[INFO] [stderr] 76 | pub struct NexusProvider {
[INFO] [stderr]    |            ------------- field in this struct
[INFO] [stderr] ...
[INFO] [stderr] 81 |     limits: NexusLimits,
[INFO] [stderr]    |     ^^^^^^
[INFO] [stderr] 
[INFO] [stderr] warning: function `check_store_url` is never used
[INFO] [stderr]  --> src/nix.rs:3:8
[INFO] [stderr]   |
[INFO] [stderr] 3 | pub fn check_store_url(path: PathBuf) -> bool {
[INFO] [stderr]   |        ^^^^^^^^^^^^^^^
[INFO] [stderr] 
[INFO] [stderr] warning: struct `Query` is never constructed
[INFO] [stderr]  --> src/query.rs:1:8
[INFO] [stderr]   |
[INFO] [stderr] 1 | struct Query {
[INFO] [stderr]   |        ^^^^^
[INFO] [stderr] 
[INFO] [stderr] warning: associated function `new` is never used
[INFO] [stderr]  --> src/query.rs:7:8
[INFO] [stderr]   |
[INFO] [stderr] 6 | impl Query {
[INFO] [stderr]   | ---------- associated function in this implementation
[INFO] [stderr] 7 |     fn new(url: String) -> Self {
[INFO] [stderr]   |        ^^^
[INFO] [stderr] 
[INFO] [stderr] warning: function `test_lockfile` is never used
[INFO] [stderr]   --> src/tests.rs:51:8
[INFO] [stderr]    |
[INFO] [stderr] 51 |     fn test_lockfile() {
[INFO] [stderr]    |        ^^^^^^^^^^^^^
[INFO] [stderr] 
[INFO] [stderr] warning: structure field `URI` should have a snake case name
[INFO] [stderr]   --> src/tests.rs:15:9
[INFO] [stderr]    |
[INFO] [stderr] 15 |         URI: String,
[INFO] [stderr]    |         ^^^ help: convert the identifier to snake case: `uri`
[INFO] [stderr]    |
[INFO] [stderr]    = note: `#[warn(non_snake_case)]` on by default
[INFO] [stderr] 
[INFO] [stderr] warning: `nmm-cli` (bin "nmm-cli" test) generated 17 warnings (run `cargo fix --bin "nmm-cli" --tests` to apply 8 suggestions)
[INFO] [stderr]     Finished `test` profile [unoptimized + debuginfo] target(s) in 0.07s
[INFO] [stderr]      Running unittests src/main.rs (/opt/rustwide/target/debug/deps/nmm_cli-24544ff3f4685616)
[INFO] [stdout] 
[INFO] [stdout] running 1 test
[INFO] [stdout] test tests::tests::test_nexus ... FAILED
[INFO] [stdout] 
[INFO] [stdout] failures:
[INFO] [stdout] 
[INFO] [stdout] ---- tests::tests::test_nexus stdout ----
[INFO] [stdout] 
[INFO] [stdout] thread 'tests::tests::test_nexus' panicked at src/tests.rs:29:9:
[INFO] [stdout] assertion failed: apikey != ""
[INFO] [stdout] stack backtrace:
[INFO] [stdout]    0:     0x651a0434347a - std::backtrace_rs::backtrace::libunwind::trace::h207520d6e9873551
[INFO] [stdout]                                at /rustc/df4ca44d3fbc9301ee17f30f4d474e6ae4b05252/library/std/src/../../backtrace/src/backtrace/libunwind.rs:116:5
[INFO] [stdout]    1:     0x651a0434347a - std::backtrace_rs::backtrace::trace_unsynchronized::h2ed7433f370e3eca
[INFO] [stdout]                                at /rustc/df4ca44d3fbc9301ee17f30f4d474e6ae4b05252/library/std/src/../../backtrace/src/backtrace/mod.rs:66:5
[INFO] [stdout]    2:     0x651a0434347a - std::sys::backtrace::_print_fmt::h916fac51166b18d7
[INFO] [stdout]                                at /rustc/df4ca44d3fbc9301ee17f30f4d474e6ae4b05252/library/std/src/sys/backtrace.rs:66:9
[INFO] [stdout]    3:     0x651a0434347a - <std::sys::backtrace::BacktraceLock::print::DisplayBacktrace as core::fmt::Display>::fmt::ha0a4c9b8ce3802e6
[INFO] [stdout]                                at /rustc/df4ca44d3fbc9301ee17f30f4d474e6ae4b05252/library/std/src/sys/backtrace.rs:39:26
[INFO] [stdout]    4:     0x651a0436d983 - core::fmt::rt::Argument::fmt::h4cfc8587d52b3eb5
[INFO] [stdout]                                at /rustc/df4ca44d3fbc9301ee17f30f4d474e6ae4b05252/library/core/src/fmt/rt.rs:177:76
[INFO] [stdout]    5:     0x651a0436d983 - core::fmt::write::h522cc39e5b36ae9f
[INFO] [stdout]                                at /rustc/df4ca44d3fbc9301ee17f30f4d474e6ae4b05252/library/core/src/fmt/mod.rs:1190:21
[INFO] [stdout]    6:     0x651a0433f433 - std::io::Write::write_fmt::h7d3c26752da97734
[INFO] [stdout]                                at /rustc/df4ca44d3fbc9301ee17f30f4d474e6ae4b05252/library/std/src/io/mod.rs:1839:15
[INFO] [stdout]    7:     0x651a043432c2 - std::sys::backtrace::BacktraceLock::print::h4b9e00b29e9c0942
[INFO] [stdout]                                at /rustc/df4ca44d3fbc9301ee17f30f4d474e6ae4b05252/library/std/src/sys/backtrace.rs:42:9
[INFO] [stdout]    8:     0x651a0434490a - std::panicking::default_hook::{{closure}}::hb59b88280d0324d9
[INFO] [stdout]                                at /rustc/df4ca44d3fbc9301ee17f30f4d474e6ae4b05252/library/std/src/panicking.rs:268:22
[INFO] [stdout]    9:     0x651a04344714 - std::panicking::default_hook::he1dd496665be4a29
[INFO] [stdout]                                at /rustc/df4ca44d3fbc9301ee17f30f4d474e6ae4b05252/library/std/src/panicking.rs:292:9
[INFO] [stdout]   10:     0x651a03ed0199 - <alloc::boxed::Box<F,A> as core::ops::function::Fn<Args>>::call::h4ff71de18744e1dc
[INFO] [stdout]                                at /rustc/df4ca44d3fbc9301ee17f30f4d474e6ae4b05252/library/alloc/src/boxed.rs:2468:9
[INFO] [stdout]   11:     0x651a03ed0199 - test::test_main::{{closure}}::hcf7c055ce117aa81
[INFO] [stdout]                                at /rustc/df4ca44d3fbc9301ee17f30f4d474e6ae4b05252/library/test/src/lib.rs:133:21
[INFO] [stdout]   12:     0x651a04345008 - <alloc::boxed::Box<F,A> as core::ops::function::Fn<Args>>::call::h1d66c6bbd60c9692
[INFO] [stdout]                                at /rustc/df4ca44d3fbc9301ee17f30f4d474e6ae4b05252/library/alloc/src/boxed.rs:2468:9
[INFO] [stdout]   13:     0x651a04345008 - std::panicking::rust_panic_with_hook::h2ff17fe8f26dfcf8
[INFO] [stdout]                                at /rustc/df4ca44d3fbc9301ee17f30f4d474e6ae4b05252/library/std/src/panicking.rs:809:13
[INFO] [stdout]   14:     0x651a04344d96 - std::panicking::begin_panic_handler::{{closure}}::h4fad77951c07e101
[INFO] [stdout]                                at /rustc/df4ca44d3fbc9301ee17f30f4d474e6ae4b05252/library/std/src/panicking.rs:667:13
[INFO] [stdout]   15:     0x651a04343959 - std::sys::backtrace::__rust_end_short_backtrace::hb1a25b3da5d0ea08
[INFO] [stdout]                                at /rustc/df4ca44d3fbc9301ee17f30f4d474e6ae4b05252/library/std/src/sys/backtrace.rs:170:18
[INFO] [stdout]   16:     0x651a04344a5c - rust_begin_unwind
[INFO] [stdout]                                at /rustc/df4ca44d3fbc9301ee17f30f4d474e6ae4b05252/library/std/src/panicking.rs:665:5
[INFO] [stdout]   17:     0x651a0436b650 - core::panicking::panic_fmt::ha9db07b529f9b256
[INFO] [stdout]                                at /rustc/df4ca44d3fbc9301ee17f30f4d474e6ae4b05252/library/core/src/panicking.rs:75:14
[INFO] [stdout]   18:     0x651a0436b6dc - core::panicking::panic::h993086813d94accc
[INFO] [stdout]                                at /rustc/df4ca44d3fbc9301ee17f30f4d474e6ae4b05252/library/core/src/panicking.rs:152:5
[INFO] [stdout]   19:     0x651a03e95a0d - nmm_cli::tests::tests::test_nexus::ha1dd072418f223e4
[INFO] [stdout]                                at /opt/rustwide/workdir/src/tests.rs:29:9
[INFO] [stdout]   20:     0x651a03e95817 - nmm_cli::tests::tests::test_nexus::{{closure}}::h97cc186f4951f1bc
[INFO] [stdout]                                at /opt/rustwide/workdir/src/tests.rs:19:20
[INFO] [stdout]   21:     0x651a03e8c596 - core::ops::function::FnOnce::call_once::h3a4e8adec6d5929e
[INFO] [stdout]                                at /rustc/df4ca44d3fbc9301ee17f30f4d474e6ae4b05252/library/core/src/ops/function.rs:250:5
[INFO] [stdout]   22:     0x651a03ed4a6b - core::ops::function::FnOnce::call_once::h22c3ba5715e93f05
[INFO] [stdout]                                at /rustc/df4ca44d3fbc9301ee17f30f4d474e6ae4b05252/library/core/src/ops/function.rs:250:5
[INFO] [stdout]   23:     0x651a03ed4a6b - test::__rust_begin_short_backtrace::h8e82d8113d0da17f
[INFO] [stdout]                                at /rustc/df4ca44d3fbc9301ee17f30f4d474e6ae4b05252/library/test/src/lib.rs:621:18
[INFO] [stdout]   24:     0x651a03ed43e7 - test::run_test_in_process::{{closure}}::h33235f4f20b7b7c7
[INFO] [stdout]                                at /rustc/df4ca44d3fbc9301ee17f30f4d474e6ae4b05252/library/test/src/lib.rs:644:60
[INFO] [stdout]   25:     0x651a03ed43e7 - <core::panic::unwind_safe::AssertUnwindSafe<F> as core::ops::function::FnOnce<()>>::call_once::hb5043206310c586f
[INFO] [stdout]                                at /rustc/df4ca44d3fbc9301ee17f30f4d474e6ae4b05252/library/core/src/panic/unwind_safe.rs:272:9
[INFO] [stdout]   26:     0x651a03ed43e7 - std::panicking::try::do_call::h9ad4731a60ab23e2
[INFO] [stdout]                                at /rustc/df4ca44d3fbc9301ee17f30f4d474e6ae4b05252/library/std/src/panicking.rs:557:40
[INFO] [stdout]   27:     0x651a03ed43e7 - std::panicking::try::h3824d23db772a716
[INFO] [stdout]                                at /rustc/df4ca44d3fbc9301ee17f30f4d474e6ae4b05252/library/std/src/panicking.rs:520:19
[INFO] [stdout]   28:     0x651a03ed43e7 - std::panic::catch_unwind::h5afd514605fde46b
[INFO] [stdout]                                at /rustc/df4ca44d3fbc9301ee17f30f4d474e6ae4b05252/library/std/src/panic.rs:358:14
[INFO] [stdout]   29:     0x651a03ed43e7 - test::run_test_in_process::h0d5cbfa7067d1720
[INFO] [stdout]                                at /rustc/df4ca44d3fbc9301ee17f30f4d474e6ae4b05252/library/test/src/lib.rs:644:27
[INFO] [stdout]   30:     0x651a03ed43e7 - test::run_test::{{closure}}::h708eb8872708115d
[INFO] [stdout]                                at /rustc/df4ca44d3fbc9301ee17f30f4d474e6ae4b05252/library/test/src/lib.rs:565:43
[INFO] [stdout]   31:     0x651a03e97b04 - test::run_test::{{closure}}::h392c51cee94713ab
[INFO] [stdout]                                at /rustc/df4ca44d3fbc9301ee17f30f4d474e6ae4b05252/library/test/src/lib.rs:595:41
[INFO] [stdout]   32:     0x651a03e97b04 - std::sys::backtrace::__rust_begin_short_backtrace::h2f40290710935a8b
[INFO] [stdout]                                at /rustc/df4ca44d3fbc9301ee17f30f4d474e6ae4b05252/library/std/src/sys/backtrace.rs:154:18
[INFO] [stdout]   33:     0x651a03e9b2ae - std::thread::Builder::spawn_unchecked_::{{closure}}::{{closure}}::h3fd968d89053a903
[INFO] [stdout]                                at /rustc/df4ca44d3fbc9301ee17f30f4d474e6ae4b05252/library/std/src/thread/mod.rs:541:17
[INFO] [stdout]   34:     0x651a03e9b2ae - <core::panic::unwind_safe::AssertUnwindSafe<F> as core::ops::function::FnOnce<()>>::call_once::h743f637ba4229880
[INFO] [stdout]                                at /rustc/df4ca44d3fbc9301ee17f30f4d474e6ae4b05252/library/core/src/panic/unwind_safe.rs:272:9
[INFO] [stdout]   35:     0x651a03e9b2ae - std::panicking::try::do_call::h07440897322525a6
[INFO] [stdout]                                at /rustc/df4ca44d3fbc9301ee17f30f4d474e6ae4b05252/library/std/src/panicking.rs:557:40
[INFO] [stdout]   36:     0x651a03e9b2ae - std::panicking::try::he5a2e00188156637
[INFO] [stdout]                                at /rustc/df4ca44d3fbc9301ee17f30f4d474e6ae4b05252/library/std/src/panicking.rs:520:19
[INFO] [stdout]   37:     0x651a03e9b2ae - std::panic::catch_unwind::hbaf3cae49b3c6433
[INFO] [stdout]                                at /rustc/df4ca44d3fbc9301ee17f30f4d474e6ae4b05252/library/std/src/panic.rs:358:14
[INFO] [stdout]   38:     0x651a03e9b2ae - std::thread::Builder::spawn_unchecked_::{{closure}}::h8e141ea224820bce
[INFO] [stdout]                                at /rustc/df4ca44d3fbc9301ee17f30f4d474e6ae4b05252/library/std/src/thread/mod.rs:540:30
[INFO] [stdout]   39:     0x651a03e9b2ae - core::ops::function::FnOnce::call_once{{vtable.shim}}::h90d312fedd7b8ea8
[INFO] [stdout]                                at /rustc/df4ca44d3fbc9301ee17f30f4d474e6ae4b05252/library/core/src/ops/function.rs:250:5
[INFO] [stdout]   40:     0x651a0434945b - <alloc::boxed::Box<F,A> as core::ops::function::FnOnce<Args>>::call_once::h69aa08ddb6adb8b6
[INFO] [stdout]                                at /rustc/df4ca44d3fbc9301ee17f30f4d474e6ae4b05252/library/alloc/src/boxed.rs:2454:9
[INFO] [stdout]   41:     0x651a0434945b - <alloc::boxed::Box<F,A> as core::ops::function::FnOnce<Args>>::call_once::h5aa36efdb79c806f
[INFO] [stdout]                                at /rustc/df4ca44d3fbc9301ee17f30f4d474e6ae4b05252/library/alloc/src/boxed.rs:2454:9
[INFO] [stdout]   42:     0x651a0434945b - std::sys::pal::unix::thread::Thread::new::thread_start::h6cd80a1b4be5158d
[INFO] [stdout]                                at /rustc/df4ca44d3fbc9301ee17f30f4d474e6ae4b05252/library/std/src/sys/pal/unix/thread.rs:105:17
[INFO] [stdout]   43:     0x77b289495ac3 - <unknown>
[INFO] [stdout]   44:     0x77b289526a04 - clone
[INFO] [stdout]   45:                0x0 - <unknown>
[INFO] [stdout] 
[INFO] [stdout] 
[INFO] [stdout] failures:
[INFO] [stdout]     tests::tests::test_nexus
[INFO] [stdout] 
[INFO] [stdout] test result: FAILED. 0 passed; 1 failed; 0 ignored; 0 measured; 0 filtered out; finished in 0.03s
[INFO] [stdout] 
[INFO] [stderr] error: test failed, to rerun pass `--bin nmm-cli`
[INFO] running `Command { std: "docker" "inspect" "9a1d0cdde05de980a7ba673fcfe688ea4e7af3e9110d66c96f65d15f0a3a7b2d", kill_on_drop: false }`
[INFO] running `Command { std: "docker" "rm" "-f" "9a1d0cdde05de980a7ba673fcfe688ea4e7af3e9110d66c96f65d15f0a3a7b2d", kill_on_drop: false }`
[INFO] [stdout] 9a1d0cdde05de980a7ba673fcfe688ea4e7af3e9110d66c96f65d15f0a3a7b2d
