[INFO] cloning repository https://github.com/Nilstrieb/advent-of-code
[INFO] running `Command { std: "git" "-c" "credential.helper=" "-c" "credential.helper=/workspace/cargo-home/bin/git-credential-null" "clone" "--bare" "https://github.com/Nilstrieb/advent-of-code" "/workspace/cache/git-repos/https%3A%2F%2Fgithub.com%2FNilstrieb%2Fadvent-of-code", kill_on_drop: false }`
[INFO] [stderr] Cloning into bare repository '/workspace/cache/git-repos/https%3A%2F%2Fgithub.com%2FNilstrieb%2Fadvent-of-code'...
[INFO] running `Command { std: "git" "rev-parse" "HEAD", kill_on_drop: false }`
[INFO] [stdout] fd2ea0612b443be467debbd4575545c42143b748
[INFO] testing Nilstrieb/advent-of-code/fd2ea0612b443be467debbd4575545c42143b748 against nightly-2024-10-28+rustflags=-Zrandomize-layout for randomize-layout
[INFO] running `Command { std: "git" "clone" "/workspace/cache/git-repos/https%3A%2F%2Fgithub.com%2FNilstrieb%2Fadvent-of-code" "/workspace/builds/worker-6-tc2/source", kill_on_drop: false }`
[INFO] [stderr] Cloning into '/workspace/builds/worker-6-tc2/source'...
[INFO] [stderr] done.
[INFO] validating manifest of git repo https://github.com/Nilstrieb/advent-of-code on toolchain nightly-2024-10-28
[INFO] running `Command { std: CARGO_HOME="/workspace/cargo-home" RUSTUP_HOME="/workspace/rustup-home" "/workspace/cargo-home/bin/cargo" "+nightly-2024-10-28" "metadata" "--manifest-path" "Cargo.toml" "--no-deps", kill_on_drop: false }`
[INFO] started tweaking git repo https://github.com/Nilstrieb/advent-of-code
[INFO] finished tweaking git repo https://github.com/Nilstrieb/advent-of-code
[INFO] tweaked toml for git repo https://github.com/Nilstrieb/advent-of-code written to /workspace/builds/worker-6-tc2/source/Cargo.toml
[INFO] crate git repo https://github.com/Nilstrieb/advent-of-code already has a lockfile, it will not be regenerated
[INFO] running `Command { std: CARGO_HOME="/workspace/cargo-home" RUSTUP_HOME="/workspace/rustup-home" "/workspace/cargo-home/bin/cargo" "+nightly-2024-10-28" "fetch" "--manifest-path" "Cargo.toml", kill_on_drop: false }`
[INFO] running `Command { std: "docker" "create" "-v" "/var/lib/crater-agent-workspace/builds/worker-6-tc2/target:/opt/rustwide/target:rw,Z" "-v" "/var/lib/crater-agent-workspace/builds/worker-6-tc2/source:/opt/rustwide/workdir:ro,Z" "-v" "/var/lib/crater-agent-workspace/cargo-home:/opt/rustwide/cargo-home:ro,Z" "-v" "/var/lib/crater-agent-workspace/rustup-home:/opt/rustwide/rustup-home:ro,Z" "-e" "SOURCE_DIR=/opt/rustwide/workdir" "-e" "CARGO_TARGET_DIR=/opt/rustwide/target" "-e" "CARGO_HOME=/opt/rustwide/cargo-home" "-e" "RUSTUP_HOME=/opt/rustwide/rustup-home" "-w" "/opt/rustwide/workdir" "-m" "1610612736" "--user" "0:0" "--network" "none" "ghcr.io/rust-lang/crates-build-env/linux@sha256:4a844ea9eb2546a2d2c7022eacef16ef2e8229c7fbb2c7d4d55a9ceca922f72d" "/opt/rustwide/cargo-home/bin/cargo" "+nightly-2024-10-28" "metadata" "--no-deps" "--format-version=1", kill_on_drop: false }`
[INFO] [stdout] 7f35114c7317bff483bea06c45536568bb682e1b750f5ad26efcc707eb5b6391
[INFO] running `Command { std: "docker" "start" "-a" "7f35114c7317bff483bea06c45536568bb682e1b750f5ad26efcc707eb5b6391", kill_on_drop: false }`
[INFO] running `Command { std: "docker" "inspect" "7f35114c7317bff483bea06c45536568bb682e1b750f5ad26efcc707eb5b6391", kill_on_drop: false }`
[INFO] running `Command { std: "docker" "rm" "-f" "7f35114c7317bff483bea06c45536568bb682e1b750f5ad26efcc707eb5b6391", kill_on_drop: false }`
[INFO] [stdout] 7f35114c7317bff483bea06c45536568bb682e1b750f5ad26efcc707eb5b6391
[INFO] running `Command { std: "docker" "create" "-v" "/var/lib/crater-agent-workspace/builds/worker-6-tc2/target:/opt/rustwide/target:rw,Z" "-v" "/var/lib/crater-agent-workspace/builds/worker-6-tc2/source:/opt/rustwide/workdir:ro,Z" "-v" "/var/lib/crater-agent-workspace/cargo-home:/opt/rustwide/cargo-home:ro,Z" "-v" "/var/lib/crater-agent-workspace/rustup-home:/opt/rustwide/rustup-home:ro,Z" "-e" "SOURCE_DIR=/opt/rustwide/workdir" "-e" "CARGO_TARGET_DIR=/opt/rustwide/target" "-e" "CARGO_INCREMENTAL=0" "-e" "RUST_BACKTRACE=full" "-e" "RUSTFLAGS=--cap-lints=forbid -Zrandomize-layout" "-e" "RUSTDOCFLAGS=--cap-lints=forbid" "-e" "CARGO_HOME=/opt/rustwide/cargo-home" "-e" "RUSTUP_HOME=/opt/rustwide/rustup-home" "-w" "/opt/rustwide/workdir" "-m" "1610612736" "--user" "0:0" "--network" "none" "ghcr.io/rust-lang/crates-build-env/linux@sha256:4a844ea9eb2546a2d2c7022eacef16ef2e8229c7fbb2c7d4d55a9ceca922f72d" "/opt/rustwide/cargo-home/bin/cargo" "+nightly-2024-10-28" "build" "--frozen" "--message-format=json", kill_on_drop: false }`
[INFO] [stdout] 276c3106adf962d052276407a13bf7d61291c2ae4c83f2aaeb9d4fe068088fb2
[INFO] running `Command { std: "docker" "start" "-a" "276c3106adf962d052276407a13bf7d61291c2ae4c83f2aaeb9d4fe068088fb2", kill_on_drop: false }`
[INFO] [stderr]    Compiling rustix v0.38.26
[INFO] [stderr]    Compiling proc-macro2 v1.0.70
[INFO] [stderr]    Compiling bitflags v2.4.1
[INFO] [stderr]    Compiling unicode-ident v1.0.12
[INFO] [stderr]    Compiling linux-raw-sys v0.4.12
[INFO] [stderr]    Compiling anstyle v1.0.4
[INFO] [stderr]    Compiling anstyle-parse v0.2.2
[INFO] [stderr]    Compiling clap_lex v0.6.0
[INFO] [stderr]    Compiling memchr v2.6.4
[INFO] [stderr]    Compiling minimal-lexical v0.2.1
[INFO] [stderr]    Compiling regex-lite v0.1.5
[INFO] [stderr]    Compiling anstream v0.6.4
[INFO] [stderr]    Compiling condtype v1.3.0
[INFO] [stderr]    Compiling regex-automata v0.4.3
[INFO] [stderr]    Compiling smallvec v1.11.2
[INFO] [stderr]    Compiling nom v7.1.3
[INFO] [stderr]    Compiling quote v1.0.33
[INFO] [stderr]    Compiling syn v2.0.39
[INFO] [stderr]    Compiling terminal_size v0.3.0
[INFO] [stderr]    Compiling clap_builder v4.4.9
[INFO] [stderr]    Compiling bstr v1.8.0
[INFO] [stderr]    Compiling clap v4.4.10
[INFO] [stderr]    Compiling divan-macros v0.1.4
[INFO] [stderr]    Compiling divan v0.1.4
[INFO] [stderr]    Compiling helper v0.1.0 (/opt/rustwide/workdir/helper)
[INFO] [stderr]    Compiling day12 v0.1.0 (/opt/rustwide/workdir/2023/day12)
[INFO] [stderr]    Compiling day10 v0.1.0 (/opt/rustwide/workdir/2023/day10)
[INFO] [stderr]    Compiling day09 v0.1.0 (/opt/rustwide/workdir/2023/day09)
[INFO] [stderr]    Compiling day24 v0.1.0 (/opt/rustwide/workdir/2023/day24)
[INFO] [stderr]    Compiling day04 v0.1.0 (/opt/rustwide/workdir/2023/day04)
[INFO] [stderr]    Compiling day01 v0.1.0 (/opt/rustwide/workdir/2023/day01)
[INFO] [stderr]    Compiling day03 v0.1.0 (/opt/rustwide/workdir/2023/day03)
[INFO] [stderr]    Compiling day11 v0.1.0 (/opt/rustwide/workdir/2023/day11)
[INFO] [stderr]    Compiling day15 v0.1.0 (/opt/rustwide/workdir/2023/day15)
[INFO] [stderr]    Compiling day00 v0.1.0 (/opt/rustwide/workdir/2023/day00)
[INFO] [stderr]    Compiling day05 v0.1.0 (/opt/rustwide/workdir/2023/day05)
[INFO] [stderr]    Compiling day06 v0.1.0 (/opt/rustwide/workdir/2023/day06)
[INFO] [stderr]    Compiling day02 v0.1.0 (/opt/rustwide/workdir/2023/day02)
[INFO] [stderr]    Compiling day08 v0.1.0 (/opt/rustwide/workdir/2023/day08)
[INFO] [stderr]    Compiling day07 v0.1.0 (/opt/rustwide/workdir/2023/day07)
[INFO] [stderr]     Finished `dev` profile [unoptimized + debuginfo] target(s) in 6.14s
[INFO] running `Command { std: "docker" "inspect" "276c3106adf962d052276407a13bf7d61291c2ae4c83f2aaeb9d4fe068088fb2", kill_on_drop: false }`
[INFO] running `Command { std: "docker" "rm" "-f" "276c3106adf962d052276407a13bf7d61291c2ae4c83f2aaeb9d4fe068088fb2", kill_on_drop: false }`
[INFO] [stdout] 276c3106adf962d052276407a13bf7d61291c2ae4c83f2aaeb9d4fe068088fb2
[INFO] running `Command { std: "docker" "create" "-v" "/var/lib/crater-agent-workspace/builds/worker-6-tc2/target:/opt/rustwide/target:rw,Z" "-v" "/var/lib/crater-agent-workspace/builds/worker-6-tc2/source:/opt/rustwide/workdir:ro,Z" "-v" "/var/lib/crater-agent-workspace/cargo-home:/opt/rustwide/cargo-home:ro,Z" "-v" "/var/lib/crater-agent-workspace/rustup-home:/opt/rustwide/rustup-home:ro,Z" "-e" "SOURCE_DIR=/opt/rustwide/workdir" "-e" "CARGO_TARGET_DIR=/opt/rustwide/target" "-e" "CARGO_INCREMENTAL=0" "-e" "RUST_BACKTRACE=full" "-e" "RUSTFLAGS=--cap-lints=forbid -Zrandomize-layout" "-e" "RUSTDOCFLAGS=--cap-lints=forbid" "-e" "CARGO_HOME=/opt/rustwide/cargo-home" "-e" "RUSTUP_HOME=/opt/rustwide/rustup-home" "-w" "/opt/rustwide/workdir" "-m" "1610612736" "--user" "0:0" "--network" "none" "ghcr.io/rust-lang/crates-build-env/linux@sha256:4a844ea9eb2546a2d2c7022eacef16ef2e8229c7fbb2c7d4d55a9ceca922f72d" "/opt/rustwide/cargo-home/bin/cargo" "+nightly-2024-10-28" "test" "--frozen" "--no-run" "--message-format=json", kill_on_drop: false }`
[INFO] [stdout] cc53dfe46d56fb18dfb5698be7e343dfef462115706c98e706123c53b6ddac77
[INFO] running `Command { std: "docker" "start" "-a" "cc53dfe46d56fb18dfb5698be7e343dfef462115706c98e706123c53b6ddac77", kill_on_drop: false }`
[INFO] [stderr]    Compiling helper v0.1.0 (/opt/rustwide/workdir/helper)
[INFO] [stderr]    Compiling day08 v0.1.0 (/opt/rustwide/workdir/2023/day08)
[INFO] [stderr]    Compiling day04 v0.1.0 (/opt/rustwide/workdir/2023/day04)
[INFO] [stderr]    Compiling day12 v0.1.0 (/opt/rustwide/workdir/2023/day12)
[INFO] [stderr]    Compiling day09 v0.1.0 (/opt/rustwide/workdir/2023/day09)
[INFO] [stderr]    Compiling day15 v0.1.0 (/opt/rustwide/workdir/2023/day15)
[INFO] [stderr]    Compiling day06 v0.1.0 (/opt/rustwide/workdir/2023/day06)
[INFO] [stderr]    Compiling day24 v0.1.0 (/opt/rustwide/workdir/2023/day24)
[INFO] [stderr]    Compiling day03 v0.1.0 (/opt/rustwide/workdir/2023/day03)
[INFO] [stderr]    Compiling day00 v0.1.0 (/opt/rustwide/workdir/2023/day00)
[INFO] [stderr]    Compiling day01 v0.1.0 (/opt/rustwide/workdir/2023/day01)
[INFO] [stderr]    Compiling day05 v0.1.0 (/opt/rustwide/workdir/2023/day05)
[INFO] [stderr]    Compiling day11 v0.1.0 (/opt/rustwide/workdir/2023/day11)
[INFO] [stderr]    Compiling day10 v0.1.0 (/opt/rustwide/workdir/2023/day10)
[INFO] [stderr]    Compiling day07 v0.1.0 (/opt/rustwide/workdir/2023/day07)
[INFO] [stderr]    Compiling day02 v0.1.0 (/opt/rustwide/workdir/2023/day02)
[INFO] [stderr]     Finished `test` profile [unoptimized + debuginfo] target(s) in 2.34s
[INFO] running `Command { std: "docker" "inspect" "cc53dfe46d56fb18dfb5698be7e343dfef462115706c98e706123c53b6ddac77", kill_on_drop: false }`
[INFO] running `Command { std: "docker" "rm" "-f" "cc53dfe46d56fb18dfb5698be7e343dfef462115706c98e706123c53b6ddac77", kill_on_drop: false }`
[INFO] [stdout] cc53dfe46d56fb18dfb5698be7e343dfef462115706c98e706123c53b6ddac77
[INFO] running `Command { std: "docker" "create" "-v" "/var/lib/crater-agent-workspace/builds/worker-6-tc2/target:/opt/rustwide/target:rw,Z" "-v" "/var/lib/crater-agent-workspace/builds/worker-6-tc2/source:/opt/rustwide/workdir:ro,Z" "-v" "/var/lib/crater-agent-workspace/cargo-home:/opt/rustwide/cargo-home:ro,Z" "-v" "/var/lib/crater-agent-workspace/rustup-home:/opt/rustwide/rustup-home:ro,Z" "-e" "SOURCE_DIR=/opt/rustwide/workdir" "-e" "CARGO_TARGET_DIR=/opt/rustwide/target" "-e" "CARGO_INCREMENTAL=0" "-e" "RUST_BACKTRACE=full" "-e" "RUSTFLAGS=--cap-lints=forbid -Zrandomize-layout" "-e" "RUSTDOCFLAGS=--cap-lints=forbid" "-e" "CARGO_HOME=/opt/rustwide/cargo-home" "-e" "RUSTUP_HOME=/opt/rustwide/rustup-home" "-w" "/opt/rustwide/workdir" "-m" "1610612736" "--user" "0:0" "--network" "none" "ghcr.io/rust-lang/crates-build-env/linux@sha256:4a844ea9eb2546a2d2c7022eacef16ef2e8229c7fbb2c7d4d55a9ceca922f72d" "/opt/rustwide/cargo-home/bin/cargo" "+nightly-2024-10-28" "test" "--frozen", kill_on_drop: false }`
[INFO] [stdout] dc70e40f152dca7212b7da47811a51c1d534a2521d7d71a249c8e3cf8d7e0cf9
[INFO] running `Command { std: "docker" "start" "-a" "dc70e40f152dca7212b7da47811a51c1d534a2521d7d71a249c8e3cf8d7e0cf9", kill_on_drop: false }`
[INFO] [stderr]     Finished `test` profile [unoptimized + debuginfo] target(s) in 0.10s
[INFO] [stderr]      Running unittests src/lib.rs (/opt/rustwide/target/debug/deps/day00-079e9e6ecce0d50f)
[INFO] [stdout] 
[INFO] [stdout] running 2 tests
[INFO] [stdout] test day00::part1 ... ok
[INFO] [stdout] test day00::part2 ... ok
[INFO] [stdout] 
[INFO] [stdout] test result: ok. 2 passed; 0 failed; 0 ignored; 0 measured; 0 filtered out; finished in 0.00s
[INFO] [stdout] 
[INFO] [stderr]      Running unittests src/main.rs (/opt/rustwide/target/debug/deps/day00-d41644e85af5ce8d)
[INFO] [stdout] 
[INFO] [stdout] running 0 tests
[INFO] [stdout] 
[INFO] [stdout] test result: ok. 0 passed; 0 failed; 0 ignored; 0 measured; 0 filtered out; finished in 0.00s
[INFO] [stdout] 
[INFO] [stderr]      Running unittests src/lib.rs (/opt/rustwide/target/debug/deps/day01-7c83e6751655bb5a)
[INFO] [stdout] 
[INFO] [stdout] running 2 tests
[INFO] [stdout] test day01::part1 ... ok
[INFO] [stdout] test day01::part2 ... ok
[INFO] [stdout] 
[INFO] [stdout] test result: ok. 2 passed; 0 failed; 0 ignored; 0 measured; 0 filtered out; finished in 0.02s
[INFO] [stdout] 
[INFO] [stderr]      Running unittests src/main.rs (/opt/rustwide/target/debug/deps/day01-cbd0b4203e79e74b)
[INFO] [stdout] 
[INFO] [stdout] running 0 tests
[INFO] [stdout] 
[INFO] [stdout] test result: ok. 0 passed; 0 failed; 0 ignored; 0 measured; 0 filtered out; finished in 0.00s
[INFO] [stdout] 
[INFO] [stderr]      Running unittests src/lib.rs (/opt/rustwide/target/debug/deps/day02-77e22a542b81651f)
[INFO] [stdout] 
[INFO] [stdout] running 2 tests
[INFO] [stdout] test day02::part1 ... ok
[INFO] [stdout] test day02::part2 ... ok
[INFO] [stdout] 
[INFO] [stdout] test result: ok. 2 passed; 0 failed; 0 ignored; 0 measured; 0 filtered out; finished in 0.00s
[INFO] [stdout] 
[INFO] [stderr]      Running unittests src/main.rs (/opt/rustwide/target/debug/deps/day02-1526a84c409878d3)
[INFO] [stdout] 
[INFO] [stdout] running 0 tests
[INFO] [stdout] 
[INFO] [stdout] test result: ok. 0 passed; 0 failed; 0 ignored; 0 measured; 0 filtered out; finished in 0.00s
[INFO] [stdout] 
[INFO] [stderr]      Running unittests src/lib.rs (/opt/rustwide/target/debug/deps/day03-a4c0a4cf80505cf3)
[INFO] [stdout] 
[INFO] [stdout] running 4 tests
[INFO] [stdout] test p2bytes::tests::gear_ratio ... ok
[INFO] [stdout] test p2less_branching::tests::gear_ratio ... ok
[INFO] [stdout] test day03::part1 ... ok
[INFO] [stdout] test day03::part2 ... ok
[INFO] [stdout] 
[INFO] [stdout] test result: ok. 4 passed; 0 failed; 0 ignored; 0 measured; 0 filtered out; finished in 0.01s
[INFO] [stdout] 
[INFO] [stderr]      Running unittests src/main.rs (/opt/rustwide/target/debug/deps/day03-6f450fc1e56cc2de)
[INFO] [stdout] 
[INFO] [stdout] running 0 tests
[INFO] [stdout] 
[INFO] [stdout] test result: ok. 0 passed; 0 failed; 0 ignored; 0 measured; 0 filtered out; finished in 0.00s
[INFO] [stdout] 
[INFO] [stderr]      Running unittests src/lib.rs (/opt/rustwide/target/debug/deps/day04-5d371e4e05d87483)
[INFO] [stdout] 
[INFO] [stdout] running 2 tests
[INFO] [stdout] test day04::part1 ... ok
[INFO] [stdout] test day04::part2 ... ok
[INFO] [stdout] 
[INFO] [stdout] test result: ok. 2 passed; 0 failed; 0 ignored; 0 measured; 0 filtered out; finished in 0.33s
[INFO] [stdout] 
[INFO] [stderr]      Running unittests src/main.rs (/opt/rustwide/target/debug/deps/day04-f45c7c53e3386d2f)
[INFO] [stdout] 
[INFO] [stdout] running 0 tests
[INFO] [stdout] 
[INFO] [stdout] test result: ok. 0 passed; 0 failed; 0 ignored; 0 measured; 0 filtered out; finished in 0.00s
[INFO] [stdout] 
[INFO] [stderr]      Running unittests src/lib.rs (/opt/rustwide/target/debug/deps/day05-107cf9dc3c3bb302)
[INFO] [stdout] 
[INFO] [stdout] running 2 tests
[INFO] [stdout] test day05::part1 ... ok
[INFO] [stdout] test day05::part2 ... ok
[INFO] [stdout] 
[INFO] [stdout] test result: ok. 2 passed; 0 failed; 0 ignored; 0 measured; 0 filtered out; finished in 0.00s
[INFO] [stdout] 
[INFO] [stderr]      Running unittests src/main.rs (/opt/rustwide/target/debug/deps/day05-49ebcbe8f241fa48)
[INFO] [stdout] 
[INFO] [stdout] running 0 tests
[INFO] [stdout] 
[INFO] [stdout] test result: ok. 0 passed; 0 failed; 0 ignored; 0 measured; 0 filtered out; finished in 0.00s
[INFO] [stdout] 
[INFO] [stderr]      Running unittests src/lib.rs (/opt/rustwide/target/debug/deps/day06-46eaef30c7b9e301)
[INFO] [stdout] 
[INFO] [stdout] running 2 tests
[INFO] [stdout] test day06::part1 ... ok
[INFO] [stdout] test day06::part2 ... ok
[INFO] [stdout] 
[INFO] [stdout] test result: ok. 2 passed; 0 failed; 0 ignored; 0 measured; 0 filtered out; finished in 0.63s
[INFO] [stdout] 
[INFO] [stderr]      Running unittests src/main.rs (/opt/rustwide/target/debug/deps/day06-d699ccbcc1f10098)
[INFO] [stdout] 
[INFO] [stdout] running 0 tests
[INFO] [stdout] 
[INFO] [stdout] test result: ok. 0 passed; 0 failed; 0 ignored; 0 measured; 0 filtered out; finished in 0.00s
[INFO] [stdout] 
[INFO] [stderr]      Running unittests src/lib.rs (/opt/rustwide/target/debug/deps/day07-27cd16ddace76557)
[INFO] [stdout] 
[INFO] [stdout] running 5 tests
[INFO] [stdout] test precompute_more::tests::hand_type ... ok
[INFO] [stdout] test tests::hand_type ... ok
[INFO] [stdout] test unstable_sort::tests::hand_type ... ok
[INFO] [stdout] test day07::part2 ... ok
[INFO] [stdout] test day07::part1 ... ok
[INFO] [stdout] 
[INFO] [stdout] test result: ok. 5 passed; 0 failed; 0 ignored; 0 measured; 0 filtered out; finished in 0.01s
[INFO] [stdout] 
[INFO] [stderr]      Running unittests src/main.rs (/opt/rustwide/target/debug/deps/day07-339e6fc2e9b57d73)
[INFO] [stdout] 
[INFO] [stdout] running 0 tests
[INFO] [stdout] 
[INFO] [stdout] test result: ok. 0 passed; 0 failed; 0 ignored; 0 measured; 0 filtered out; finished in 0.00s
[INFO] [stdout] 
[INFO] [stderr]      Running unittests src/lib.rs (/opt/rustwide/target/debug/deps/day08-2969f01f77cb8404)
[INFO] [stdout] 
[INFO] [stdout] running 2 tests
[INFO] [stdout] test day08::part2 ... ok
[INFO] [stdout] test day08::part1 ... ok
[INFO] [stdout] 
[INFO] [stdout] test result: ok. 2 passed; 0 failed; 0 ignored; 0 measured; 0 filtered out; finished in 0.00s
[INFO] [stdout] 
[INFO] [stderr]      Running unittests src/main.rs (/opt/rustwide/target/debug/deps/day08-be394cb34ac16ea4)
[INFO] [stdout] 
[INFO] [stdout] running 0 tests
[INFO] [stdout] 
[INFO] [stdout] test result: ok. 0 passed; 0 failed; 0 ignored; 0 measured; 0 filtered out; finished in 0.00s
[INFO] [stdout] 
[INFO] [stderr]      Running unittests src/lib.rs (/opt/rustwide/target/debug/deps/day09-29b6a7754d71d3dc)
[INFO] [stdout] 
[INFO] [stdout] running 2 tests
[INFO] [stdout] test day09::part2 ... ok
[INFO] [stdout] test day09::part1 ... ok
[INFO] [stdout] 
[INFO] [stdout] test result: ok. 2 passed; 0 failed; 0 ignored; 0 measured; 0 filtered out; finished in 0.01s
[INFO] [stdout] 
[INFO] [stderr]      Running unittests src/main.rs (/opt/rustwide/target/debug/deps/day09-c414035be2645dd8)
[INFO] [stdout] 
[INFO] [stdout] running 0 tests
[INFO] [stdout] 
[INFO] [stdout] test result: ok. 0 passed; 0 failed; 0 ignored; 0 measured; 0 filtered out; finished in 0.00s
[INFO] [stdout] 
[INFO] [stderr]      Running unittests src/lib.rs (/opt/rustwide/target/debug/deps/day10-ef9cbdefe9c26545)
[INFO] [stdout] 
[INFO] [stdout] running 2 tests
[INFO] [stdout] test day10::part2 ... ok
[INFO] [stdout] test day10::part1 ... ok
[INFO] [stdout] 
[INFO] [stdout] test result: ok. 2 passed; 0 failed; 0 ignored; 0 measured; 0 filtered out; finished in 0.00s
[INFO] [stdout] 
[INFO] [stderr]      Running unittests src/main.rs (/opt/rustwide/target/debug/deps/day10-fe445d72fb2e2254)
[INFO] [stdout] 
[INFO] [stdout] running 0 tests
[INFO] [stdout] 
[INFO] [stdout] test result: ok. 0 passed; 0 failed; 0 ignored; 0 measured; 0 filtered out; finished in 0.00s
[INFO] [stdout] 
[INFO] [stderr]      Running unittests src/lib.rs (/opt/rustwide/target/debug/deps/day11-c09376e2e40c139a)
[INFO] [stdout] 
[INFO] [stdout] running 2 tests
[INFO] [stdout] test day11::part2 ... ok
[INFO] [stdout] test day11::part1 ... ok
[INFO] [stdout] 
[INFO] [stdout] test result: ok. 2 passed; 0 failed; 0 ignored; 0 measured; 0 filtered out; finished in 0.20s
[INFO] [stdout] 
[INFO] [stderr]      Running unittests src/main.rs (/opt/rustwide/target/debug/deps/day11-3968ae86f83008ef)
[INFO] [stdout] 
[INFO] [stdout] running 0 tests
[INFO] [stdout] 
[INFO] [stdout] test result: ok. 0 passed; 0 failed; 0 ignored; 0 measured; 0 filtered out; finished in 0.00s
[INFO] [stdout] 
[INFO] [stderr]      Running unittests src/lib.rs (/opt/rustwide/target/debug/deps/day12-dd9eb88e9740ed37)
[INFO] [stdout] 
[INFO] [stdout] running 2 tests
[INFO] [stdout] test day12::part1 ... ok
[INFO] [stdout] test day12::part2 ... ok
[INFO] [stdout] 
[INFO] [stdout] test result: ok. 2 passed; 0 failed; 0 ignored; 0 measured; 0 filtered out; finished in 0.00s
[INFO] [stdout] 
[INFO] [stderr]      Running unittests src/main.rs (/opt/rustwide/target/debug/deps/day12-facff452953f47bc)
[INFO] [stdout] 
[INFO] [stdout] running 0 tests
[INFO] [stdout] 
[INFO] [stdout] test result: ok. 0 passed; 0 failed; 0 ignored; 0 measured; 0 filtered out; finished in 0.00s
[INFO] [stdout] 
[INFO] [stderr]      Running unittests src/lib.rs (/opt/rustwide/target/debug/deps/day15-5ab9c1b58e17d614)
[INFO] [stdout] 
[INFO] [stdout] running 2 tests
[INFO] [stdout] test day15::part1 ... ok
[INFO] [stdout] test day15::part2 ... ok
[INFO] [stdout] 
[INFO] [stdout] test result: ok. 2 passed; 0 failed; 0 ignored; 0 measured; 0 filtered out; finished in 0.00s
[INFO] [stdout] 
[INFO] [stderr]      Running unittests src/main.rs (/opt/rustwide/target/debug/deps/day15-5c67ec7d44ac13b0)
[INFO] [stdout] 
[INFO] [stdout] running 0 tests
[INFO] [stdout] 
[INFO] [stdout] test result: ok. 0 passed; 0 failed; 0 ignored; 0 measured; 0 filtered out; finished in 0.00s
[INFO] [stdout] 
[INFO] [stderr]      Running unittests src/lib.rs (/opt/rustwide/target/debug/deps/day24-db38979ce2e5b130)
[INFO] [stdout] 
[INFO] [stdout] running 2 tests
[INFO] [stdout] test day24::part2 ... ok
[INFO] [stdout] test day24::part1 ... FAILED
[INFO] [stdout] 
[INFO] [stdout] failures:
[INFO] [stdout] 
[INFO] [stdout] ---- day24::part1 stdout ----
[INFO] [stdout] [2023/day24/src/lib.rs:113:21] (i, j, x, y) = (
[INFO] [stdout]     0,
[INFO] [stdout]     0,
[INFO] [stdout]     14.333333333333334,
[INFO] [stdout]     15.333333333333332,
[INFO] [stdout] )
[INFO] [stdout] [2023/day24/src/lib.rs:113:21] (i, j, x, y) = (
[INFO] [stdout]     0,
[INFO] [stdout]     1,
[INFO] [stdout]     11.666666666666666,
[INFO] [stdout]     16.666666666666668,
[INFO] [stdout] )
[INFO] [stdout] [2023/day24/src/lib.rs:113:21] (i, j, x, y) = (
[INFO] [stdout]     0,
[INFO] [stdout]     3,
[INFO] [stdout]     21.444444444444443,
[INFO] [stdout]     11.777777777777779,
[INFO] [stdout] )
[INFO] [stdout] [2023/day24/src/lib.rs:113:21] (i, j, x, y) = (
[INFO] [stdout]     1,
[INFO] [stdout]     2,
[INFO] [stdout]     19.666666666666668,
[INFO] [stdout]     20.666666666666668,
[INFO] [stdout] )
[INFO] [stdout] [2023/day24/src/lib.rs:113:21] (i, j, x, y) = (
[INFO] [stdout]     2,
[INFO] [stdout]     1,
[INFO] [stdout]     19.0,
[INFO] [stdout]     24.0,
[INFO] [stdout] )
[INFO] [stdout] thread 'day24::part1' panicked at /opt/rustwide/workdir/helper/src/lib.rs:52:17:
[INFO] [stdout] failed: basic: 5 != 0
[INFO] [stdout] stack backtrace:
[INFO] [stdout]    0:     0x5ca187c2c8fa - std::backtrace_rs::backtrace::libunwind::trace::h207520d6e9873551
[INFO] [stdout]                                at /rustc/df4ca44d3fbc9301ee17f30f4d474e6ae4b05252/library/std/src/../../backtrace/src/backtrace/libunwind.rs:116:5
[INFO] [stdout]    1:     0x5ca187c2c8fa - std::backtrace_rs::backtrace::trace_unsynchronized::h2ed7433f370e3eca
[INFO] [stdout]                                at /rustc/df4ca44d3fbc9301ee17f30f4d474e6ae4b05252/library/std/src/../../backtrace/src/backtrace/mod.rs:66:5
[INFO] [stdout]    2:     0x5ca187c2c8fa - std::sys::backtrace::_print_fmt::h916fac51166b18d7
[INFO] [stdout]                                at /rustc/df4ca44d3fbc9301ee17f30f4d474e6ae4b05252/library/std/src/sys/backtrace.rs:66:9
[INFO] [stdout]    3:     0x5ca187c2c8fa - <std::sys::backtrace::BacktraceLock::print::DisplayBacktrace as core::fmt::Display>::fmt::ha0a4c9b8ce3802e6
[INFO] [stdout]                                at /rustc/df4ca44d3fbc9301ee17f30f4d474e6ae4b05252/library/std/src/sys/backtrace.rs:39:26
[INFO] [stdout]    4:     0x5ca187c533c3 - core::fmt::rt::Argument::fmt::h4cfc8587d52b3eb5
[INFO] [stdout]                                at /rustc/df4ca44d3fbc9301ee17f30f4d474e6ae4b05252/library/core/src/fmt/rt.rs:177:76
[INFO] [stdout]    5:     0x5ca187c533c3 - core::fmt::write::h522cc39e5b36ae9f
[INFO] [stdout]                                at /rustc/df4ca44d3fbc9301ee17f30f4d474e6ae4b05252/library/core/src/fmt/mod.rs:1190:21
[INFO] [stdout]    6:     0x5ca187c291d3 - std::io::Write::write_fmt::h7d3c26752da97734
[INFO] [stdout]                                at /rustc/df4ca44d3fbc9301ee17f30f4d474e6ae4b05252/library/std/src/io/mod.rs:1839:15
[INFO] [stdout]    7:     0x5ca187c2c742 - std::sys::backtrace::BacktraceLock::print::h4b9e00b29e9c0942
[INFO] [stdout]                                at /rustc/df4ca44d3fbc9301ee17f30f4d474e6ae4b05252/library/std/src/sys/backtrace.rs:42:9
[INFO] [stdout]    8:     0x5ca187c2dd8a - std::panicking::default_hook::{{closure}}::hb59b88280d0324d9
[INFO] [stdout]                                at /rustc/df4ca44d3fbc9301ee17f30f4d474e6ae4b05252/library/std/src/panicking.rs:268:22
[INFO] [stdout]    9:     0x5ca187c2db94 - std::panicking::default_hook::he1dd496665be4a29
[INFO] [stdout]                                at /rustc/df4ca44d3fbc9301ee17f30f4d474e6ae4b05252/library/std/src/panicking.rs:292:9
[INFO] [stdout]   10:     0x5ca187bf1319 - <alloc::boxed::Box<F,A> as core::ops::function::Fn<Args>>::call::h4ff71de18744e1dc
[INFO] [stdout]                                at /rustc/df4ca44d3fbc9301ee17f30f4d474e6ae4b05252/library/alloc/src/boxed.rs:2468:9
[INFO] [stdout]   11:     0x5ca187bf1319 - test::test_main::{{closure}}::hcf7c055ce117aa81
[INFO] [stdout]                                at /rustc/df4ca44d3fbc9301ee17f30f4d474e6ae4b05252/library/test/src/lib.rs:133:21
[INFO] [stdout]   12:     0x5ca187c2e488 - <alloc::boxed::Box<F,A> as core::ops::function::Fn<Args>>::call::h1d66c6bbd60c9692
[INFO] [stdout]                                at /rustc/df4ca44d3fbc9301ee17f30f4d474e6ae4b05252/library/alloc/src/boxed.rs:2468:9
[INFO] [stdout]   13:     0x5ca187c2e488 - std::panicking::rust_panic_with_hook::h2ff17fe8f26dfcf8
[INFO] [stdout]                                at /rustc/df4ca44d3fbc9301ee17f30f4d474e6ae4b05252/library/std/src/panicking.rs:809:13
[INFO] [stdout]   14:     0x5ca187c2e24a - std::panicking::begin_panic_handler::{{closure}}::h4fad77951c07e101
[INFO] [stdout]                                at /rustc/df4ca44d3fbc9301ee17f30f4d474e6ae4b05252/library/std/src/panicking.rs:674:13
[INFO] [stdout]   15:     0x5ca187c2cdd9 - std::sys::backtrace::__rust_end_short_backtrace::hb1a25b3da5d0ea08
[INFO] [stdout]                                at /rustc/df4ca44d3fbc9301ee17f30f4d474e6ae4b05252/library/std/src/sys/backtrace.rs:170:18
[INFO] [stdout]   16:     0x5ca187c2dedc - rust_begin_unwind
[INFO] [stdout]                                at /rustc/df4ca44d3fbc9301ee17f30f4d474e6ae4b05252/library/std/src/panicking.rs:665:5
[INFO] [stdout]   17:     0x5ca187c51b00 - core::panicking::panic_fmt::ha9db07b529f9b256
[INFO] [stdout]                                at /rustc/df4ca44d3fbc9301ee17f30f4d474e6ae4b05252/library/core/src/panicking.rs:75:14
[INFO] [stdout]   18:     0x5ca187bac35e - helper::test_part1::h14835df5125a4bc8
[INFO] [stdout]                                at /opt/rustwide/workdir/helper/src/lib.rs:52:17
[INFO] [stdout]   19:     0x5ca187bacc32 - day24::day24::part1::hccf6050d4c8260f1
[INFO] [stdout]                                at /opt/rustwide/workdir/helper/src/lib.rs:193:17
[INFO] [stdout]   20:     0x5ca187bacc07 - day24::day24::part1::{{closure}}::hb7174bd4daab283f
[INFO] [stdout]                                at /opt/rustwide/workdir/helper/src/lib.rs:192:23
[INFO] [stdout]   21:     0x5ca187ba4946 - core::ops::function::FnOnce::call_once::ha9ffdec9da265958
[INFO] [stdout]                                at /rustc/df4ca44d3fbc9301ee17f30f4d474e6ae4b05252/library/core/src/ops/function.rs:250:5
[INFO] [stdout]   22:     0x5ca187bf5beb - core::ops::function::FnOnce::call_once::h22c3ba5715e93f05
[INFO] [stdout]                                at /rustc/df4ca44d3fbc9301ee17f30f4d474e6ae4b05252/library/core/src/ops/function.rs:250:5
[INFO] [stdout]   23:     0x5ca187bf5beb - test::__rust_begin_short_backtrace::h8e82d8113d0da17f
[INFO] [stdout]                                at /rustc/df4ca44d3fbc9301ee17f30f4d474e6ae4b05252/library/test/src/lib.rs:621:18
[INFO] [stdout]   24:     0x5ca187bf5567 - test::run_test_in_process::{{closure}}::h33235f4f20b7b7c7
[INFO] [stdout]                                at /rustc/df4ca44d3fbc9301ee17f30f4d474e6ae4b05252/library/test/src/lib.rs:644:60
[INFO] [stdout]   25:     0x5ca187bf5567 - <core::panic::unwind_safe::AssertUnwindSafe<F> as core::ops::function::FnOnce<()>>::call_once::hb5043206310c586f
[INFO] [stdout]                                at /rustc/df4ca44d3fbc9301ee17f30f4d474e6ae4b05252/library/core/src/panic/unwind_safe.rs:272:9
[INFO] [stdout]   26:     0x5ca187bf5567 - std::panicking::try::do_call::h9ad4731a60ab23e2
[INFO] [stdout]                                at /rustc/df4ca44d3fbc9301ee17f30f4d474e6ae4b05252/library/std/src/panicking.rs:557:40
[INFO] [stdout]   27:     0x5ca187bf5567 - std::panicking::try::h3824d23db772a716
[INFO] [stdout]                                at /rustc/df4ca44d3fbc9301ee17f30f4d474e6ae4b05252/library/std/src/panicking.rs:520:19
[INFO] [stdout]   28:     0x5ca187bf5567 - std::panic::catch_unwind::h5afd514605fde46b
[INFO] [stdout]                                at /rustc/df4ca44d3fbc9301ee17f30f4d474e6ae4b05252/library/std/src/panic.rs:358:14
[INFO] [stdout]   29:     0x5ca187bf5567 - test::run_test_in_process::h0d5cbfa7067d1720
[INFO] [stdout]                                at /rustc/df4ca44d3fbc9301ee17f30f4d474e6ae4b05252/library/test/src/lib.rs:644:27
[INFO] [stdout]   30:     0x5ca187bf5567 - test::run_test::{{closure}}::h708eb8872708115d
[INFO] [stdout]                                at /rustc/df4ca44d3fbc9301ee17f30f4d474e6ae4b05252/library/test/src/lib.rs:565:43
[INFO] [stdout]   31:     0x5ca187bb8c84 - test::run_test::{{closure}}::h392c51cee94713ab
[INFO] [stdout]                                at /rustc/df4ca44d3fbc9301ee17f30f4d474e6ae4b05252/library/test/src/lib.rs:595:41
[INFO] [stdout]   32:     0x5ca187bb8c84 - std::sys::backtrace::__rust_begin_short_backtrace::h2f40290710935a8b
[INFO] [stdout]                                at /rustc/df4ca44d3fbc9301ee17f30f4d474e6ae4b05252/library/std/src/sys/backtrace.rs:154:18
[INFO] [stdout]   33:     0x5ca187bbc42e - std::thread::Builder::spawn_unchecked_::{{closure}}::{{closure}}::h3fd968d89053a903
[INFO] [stdout]                                at /rustc/df4ca44d3fbc9301ee17f30f4d474e6ae4b05252/library/std/src/thread/mod.rs:541:17
[INFO] [stdout]   34:     0x5ca187bbc42e - <core::panic::unwind_safe::AssertUnwindSafe<F> as core::ops::function::FnOnce<()>>::call_once::h743f637ba4229880
[INFO] [stdout]                                at /rustc/df4ca44d3fbc9301ee17f30f4d474e6ae4b05252/library/core/src/panic/unwind_safe.rs:272:9
[INFO] [stdout]   35:     0x5ca187bbc42e - std::panicking::try::do_call::h07440897322525a6
[INFO] [stdout]                                at /rustc/df4ca44d3fbc9301ee17f30f4d474e6ae4b05252/library/std/src/panicking.rs:557:40
[INFO] [stdout]   36:     0x5ca187bbc42e - std::panicking::try::he5a2e00188156637
[INFO] [stdout]                                at /rustc/df4ca44d3fbc9301ee17f30f4d474e6ae4b05252/library/std/src/panicking.rs:520:19
[INFO] [stdout]   37:     0x5ca187bbc42e - std::panic::catch_unwind::hbaf3cae49b3c6433
[INFO] [stdout]                                at /rustc/df4ca44d3fbc9301ee17f30f4d474e6ae4b05252/library/std/src/panic.rs:358:14
[INFO] [stdout]   38:     0x5ca187bbc42e - std::thread::Builder::spawn_unchecked_::{{closure}}::h8e141ea224820bce
[INFO] [stdout]                                at /rustc/df4ca44d3fbc9301ee17f30f4d474e6ae4b05252/library/std/src/thread/mod.rs:540:30
[INFO] [stdout]   39:     0x5ca187bbc42e - core::ops::function::FnOnce::call_once{{vtable.shim}}::h90d312fedd7b8ea8
[INFO] [stdout]                                at /rustc/df4ca44d3fbc9301ee17f30f4d474e6ae4b05252/library/core/src/ops/function.rs:250:5
[INFO] [stdout]   40:     0x5ca187c3237b - <alloc::boxed::Box<F,A> as core::ops::function::FnOnce<Args>>::call_once::h69aa08ddb6adb8b6
[INFO] [stdout]                                at /rustc/df4ca44d3fbc9301ee17f30f4d474e6ae4b05252/library/alloc/src/boxed.rs:2454:9
[INFO] [stdout]   41:     0x5ca187c3237b - <alloc::boxed::Box<F,A> as core::ops::function::FnOnce<Args>>::call_once::h5aa36efdb79c806f
[INFO] [stdout]                                at /rustc/df4ca44d3fbc9301ee17f30f4d474e6ae4b05252/library/alloc/src/boxed.rs:2454:9
[INFO] [stdout]   42:     0x5ca187c3237b - std::sys::pal::unix::thread::Thread::new::thread_start::h6cd80a1b4be5158d
[INFO] [stdout]                                at /rustc/df4ca44d3fbc9301ee17f30f4d474e6ae4b05252/library/std/src/sys/pal/unix/thread.rs:105:17
[INFO] [stdout]   43:     0x79194a333ac3 - <unknown>
[INFO] [stdout]   44:     0x79194a3c4a04 - clone
[INFO] [stdout]   45:                0x0 - <unknown>
[INFO] [stdout] 
[INFO] [stdout] 
[INFO] [stdout] failures:
[INFO] [stdout]     day24::part1
[INFO] [stdout] 
[INFO] [stdout] test result: FAILED. 1 passed; 1 failed; 0 ignored; 0 measured; 0 filtered out; finished in 0.01s
[INFO] [stdout] 
[INFO] [stderr] error: test failed, to rerun pass `-p day24 --lib`
[INFO] running `Command { std: "docker" "inspect" "dc70e40f152dca7212b7da47811a51c1d534a2521d7d71a249c8e3cf8d7e0cf9", kill_on_drop: false }`
[INFO] running `Command { std: "docker" "rm" "-f" "dc70e40f152dca7212b7da47811a51c1d534a2521d7d71a249c8e3cf8d7e0cf9", kill_on_drop: false }`
[INFO] [stdout] dc70e40f152dca7212b7da47811a51c1d534a2521d7d71a249c8e3cf8d7e0cf9
