[INFO] cloning repository https://github.com/NavyD/mdutil
[INFO] running `Command { std: "git" "-c" "credential.helper=" "-c" "credential.helper=/workspace/cargo-home/bin/git-credential-null" "clone" "--bare" "https://github.com/NavyD/mdutil" "/workspace/cache/git-repos/https%3A%2F%2Fgithub.com%2FNavyD%2Fmdutil", kill_on_drop: false }`
[INFO] [stderr] Cloning into bare repository '/workspace/cache/git-repos/https%3A%2F%2Fgithub.com%2FNavyD%2Fmdutil'...
[INFO] running `Command { std: "git" "rev-parse" "HEAD", kill_on_drop: false }`
[INFO] [stdout] 9d0cad15e854ef0702e4e552b4fdac6972fc3837
[INFO] testing NavyD/mdutil/9d0cad15e854ef0702e4e552b4fdac6972fc3837 against nightly-2024-10-28+rustflags=-Zrandomize-layout for randomize-layout
[INFO] running `Command { std: "git" "clone" "/workspace/cache/git-repos/https%3A%2F%2Fgithub.com%2FNavyD%2Fmdutil" "/workspace/builds/worker-1-tc2/source", kill_on_drop: false }`
[INFO] [stderr] Cloning into '/workspace/builds/worker-1-tc2/source'...
[INFO] [stderr] done.
[INFO] validating manifest of git repo https://github.com/NavyD/mdutil on toolchain nightly-2024-10-28
[INFO] running `Command { std: CARGO_HOME="/workspace/cargo-home" RUSTUP_HOME="/workspace/rustup-home" "/workspace/cargo-home/bin/cargo" "+nightly-2024-10-28" "metadata" "--manifest-path" "Cargo.toml" "--no-deps", kill_on_drop: false }`
[INFO] started tweaking git repo https://github.com/NavyD/mdutil
[INFO] finished tweaking git repo https://github.com/NavyD/mdutil
[INFO] tweaked toml for git repo https://github.com/NavyD/mdutil written to /workspace/builds/worker-1-tc2/source/Cargo.toml
[INFO] crate git repo https://github.com/NavyD/mdutil already has a lockfile, it will not be regenerated
[INFO] running `Command { std: CARGO_HOME="/workspace/cargo-home" RUSTUP_HOME="/workspace/rustup-home" "/workspace/cargo-home/bin/cargo" "+nightly-2024-10-28" "fetch" "--manifest-path" "Cargo.toml", kill_on_drop: false }`
[INFO] running `Command { std: "docker" "create" "-v" "/var/lib/crater-agent-workspace/builds/worker-1-tc2/target:/opt/rustwide/target:rw,Z" "-v" "/var/lib/crater-agent-workspace/builds/worker-1-tc2/source:/opt/rustwide/workdir:ro,Z" "-v" "/var/lib/crater-agent-workspace/cargo-home:/opt/rustwide/cargo-home:ro,Z" "-v" "/var/lib/crater-agent-workspace/rustup-home:/opt/rustwide/rustup-home:ro,Z" "-e" "SOURCE_DIR=/opt/rustwide/workdir" "-e" "CARGO_TARGET_DIR=/opt/rustwide/target" "-e" "CARGO_HOME=/opt/rustwide/cargo-home" "-e" "RUSTUP_HOME=/opt/rustwide/rustup-home" "-w" "/opt/rustwide/workdir" "-m" "1610612736" "--user" "0:0" "--network" "none" "ghcr.io/rust-lang/crates-build-env/linux@sha256:4a844ea9eb2546a2d2c7022eacef16ef2e8229c7fbb2c7d4d55a9ceca922f72d" "/opt/rustwide/cargo-home/bin/cargo" "+nightly-2024-10-28" "metadata" "--no-deps" "--format-version=1", kill_on_drop: false }`
[INFO] [stdout] 17205a9af1fe786ca15bfc73a7cac43b1428abc8c3bcb4f8602e3029c56bb37f
[INFO] running `Command { std: "docker" "start" "-a" "17205a9af1fe786ca15bfc73a7cac43b1428abc8c3bcb4f8602e3029c56bb37f", kill_on_drop: false }`
[INFO] running `Command { std: "docker" "inspect" "17205a9af1fe786ca15bfc73a7cac43b1428abc8c3bcb4f8602e3029c56bb37f", kill_on_drop: false }`
[INFO] running `Command { std: "docker" "rm" "-f" "17205a9af1fe786ca15bfc73a7cac43b1428abc8c3bcb4f8602e3029c56bb37f", kill_on_drop: false }`
[INFO] [stdout] 17205a9af1fe786ca15bfc73a7cac43b1428abc8c3bcb4f8602e3029c56bb37f
[INFO] running `Command { std: "docker" "create" "-v" "/var/lib/crater-agent-workspace/builds/worker-1-tc2/target:/opt/rustwide/target:rw,Z" "-v" "/var/lib/crater-agent-workspace/builds/worker-1-tc2/source:/opt/rustwide/workdir:ro,Z" "-v" "/var/lib/crater-agent-workspace/cargo-home:/opt/rustwide/cargo-home:ro,Z" "-v" "/var/lib/crater-agent-workspace/rustup-home:/opt/rustwide/rustup-home:ro,Z" "-e" "SOURCE_DIR=/opt/rustwide/workdir" "-e" "CARGO_TARGET_DIR=/opt/rustwide/target" "-e" "CARGO_INCREMENTAL=0" "-e" "RUST_BACKTRACE=full" "-e" "RUSTFLAGS=--cap-lints=forbid -Zrandomize-layout" "-e" "RUSTDOCFLAGS=--cap-lints=forbid" "-e" "CARGO_HOME=/opt/rustwide/cargo-home" "-e" "RUSTUP_HOME=/opt/rustwide/rustup-home" "-w" "/opt/rustwide/workdir" "-m" "1610612736" "--user" "0:0" "--network" "none" "ghcr.io/rust-lang/crates-build-env/linux@sha256:4a844ea9eb2546a2d2c7022eacef16ef2e8229c7fbb2c7d4d55a9ceca922f72d" "/opt/rustwide/cargo-home/bin/cargo" "+nightly-2024-10-28" "build" "--frozen" "--message-format=json", kill_on_drop: false }`
[INFO] [stdout] 4ce68a55c1ac6457d2395128841169ab8af46c8eb9f0896b56216c7467c41b18
[INFO] running `Command { std: "docker" "start" "-a" "4ce68a55c1ac6457d2395128841169ab8af46c8eb9f0896b56216c7467c41b18", kill_on_drop: false }`
[INFO] [stderr]    Compiling autocfg v1.0.1
[INFO] [stderr]    Compiling proc-macro2 v1.0.27
[INFO] [stderr]    Compiling unicode-xid v0.2.2
[INFO] [stderr]    Compiling cfg-if v1.0.0
[INFO] [stderr]    Compiling libc v0.2.98
[INFO] [stderr]    Compiling syn v1.0.73
[INFO] [stderr]    Compiling memchr v2.4.0
[INFO] [stderr]    Compiling log v0.4.14
[INFO] [stderr]    Compiling lazy_static v1.4.0
[INFO] [stderr]    Compiling pin-project-lite v0.2.7
[INFO] [stderr]    Compiling futures-core v0.3.15
[INFO] [stderr]    Compiling cc v1.0.69
[INFO] [stderr]    Compiling pkg-config v0.3.19
[INFO] [stderr]    Compiling proc-macro-hack v0.5.19
[INFO] [stderr]    Compiling bytes v1.0.1
[INFO] [stderr]    Compiling futures-sink v0.3.15
[INFO] [stderr]    Compiling bitflags v1.2.1
[INFO] [stderr]    Compiling futures-channel v0.3.15
[INFO] [stderr]    Compiling proc-macro-nested v0.1.7
[INFO] [stderr]    Compiling futures-task v0.3.15
[INFO] [stderr]    Compiling version_check v0.9.3
[INFO] [stderr]    Compiling crossbeam-utils v0.8.5
[INFO] [stderr]    Compiling slab v0.4.3
[INFO] [stderr]    Compiling futures-macro v0.3.15
[INFO] [stderr]    Compiling futures-util v0.3.15
[INFO] [stderr]    Compiling tokio v1.8.1
[INFO] [stderr]    Compiling futures-io v0.3.15
[INFO] [stderr]    Compiling itoa v0.4.7
[INFO] [stderr]    Compiling pin-utils v0.1.0
[INFO] [stderr]    Compiling indexmap v1.7.0
[INFO] [stderr]    Compiling memoffset v0.6.4
[INFO] [stderr]    Compiling foreign-types-shared v0.1.1
[INFO] [stderr]    Compiling fnv v1.0.7
[INFO] [stderr]    Compiling openssl v0.10.35
[INFO] [stderr]    Compiling matches v0.1.8
[INFO] [stderr]    Compiling foreign-types v0.3.2
[INFO] [stderr]    Compiling http v0.2.4
[INFO] [stderr]    Compiling proc-macro-error-attr v1.0.4
[INFO] [stderr]    Compiling tracing-core v0.1.18
[INFO] [stderr]    Compiling native-tls v0.2.7
[INFO] [stderr]    Compiling once_cell v1.8.0
[INFO] [stderr]    Compiling hashbrown v0.11.2
[INFO] [stderr]    Compiling tinyvec_macros v0.1.0
[INFO] [stderr]    Compiling httparse v1.4.1
[INFO] [stderr]    Compiling crossbeam-epoch v0.9.5
[INFO] [stderr]    Compiling tinyvec v1.2.0
[INFO] [stderr]    Compiling quote v1.0.9
[INFO] [stderr]    Compiling proc-macro-error v1.0.4
[INFO] [stderr]    Compiling openssl-probe v0.1.4
[INFO] [stderr]    Compiling rayon-core v1.9.1
[INFO] [stderr]    Compiling num_cpus v1.13.0
[INFO] [stderr]    Compiling mio v0.7.13
[INFO] [stderr]    Compiling ryu v1.0.5
[INFO] [stderr]    Compiling scopeguard v1.1.0
[INFO] [stderr]    Compiling tracing v0.1.26
[INFO] [stderr]    Compiling try-lock v0.2.3
[INFO] [stderr]    Compiling percent-encoding v2.1.0
[INFO] [stderr]    Compiling unicode-segmentation v1.8.0
[INFO] [stderr]    Compiling serde v1.0.126
[INFO] [stderr]    Compiling want v0.3.0
[INFO] [stderr]    Compiling form_urlencoded v1.0.1
[INFO] [stderr]    Compiling openssl-sys v0.9.65
[INFO] [stderr]    Compiling socket2 v0.4.0
[INFO] [stderr]    Compiling atty v0.2.14
[INFO] [stderr]    Compiling unicode-bidi v0.3.5
[INFO] [stderr]    Compiling encoding_rs v0.8.28
[INFO] [stderr]    Compiling httpdate v1.0.1
[INFO] [stderr]    Compiling tower-service v0.3.1
[INFO] [stderr]    Compiling unicode-width v0.1.8
[INFO] [stderr]    Compiling textwrap v0.11.0
[INFO] [stderr]    Compiling heck v0.3.3
[INFO] [stderr]    Compiling crossbeam-deque v0.8.0
[INFO] [stderr]    Compiling crossbeam-channel v0.5.1
[INFO] [stderr]    Compiling aho-corasick v0.7.18
[INFO] [stderr]    Compiling rayon v1.5.1
[INFO] [stderr]    Compiling ansi_term v0.11.0
[INFO] [stderr]    Compiling anyhow v1.0.42
[INFO] [stderr]    Compiling strsim v0.8.0
[INFO] [stderr]    Compiling unicode-normalization v0.1.19
[INFO] [stderr]    Compiling vec_map v0.8.2
[INFO] [stderr]    Compiling regex-syntax v0.6.25
[INFO] [stderr]    Compiling humantime v2.1.0
[INFO] [stderr]    Compiling clap v2.33.3
[INFO] [stderr]    Compiling termcolor v1.1.2
[INFO] [stderr]    Compiling either v1.6.1
[INFO] [stderr]    Compiling ipnet v2.3.1
[INFO] [stderr]    Compiling mime v0.3.16
[INFO] [stderr]    Compiling base64 v0.13.0
[INFO] [stderr]    Compiling strum v0.21.0
[INFO] [stderr]    Compiling http-body v0.4.2
[INFO] [stderr]    Compiling idna v0.2.3
[INFO] [stderr]    Compiling url v2.2.2
[INFO] [stderr]    Compiling regex v1.5.4
[INFO] [stderr]    Compiling serde_urlencoded v0.7.0
[INFO] [stderr]    Compiling env_logger v0.9.0
[INFO] [stderr]    Compiling tokio-macros v1.3.0
[INFO] [stderr]    Compiling structopt-derive v0.4.15
[INFO] [stderr]    Compiling thiserror-impl v1.0.26
[INFO] [stderr]    Compiling strum_macros v0.21.1
[INFO] [stderr]    Compiling thiserror v1.0.26
[INFO] [stderr]    Compiling structopt v0.3.22
[INFO] [stderr]    Compiling futures-executor v0.3.15
[INFO] [stderr]    Compiling futures v0.3.15
[INFO] [stderr]    Compiling tokio-util v0.6.7
[INFO] [stderr]    Compiling tokio-native-tls v0.3.0
[INFO] [stderr]    Compiling h2 v0.3.3
[INFO] [stderr]    Compiling hyper v0.14.10
[INFO] [stderr]    Compiling hyper-tls v0.5.0
[INFO] [stderr]    Compiling reqwest v0.11.4
[INFO] [stderr]    Compiling mdutil v0.1.0 (/opt/rustwide/workdir)
[INFO] [stderr]     Finished `dev` profile [unoptimized + debuginfo] target(s) in 17.26s
[INFO] running `Command { std: "docker" "inspect" "4ce68a55c1ac6457d2395128841169ab8af46c8eb9f0896b56216c7467c41b18", kill_on_drop: false }`
[INFO] running `Command { std: "docker" "rm" "-f" "4ce68a55c1ac6457d2395128841169ab8af46c8eb9f0896b56216c7467c41b18", kill_on_drop: false }`
[INFO] [stdout] 4ce68a55c1ac6457d2395128841169ab8af46c8eb9f0896b56216c7467c41b18
[INFO] running `Command { std: "docker" "create" "-v" "/var/lib/crater-agent-workspace/builds/worker-1-tc2/target:/opt/rustwide/target:rw,Z" "-v" "/var/lib/crater-agent-workspace/builds/worker-1-tc2/source:/opt/rustwide/workdir:ro,Z" "-v" "/var/lib/crater-agent-workspace/cargo-home:/opt/rustwide/cargo-home:ro,Z" "-v" "/var/lib/crater-agent-workspace/rustup-home:/opt/rustwide/rustup-home:ro,Z" "-e" "SOURCE_DIR=/opt/rustwide/workdir" "-e" "CARGO_TARGET_DIR=/opt/rustwide/target" "-e" "CARGO_INCREMENTAL=0" "-e" "RUST_BACKTRACE=full" "-e" "RUSTFLAGS=--cap-lints=forbid -Zrandomize-layout" "-e" "RUSTDOCFLAGS=--cap-lints=forbid" "-e" "CARGO_HOME=/opt/rustwide/cargo-home" "-e" "RUSTUP_HOME=/opt/rustwide/rustup-home" "-w" "/opt/rustwide/workdir" "-m" "1610612736" "--user" "0:0" "--network" "none" "ghcr.io/rust-lang/crates-build-env/linux@sha256:4a844ea9eb2546a2d2c7022eacef16ef2e8229c7fbb2c7d4d55a9ceca922f72d" "/opt/rustwide/cargo-home/bin/cargo" "+nightly-2024-10-28" "test" "--frozen" "--no-run" "--message-format=json", kill_on_drop: false }`
[INFO] [stdout] 69ef658c69f7097f2b5b572e9457f1cb44b93d55ff09d20692c1d44fdb13a95a
[INFO] running `Command { std: "docker" "start" "-a" "69ef658c69f7097f2b5b572e9457f1cb44b93d55ff09d20692c1d44fdb13a95a", kill_on_drop: false }`
[INFO] [stderr]    Compiling ctor v0.1.20
[INFO] [stderr]    Compiling mdutil v0.1.0 (/opt/rustwide/workdir)
[INFO] [stderr]     Finished `test` profile [unoptimized + debuginfo] target(s) in 1.68s
[INFO] running `Command { std: "docker" "inspect" "69ef658c69f7097f2b5b572e9457f1cb44b93d55ff09d20692c1d44fdb13a95a", kill_on_drop: false }`
[INFO] running `Command { std: "docker" "rm" "-f" "69ef658c69f7097f2b5b572e9457f1cb44b93d55ff09d20692c1d44fdb13a95a", kill_on_drop: false }`
[INFO] [stdout] 69ef658c69f7097f2b5b572e9457f1cb44b93d55ff09d20692c1d44fdb13a95a
[INFO] running `Command { std: "docker" "create" "-v" "/var/lib/crater-agent-workspace/builds/worker-1-tc2/target:/opt/rustwide/target:rw,Z" "-v" "/var/lib/crater-agent-workspace/builds/worker-1-tc2/source:/opt/rustwide/workdir:ro,Z" "-v" "/var/lib/crater-agent-workspace/cargo-home:/opt/rustwide/cargo-home:ro,Z" "-v" "/var/lib/crater-agent-workspace/rustup-home:/opt/rustwide/rustup-home:ro,Z" "-e" "SOURCE_DIR=/opt/rustwide/workdir" "-e" "CARGO_TARGET_DIR=/opt/rustwide/target" "-e" "CARGO_INCREMENTAL=0" "-e" "RUST_BACKTRACE=full" "-e" "RUSTFLAGS=--cap-lints=forbid -Zrandomize-layout" "-e" "RUSTDOCFLAGS=--cap-lints=forbid" "-e" "CARGO_HOME=/opt/rustwide/cargo-home" "-e" "RUSTUP_HOME=/opt/rustwide/rustup-home" "-w" "/opt/rustwide/workdir" "-m" "1610612736" "--user" "0:0" "--network" "none" "ghcr.io/rust-lang/crates-build-env/linux@sha256:4a844ea9eb2546a2d2c7022eacef16ef2e8229c7fbb2c7d4d55a9ceca922f72d" "/opt/rustwide/cargo-home/bin/cargo" "+nightly-2024-10-28" "test" "--frozen", kill_on_drop: false }`
[INFO] [stdout] 940910ab671fae3b87d0f6b065cb16f7518c6493a9da05d0ae17b6c343cd09f5
[INFO] running `Command { std: "docker" "start" "-a" "940910ab671fae3b87d0f6b065cb16f7518c6493a9da05d0ae17b6c343cd09f5", kill_on_drop: false }`
[INFO] [stderr]     Finished `test` profile [unoptimized + debuginfo] target(s) in 0.08s
[INFO] [stderr]      Running unittests src/lib.rs (/opt/rustwide/target/debug/deps/mdutil-68a14ad91fdd14c0)
[INFO] [stdout] 
[INFO] [stdout] running 8 tests
[INFO] [stdout] test cmd::tests::test_output ... ok
[INFO] [stdout] test image::tests::valid_image_format ... ok
[INFO] [stdout] test image::tests::test_parse_link ... ok
[INFO] [stdout] test image::tests::replace_with_links ... ok
[INFO] [stdout] test image::tests::test_load_image ... FAILED
[INFO] [stdout] test image::tests::convert_image_to_base64 ... FAILED
[INFO] [stdout] test image::tests::test_check_links ... FAILED
[INFO] [stdout] test image::tests::test_check ... FAILED
[INFO] [stdout] 
[INFO] [stdout] failures:
[INFO] [stdout] 
[INFO] [stdout] ---- image::tests::test_load_image stdout ----
[INFO] [stdout] [2024-11-02T12:46:51Z TRACE mdutil::image] sending get request to load image: https://www.baidu.com/img/PCtm_d9c8750bed0b3c7d089fa7d55720d6cf.png
[INFO] [stdout] Error: error sending request for url (https://www.baidu.com/img/PCtm_d9c8750bed0b3c7d089fa7d55720d6cf.png): error trying to connect: dns error: failed to lookup address information: Temporary failure in name resolution
[INFO] [stdout] 
[INFO] [stdout] Caused by:
[INFO] [stdout]     0: error trying to connect: dns error: failed to lookup address information: Temporary failure in name resolution
[INFO] [stdout]     1: dns error: failed to lookup address information: Temporary failure in name resolution
[INFO] [stdout]     2: failed to lookup address information: Temporary failure in name resolution
[INFO] [stdout] 
[INFO] [stdout] ---- image::tests::convert_image_to_base64 stdout ----
[INFO] [stdout] [2024-11-02T12:46:51Z DEBUG mdutil::image] embedding base64 for tests/resources/test.md, args: CheckerArgs { connect_timeout: 3s, image_link_type: All }
[INFO] [stdout] [2024-11-02T12:46:51Z TRACE mdutil::image] parsing link for path: "tests/resources/test.md", original link: /home/navyd/Workspaces/projects/blog-resources/assets/images/0c1c6c89-5dfb-4a5e-a4c5-6aac1b299b37.png
[INFO] [stdout] [2024-11-02T12:46:51Z TRACE mdutil::image] parsing link for path: "tests/resources/test.md", original link: test.png
[INFO] [stdout] [2024-11-02T12:46:51Z TRACE mdutil::image] parsing link for path: "tests/resources/test.md", original link: test/_not_exists_test.png
[INFO] [stdout] [2024-11-02T12:46:51Z TRACE mdutil::image] parsing link for path: "tests/resources/test.md", original link: https://www.baidu.com/img/PCtm_d9c8750bed0b3c7d089fa7d55720d6cf.png
[INFO] [stdout] [2024-11-02T12:46:51Z TRACE mdutil::image] parsing link for path: "tests/resources/test.md", original link: https://fsafthe234notexist.com/a/b/c_aaaa/a.png
[INFO] [stdout] [2024-11-02T12:46:51Z TRACE mdutil::image] waiting for 5 link tasks in path: tests/resources/test.md
[INFO] [stdout] [2024-11-02T12:46:51Z TRACE mdutil::image] start loading Link Local(/home/navyd/Workspaces/projects/blog-resources/assets/images/0c1c6c89-5dfb-4a5e-a4c5-6aac1b299b37.png) coding task
[INFO] [stdout] [2024-11-02T12:46:51Z TRACE mdutil::image] checking link: Local(/home/navyd/Workspaces/projects/blog-resources/assets/images/0c1c6c89-5dfb-4a5e-a4c5-6aac1b299b37.png)
[INFO] [stdout] [2024-11-02T12:46:51Z TRACE mdutil::image] start loading Link Local(tests/resources/test.png) coding task
[INFO] [stdout] [2024-11-02T12:46:51Z TRACE mdutil::image] checking link: Local(tests/resources/test.png)
[INFO] [stdout] [2024-11-02T12:46:51Z TRACE mdutil::image] reading from path: Some("tests/resources/test.png")
[INFO] [stdout] [2024-11-02T12:46:51Z TRACE mdutil::image] start loading Link Local(tests/resources/test/_not_exists_test.png) coding task
[INFO] [stdout] [2024-11-02T12:46:51Z TRACE mdutil::image] checking link: Local(tests/resources/test/_not_exists_test.png)
[INFO] [stdout] [2024-11-02T12:46:51Z TRACE mdutil::image] start loading Link Net(https://www.baidu.com/img/PCtm_d9c8750bed0b3c7d089fa7d55720d6cf.png) coding task
[INFO] [stdout] [2024-11-02T12:46:51Z TRACE mdutil::image] checking link: Net(https://www.baidu.com/img/PCtm_d9c8750bed0b3c7d089fa7d55720d6cf.png)
[INFO] [stdout] [2024-11-02T12:46:51Z TRACE mdutil::image] start loading Link Net(https://fsafthe234notexist.com/a/b/c_aaaa/a.png) coding task
[INFO] [stdout] [2024-11-02T12:46:51Z TRACE mdutil::image] checking link: Net(https://fsafthe234notexist.com/a/b/c_aaaa/a.png)
[INFO] [stdout] [2024-11-02T12:46:51Z DEBUG mdutil::image] link Local(/home/navyd/Workspaces/projects/blog-resources/assets/images/0c1c6c89-5dfb-4a5e-a4c5-6aac1b299b37.png) task failed in tests/resources/test.md: Local(/home/navyd/Workspaces/projects/blog-resources/assets/images/0c1c6c89-5dfb-4a5e-a4c5-6aac1b299b37.png)
[INFO] [stdout] [2024-11-02T12:46:51Z DEBUG mdutil::image] link Local(tests/resources/test/_not_exists_test.png) task failed in tests/resources/test.md: Local(tests/resources/test/_not_exists_test.png)
[INFO] [stdout] [2024-11-02T12:46:51Z DEBUG mdutil::image] link Net(https://www.baidu.com/img/PCtm_d9c8750bed0b3c7d089fa7d55720d6cf.png) task failed in tests/resources/test.md: Net(https://www.baidu.com/img/PCtm_d9c8750bed0b3c7d089fa7d55720d6cf.png)
[INFO] [stdout] [2024-11-02T12:46:51Z DEBUG mdutil::image] link Net(https://fsafthe234notexist.com/a/b/c_aaaa/a.png) task failed in tests/resources/test.md: Net(https://fsafthe234notexist.com/a/b/c_aaaa/a.png)
[INFO] [stdout] [2024-11-02T12:46:51Z TRACE mdutil::image] there are 5 tasks and 4 failed for tests/resources/test.md
[INFO] [stdout] [2024-11-02T12:46:51Z DEBUG mdutil::image] replacing 1 in all 5 links for tests/resources/test.md
[INFO] [stdout] [2024-11-02T12:46:51Z INFO  mdutil::image] replacing image link `![test image](test.png)` with `![test image][0_test.png]`
[INFO] [stdout] thread 'image::tests::convert_image_to_base64' panicked at src/image.rs:590:9:
[INFO] [stdout] assertion `left == right` failed
[INFO] [stdout]   left: 4
[INFO] [stdout]  right: 2
[INFO] [stdout] stack backtrace:
[INFO] [stdout]    0:     0x587a30fa168a - std::backtrace_rs::backtrace::libunwind::trace::h207520d6e9873551
[INFO] [stdout]                                at /rustc/df4ca44d3fbc9301ee17f30f4d474e6ae4b05252/library/std/src/../../backtrace/src/backtrace/libunwind.rs:116:5
[INFO] [stdout]    1:     0x587a30fa168a - std::backtrace_rs::backtrace::trace_unsynchronized::h2ed7433f370e3eca
[INFO] [stdout]                                at /rustc/df4ca44d3fbc9301ee17f30f4d474e6ae4b05252/library/std/src/../../backtrace/src/backtrace/mod.rs:66:5
[INFO] [stdout]    2:     0x587a30fa168a - std::sys::backtrace::_print_fmt::h916fac51166b18d7
[INFO] [stdout]                                at /rustc/df4ca44d3fbc9301ee17f30f4d474e6ae4b05252/library/std/src/sys/backtrace.rs:66:9
[INFO] [stdout]    3:     0x587a30fa168a - <std::sys::backtrace::BacktraceLock::print::DisplayBacktrace as core::fmt::Display>::fmt::ha0a4c9b8ce3802e6
[INFO] [stdout]                                at /rustc/df4ca44d3fbc9301ee17f30f4d474e6ae4b05252/library/std/src/sys/backtrace.rs:39:26
[INFO] [stdout]    4:     0x587a30fcc023 - core::fmt::rt::Argument::fmt::h4cfc8587d52b3eb5
[INFO] [stdout]                                at /rustc/df4ca44d3fbc9301ee17f30f4d474e6ae4b05252/library/core/src/fmt/rt.rs:177:76
[INFO] [stdout]    5:     0x587a30fcc023 - core::fmt::write::h522cc39e5b36ae9f
[INFO] [stdout]                                at /rustc/df4ca44d3fbc9301ee17f30f4d474e6ae4b05252/library/core/src/fmt/mod.rs:1190:21
[INFO] [stdout]    6:     0x587a30f9d4e3 - std::io::Write::write_fmt::h7d3c26752da97734
[INFO] [stdout]                                at /rustc/df4ca44d3fbc9301ee17f30f4d474e6ae4b05252/library/std/src/io/mod.rs:1839:15
[INFO] [stdout]    7:     0x587a30fa14d2 - std::sys::backtrace::BacktraceLock::print::h4b9e00b29e9c0942
[INFO] [stdout]                                at /rustc/df4ca44d3fbc9301ee17f30f4d474e6ae4b05252/library/std/src/sys/backtrace.rs:42:9
[INFO] [stdout]    8:     0x587a30fa2b1a - std::panicking::default_hook::{{closure}}::hb59b88280d0324d9
[INFO] [stdout]                                at /rustc/df4ca44d3fbc9301ee17f30f4d474e6ae4b05252/library/std/src/panicking.rs:268:22
[INFO] [stdout]    9:     0x587a30fa2924 - std::panicking::default_hook::he1dd496665be4a29
[INFO] [stdout]                                at /rustc/df4ca44d3fbc9301ee17f30f4d474e6ae4b05252/library/std/src/panicking.rs:292:9
[INFO] [stdout]   10:     0x587a30a1f7b9 - <alloc::boxed::Box<F,A> as core::ops::function::Fn<Args>>::call::h4ff71de18744e1dc
[INFO] [stdout]                                at /rustc/df4ca44d3fbc9301ee17f30f4d474e6ae4b05252/library/alloc/src/boxed.rs:2468:9
[INFO] [stdout]   11:     0x587a30a1f7b9 - test::test_main::{{closure}}::hcf7c055ce117aa81
[INFO] [stdout]                                at /rustc/df4ca44d3fbc9301ee17f30f4d474e6ae4b05252/library/test/src/lib.rs:133:21
[INFO] [stdout]   12:     0x587a30fa3218 - <alloc::boxed::Box<F,A> as core::ops::function::Fn<Args>>::call::h1d66c6bbd60c9692
[INFO] [stdout]                                at /rustc/df4ca44d3fbc9301ee17f30f4d474e6ae4b05252/library/alloc/src/boxed.rs:2468:9
[INFO] [stdout]   13:     0x587a30fa3218 - std::panicking::rust_panic_with_hook::h2ff17fe8f26dfcf8
[INFO] [stdout]                                at /rustc/df4ca44d3fbc9301ee17f30f4d474e6ae4b05252/library/std/src/panicking.rs:809:13
[INFO] [stdout]   14:     0x587a30fa2fda - std::panicking::begin_panic_handler::{{closure}}::h4fad77951c07e101
[INFO] [stdout]                                at /rustc/df4ca44d3fbc9301ee17f30f4d474e6ae4b05252/library/std/src/panicking.rs:674:13
[INFO] [stdout]   15:     0x587a30fa1b69 - std::sys::backtrace::__rust_end_short_backtrace::hb1a25b3da5d0ea08
[INFO] [stdout]                                at /rustc/df4ca44d3fbc9301ee17f30f4d474e6ae4b05252/library/std/src/sys/backtrace.rs:170:18
[INFO] [stdout]   16:     0x587a30fa2c6c - rust_begin_unwind
[INFO] [stdout]                                at /rustc/df4ca44d3fbc9301ee17f30f4d474e6ae4b05252/library/std/src/panicking.rs:665:5
[INFO] [stdout]   17:     0x587a30fca230 - core::panicking::panic_fmt::ha9db07b529f9b256
[INFO] [stdout]                                at /rustc/df4ca44d3fbc9301ee17f30f4d474e6ae4b05252/library/core/src/panicking.rs:75:14
[INFO] [stdout]   18:     0x587a30fca634 - core::panicking::assert_failed_inner::h04f38944d74a80a8
[INFO] [stdout]   19:     0x587a30c8ee0c - core::panicking::assert_failed::h8c3b11b9f3fa952e
[INFO] [stdout]                                at /rustc/df4ca44d3fbc9301ee17f30f4d474e6ae4b05252/library/core/src/panicking.rs:377:5
[INFO] [stdout]   20:     0x587a30983414 - mdutil::image::tests::convert_image_to_base64::{{closure}}::h2dcc1f8ecd3fb836
[INFO] [stdout]                                at /opt/rustwide/workdir/src/image.rs:590:9
[INFO] [stdout]   21:     0x587a309a258d - <core::pin::Pin<P> as core::future::future::Future>::poll::h9668b4bb2b9b95e3
[INFO] [stdout]                                at /rustc/df4ca44d3fbc9301ee17f30f4d474e6ae4b05252/library/core/src/future/future.rs:123:9
[INFO] [stdout]   22:     0x587a3098c28f - tokio::runtime::basic_scheduler::Inner<P>::block_on::{{closure}}::{{closure}}::h8f43a768a202374e
[INFO] [stdout]                                at /opt/rustwide/cargo-home/registry/src/index.crates.io-6f17d22bba15001f/tokio-1.8.1/src/runtime/basic_scheduler.rs:213:62
[INFO] [stdout]   23:     0x587a309932dc - tokio::coop::with_budget::{{closure}}::h2d96a00cb31c5194
[INFO] [stdout]                                at /opt/rustwide/cargo-home/registry/src/index.crates.io-6f17d22bba15001f/tokio-1.8.1/src/coop.rs:106:9
[INFO] [stdout]   24:     0x587a309b59d4 - std::thread::local::LocalKey<T>::try_with::h91be877994d1750a
[INFO] [stdout]                                at /rustc/df4ca44d3fbc9301ee17f30f4d474e6ae4b05252/library/std/src/thread/local.rs:283:12
[INFO] [stdout]   25:     0x587a309b4b6a - std::thread::local::LocalKey<T>::with::hdd7c1edbd7038f63
[INFO] [stdout]                                at /rustc/df4ca44d3fbc9301ee17f30f4d474e6ae4b05252/library/std/src/thread/local.rs:260:9
[INFO] [stdout]   26:     0x587a3098b148 - tokio::coop::with_budget::h6de991561e70c5e3
[INFO] [stdout]                                at /opt/rustwide/cargo-home/registry/src/index.crates.io-6f17d22bba15001f/tokio-1.8.1/src/coop.rs:99:5
[INFO] [stdout]   27:     0x587a3098b148 - tokio::coop::budget::h9786d4a61c45ba33
[INFO] [stdout]                                at /opt/rustwide/cargo-home/registry/src/index.crates.io-6f17d22bba15001f/tokio-1.8.1/src/coop.rs:76:5
[INFO] [stdout]   28:     0x587a3098b148 - tokio::runtime::basic_scheduler::Inner<P>::block_on::{{closure}}::h9454e97b98c029fb
[INFO] [stdout]                                at /opt/rustwide/cargo-home/registry/src/index.crates.io-6f17d22bba15001f/tokio-1.8.1/src/runtime/basic_scheduler.rs:213:39
[INFO] [stdout]   29:     0x587a3098ecfa - tokio::runtime::basic_scheduler::enter::{{closure}}::hced8ddfef05f38d6
[INFO] [stdout]                                at /opt/rustwide/cargo-home/registry/src/index.crates.io-6f17d22bba15001f/tokio-1.8.1/src/runtime/basic_scheduler.rs:323:29
[INFO] [stdout]   30:     0x587a30997d7d - tokio::macros::scoped_tls::ScopedKey<T>::set::h7fc2b441dc60b105
[INFO] [stdout]                                at /opt/rustwide/cargo-home/registry/src/index.crates.io-6f17d22bba15001f/tokio-1.8.1/src/macros/scoped_tls.rs:61:9
[INFO] [stdout]   31:     0x587a3098ec61 - tokio::runtime::basic_scheduler::enter::he73dbd5b3ad704f0
[INFO] [stdout]                                at /opt/rustwide/cargo-home/registry/src/index.crates.io-6f17d22bba15001f/tokio-1.8.1/src/runtime/basic_scheduler.rs:323:5
[INFO] [stdout]   32:     0x587a30989b03 - tokio::runtime::basic_scheduler::Inner<P>::block_on::h631f6bfebf50f319
[INFO] [stdout]                                at /opt/rustwide/cargo-home/registry/src/index.crates.io-6f17d22bba15001f/tokio-1.8.1/src/runtime/basic_scheduler.rs:202:9
[INFO] [stdout]   33:     0x587a3098c7b5 - tokio::runtime::basic_scheduler::InnerGuard<P>::block_on::h381b98c45dff5008
[INFO] [stdout]                                at /opt/rustwide/cargo-home/registry/src/index.crates.io-6f17d22bba15001f/tokio-1.8.1/src/runtime/basic_scheduler.rs:516:9
[INFO] [stdout]   34:     0x587a3098d317 - tokio::runtime::basic_scheduler::BasicScheduler<P>::block_on::hdcbb649af24c52e9
[INFO] [stdout]                                at /opt/rustwide/cargo-home/registry/src/index.crates.io-6f17d22bba15001f/tokio-1.8.1/src/runtime/basic_scheduler.rs:162:24
[INFO] [stdout]   35:     0x587a3098ef79 - tokio::runtime::Runtime::block_on::h1173a2e320423208
[INFO] [stdout]                                at /opt/rustwide/cargo-home/registry/src/index.crates.io-6f17d22bba15001f/tokio-1.8.1/src/runtime/mod.rs:450:46
[INFO] [stdout]   36:     0x587a30982df7 - mdutil::image::tests::convert_image_to_base64::ha4cd9367db0e2b54
[INFO] [stdout]                                at /opt/rustwide/workdir/src/image.rs:613:9
[INFO] [stdout]   37:     0x587a30982d27 - mdutil::image::tests::convert_image_to_base64::{{closure}}::hca7bd5e181aebf5f
[INFO] [stdout]                                at /opt/rustwide/workdir/src/image.rs:584:43
[INFO] [stdout]   38:     0x587a309743a6 - core::ops::function::FnOnce::call_once::h2f5a8626fdb68085
[INFO] [stdout]                                at /rustc/df4ca44d3fbc9301ee17f30f4d474e6ae4b05252/library/core/src/ops/function.rs:250:5
[INFO] [stdout]   39:     0x587a30a2408b - core::ops::function::FnOnce::call_once::h22c3ba5715e93f05
[INFO] [stdout]                                at /rustc/df4ca44d3fbc9301ee17f30f4d474e6ae4b05252/library/core/src/ops/function.rs:250:5
[INFO] [stdout]   40:     0x587a30a2408b - test::__rust_begin_short_backtrace::h8e82d8113d0da17f
[INFO] [stdout]                                at /rustc/df4ca44d3fbc9301ee17f30f4d474e6ae4b05252/library/test/src/lib.rs:621:18
[INFO] [stdout]   41:     0x587a30a23a07 - test::run_test_in_process::{{closure}}::h33235f4f20b7b7c7
[INFO] [stdout]                                at /rustc/df4ca44d3fbc9301ee17f30f4d474e6ae4b05252/library/test/src/lib.rs:644:60
[INFO] [stdout]   42:     0x587a30a23a07 - <core::panic::unwind_safe::AssertUnwindSafe<F> as core::ops::function::FnOnce<()>>::call_once::hb5043206310c586f
[INFO] [stdout]                                at /rustc/df4ca44d3fbc9301ee17f30f4d474e6ae4b05252/library/core/src/panic/unwind_safe.rs:272:9
[INFO] [stdout]   43:     0x587a30a23a07 - std::panicking::try::do_call::h9ad4731a60ab23e2
[INFO] [stdout]                                at /rustc/df4ca44d3fbc9301ee17f30f4d474e6ae4b05252/library/std/src/panicking.rs:557:40
[INFO] [stdout]   44:     0x587a30a23a07 - std::panicking::try::h3824d23db772a716
[INFO] [stdout]                                at /rustc/df4ca44d3fbc9301ee17f30f4d474e6ae4b05252/library/std/src/panicking.rs:520:19
[INFO] [stdout]   45:     0x587a30a23a07 - std::panic::catch_unwind::h5afd514605fde46b
[INFO] [stdout]                                at /rustc/df4ca44d3fbc9301ee17f30f4d474e6ae4b05252/library/std/src/panic.rs:358:14
[INFO] [stdout]   46:     0x587a30a23a07 - test::run_test_in_process::h0d5cbfa7067d1720
[INFO] [stdout]                                at /rustc/df4ca44d3fbc9301ee17f30f4d474e6ae4b05252/library/test/src/lib.rs:644:27
[INFO] [stdout]   47:     0x587a30a23a07 - test::run_test::{{closure}}::h708eb8872708115d
[INFO] [stdout]                                at /rustc/df4ca44d3fbc9301ee17f30f4d474e6ae4b05252/library/test/src/lib.rs:565:43
[INFO] [stdout]   48:     0x587a309e7124 - test::run_test::{{closure}}::h392c51cee94713ab
[INFO] [stdout]                                at /rustc/df4ca44d3fbc9301ee17f30f4d474e6ae4b05252/library/test/src/lib.rs:595:41
[INFO] [stdout]   49:     0x587a309e7124 - std::sys::backtrace::__rust_begin_short_backtrace::h2f40290710935a8b
[INFO] [stdout]                                at /rustc/df4ca44d3fbc9301ee17f30f4d474e6ae4b05252/library/std/src/sys/backtrace.rs:154:18
[INFO] [stdout]   50:     0x587a309ea8ce - std::thread::Builder::spawn_unchecked_::{{closure}}::{{closure}}::h3fd968d89053a903
[INFO] [stdout]                                at /rustc/df4ca44d3fbc9301ee17f30f4d474e6ae4b05252/library/std/src/thread/mod.rs:541:17
[INFO] [stdout]   51:     0x587a309ea8ce - <core::panic::unwind_safe::AssertUnwindSafe<F> as core::ops::function::FnOnce<()>>::call_once::h743f637ba4229880
[INFO] [stdout]                                at /rustc/df4ca44d3fbc9301ee17f30f4d474e6ae4b05252/library/core/src/panic/unwind_safe.rs:272:9
[INFO] [stdout]   52:     0x587a309ea8ce - std::panicking::try::do_call::h07440897322525a6
[INFO] [stdout]                                at /rustc/df4ca44d3fbc9301ee17f30f4d474e6ae4b05252/library/std/src/panicking.rs:557:40
[INFO] [stdout]   53:     0x587a309ea8ce - std::panicking::try::he5a2e00188156637
[INFO] [stdout]                                at /rustc/df4ca44d3fbc9301ee17f30f4d474e6ae4b05252/library/std/src/panicking.rs:520:19
[INFO] [stdout]   54:     0x587a309ea8ce - std::panic::catch_unwind::hbaf3cae49b3c6433
[INFO] [stdout]                                at /rustc/df4ca44d3fbc9301ee17f30f4d474e6ae4b05252/library/std/src/panic.rs:358:14
[INFO] [stdout]   55:     0x587a309ea8ce - std::thread::Builder::spawn_unchecked_::{{closure}}::h8e141ea224820bce
[INFO] [stdout]                                at /rustc/df4ca44d3fbc9301ee17f30f4d474e6ae4b05252/library/std/src/thread/mod.rs:540:30
[INFO] [stdout]   56:     0x587a309ea8ce - core::ops::function::FnOnce::call_once{{vtable.shim}}::h90d312fedd7b8ea8
[INFO] [stdout]                                at /rustc/df4ca44d3fbc9301ee17f30f4d474e6ae4b05252/library/core/src/ops/function.rs:250:5
[INFO] [stdout]   57:     0x587a30fa74db - <alloc::boxed::Box<F,A> as core::ops::function::FnOnce<Args>>::call_once::h69aa08ddb6adb8b6
[INFO] [stdout]                                at /rustc/df4ca44d3fbc9301ee17f30f4d474e6ae4b05252/library/alloc/src/boxed.rs:2454:9
[INFO] [stdout]   58:     0x587a30fa74db - <alloc::boxed::Box<F,A> as core::ops::function::FnOnce<Args>>::call_once::h5aa36efdb79c806f
[INFO] [stdout]                                at /rustc/df4ca44d3fbc9301ee17f30f4d474e6ae4b05252/library/alloc/src/boxed.rs:2454:9
[INFO] [stdout]   59:     0x587a30fa74db - std::sys::pal::unix::thread::Thread::new::thread_start::h6cd80a1b4be5158d
[INFO] [stdout]                                at /rustc/df4ca44d3fbc9301ee17f30f4d474e6ae4b05252/library/std/src/sys/pal/unix/thread.rs:105:17
[INFO] [stdout]   60:     0x73e5e60b9ac3 - <unknown>
[INFO] [stdout]   61:     0x73e5e614aa04 - clone
[INFO] [stdout]   62:                0x0 - <unknown>
[INFO] [stdout] 
[INFO] [stdout] ---- image::tests::test_check_links stdout ----
[INFO] [stdout] [2024-11-02T12:46:51Z TRACE mdutil::image] checking link: Net(https://www.baidu.com/img/PCtm_d9c8750bed0b3c7d089fa7d55720d6cf.png)
[INFO] [stdout] thread 'image::tests::test_check_links' panicked at src/image.rs:618:9:
[INFO] [stdout] assertion failed: check_link(&CLIENT,
[INFO] [stdout]             &Link::Net("https://www.baidu.com/img/PCtm_d9c8750bed0b3c7d089fa7d55720d6cf.png".parse()?)).await.is_ok()
[INFO] [stdout] stack backtrace:
[INFO] [stdout]    0:     0x587a30fa168a - std::backtrace_rs::backtrace::libunwind::trace::h207520d6e9873551
[INFO] [stdout]                                at /rustc/df4ca44d3fbc9301ee17f30f4d474e6ae4b05252/library/std/src/../../backtrace/src/backtrace/libunwind.rs:116:5
[INFO] [stdout]    1:     0x587a30fa168a - std::backtrace_rs::backtrace::trace_unsynchronized::h2ed7433f370e3eca
[INFO] [stdout]                                at /rustc/df4ca44d3fbc9301ee17f30f4d474e6ae4b05252/library/std/src/../../backtrace/src/backtrace/mod.rs:66:5
[INFO] [stdout]    2:     0x587a30fa168a - std::sys::backtrace::_print_fmt::h916fac51166b18d7
[INFO] [stdout]                                at /rustc/df4ca44d3fbc9301ee17f30f4d474e6ae4b05252/library/std/src/sys/backtrace.rs:66:9
[INFO] [stdout]    3:     0x587a30fa168a - <std::sys::backtrace::BacktraceLock::print::DisplayBacktrace as core::fmt::Display>::fmt::ha0a4c9b8ce3802e6
[INFO] [stdout]                                at /rustc/df4ca44d3fbc9301ee17f30f4d474e6ae4b05252/library/std/src/sys/backtrace.rs:39:26
[INFO] [stdout]    4:     0x587a30fcc023 - core::fmt::rt::Argument::fmt::h4cfc8587d52b3eb5
[INFO] [stdout]                                at /rustc/df4ca44d3fbc9301ee17f30f4d474e6ae4b05252/library/core/src/fmt/rt.rs:177:76
[INFO] [stdout]    5:     0x587a30fcc023 - core::fmt::write::h522cc39e5b36ae9f
[INFO] [stdout]                                at /rustc/df4ca44d3fbc9301ee17f30f4d474e6ae4b05252/library/core/src/fmt/mod.rs:1190:21
[INFO] [stdout]    6:     0x587a30f9d4e3 - std::io::Write::write_fmt::h7d3c26752da97734
[INFO] [stdout]                                at /rustc/df4ca44d3fbc9301ee17f30f4d474e6ae4b05252/library/std/src/io/mod.rs:1839:15
[INFO] [stdout]    7:     0x587a30fa14d2 - std::sys::backtrace::BacktraceLock::print::h4b9e00b29e9c0942
[INFO] [stdout]                                at /rustc/df4ca44d3fbc9301ee17f30f4d474e6ae4b05252/library/std/src/sys/backtrace.rs:42:9
[INFO] [stdout]    8:     0x587a30fa2b1a - std::panicking::default_hook::{{closure}}::hb59b88280d0324d9
[INFO] [stdout]                                at /rustc/df4ca44d3fbc9301ee17f30f4d474e6ae4b05252/library/std/src/panicking.rs:268:22
[INFO] [stdout]    9:     0x587a30fa2924 - std::panicking::default_hook::he1dd496665be4a29
[INFO] [stdout]                                at /rustc/df4ca44d3fbc9301ee17f30f4d474e6ae4b05252/library/std/src/panicking.rs:292:9
[INFO] [stdout]   10:     0x587a30a1f7b9 - <alloc::boxed::Box<F,A> as core::ops::function::Fn<Args>>::call::h4ff71de18744e1dc
[INFO] [stdout]                                at /rustc/df4ca44d3fbc9301ee17f30f4d474e6ae4b05252/library/alloc/src/boxed.rs:2468:9
[INFO] [stdout]   11:     0x587a30a1f7b9 - test::test_main::{{closure}}::hcf7c055ce117aa81
[INFO] [stdout]                                at /rustc/df4ca44d3fbc9301ee17f30f4d474e6ae4b05252/library/test/src/lib.rs:133:21
[INFO] [stdout]   12:     0x587a30fa3218 - <alloc::boxed::Box<F,A> as core::ops::function::Fn<Args>>::call::h1d66c6bbd60c9692
[INFO] [stdout]                                at /rustc/df4ca44d3fbc9301ee17f30f4d474e6ae4b05252/library/alloc/src/boxed.rs:2468:9
[INFO] [stdout]   13:     0x587a30fa3218 - std::panicking::rust_panic_with_hook::h2ff17fe8f26dfcf8
[INFO] [stdout]                                at /rustc/df4ca44d3fbc9301ee17f30f4d474e6ae4b05252/library/std/src/panicking.rs:809:13
[INFO] [stdout]   14:     0x587a30fa2fa6 - std::panicking::begin_panic_handler::{{closure}}::h4fad77951c07e101
[INFO] [stdout]                                at /rustc/df4ca44d3fbc9301ee17f30f4d474e6ae4b05252/library/std/src/panicking.rs:667:13
[INFO] [stdout]   15:     0x587a30fa1b69 - std::sys::backtrace::__rust_end_short_backtrace::hb1a25b3da5d0ea08
[INFO] [stdout]                                at /rustc/df4ca44d3fbc9301ee17f30f4d474e6ae4b05252/library/std/src/sys/backtrace.rs:170:18
[INFO] [stdout]   16:     0x587a30fa2c6c - rust_begin_unwind
[INFO] [stdout]                                at /rustc/df4ca44d3fbc9301ee17f30f4d474e6ae4b05252/library/std/src/panicking.rs:665:5
[INFO] [stdout]   17:     0x587a30fca230 - core::panicking::panic_fmt::ha9db07b529f9b256
[INFO] [stdout]                                at /rustc/df4ca44d3fbc9301ee17f30f4d474e6ae4b05252/library/core/src/panicking.rs:75:14
[INFO] [stdout]   18:     0x587a30fca2bc - core::panicking::panic::h993086813d94accc
[INFO] [stdout]                                at /rustc/df4ca44d3fbc9301ee17f30f4d474e6ae4b05252/library/core/src/panicking.rs:152:5
[INFO] [stdout]   19:     0x587a3098445c - mdutil::image::tests::test_check_links::{{closure}}::ha497a68b6afcf4b5
[INFO] [stdout]                                at /opt/rustwide/workdir/src/image.rs:618:9
[INFO] [stdout]   20:     0x587a309a250d - <core::pin::Pin<P> as core::future::future::Future>::poll::h383c3f6e5bd9c6d2
[INFO] [stdout]                                at /rustc/df4ca44d3fbc9301ee17f30f4d474e6ae4b05252/library/core/src/future/future.rs:123:9
[INFO] [stdout]   21:     0x587a3098c3ff - tokio::runtime::basic_scheduler::Inner<P>::block_on::{{closure}}::{{closure}}::hbfcdc520741c1e9b
[INFO] [stdout]                                at /opt/rustwide/cargo-home/registry/src/index.crates.io-6f17d22bba15001f/tokio-1.8.1/src/runtime/basic_scheduler.rs:213:62
[INFO] [stdout]   22:     0x587a3099359c - tokio::coop::with_budget::{{closure}}::h386c31c1cc69e76b
[INFO] [stdout]                                at /opt/rustwide/cargo-home/registry/src/index.crates.io-6f17d22bba15001f/tokio-1.8.1/src/coop.rs:106:9
[INFO] [stdout]   23:     0x587a309b5534 - std::thread::local::LocalKey<T>::try_with::h7a4d2aecc0a65876
[INFO] [stdout]                                at /rustc/df4ca44d3fbc9301ee17f30f4d474e6ae4b05252/library/std/src/thread/local.rs:283:12
[INFO] [stdout]   24:     0x587a309b481a - std::thread::local::LocalKey<T>::with::h2a6af2f00ed07fe4
[INFO] [stdout]                                at /rustc/df4ca44d3fbc9301ee17f30f4d474e6ae4b05252/library/std/src/thread/local.rs:260:9
[INFO] [stdout]   25:     0x587a3098a7a8 - tokio::coop::with_budget::he0b5958f5a60b480
[INFO] [stdout]                                at /opt/rustwide/cargo-home/registry/src/index.crates.io-6f17d22bba15001f/tokio-1.8.1/src/coop.rs:99:5
[INFO] [stdout]   26:     0x587a3098a7a8 - tokio::coop::budget::h1133bee626974c83
[INFO] [stdout]                                at /opt/rustwide/cargo-home/registry/src/index.crates.io-6f17d22bba15001f/tokio-1.8.1/src/coop.rs:76:5
[INFO] [stdout]   27:     0x587a3098a7a8 - tokio::runtime::basic_scheduler::Inner<P>::block_on::{{closure}}::h6cbaca804200f97c
[INFO] [stdout]                                at /opt/rustwide/cargo-home/registry/src/index.crates.io-6f17d22bba15001f/tokio-1.8.1/src/runtime/basic_scheduler.rs:213:39
[INFO] [stdout]   28:     0x587a3098ed3a - tokio::runtime::basic_scheduler::enter::{{closure}}::hef36e5c8d0f53db7
[INFO] [stdout]                                at /opt/rustwide/cargo-home/registry/src/index.crates.io-6f17d22bba15001f/tokio-1.8.1/src/runtime/basic_scheduler.rs:323:29
[INFO] [stdout]   29:     0x587a30997f7d - tokio::macros::scoped_tls::ScopedKey<T>::set::heb09eff87f9ffab2
[INFO] [stdout]                                at /opt/rustwide/cargo-home/registry/src/index.crates.io-6f17d22bba15001f/tokio-1.8.1/src/macros/scoped_tls.rs:61:9
[INFO] [stdout]   30:     0x587a3098e151 - tokio::runtime::basic_scheduler::enter::h7d0c7edcc3d2f36b
[INFO] [stdout]                                at /opt/rustwide/cargo-home/registry/src/index.crates.io-6f17d22bba15001f/tokio-1.8.1/src/runtime/basic_scheduler.rs:323:5
[INFO] [stdout]   31:     0x587a30989ae3 - tokio::runtime::basic_scheduler::Inner<P>::block_on::h1a3c2682d0d72b5e
[INFO] [stdout]                                at /opt/rustwide/cargo-home/registry/src/index.crates.io-6f17d22bba15001f/tokio-1.8.1/src/runtime/basic_scheduler.rs:202:9
[INFO] [stdout]   32:     0x587a3098c915 - tokio::runtime::basic_scheduler::InnerGuard<P>::block_on::hf5b8a2f18aad09c4
[INFO] [stdout]                                at /opt/rustwide/cargo-home/registry/src/index.crates.io-6f17d22bba15001f/tokio-1.8.1/src/runtime/basic_scheduler.rs:516:9
[INFO] [stdout]   33:     0x587a3098cbf7 - tokio::runtime::basic_scheduler::BasicScheduler<P>::block_on::h13c94407bccde185
[INFO] [stdout]                                at /opt/rustwide/cargo-home/registry/src/index.crates.io-6f17d22bba15001f/tokio-1.8.1/src/runtime/basic_scheduler.rs:162:24
[INFO] [stdout]   34:     0x587a3098f129 - tokio::runtime::Runtime::block_on::h2446bb90e04c3b84
[INFO] [stdout]                                at /opt/rustwide/cargo-home/registry/src/index.crates.io-6f17d22bba15001f/tokio-1.8.1/src/runtime/mod.rs:450:46
[INFO] [stdout]   35:     0x587a30983ee7 - mdutil::image::tests::test_check_links::h5db26475778459ae
[INFO] [stdout]                                at /opt/rustwide/workdir/src/image.rs:645:9
[INFO] [stdout]   36:     0x587a30983e17 - mdutil::image::tests::test_check_links::{{closure}}::hc50885e183007a87
[INFO] [stdout]                                at /opt/rustwide/workdir/src/image.rs:617:36
[INFO] [stdout]   37:     0x587a30974ba6 - core::ops::function::FnOnce::call_once::hedb19e6adb30fb5f
[INFO] [stdout]                                at /rustc/df4ca44d3fbc9301ee17f30f4d474e6ae4b05252/library/core/src/ops/function.rs:250:5
[INFO] [stdout]   38:     0x587a30a2408b - core::ops::function::FnOnce::call_once::h22c3ba5715e93f05
[INFO] [stdout]                                at /rustc/df4ca44d3fbc9301ee17f30f4d474e6ae4b05252/library/core/src/ops/function.rs:250:5
[INFO] [stdout]   39:     0x587a30a2408b - test::__rust_begin_short_backtrace::h8e82d8113d0da17f
[INFO] [stdout]                                at /rustc/df4ca44d3fbc9301ee17f30f4d474e6ae4b05252/library/test/src/lib.rs:621:18
[INFO] [stdout]   40:     0x587a30a23a07 - test::run_test_in_process::{{closure}}::h33235f4f20b7b7c7
[INFO] [stdout]                                at /rustc/df4ca44d3fbc9301ee17f30f4d474e6ae4b05252/library/test/src/lib.rs:644:60
[INFO] [stdout]   41:     0x587a30a23a07 - <core::panic::unwind_safe::AssertUnwindSafe<F> as core::ops::function::FnOnce<()>>::call_once::hb5043206310c586f
[INFO] [stdout]                                at /rustc/df4ca44d3fbc9301ee17f30f4d474e6ae4b05252/library/core/src/panic/unwind_safe.rs:272:9
[INFO] [stdout]   42:     0x587a30a23a07 - std::panicking::try::do_call::h9ad4731a60ab23e2
[INFO] [stdout]                                at /rustc/df4ca44d3fbc9301ee17f30f4d474e6ae4b05252/library/std/src/panicking.rs:557:40
[INFO] [stdout]   43:     0x587a30a23a07 - std::panicking::try::h3824d23db772a716
[INFO] [stdout]                                at /rustc/df4ca44d3fbc9301ee17f30f4d474e6ae4b05252/library/std/src/panicking.rs:520:19
[INFO] [stdout]   44:     0x587a30a23a07 - std::panic::catch_unwind::h5afd514605fde46b
[INFO] [stdout]                                at /rustc/df4ca44d3fbc9301ee17f30f4d474e6ae4b05252/library/std/src/panic.rs:358:14
[INFO] [stdout]   45:     0x587a30a23a07 - test::run_test_in_process::h0d5cbfa7067d1720
[INFO] [stdout]                                at /rustc/df4ca44d3fbc9301ee17f30f4d474e6ae4b05252/library/test/src/lib.rs:644:27
[INFO] [stdout]   46:     0x587a30a23a07 - test::run_test::{{closure}}::h708eb8872708115d
[INFO] [stdout]                                at /rustc/df4ca44d3fbc9301ee17f30f4d474e6ae4b05252/library/test/src/lib.rs:565:43
[INFO] [stdout]   47:     0x587a309e7124 - test::run_test::{{closure}}::h392c51cee94713ab
[INFO] [stdout]                                at /rustc/df4ca44d3fbc9301ee17f30f4d474e6ae4b05252/library/test/src/lib.rs:595:41
[INFO] [stdout]   48:     0x587a309e7124 - std::sys::backtrace::__rust_begin_short_backtrace::h2f40290710935a8b
[INFO] [stdout]                                at /rustc/df4ca44d3fbc9301ee17f30f4d474e6ae4b05252/library/std/src/sys/backtrace.rs:154:18
[INFO] [stdout]   49:     0x587a309ea8ce - std::thread::Builder::spawn_unchecked_::{{closure}}::{{closure}}::h3fd968d89053a903
[INFO] [stdout]                                at /rustc/df4ca44d3fbc9301ee17f30f4d474e6ae4b05252/library/std/src/thread/mod.rs:541:17
[INFO] [stdout]   50:     0x587a309ea8ce - <core::panic::unwind_safe::AssertUnwindSafe<F> as core::ops::function::FnOnce<()>>::call_once::h743f637ba4229880
[INFO] [stdout]                                at /rustc/df4ca44d3fbc9301ee17f30f4d474e6ae4b05252/library/core/src/panic/unwind_safe.rs:272:9
[INFO] [stdout]   51:     0x587a309ea8ce - std::panicking::try::do_call::h07440897322525a6
[INFO] [stdout]                                at /rustc/df4ca44d3fbc9301ee17f30f4d474e6ae4b05252/library/std/src/panicking.rs:557:40
[INFO] [stdout]   52:     0x587a309ea8ce - std::panicking::try::he5a2e00188156637
[INFO] [stdout]                                at /rustc/df4ca44d3fbc9301ee17f30f4d474e6ae4b05252/library/std/src/panicking.rs:520:19
[INFO] [stdout]   53:     0x587a309ea8ce - std::panic::catch_unwind::hbaf3cae49b3c6433
[INFO] [stdout]                                at /rustc/df4ca44d3fbc9301ee17f30f4d474e6ae4b05252/library/std/src/panic.rs:358:14
[INFO] [stdout]   54:     0x587a309ea8ce - std::thread::Builder::spawn_unchecked_::{{closure}}::h8e141ea224820bce
[INFO] [stdout]                                at /rustc/df4ca44d3fbc9301ee17f30f4d474e6ae4b05252/library/std/src/thread/mod.rs:540:30
[INFO] [stdout]   55:     0x587a309ea8ce - core::ops::function::FnOnce::call_once{{vtable.shim}}::h90d312fedd7b8ea8
[INFO] [stdout]                                at /rustc/df4ca44d3fbc9301ee17f30f4d474e6ae4b05252/library/core/src/ops/function.rs:250:5
[INFO] [stdout]   56:     0x587a30fa74db - <alloc::boxed::Box<F,A> as core::ops::function::FnOnce<Args>>::call_once::h69aa08ddb6adb8b6
[INFO] [stdout]                                at /rustc/df4ca44d3fbc9301ee17f30f4d474e6ae4b05252/library/alloc/src/boxed.rs:2454:9
[INFO] [stdout]   57:     0x587a30fa74db - <alloc::boxed::Box<F,A> as core::ops::function::FnOnce<Args>>::call_once::h5aa36efdb79c806f
[INFO] [stdout]                                at /rustc/df4ca44d3fbc9301ee17f30f4d474e6ae4b05252/library/alloc/src/boxed.rs:2454:9
[INFO] [stdout]   58:     0x587a30fa74db - std::sys::pal::unix::thread::Thread::new::thread_start::h6cd80a1b4be5158d
[INFO] [stdout]                                at /rustc/df4ca44d3fbc9301ee17f30f4d474e6ae4b05252/library/std/src/sys/pal/unix/thread.rs:105:17
[INFO] [stdout]   59:     0x73e5e60b9ac3 - <unknown>
[INFO] [stdout]   60:     0x73e5e614aa04 - clone
[INFO] [stdout]   61:                0x0 - <unknown>
[INFO] [stdout] 
[INFO] [stdout] ---- image::tests::test_check stdout ----
[INFO] [stdout] [2024-11-02T12:46:51Z DEBUG mdutil::image] checking in path: "tests/resources/test.md", args: CheckerArgs { connect_timeout: 3s, image_link_type: All }
[INFO] [stdout] [2024-11-02T12:46:51Z TRACE mdutil::image] parsing link for path: "tests/resources/test.md", original link: /home/navyd/Workspaces/projects/blog-resources/assets/images/0c1c6c89-5dfb-4a5e-a4c5-6aac1b299b37.png
[INFO] [stdout] [2024-11-02T12:46:51Z TRACE mdutil::image] parsing link for path: "tests/resources/test.md", original link: test.png
[INFO] [stdout] [2024-11-02T12:46:51Z TRACE mdutil::image] parsing link for path: "tests/resources/test.md", original link: test/_not_exists_test.png
[INFO] [stdout] [2024-11-02T12:46:51Z TRACE mdutil::image] parsing link for path: "tests/resources/test.md", original link: https://www.baidu.com/img/PCtm_d9c8750bed0b3c7d089fa7d55720d6cf.png
[INFO] [stdout] [2024-11-02T12:46:51Z TRACE mdutil::image] parsing link for path: "tests/resources/test.md", original link: https://fsafthe234notexist.com/a/b/c_aaaa/a.png
[INFO] [stdout] [2024-11-02T12:46:51Z DEBUG mdutil::image] waiting 5 tasks on path: "tests/resources/test.md"
[INFO] [stdout] [2024-11-02T12:46:51Z TRACE mdutil::image] checking link: Local(/home/navyd/Workspaces/projects/blog-resources/assets/images/0c1c6c89-5dfb-4a5e-a4c5-6aac1b299b37.png)
[INFO] [stdout] [2024-11-02T12:46:51Z TRACE mdutil::image] checking link: Local(tests/resources/test.png)
[INFO] [stdout] [2024-11-02T12:46:51Z TRACE mdutil::image] checking link: Local(tests/resources/test/_not_exists_test.png)
[INFO] [stdout] [2024-11-02T12:46:51Z TRACE mdutil::image] checking link: Net(https://www.baidu.com/img/PCtm_d9c8750bed0b3c7d089fa7d55720d6cf.png)
[INFO] [stdout] [2024-11-02T12:46:51Z TRACE mdutil::image] checking link: Net(https://fsafthe234notexist.com/a/b/c_aaaa/a.png)
[INFO] [stdout] [2024-11-02T12:46:51Z DEBUG mdutil::image] there are 4 problems in the check path: "tests/resources/test.md"
[INFO] [stdout] thread 'image::tests::test_check' panicked at src/image.rs:579:9:
[INFO] [stdout] assertion `left == right` failed
[INFO] [stdout]   left: 4
[INFO] [stdout]  right: 2
[INFO] [stdout] stack backtrace:
[INFO] [stdout]    0:     0x587a30fa168a - std::backtrace_rs::backtrace::libunwind::trace::h207520d6e9873551
[INFO] [stdout]                                at /rustc/df4ca44d3fbc9301ee17f30f4d474e6ae4b05252/library/std/src/../../backtrace/src/backtrace/libunwind.rs:116:5
[INFO] [stdout]    1:     0x587a30fa168a - std::backtrace_rs::backtrace::trace_unsynchronized::h2ed7433f370e3eca
[INFO] [stdout]                                at /rustc/df4ca44d3fbc9301ee17f30f4d474e6ae4b05252/library/std/src/../../backtrace/src/backtrace/mod.rs:66:5
[INFO] [stdout]    2:     0x587a30fa168a - std::sys::backtrace::_print_fmt::h916fac51166b18d7
[INFO] [stdout]                                at /rustc/df4ca44d3fbc9301ee17f30f4d474e6ae4b05252/library/std/src/sys/backtrace.rs:66:9
[INFO] [stdout]    3:     0x587a30fa168a - <std::sys::backtrace::BacktraceLock::print::DisplayBacktrace as core::fmt::Display>::fmt::ha0a4c9b8ce3802e6
[INFO] [stdout]                                at /rustc/df4ca44d3fbc9301ee17f30f4d474e6ae4b05252/library/std/src/sys/backtrace.rs:39:26
[INFO] [stdout]    4:     0x587a30fcc023 - core::fmt::rt::Argument::fmt::h4cfc8587d52b3eb5
[INFO] [stdout]                                at /rustc/df4ca44d3fbc9301ee17f30f4d474e6ae4b05252/library/core/src/fmt/rt.rs:177:76
[INFO] [stdout]    5:     0x587a30fcc023 - core::fmt::write::h522cc39e5b36ae9f
[INFO] [stdout]                                at /rustc/df4ca44d3fbc9301ee17f30f4d474e6ae4b05252/library/core/src/fmt/mod.rs:1190:21
[INFO] [stdout]    6:     0x587a30f9d4e3 - std::io::Write::write_fmt::h7d3c26752da97734
[INFO] [stdout]                                at /rustc/df4ca44d3fbc9301ee17f30f4d474e6ae4b05252/library/std/src/io/mod.rs:1839:15
[INFO] [stdout]    7:     0x587a30fa14d2 - std::sys::backtrace::BacktraceLock::print::h4b9e00b29e9c0942
[INFO] [stdout]                                at /rustc/df4ca44d3fbc9301ee17f30f4d474e6ae4b05252/library/std/src/sys/backtrace.rs:42:9
[INFO] [stdout]    8:     0x587a30fa2b1a - std::panicking::default_hook::{{closure}}::hb59b88280d0324d9
[INFO] [stdout]                                at /rustc/df4ca44d3fbc9301ee17f30f4d474e6ae4b05252/library/std/src/panicking.rs:268:22
[INFO] [stdout]    9:     0x587a30fa2924 - std::panicking::default_hook::he1dd496665be4a29
[INFO] [stdout]                                at /rustc/df4ca44d3fbc9301ee17f30f4d474e6ae4b05252/library/std/src/panicking.rs:292:9
[INFO] [stdout]   10:     0x587a30a1f7b9 - <alloc::boxed::Box<F,A> as core::ops::function::Fn<Args>>::call::h4ff71de18744e1dc
[INFO] [stdout]                                at /rustc/df4ca44d3fbc9301ee17f30f4d474e6ae4b05252/library/alloc/src/boxed.rs:2468:9
[INFO] [stdout]   11:     0x587a30a1f7b9 - test::test_main::{{closure}}::hcf7c055ce117aa81
[INFO] [stdout]                                at /rustc/df4ca44d3fbc9301ee17f30f4d474e6ae4b05252/library/test/src/lib.rs:133:21
[INFO] [stdout]   12:     0x587a30fa3218 - <alloc::boxed::Box<F,A> as core::ops::function::Fn<Args>>::call::h1d66c6bbd60c9692
[INFO] [stdout]                                at /rustc/df4ca44d3fbc9301ee17f30f4d474e6ae4b05252/library/alloc/src/boxed.rs:2468:9
[INFO] [stdout]   13:     0x587a30fa3218 - std::panicking::rust_panic_with_hook::h2ff17fe8f26dfcf8
[INFO] [stdout]                                at /rustc/df4ca44d3fbc9301ee17f30f4d474e6ae4b05252/library/std/src/panicking.rs:809:13
[INFO] [stdout]   14:     0x587a30fa2fda - std::panicking::begin_panic_handler::{{closure}}::h4fad77951c07e101
[INFO] [stdout]                                at /rustc/df4ca44d3fbc9301ee17f30f4d474e6ae4b05252/library/std/src/panicking.rs:674:13
[INFO] [stdout]   15:     0x587a30fa1b69 - std::sys::backtrace::__rust_end_short_backtrace::hb1a25b3da5d0ea08
[INFO] [stdout]                                at /rustc/df4ca44d3fbc9301ee17f30f4d474e6ae4b05252/library/std/src/sys/backtrace.rs:170:18
[INFO] [stdout]   16:     0x587a30fa2c6c - rust_begin_unwind
[INFO] [stdout]                                at /rustc/df4ca44d3fbc9301ee17f30f4d474e6ae4b05252/library/std/src/panicking.rs:665:5
[INFO] [stdout]   17:     0x587a30fca230 - core::panicking::panic_fmt::ha9db07b529f9b256
[INFO] [stdout]                                at /rustc/df4ca44d3fbc9301ee17f30f4d474e6ae4b05252/library/core/src/panicking.rs:75:14
[INFO] [stdout]   18:     0x587a30fca634 - core::panicking::assert_failed_inner::h04f38944d74a80a8
[INFO] [stdout]   19:     0x587a30c8ee0c - core::panicking::assert_failed::h8c3b11b9f3fa952e
[INFO] [stdout]                                at /rustc/df4ca44d3fbc9301ee17f30f4d474e6ae4b05252/library/core/src/panicking.rs:377:5
[INFO] [stdout]   20:     0x587a30982c45 - mdutil::image::tests::test_check::{{closure}}::h9689edd4c6be886f
[INFO] [stdout]                                at /opt/rustwide/workdir/src/image.rs:579:9
[INFO] [stdout]   21:     0x587a309a25cd - <core::pin::Pin<P> as core::future::future::Future>::poll::hc1bfcc6592327c92
[INFO] [stdout]                                at /rustc/df4ca44d3fbc9301ee17f30f4d474e6ae4b05252/library/core/src/future/future.rs:123:9
[INFO] [stdout]   22:     0x587a3098c2cf - tokio::runtime::basic_scheduler::Inner<P>::block_on::{{closure}}::{{closure}}::h971c36ddc4a51bb3
[INFO] [stdout]                                at /opt/rustwide/cargo-home/registry/src/index.crates.io-6f17d22bba15001f/tokio-1.8.1/src/runtime/basic_scheduler.rs:213:62
[INFO] [stdout]   23:     0x587a30993c4c - tokio::coop::with_budget::{{closure}}::h7a2217e0e020b005
[INFO] [stdout]                                at /opt/rustwide/cargo-home/registry/src/index.crates.io-6f17d22bba15001f/tokio-1.8.1/src/coop.rs:106:9
[INFO] [stdout]   24:     0x587a309b5e34 - std::thread::local::LocalKey<T>::try_with::haeb6840c2d0e28b4
[INFO] [stdout]                                at /rustc/df4ca44d3fbc9301ee17f30f4d474e6ae4b05252/library/std/src/thread/local.rs:283:12
[INFO] [stdout]   25:     0x587a309b4a6a - std::thread::local::LocalKey<T>::with::h85882e658819a2bd
[INFO] [stdout]                                at /rustc/df4ca44d3fbc9301ee17f30f4d474e6ae4b05252/library/std/src/thread/local.rs:260:9
[INFO] [stdout]   26:     0x587a30989e08 - tokio::coop::with_budget::h5c1b0e0f78284f76
[INFO] [stdout]                                at /opt/rustwide/cargo-home/registry/src/index.crates.io-6f17d22bba15001f/tokio-1.8.1/src/coop.rs:99:5
[INFO] [stdout]   27:     0x587a30989e08 - tokio::coop::budget::h0ebf3ee677bc5f5c
[INFO] [stdout]                                at /opt/rustwide/cargo-home/registry/src/index.crates.io-6f17d22bba15001f/tokio-1.8.1/src/coop.rs:76:5
[INFO] [stdout]   28:     0x587a30989e08 - tokio::runtime::basic_scheduler::Inner<P>::block_on::{{closure}}::h062b6e6d003e74d4
[INFO] [stdout]                                at /opt/rustwide/cargo-home/registry/src/index.crates.io-6f17d22bba15001f/tokio-1.8.1/src/runtime/basic_scheduler.rs:213:39
[INFO] [stdout]   29:     0x587a3098ed1a - tokio::runtime::basic_scheduler::enter::{{closure}}::hdb91f6a078e1f591
[INFO] [stdout]                                at /opt/rustwide/cargo-home/registry/src/index.crates.io-6f17d22bba15001f/tokio-1.8.1/src/runtime/basic_scheduler.rs:323:29
[INFO] [stdout]   30:     0x587a30997e7d - tokio::macros::scoped_tls::ScopedKey<T>::set::h98bac33f93fcaa45
[INFO] [stdout]                                at /opt/rustwide/cargo-home/registry/src/index.crates.io-6f17d22bba15001f/tokio-1.8.1/src/macros/scoped_tls.rs:61:9
[INFO] [stdout]   31:     0x587a3098e501 - tokio::runtime::basic_scheduler::enter::hc57611a6fb6a92b7
[INFO] [stdout]                                at /opt/rustwide/cargo-home/registry/src/index.crates.io-6f17d22bba15001f/tokio-1.8.1/src/runtime/basic_scheduler.rs:323:5
[INFO] [stdout]   32:     0x587a30989b23 - tokio::runtime::basic_scheduler::Inner<P>::block_on::h83e7c73ddefa4b87
[INFO] [stdout]                                at /opt/rustwide/cargo-home/registry/src/index.crates.io-6f17d22bba15001f/tokio-1.8.1/src/runtime/basic_scheduler.rs:202:9
[INFO] [stdout]   33:     0x587a3098c705 - tokio::runtime::basic_scheduler::InnerGuard<P>::block_on::h29efd4db2b593e7c
[INFO] [stdout]                                at /opt/rustwide/cargo-home/registry/src/index.crates.io-6f17d22bba15001f/tokio-1.8.1/src/runtime/basic_scheduler.rs:516:9
[INFO] [stdout]   34:     0x587a3098d6b7 - tokio::runtime::basic_scheduler::BasicScheduler<P>::block_on::he45112cf21ea67f6
[INFO] [stdout]                                at /opt/rustwide/cargo-home/registry/src/index.crates.io-6f17d22bba15001f/tokio-1.8.1/src/runtime/basic_scheduler.rs:162:24
[INFO] [stdout]   35:     0x587a3098f2d9 - tokio::runtime::Runtime::block_on::h82c7b9ec6f46e00e
[INFO] [stdout]                                at /opt/rustwide/cargo-home/registry/src/index.crates.io-6f17d22bba15001f/tokio-1.8.1/src/runtime/mod.rs:450:46
[INFO] [stdout]   36:     0x587a309826f7 - mdutil::image::tests::test_check::hdfc854a03d636fa9
[INFO] [stdout]                                at /opt/rustwide/workdir/src/image.rs:580:9
[INFO] [stdout]   37:     0x587a30982627 - mdutil::image::tests::test_check::{{closure}}::he4a32bf89e1d4aaf
[INFO] [stdout]                                at /opt/rustwide/workdir/src/image.rs:573:30
[INFO] [stdout]   38:     0x587a30974246 - core::ops::function::FnOnce::call_once::h07177a958428199e
[INFO] [stdout]                                at /rustc/df4ca44d3fbc9301ee17f30f4d474e6ae4b05252/library/core/src/ops/function.rs:250:5
[INFO] [stdout]   39:     0x587a30a2408b - core::ops::function::FnOnce::call_once::h22c3ba5715e93f05
[INFO] [stdout]                                at /rustc/df4ca44d3fbc9301ee17f30f4d474e6ae4b05252/library/core/src/ops/function.rs:250:5
[INFO] [stdout]   40:     0x587a30a2408b - test::__rust_begin_short_backtrace::h8e82d8113d0da17f
[INFO] [stdout]                                at /rustc/df4ca44d3fbc9301ee17f30f4d474e6ae4b05252/library/test/src/lib.rs:621:18
[INFO] [stdout]   41:     0x587a30a23a07 - test::run_test_in_process::{{closure}}::h33235f4f20b7b7c7
[INFO] [stdout]                                at /rustc/df4ca44d3fbc9301ee17f30f4d474e6ae4b05252/library/test/src/lib.rs:644:60
[INFO] [stdout]   42:     0x587a30a23a07 - <core::panic::unwind_safe::AssertUnwindSafe<F> as core::ops::function::FnOnce<()>>::call_once::hb5043206310c586f
[INFO] [stdout]                                at /rustc/df4ca44d3fbc9301ee17f30f4d474e6ae4b05252/library/core/src/panic/unwind_safe.rs:272:9
[INFO] [stdout]   43:     0x587a30a23a07 - std::panicking::try::do_call::h9ad4731a60ab23e2
[INFO] [stdout]                                at /rustc/df4ca44d3fbc9301ee17f30f4d474e6ae4b05252/library/std/src/panicking.rs:557:40
[INFO] [stdout]   44:     0x587a30a23a07 - std::panicking::try::h3824d23db772a716
[INFO] [stdout]                                at /rustc/df4ca44d3fbc9301ee17f30f4d474e6ae4b05252/library/std/src/panicking.rs:520:19
[INFO] [stdout]   45:     0x587a30a23a07 - std::panic::catch_unwind::h5afd514605fde46b
[INFO] [stdout]                                at /rustc/df4ca44d3fbc9301ee17f30f4d474e6ae4b05252/library/std/src/panic.rs:358:14
[INFO] [stdout]   46:     0x587a30a23a07 - test::run_test_in_process::h0d5cbfa7067d1720
[INFO] [stdout]                                at /rustc/df4ca44d3fbc9301ee17f30f4d474e6ae4b05252/library/test/src/lib.rs:644:27
[INFO] [stdout]   47:     0x587a30a23a07 - test::run_test::{{closure}}::h708eb8872708115d
[INFO] [stdout]                                at /rustc/df4ca44d3fbc9301ee17f30f4d474e6ae4b05252/library/test/src/lib.rs:565:43
[INFO] [stdout]   48:     0x587a309e7124 - test::run_test::{{closure}}::h392c51cee94713ab
[INFO] [stdout]                                at /rustc/df4ca44d3fbc9301ee17f30f4d474e6ae4b05252/library/test/src/lib.rs:595:41
[INFO] [stdout]   49:     0x587a309e7124 - std::sys::backtrace::__rust_begin_short_backtrace::h2f40290710935a8b
[INFO] [stdout]                                at /rustc/df4ca44d3fbc9301ee17f30f4d474e6ae4b05252/library/std/src/sys/backtrace.rs:154:18
[INFO] [stdout]   50:     0x587a309ea8ce - std::thread::Builder::spawn_unchecked_::{{closure}}::{{closure}}::h3fd968d89053a903
[INFO] [stdout]                                at /rustc/df4ca44d3fbc9301ee17f30f4d474e6ae4b05252/library/std/src/thread/mod.rs:541:17
[INFO] [stdout]   51:     0x587a309ea8ce - <core::panic::unwind_safe::AssertUnwindSafe<F> as core::ops::function::FnOnce<()>>::call_once::h743f637ba4229880
[INFO] [stdout]                                at /rustc/df4ca44d3fbc9301ee17f30f4d474e6ae4b05252/library/core/src/panic/unwind_safe.rs:272:9
[INFO] [stdout]   52:     0x587a309ea8ce - std::panicking::try::do_call::h07440897322525a6
[INFO] [stdout]                                at /rustc/df4ca44d3fbc9301ee17f30f4d474e6ae4b05252/library/std/src/panicking.rs:557:40
[INFO] [stdout]   53:     0x587a309ea8ce - std::panicking::try::he5a2e00188156637
[INFO] [stdout]                                at /rustc/df4ca44d3fbc9301ee17f30f4d474e6ae4b05252/library/std/src/panicking.rs:520:19
[INFO] [stdout]   54:     0x587a309ea8ce - std::panic::catch_unwind::hbaf3cae49b3c6433
[INFO] [stdout]                                at /rustc/df4ca44d3fbc9301ee17f30f4d474e6ae4b05252/library/std/src/panic.rs:358:14
[INFO] [stdout]   55:     0x587a309ea8ce - std::thread::Builder::spawn_unchecked_::{{closure}}::h8e141ea224820bce
[INFO] [stdout]                                at /rustc/df4ca44d3fbc9301ee17f30f4d474e6ae4b05252/library/std/src/thread/mod.rs:540:30
[INFO] [stdout]   56:     0x587a309ea8ce - core::ops::function::FnOnce::call_once{{vtable.shim}}::h90d312fedd7b8ea8
[INFO] [stdout]                                at /rustc/df4ca44d3fbc9301ee17f30f4d474e6ae4b05252/library/core/src/ops/function.rs:250:5
[INFO] [stdout]   57:     0x587a30fa74db - <alloc::boxed::Box<F,A> as core::ops::function::FnOnce<Args>>::call_once::h69aa08ddb6adb8b6
[INFO] [stdout]                                at /rustc/df4ca44d3fbc9301ee17f30f4d474e6ae4b05252/library/alloc/src/boxed.rs:2454:9
[INFO] [stdout]   58:     0x587a30fa74db - <alloc::boxed::Box<F,A> as core::ops::function::FnOnce<Args>>::call_once::h5aa36efdb79c806f
[INFO] [stdout]                                at /rustc/df4ca44d3fbc9301ee17f30f4d474e6ae4b05252/library/alloc/src/boxed.rs:2454:9
[INFO] [stdout]   59:     0x587a30fa74db - std::sys::pal::unix::thread::Thread::new::thread_start::h6cd80a1b4be5158d
[INFO] [stdout]                                at /rustc/df4ca44d3fbc9301ee17f30f4d474e6ae4b05252/library/std/src/sys/pal/unix/thread.rs:105:17
[INFO] [stdout]   60:     0x73e5e60b9ac3 - <unknown>
[INFO] [stdout]   61:     0x73e5e614aa04 - clone
[INFO] [stdout]   62:                0x0 - <unknown>
[INFO] [stdout] 
[INFO] [stdout] 
[INFO] [stdout] failures:
[INFO] [stdout]     image::tests::convert_image_to_base64
[INFO] [stdout]     image::tests::test_check
[INFO] [stdout]     image::tests::test_check_links
[INFO] [stdout]     image::tests::test_load_image
[INFO] [stdout] 
[INFO] [stdout] test result: FAILED. 4 passed; 4 failed; 0 ignored; 0 measured; 0 filtered out; finished in 0.09s
[INFO] [stdout] 
[INFO] [stderr] error: test failed, to rerun pass `--lib`
[INFO] running `Command { std: "docker" "inspect" "940910ab671fae3b87d0f6b065cb16f7518c6493a9da05d0ae17b6c343cd09f5", kill_on_drop: false }`
[INFO] running `Command { std: "docker" "rm" "-f" "940910ab671fae3b87d0f6b065cb16f7518c6493a9da05d0ae17b6c343cd09f5", kill_on_drop: false }`
[INFO] [stdout] 940910ab671fae3b87d0f6b065cb16f7518c6493a9da05d0ae17b6c343cd09f5
