[INFO] cloning repository https://github.com/Nagum0/MikuVM
[INFO] running `Command { std: "git" "-c" "credential.helper=" "-c" "credential.helper=/workspace/cargo-home/bin/git-credential-null" "clone" "--bare" "https://github.com/Nagum0/MikuVM" "/workspace/cache/git-repos/https%3A%2F%2Fgithub.com%2FNagum0%2FMikuVM", kill_on_drop: false }`
[INFO] [stderr] Cloning into bare repository '/workspace/cache/git-repos/https%3A%2F%2Fgithub.com%2FNagum0%2FMikuVM'...
[INFO] running `Command { std: "git" "rev-parse" "HEAD", kill_on_drop: false }`
[INFO] [stdout] 693f929c14bc6f3c53b901ab3c7362231ea2e7c4
[INFO] testing Nagum0/MikuVM/693f929c14bc6f3c53b901ab3c7362231ea2e7c4 against nightly-2024-10-28 for randomize-layout
[INFO] running `Command { std: "git" "clone" "/workspace/cache/git-repos/https%3A%2F%2Fgithub.com%2FNagum0%2FMikuVM" "/workspace/builds/worker-3-tc1/source", kill_on_drop: false }`
[INFO] [stderr] Cloning into '/workspace/builds/worker-3-tc1/source'...
[INFO] [stderr] done.
[INFO] validating manifest of git repo https://github.com/Nagum0/MikuVM on toolchain nightly-2024-10-28
[INFO] running `Command { std: CARGO_HOME="/workspace/cargo-home" RUSTUP_HOME="/workspace/rustup-home" "/workspace/cargo-home/bin/cargo" "+nightly-2024-10-28" "metadata" "--manifest-path" "Cargo.toml" "--no-deps", kill_on_drop: false }`
[INFO] started tweaking git repo https://github.com/Nagum0/MikuVM
[INFO] finished tweaking git repo https://github.com/Nagum0/MikuVM
[INFO] tweaked toml for git repo https://github.com/Nagum0/MikuVM written to /workspace/builds/worker-3-tc1/source/Cargo.toml
[INFO] crate git repo https://github.com/Nagum0/MikuVM already has a lockfile, it will not be regenerated
[INFO] running `Command { std: CARGO_HOME="/workspace/cargo-home" RUSTUP_HOME="/workspace/rustup-home" "/workspace/cargo-home/bin/cargo" "+nightly-2024-10-28" "fetch" "--manifest-path" "Cargo.toml", kill_on_drop: false }`
[INFO] running `Command { std: "docker" "create" "-v" "/var/lib/crater-agent-workspace/builds/worker-3-tc1/target:/opt/rustwide/target:rw,Z" "-v" "/var/lib/crater-agent-workspace/builds/worker-3-tc1/source:/opt/rustwide/workdir:ro,Z" "-v" "/var/lib/crater-agent-workspace/cargo-home:/opt/rustwide/cargo-home:ro,Z" "-v" "/var/lib/crater-agent-workspace/rustup-home:/opt/rustwide/rustup-home:ro,Z" "-e" "SOURCE_DIR=/opt/rustwide/workdir" "-e" "CARGO_TARGET_DIR=/opt/rustwide/target" "-e" "CARGO_HOME=/opt/rustwide/cargo-home" "-e" "RUSTUP_HOME=/opt/rustwide/rustup-home" "-w" "/opt/rustwide/workdir" "-m" "1610612736" "--user" "0:0" "--network" "none" "ghcr.io/rust-lang/crates-build-env/linux@sha256:4a844ea9eb2546a2d2c7022eacef16ef2e8229c7fbb2c7d4d55a9ceca922f72d" "/opt/rustwide/cargo-home/bin/cargo" "+nightly-2024-10-28" "metadata" "--no-deps" "--format-version=1", kill_on_drop: false }`
[INFO] [stdout] 218de7cfc6ae0607155013f1f3ef659aacfa077cc87dbb507b40b2c7f17d6253
[INFO] running `Command { std: "docker" "start" "-a" "218de7cfc6ae0607155013f1f3ef659aacfa077cc87dbb507b40b2c7f17d6253", kill_on_drop: false }`
[INFO] running `Command { std: "docker" "inspect" "218de7cfc6ae0607155013f1f3ef659aacfa077cc87dbb507b40b2c7f17d6253", kill_on_drop: false }`
[INFO] running `Command { std: "docker" "rm" "-f" "218de7cfc6ae0607155013f1f3ef659aacfa077cc87dbb507b40b2c7f17d6253", kill_on_drop: false }`
[INFO] [stdout] 218de7cfc6ae0607155013f1f3ef659aacfa077cc87dbb507b40b2c7f17d6253
[INFO] running `Command { std: "docker" "create" "-v" "/var/lib/crater-agent-workspace/builds/worker-3-tc1/target:/opt/rustwide/target:rw,Z" "-v" "/var/lib/crater-agent-workspace/builds/worker-3-tc1/source:/opt/rustwide/workdir:ro,Z" "-v" "/var/lib/crater-agent-workspace/cargo-home:/opt/rustwide/cargo-home:ro,Z" "-v" "/var/lib/crater-agent-workspace/rustup-home:/opt/rustwide/rustup-home:ro,Z" "-e" "SOURCE_DIR=/opt/rustwide/workdir" "-e" "CARGO_TARGET_DIR=/opt/rustwide/target" "-e" "CARGO_INCREMENTAL=0" "-e" "RUST_BACKTRACE=full" "-e" "RUSTFLAGS=--cap-lints=forbid" "-e" "RUSTDOCFLAGS=--cap-lints=forbid" "-e" "CARGO_HOME=/opt/rustwide/cargo-home" "-e" "RUSTUP_HOME=/opt/rustwide/rustup-home" "-w" "/opt/rustwide/workdir" "-m" "1610612736" "--user" "0:0" "--network" "none" "ghcr.io/rust-lang/crates-build-env/linux@sha256:4a844ea9eb2546a2d2c7022eacef16ef2e8229c7fbb2c7d4d55a9ceca922f72d" "/opt/rustwide/cargo-home/bin/cargo" "+nightly-2024-10-28" "build" "--frozen" "--message-format=json", kill_on_drop: false }`
[INFO] [stdout] 0a5384173dc6cb16e1ddc4c0df41aa5db4f2b166e410383c460e55fe2561876d
[INFO] running `Command { std: "docker" "start" "-a" "0a5384173dc6cb16e1ddc4c0df41aa5db4f2b166e410383c460e55fe2561876d", kill_on_drop: false }`
[INFO] [stderr]    Compiling proc-macro2 v1.0.86
[INFO] [stderr]    Compiling unicode-ident v1.0.13
[INFO] [stderr]    Compiling thiserror v1.0.64
[INFO] [stderr]    Compiling quote v1.0.37
[INFO] [stderr]    Compiling syn v2.0.79
[INFO] [stderr]    Compiling thiserror-impl v1.0.64
[INFO] [stderr]    Compiling miku_vm v0.1.0 (/opt/rustwide/workdir)
[INFO] [stderr]     Finished `dev` profile [unoptimized + debuginfo] target(s) in 3.88s
[INFO] running `Command { std: "docker" "inspect" "0a5384173dc6cb16e1ddc4c0df41aa5db4f2b166e410383c460e55fe2561876d", kill_on_drop: false }`
[INFO] running `Command { std: "docker" "rm" "-f" "0a5384173dc6cb16e1ddc4c0df41aa5db4f2b166e410383c460e55fe2561876d", kill_on_drop: false }`
[INFO] [stdout] 0a5384173dc6cb16e1ddc4c0df41aa5db4f2b166e410383c460e55fe2561876d
[INFO] running `Command { std: "docker" "create" "-v" "/var/lib/crater-agent-workspace/builds/worker-3-tc1/target:/opt/rustwide/target:rw,Z" "-v" "/var/lib/crater-agent-workspace/builds/worker-3-tc1/source:/opt/rustwide/workdir:ro,Z" "-v" "/var/lib/crater-agent-workspace/cargo-home:/opt/rustwide/cargo-home:ro,Z" "-v" "/var/lib/crater-agent-workspace/rustup-home:/opt/rustwide/rustup-home:ro,Z" "-e" "SOURCE_DIR=/opt/rustwide/workdir" "-e" "CARGO_TARGET_DIR=/opt/rustwide/target" "-e" "CARGO_INCREMENTAL=0" "-e" "RUST_BACKTRACE=full" "-e" "RUSTFLAGS=--cap-lints=forbid" "-e" "RUSTDOCFLAGS=--cap-lints=forbid" "-e" "CARGO_HOME=/opt/rustwide/cargo-home" "-e" "RUSTUP_HOME=/opt/rustwide/rustup-home" "-w" "/opt/rustwide/workdir" "-m" "1610612736" "--user" "0:0" "--network" "none" "ghcr.io/rust-lang/crates-build-env/linux@sha256:4a844ea9eb2546a2d2c7022eacef16ef2e8229c7fbb2c7d4d55a9ceca922f72d" "/opt/rustwide/cargo-home/bin/cargo" "+nightly-2024-10-28" "test" "--frozen" "--no-run" "--message-format=json", kill_on_drop: false }`
[INFO] [stdout] 123584621b68e50515177f29eb707ad62b14e98bb912497568e3e4417774150a
[INFO] running `Command { std: "docker" "start" "-a" "123584621b68e50515177f29eb707ad62b14e98bb912497568e3e4417774150a", kill_on_drop: false }`
[INFO] [stderr]    Compiling miku_vm v0.1.0 (/opt/rustwide/workdir)
[INFO] [stderr]     Finished `test` profile [unoptimized + debuginfo] target(s) in 0.47s
[INFO] running `Command { std: "docker" "inspect" "123584621b68e50515177f29eb707ad62b14e98bb912497568e3e4417774150a", kill_on_drop: false }`
[INFO] running `Command { std: "docker" "rm" "-f" "123584621b68e50515177f29eb707ad62b14e98bb912497568e3e4417774150a", kill_on_drop: false }`
[INFO] [stdout] 123584621b68e50515177f29eb707ad62b14e98bb912497568e3e4417774150a
[INFO] running `Command { std: "docker" "create" "-v" "/var/lib/crater-agent-workspace/builds/worker-3-tc1/target:/opt/rustwide/target:rw,Z" "-v" "/var/lib/crater-agent-workspace/builds/worker-3-tc1/source:/opt/rustwide/workdir:ro,Z" "-v" "/var/lib/crater-agent-workspace/cargo-home:/opt/rustwide/cargo-home:ro,Z" "-v" "/var/lib/crater-agent-workspace/rustup-home:/opt/rustwide/rustup-home:ro,Z" "-e" "SOURCE_DIR=/opt/rustwide/workdir" "-e" "CARGO_TARGET_DIR=/opt/rustwide/target" "-e" "CARGO_INCREMENTAL=0" "-e" "RUST_BACKTRACE=full" "-e" "RUSTFLAGS=--cap-lints=forbid" "-e" "RUSTDOCFLAGS=--cap-lints=forbid" "-e" "CARGO_HOME=/opt/rustwide/cargo-home" "-e" "RUSTUP_HOME=/opt/rustwide/rustup-home" "-w" "/opt/rustwide/workdir" "-m" "1610612736" "--user" "0:0" "--network" "none" "ghcr.io/rust-lang/crates-build-env/linux@sha256:4a844ea9eb2546a2d2c7022eacef16ef2e8229c7fbb2c7d4d55a9ceca922f72d" "/opt/rustwide/cargo-home/bin/cargo" "+nightly-2024-10-28" "test" "--frozen", kill_on_drop: false }`
[INFO] [stdout] 2c49ffc84dbb035d133b4b8f9ee180767dc26d4268b323defe2b2630f181b8e1
[INFO] running `Command { std: "docker" "start" "-a" "2c49ffc84dbb035d133b4b8f9ee180767dc26d4268b323defe2b2630f181b8e1", kill_on_drop: false }`
[INFO] [stderr]     Finished `test` profile [unoptimized + debuginfo] target(s) in 0.02s
[INFO] [stdout] 
[INFO] [stderr]      Running unittests src/lib/vm.rs (/opt/rustwide/target/debug/deps/vm-f90cac8cf9b32689)
[INFO] [stdout] running 11 tests
[INFO] [stdout] test tests::miku_inst_tests::def_test ... ok
[INFO] [stdout] test tests::miku_inst_tests::pop_test ... ok
[INFO] [stdout] test tests::miku_type_tests::addition_test ... ok
[INFO] [stdout] test tests::miku_type_tests::convert_to_bytes_test ... ok
[INFO] [stdout] test tests::miku_inst_tests::push_test ... ok
[INFO] [stdout] test tests::miku_type_tests::convert_from_bytes_test ... ok
[INFO] [stdout] test tests::miku_type_tests::division_test ... ok
[INFO] [stdout] test tests::miku_type_tests::subtraction_test ... ok
[INFO] [stdout] test tests::miku_vm_tests::define_data_test ... ok
[INFO] [stdout] test tests::miku_type_tests::multiplication_test ... ok
[INFO] [stdout] test tests::miku_vm_tests::deref_address_test ... ok
[INFO] [stdout] 
[INFO] [stdout] test result: ok. 11 passed; 0 failed; 0 ignored; 0 measured; 0 filtered out; finished in 0.00s
[INFO] [stdout] 
[INFO] [stderr]      Running unittests src/bin/masm.rs (/opt/rustwide/target/debug/deps/masm-82ed7fa17f26d859)
[INFO] [stdout] 
[INFO] [stdout] running 0 tests
[INFO] [stdout] 
[INFO] [stdout] test result: ok. 0 passed; 0 failed; 0 ignored; 0 measured; 0 filtered out; finished in 0.00s
[INFO] [stdout] 
[INFO] [stderr]      Running unittests src/bin/miku.rs (/opt/rustwide/target/debug/deps/miku-b67fbc956a484ea3)
[INFO] [stdout] 
[INFO] [stdout] running 0 tests
[INFO] [stdout] 
[INFO] [stderr]    Doc-tests vm
[INFO] [stdout] test result: ok. 0 passed; 0 failed; 0 ignored; 0 measured; 0 filtered out; finished in 0.00s
[INFO] [stdout] 
[INFO] [stdout] 
[INFO] [stdout] running 7 tests
[INFO] [stdout] test src/lib/inst.rs - inst::Def::encode (line 174) ... FAILED
[INFO] [stdout] test src/lib/inst.rs - inst::Pop::encode (line 122) ... FAILED
[INFO] [stdout] test src/lib/inst.rs - inst::Push::decode (line 85) ... FAILED
[INFO] [stdout] test src/lib/inst.rs - inst::Def::decode (line 194) ... FAILED
[INFO] [stdout] test src/lib/inst.rs - inst::Push::encode (line 71) ... FAILED
[INFO] [stdout] test src/lib/inst.rs - inst::Pop::decode (line 134) ... FAILED
[INFO] [stdout] test src/lib/miku.rs - miku (line 7) ... ok
[INFO] [stdout] 
[INFO] [stdout] failures:
[INFO] [stdout] 
[INFO] [stdout] ---- src/lib/inst.rs - inst::Def::encode (line 174) stdout ----
[INFO] [stdout] error[E0433]: failed to resolve: use of undeclared type `Def`
[INFO] [stdout]  --> src/lib/inst.rs:175:11
[INFO] [stdout]   |
[INFO] [stdout] 3 | let def = Def::new(MikuType::U8(69), 1);
[INFO] [stdout]   |           ^^^ use of undeclared type `Def`
[INFO] [stdout]   |
[INFO] [stdout] help: consider importing this struct
[INFO] [stdout]   |
[INFO] [stdout] 2 + use vm::inst::Def;
[INFO] [stdout]   |
[INFO] [stdout] 
[INFO] [stdout] error[E0433]: failed to resolve: use of undeclared type `MikuType`
[INFO] [stdout]  --> src/lib/inst.rs:175:20
[INFO] [stdout]   |
[INFO] [stdout] 3 | let def = Def::new(MikuType::U8(69), 1);
[INFO] [stdout]   |                    ^^^^^^^^ use of undeclared type `MikuType`
[INFO] [stdout]   |
[INFO] [stdout] help: consider importing this enum
[INFO] [stdout]   |
[INFO] [stdout] 2 + use vm::types::MikuType;
[INFO] [stdout]   |
[INFO] [stdout] 
[INFO] [stdout] error: aborting due to 2 previous errors
[INFO] [stdout] 
[INFO] [stdout] For more information about this error, try `rustc --explain E0433`.
[INFO] [stdout] Couldn't compile the test.
[INFO] [stdout] ---- src/lib/inst.rs - inst::Pop::encode (line 122) stdout ----
[INFO] [stdout] error[E0433]: failed to resolve: use of undeclared type `Pop`
[INFO] [stdout]  --> src/lib/inst.rs:123:11
[INFO] [stdout]   |
[INFO] [stdout] 3 | let pop = Pop::new();
[INFO] [stdout]   |           ^^^ use of undeclared type `Pop`
[INFO] [stdout]   |
[INFO] [stdout] help: consider importing this struct
[INFO] [stdout]   |
[INFO] [stdout] 2 + use vm::inst::Pop;
[INFO] [stdout]   |
[INFO] [stdout] 
[INFO] [stdout] error: aborting due to 1 previous error
[INFO] [stdout] 
[INFO] [stdout] For more information about this error, try `rustc --explain E0433`.
[INFO] [stdout] Couldn't compile the test.
[INFO] [stdout] ---- src/lib/inst.rs - inst::Push::decode (line 85) stdout ----
[INFO] [stdout] error[E0433]: failed to resolve: use of undeclared type `Push`
[INFO] [stdout]  --> src/lib/inst.rs:87:20
[INFO] [stdout]   |
[INFO] [stdout] 4 | let decoded_push = Push::decode(&encoded_push).unwrap(); 
[INFO] [stdout]   |                    ^^^^ use of undeclared type `Push`
[INFO] [stdout]   |
[INFO] [stdout] help: consider importing this struct
[INFO] [stdout]   |
[INFO] [stdout] 2 + use vm::inst::Push;
[INFO] [stdout]   |
[INFO] [stdout] 
[INFO] [stdout] error[E0433]: failed to resolve: use of undeclared type `Push`
[INFO] [stdout]  --> src/lib/inst.rs:88:12
[INFO] [stdout]   |
[INFO] [stdout] 5 | assert_eq!(Push::new(MikuType::U8(69)), decoded_push);
[INFO] [stdout]   |            ^^^^ use of undeclared type `Push`
[INFO] [stdout]   |
[INFO] [stdout] help: consider importing this struct
[INFO] [stdout]   |
[INFO] [stdout] 2 + use vm::inst::Push;
[INFO] [stdout]   |
[INFO] [stdout] 
[INFO] [stdout] error[E0433]: failed to resolve: use of undeclared type `MikuType`
[INFO] [stdout]  --> src/lib/inst.rs:88:22
[INFO] [stdout]   |
[INFO] [stdout] 5 | assert_eq!(Push::new(MikuType::U8(69)), decoded_push);
[INFO] [stdout]   |                      ^^^^^^^^ use of undeclared type `MikuType`
[INFO] [stdout]   |
[INFO] [stdout] help: consider importing this enum
[INFO] [stdout]   |
[INFO] [stdout] 2 + use vm::types::MikuType;
[INFO] [stdout]   |
[INFO] [stdout] 
[INFO] [stdout] error: aborting due to 3 previous errors
[INFO] [stdout] 
[INFO] [stdout] For more information about this error, try `rustc --explain E0433`.
[INFO] [stdout] Couldn't compile the test.
[INFO] [stdout] ---- src/lib/inst.rs - inst::Def::decode (line 194) stdout ----
[INFO] [stdout] error[E0433]: failed to resolve: use of undeclared type `Def`
[INFO] [stdout]  --> src/lib/inst.rs:195:12
[INFO] [stdout]   |
[INFO] [stdout] 3 | assert_eq!(Def::new(MikuType::U8(69)), Def::decode(&vec![0x02, 0x00, 0x45, 0x01, 0x00, 0x00, 0x00, 0x00, 0x00, 0x00, 0x00]));
[INFO] [stdout]   |            ^^^ use of undeclared type `Def`
[INFO] [stdout]   |
[INFO] [stdout] help: consider importing this struct
[INFO] [stdout]   |
[INFO] [stdout] 2 + use vm::inst::Def;
[INFO] [stdout]   |
[INFO] [stdout] 
[INFO] [stdout] error[E0433]: failed to resolve: use of undeclared type `MikuType`
[INFO] [stdout]  --> src/lib/inst.rs:195:21
[INFO] [stdout]   |
[INFO] [stdout] 3 | assert_eq!(Def::new(MikuType::U8(69)), Def::decode(&vec![0x02, 0x00, 0x45, 0x01, 0x00, 0x00, 0x00, 0x00, 0x00, 0x00, 0x00]));
[INFO] [stdout]   |                     ^^^^^^^^ use of undeclared type `MikuType`
[INFO] [stdout]   |
[INFO] [stdout] help: consider importing this enum
[INFO] [stdout]   |
[INFO] [stdout] 2 + use vm::types::MikuType;
[INFO] [stdout]   |
[INFO] [stdout] 
[INFO] [stdout] error[E0433]: failed to resolve: use of undeclared type `Def`
[INFO] [stdout]  --> src/lib/inst.rs:195:40
[INFO] [stdout]   |
[INFO] [stdout] 3 | assert_eq!(Def::new(MikuType::U8(69)), Def::decode(&vec![0x02, 0x00, 0x45, 0x01, 0x00, 0x00, 0x00, 0x00, 0x00, 0x00, 0x00]));
[INFO] [stdout]   |                                        ^^^ use of undeclared type `Def`
[INFO] [stdout]   |
[INFO] [stdout] help: consider importing this struct
[INFO] [stdout]   |
[INFO] [stdout] 2 + use vm::inst::Def;
[INFO] [stdout]   |
[INFO] [stdout] 
[INFO] [stdout] error: aborting due to 3 previous errors
[INFO] [stdout] 
[INFO] [stdout] For more information about this error, try `rustc --explain E0433`.
[INFO] [stdout] Couldn't compile the test.
[INFO] [stdout] ---- src/lib/inst.rs - inst::Push::encode (line 71) stdout ----
[INFO] [stdout] error[E0433]: failed to resolve: use of undeclared type `Push`
[INFO] [stdout]  --> src/lib/inst.rs:72:12
[INFO] [stdout]   |
[INFO] [stdout] 3 | let push = Push::new(MikuType::U8(69)); 
[INFO] [stdout]   |            ^^^^ use of undeclared type `Push`
[INFO] [stdout]   |
[INFO] [stdout] help: consider importing this struct
[INFO] [stdout]   |
[INFO] [stdout] 2 + use vm::inst::Push;
[INFO] [stdout]   |
[INFO] [stdout] 
[INFO] [stdout] error[E0433]: failed to resolve: use of undeclared type `MikuType`
[INFO] [stdout]  --> src/lib/inst.rs:72:22
[INFO] [stdout]   |
[INFO] [stdout] 3 | let push = Push::new(MikuType::U8(69)); 
[INFO] [stdout]   |                      ^^^^^^^^ use of undeclared type `MikuType`
[INFO] [stdout]   |
[INFO] [stdout] help: consider importing this enum
[INFO] [stdout]   |
[INFO] [stdout] 2 + use vm::types::MikuType;
[INFO] [stdout]   |
[INFO] [stdout] 
[INFO] [stdout] error: aborting due to 2 previous errors
[INFO] [stdout] 
[INFO] [stdout] For more information about this error, try `rustc --explain E0433`.
[INFO] [stdout] Couldn't compile the test.
[INFO] [stdout] ---- src/lib/inst.rs - inst::Pop::decode (line 134) stdout ----
[INFO] [stdout] error[E0433]: failed to resolve: use of undeclared type `Pop`
[INFO] [stdout]  --> src/lib/inst.rs:135:12
[INFO] [stdout]   |
[INFO] [stdout] 3 | assert_eq!(Pop::new(), Pop::decode(&vec![0x01]).unwrap());
[INFO] [stdout]   |            ^^^ use of undeclared type `Pop`
[INFO] [stdout]   |
[INFO] [stdout] help: consider importing this struct
[INFO] [stdout]   |
[INFO] [stdout] 2 + use vm::inst::Pop;
[INFO] [stdout]   |
[INFO] [stdout] 
[INFO] [stdout] error[E0433]: failed to resolve: use of undeclared type `Pop`
[INFO] [stdout]  --> src/lib/inst.rs:135:24
[INFO] [stdout]   |
[INFO] [stdout] 3 | assert_eq!(Pop::new(), Pop::decode(&vec![0x01]).unwrap());
[INFO] [stdout]   |                        ^^^ use of undeclared type `Pop`
[INFO] [stdout]   |
[INFO] [stdout] help: consider importing this struct
[INFO] [stdout]   |
[INFO] [stdout] 2 + use vm::inst::Pop;
[INFO] [stdout]   |
[INFO] [stdout] 
[INFO] [stdout] error: aborting due to 2 previous errors
[INFO] [stdout] 
[INFO] [stdout] For more information about this error, try `rustc --explain E0433`.
[INFO] [stdout] Couldn't compile the test.
[INFO] [stdout] 
[INFO] [stdout] failures:
[INFO] [stdout]     src/lib/inst.rs - inst::Def::decode (line 194)
[INFO] [stdout]     src/lib/inst.rs - inst::Def::encode (line 174)
[INFO] [stdout]     src/lib/inst.rs - inst::Pop::decode (line 134)
[INFO] [stdout]     src/lib/inst.rs - inst::Pop::encode (line 122)
[INFO] [stdout]     src/lib/inst.rs - inst::Push::decode (line 85)
[INFO] [stdout]     src/lib/inst.rs - inst::Push::encode (line 71)
[INFO] [stdout] 
[INFO] [stdout] test result: FAILED. 1 passed; 6 failed; 0 ignored; 0 measured; 0 filtered out; finished in 0.18s
[INFO] [stdout] 
[INFO] [stderr] error: doctest failed, to rerun pass `--doc`
[INFO] running `Command { std: "docker" "inspect" "2c49ffc84dbb035d133b4b8f9ee180767dc26d4268b323defe2b2630f181b8e1", kill_on_drop: false }`
[INFO] running `Command { std: "docker" "rm" "-f" "2c49ffc84dbb035d133b4b8f9ee180767dc26d4268b323defe2b2630f181b8e1", kill_on_drop: false }`
[INFO] [stdout] 2c49ffc84dbb035d133b4b8f9ee180767dc26d4268b323defe2b2630f181b8e1
