[INFO] cloning repository https://github.com/Mugua030/zchat
[INFO] running `Command { std: "git" "-c" "credential.helper=" "-c" "credential.helper=/workspace/cargo-home/bin/git-credential-null" "clone" "--bare" "https://github.com/Mugua030/zchat" "/workspace/cache/git-repos/https%3A%2F%2Fgithub.com%2FMugua030%2Fzchat", kill_on_drop: false }`
[INFO] [stderr] Cloning into bare repository '/workspace/cache/git-repos/https%3A%2F%2Fgithub.com%2FMugua030%2Fzchat'...
[INFO] running `Command { std: "git" "rev-parse" "HEAD", kill_on_drop: false }`
[INFO] [stdout] 1071a3884640e4211cef81719f77fb0f0b03a6c8
[INFO] testing Mugua030/zchat/1071a3884640e4211cef81719f77fb0f0b03a6c8 against nightly-2024-10-28+rustflags=-Zrandomize-layout for randomize-layout
[INFO] running `Command { std: "git" "clone" "/workspace/cache/git-repos/https%3A%2F%2Fgithub.com%2FMugua030%2Fzchat" "/workspace/builds/worker-3-tc2/source", kill_on_drop: false }`
[INFO] [stderr] Cloning into '/workspace/builds/worker-3-tc2/source'...
[INFO] [stderr] done.
[INFO] validating manifest of git repo https://github.com/Mugua030/zchat on toolchain nightly-2024-10-28
[INFO] running `Command { std: CARGO_HOME="/workspace/cargo-home" RUSTUP_HOME="/workspace/rustup-home" "/workspace/cargo-home/bin/cargo" "+nightly-2024-10-28" "metadata" "--manifest-path" "Cargo.toml" "--no-deps", kill_on_drop: false }`
[INFO] started tweaking git repo https://github.com/Mugua030/zchat
[INFO] finished tweaking git repo https://github.com/Mugua030/zchat
[INFO] tweaked toml for git repo https://github.com/Mugua030/zchat written to /workspace/builds/worker-3-tc2/source/Cargo.toml
[INFO] crate git repo https://github.com/Mugua030/zchat already has a lockfile, it will not be regenerated
[INFO] running `Command { std: CARGO_HOME="/workspace/cargo-home" RUSTUP_HOME="/workspace/rustup-home" "/workspace/cargo-home/bin/cargo" "+nightly-2024-10-28" "fetch" "--manifest-path" "Cargo.toml", kill_on_drop: false }`
[INFO] running `Command { std: "docker" "create" "-v" "/var/lib/crater-agent-workspace/builds/worker-3-tc2/target:/opt/rustwide/target:rw,Z" "-v" "/var/lib/crater-agent-workspace/builds/worker-3-tc2/source:/opt/rustwide/workdir:ro,Z" "-v" "/var/lib/crater-agent-workspace/cargo-home:/opt/rustwide/cargo-home:ro,Z" "-v" "/var/lib/crater-agent-workspace/rustup-home:/opt/rustwide/rustup-home:ro,Z" "-e" "SOURCE_DIR=/opt/rustwide/workdir" "-e" "CARGO_TARGET_DIR=/opt/rustwide/target" "-e" "CARGO_HOME=/opt/rustwide/cargo-home" "-e" "RUSTUP_HOME=/opt/rustwide/rustup-home" "-w" "/opt/rustwide/workdir" "-m" "1610612736" "--user" "0:0" "--network" "none" "ghcr.io/rust-lang/crates-build-env/linux@sha256:4a844ea9eb2546a2d2c7022eacef16ef2e8229c7fbb2c7d4d55a9ceca922f72d" "/opt/rustwide/cargo-home/bin/cargo" "+nightly-2024-10-28" "metadata" "--no-deps" "--format-version=1", kill_on_drop: false }`
[INFO] [stdout] 9c2f866245677418c047f1f26f0bc8ab346705cca4159f89ace68aff4c5d03cc
[INFO] running `Command { std: "docker" "start" "-a" "9c2f866245677418c047f1f26f0bc8ab346705cca4159f89ace68aff4c5d03cc", kill_on_drop: false }`
[INFO] running `Command { std: "docker" "inspect" "9c2f866245677418c047f1f26f0bc8ab346705cca4159f89ace68aff4c5d03cc", kill_on_drop: false }`
[INFO] running `Command { std: "docker" "rm" "-f" "9c2f866245677418c047f1f26f0bc8ab346705cca4159f89ace68aff4c5d03cc", kill_on_drop: false }`
[INFO] [stdout] 9c2f866245677418c047f1f26f0bc8ab346705cca4159f89ace68aff4c5d03cc
[INFO] running `Command { std: "docker" "create" "-v" "/var/lib/crater-agent-workspace/builds/worker-3-tc2/target:/opt/rustwide/target:rw,Z" "-v" "/var/lib/crater-agent-workspace/builds/worker-3-tc2/source:/opt/rustwide/workdir:ro,Z" "-v" "/var/lib/crater-agent-workspace/cargo-home:/opt/rustwide/cargo-home:ro,Z" "-v" "/var/lib/crater-agent-workspace/rustup-home:/opt/rustwide/rustup-home:ro,Z" "-e" "SOURCE_DIR=/opt/rustwide/workdir" "-e" "CARGO_TARGET_DIR=/opt/rustwide/target" "-e" "CARGO_INCREMENTAL=0" "-e" "RUST_BACKTRACE=full" "-e" "RUSTFLAGS=--cap-lints=forbid -Zrandomize-layout" "-e" "RUSTDOCFLAGS=--cap-lints=forbid" "-e" "CARGO_HOME=/opt/rustwide/cargo-home" "-e" "RUSTUP_HOME=/opt/rustwide/rustup-home" "-w" "/opt/rustwide/workdir" "-m" "1610612736" "--user" "0:0" "--network" "none" "ghcr.io/rust-lang/crates-build-env/linux@sha256:4a844ea9eb2546a2d2c7022eacef16ef2e8229c7fbb2c7d4d55a9ceca922f72d" "/opt/rustwide/cargo-home/bin/cargo" "+nightly-2024-10-28" "build" "--frozen" "--message-format=json", kill_on_drop: false }`
[INFO] [stdout] 0c828dd9d2e78b1046795374df376d083f928ea85eaff3e21582a1d6d2781502
[INFO] running `Command { std: "docker" "start" "-a" "0c828dd9d2e78b1046795374df376d083f928ea85eaff3e21582a1d6d2781502", kill_on_drop: false }`
[INFO] [stderr]    Compiling libc v0.2.155
[INFO] [stderr]    Compiling proc-macro2 v1.0.84
[INFO] [stderr]    Compiling pin-project-lite v0.2.14
[INFO] [stderr]    Compiling futures-core v0.3.30
[INFO] [stderr]    Compiling once_cell v1.19.0
[INFO] [stderr]    Compiling bytes v1.6.0
[INFO] [stderr]    Compiling itoa v1.0.11
[INFO] [stderr]    Compiling memchr v2.7.2
[INFO] [stderr]    Compiling subtle v2.6.0
[INFO] [stderr]    Compiling futures-io v0.3.30
[INFO] [stderr]    Compiling slab v0.4.9
[INFO] [stderr]    Compiling futures-task v0.3.30
[INFO] [stderr]    Compiling ahash v0.8.11
[INFO] [stderr]    Compiling cc v1.0.98
[INFO] [stderr]    Compiling zerocopy v0.7.34
[INFO] [stderr]    Compiling futures-sink v0.3.30
[INFO] [stderr]    Compiling serde v1.0.203
[INFO] [stderr]    Compiling untrusted v0.9.0
[INFO] [stderr]    Compiling futures-channel v0.3.30
[INFO] [stderr]    Compiling digest v0.10.7
[INFO] [stderr]    Compiling parking_lot_core v0.9.10
[INFO] [stderr]    Compiling tracing-core v0.1.32
[INFO] [stderr]    Compiling cpufeatures v0.2.12
[INFO] [stderr]    Compiling log v0.4.21
[INFO] [stderr]    Compiling num-traits v0.2.19
[INFO] [stderr]    Compiling ryu v1.0.18
[INFO] [stderr]    Compiling smallvec v1.13.2
[INFO] [stderr]    Compiling serde_json v1.0.117
[INFO] [stderr]    Compiling unicode-normalization v0.1.23
[INFO] [stderr]    Compiling crossbeam-utils v0.8.20
[INFO] [stderr]    Compiling spin v0.9.8
[INFO] [stderr]    Compiling rustls v0.21.12
[INFO] [stderr]    Compiling base64 v0.21.7
[INFO] [stderr]    Compiling unicode-bidi v0.3.15
[INFO] [stderr]    Compiling rustversion v1.0.17
[INFO] [stderr]    Compiling thiserror v1.0.61
[INFO] [stderr]    Compiling iana-time-zone v0.1.60
[INFO] [stderr]    Compiling paste v1.0.15
[INFO] [stderr]    Compiling http v1.1.0
[INFO] [stderr]    Compiling nom v7.1.3
[INFO] [stderr]    Compiling crc-catalog v2.4.0
[INFO] [stderr]    Compiling unicode_categories v0.1.1
[INFO] [stderr]    Compiling quote v1.0.36
[INFO] [stderr]    Compiling crc v3.2.1
[INFO] [stderr]    Compiling idna v0.5.0
[INFO] [stderr]    Compiling rustls-pemfile v1.0.4
[INFO] [stderr]    Compiling httparse v1.9.4
[INFO] [stderr]    Compiling syn v2.0.66
[INFO] [stderr]    Compiling getrandom v0.2.15
[INFO] [stderr]    Compiling socket2 v0.5.7
[INFO] [stderr]    Compiling mio v0.8.11
[INFO] [stderr]    Compiling num_cpus v1.16.0
[INFO] [stderr]    Compiling rand_core v0.6.4
[INFO] [stderr]    Compiling crossbeam-queue v0.3.11
[INFO] [stderr]    Compiling hex v0.4.3
[INFO] [stderr]    Compiling atoi v2.0.0
[INFO] [stderr]    Compiling webpki-roots v0.25.4
[INFO] [stderr]    Compiling byteorder v1.5.0
[INFO] [stderr]    Compiling http-body v1.0.0
[INFO] [stderr]    Compiling url v2.5.2
[INFO] [stderr]    Compiling parking_lot v0.12.3
[INFO] [stderr]    Compiling rand_chacha v0.3.1
[INFO] [stderr]    Compiling hashbrown v0.14.5
[INFO] [stderr]    Compiling ring v0.17.8
[INFO] [stderr]    Compiling tokio v1.37.0
[INFO] [stderr]    Compiling hmac v0.12.1
[INFO] [stderr]    Compiling rustix v0.38.34
[INFO] [stderr]    Compiling unicode-properties v0.1.1
[INFO] [stderr]    Compiling bitflags v2.5.0
[INFO] [stderr]    Compiling stringprep v0.1.5
[INFO] [stderr]    Compiling rand v0.8.5
[INFO] [stderr]    Compiling futures-intrusive v0.5.0
[INFO] [stderr]    Compiling hkdf v0.12.4
[INFO] [stderr]    Compiling futures-util v0.3.30
[INFO] [stderr]    Compiling chrono v0.4.38
[INFO] [stderr]    Compiling sha2 v0.10.8
[INFO] [stderr]    Compiling md-5 v0.10.6
[INFO] [stderr]    Compiling home v0.5.9
[INFO] [stderr]    Compiling indexmap v2.2.6
[INFO] [stderr]    Compiling hashlink v0.8.4
[INFO] [stderr]    Compiling whoami v1.5.1
[INFO] [stderr]    Compiling atomic-waker v1.1.2
[INFO] [stderr]    Compiling httpdate v1.0.3
[INFO] [stderr]    Compiling dotenvy v0.15.7
[INFO] [stderr]    Compiling mime v0.3.17
[INFO] [stderr]    Compiling syn v1.0.109
[INFO] [stderr]    Compiling axum-core v0.4.3
[INFO] [stderr]    Compiling multer v3.1.0
[INFO] [stderr]    Compiling fastrand v2.1.0
[INFO] [stderr]    Compiling sqlformat v0.2.4
[INFO] [stderr]    Compiling tower-service v0.3.2
[INFO] [stderr]    Compiling tower-layer v0.3.2
[INFO] [stderr]    Compiling unicode-segmentation v1.11.0
[INFO] [stderr]    Compiling axum v0.7.5
[INFO] [stderr]    Compiling regex-syntax v0.6.29
[INFO] [stderr]    Compiling regex-syntax v0.8.4
[INFO] [stderr]    Compiling sync_wrapper v0.1.2
[INFO] [stderr]    Compiling sync_wrapper v1.0.1
[INFO] [stderr]    Compiling overload v0.1.1
[INFO] [stderr]    Compiling anyhow v1.0.86
[INFO] [stderr]    Compiling matchit v0.7.3
[INFO] [stderr]    Compiling heck v0.4.1
[INFO] [stderr]    Compiling nu-ansi-term v0.46.0
[INFO] [stderr]    Compiling sharded-slab v0.1.7
[INFO] [stderr]    Compiling tracing-log v0.2.0
[INFO] [stderr]    Compiling thread_local v1.1.8
[INFO] [stderr]    Compiling unsafe-libyaml v0.2.11
[INFO] [stderr]    Compiling headers-core v0.3.0
[INFO] [stderr]    Compiling sha1 v0.10.6
[INFO] [stderr]    Compiling base64ct v1.6.0
[INFO] [stderr]    Compiling blake2 v0.10.6
[INFO] [stderr]    Compiling headers v0.4.0
[INFO] [stderr]    Compiling password-hash v0.5.0
[INFO] [stderr]    Compiling argon2 v0.5.3
[INFO] [stderr]    Compiling tempfile v3.10.1
[INFO] [stderr]    Compiling regex-automata v0.4.7
[INFO] [stderr]    Compiling regex-automata v0.1.10
[INFO] [stderr]    Compiling tracing-attributes v0.1.27
[INFO] [stderr]    Compiling serde_derive v1.0.203
[INFO] [stderr]    Compiling futures-macro v0.3.30
[INFO] [stderr]    Compiling tokio-macros v2.2.0
[INFO] [stderr]    Compiling thiserror-impl v1.0.61
[INFO] [stderr]    Compiling tokio-stream v0.1.15
[INFO] [stderr]    Compiling pin-project-internal v1.1.5
[INFO] [stderr]    Compiling async-trait v0.1.80
[INFO] [stderr]    Compiling matchers v0.1.0
[INFO] [stderr]    Compiling sct v0.7.1
[INFO] [stderr]    Compiling rustls-webpki v0.101.7
[INFO] [stderr]    Compiling regex v1.10.5
[INFO] [stderr]    Compiling pin-project v1.1.5
[INFO] [stderr]    Compiling tracing v0.1.40
[INFO] [stderr]    Compiling tracing-subscriber v0.3.18
[INFO] [stderr]    Compiling http-body-util v0.1.2
[INFO] [stderr]    Compiling futures-executor v0.3.30
[INFO] [stderr]    Compiling futures v0.3.30
[INFO] [stderr]    Compiling tokio-util v0.7.11
[INFO] [stderr]    Compiling tower v0.4.13
[INFO] [stderr]    Compiling h2 v0.4.5
[INFO] [stderr]    Compiling either v1.12.0
[INFO] [stderr]    Compiling serde_urlencoded v0.7.1
[INFO] [stderr]    Compiling serde_path_to_error v0.1.16
[INFO] [stderr]    Compiling serde_yaml v0.9.34+deprecated
[INFO] [stderr]    Compiling sqlx-core v0.7.4
[INFO] [stderr]    Compiling sqlx-postgres v0.7.4
[INFO] [stderr]    Compiling hyper v1.3.1
[INFO] [stderr]    Compiling hyper-util v0.1.5
[INFO] [stderr]    Compiling sqlx-macros-core v0.7.4
[INFO] [stderr]    Compiling sqlx-macros v0.7.4
[INFO] [stderr]    Compiling sqlx v0.7.4
[INFO] [stderr]    Compiling axum-extra v0.9.3
[INFO] [stderr]    Compiling chat-server v0.1.0 (/opt/rustwide/workdir/chat_server)
[INFO] [stderr]    Compiling notify-server v0.1.0 (/opt/rustwide/workdir/notify_server)
[INFO] [stderr]     Finished `dev` profile [unoptimized + debuginfo] target(s) in 19.11s
[INFO] running `Command { std: "docker" "inspect" "0c828dd9d2e78b1046795374df376d083f928ea85eaff3e21582a1d6d2781502", kill_on_drop: false }`
[INFO] running `Command { std: "docker" "rm" "-f" "0c828dd9d2e78b1046795374df376d083f928ea85eaff3e21582a1d6d2781502", kill_on_drop: false }`
[INFO] [stdout] 0c828dd9d2e78b1046795374df376d083f928ea85eaff3e21582a1d6d2781502
[INFO] running `Command { std: "docker" "create" "-v" "/var/lib/crater-agent-workspace/builds/worker-3-tc2/target:/opt/rustwide/target:rw,Z" "-v" "/var/lib/crater-agent-workspace/builds/worker-3-tc2/source:/opt/rustwide/workdir:ro,Z" "-v" "/var/lib/crater-agent-workspace/cargo-home:/opt/rustwide/cargo-home:ro,Z" "-v" "/var/lib/crater-agent-workspace/rustup-home:/opt/rustwide/rustup-home:ro,Z" "-e" "SOURCE_DIR=/opt/rustwide/workdir" "-e" "CARGO_TARGET_DIR=/opt/rustwide/target" "-e" "CARGO_INCREMENTAL=0" "-e" "RUST_BACKTRACE=full" "-e" "RUSTFLAGS=--cap-lints=forbid -Zrandomize-layout" "-e" "RUSTDOCFLAGS=--cap-lints=forbid" "-e" "CARGO_HOME=/opt/rustwide/cargo-home" "-e" "RUSTUP_HOME=/opt/rustwide/rustup-home" "-w" "/opt/rustwide/workdir" "-m" "1610612736" "--user" "0:0" "--network" "none" "ghcr.io/rust-lang/crates-build-env/linux@sha256:4a844ea9eb2546a2d2c7022eacef16ef2e8229c7fbb2c7d4d55a9ceca922f72d" "/opt/rustwide/cargo-home/bin/cargo" "+nightly-2024-10-28" "test" "--frozen" "--no-run" "--message-format=json", kill_on_drop: false }`
[INFO] [stdout] 879fd9e37c4881f8474364db2432a7bb32b60348efdd1ef7bf4855dd23a52b78
[INFO] running `Command { std: "docker" "start" "-a" "879fd9e37c4881f8474364db2432a7bb32b60348efdd1ef7bf4855dd23a52b78", kill_on_drop: false }`
[INFO] [stderr]    Compiling csv-core v0.1.11
[INFO] [stderr]    Compiling itertools v0.12.1
[INFO] [stderr]    Compiling uuid v1.9.1
[INFO] [stderr]    Compiling sqlx v0.7.4
[INFO] [stderr]    Compiling notify-server v0.1.0 (/opt/rustwide/workdir/notify_server)
[INFO] [stderr]    Compiling chat-server v0.1.0 (/opt/rustwide/workdir/chat_server)
[INFO] [stderr]    Compiling csv v1.3.0
[INFO] [stderr]    Compiling sqlx-db-tester v0.4.2
[INFO] [stderr]     Finished `test` profile [unoptimized + debuginfo] target(s) in 2.23s
[INFO] running `Command { std: "docker" "inspect" "879fd9e37c4881f8474364db2432a7bb32b60348efdd1ef7bf4855dd23a52b78", kill_on_drop: false }`
[INFO] running `Command { std: "docker" "rm" "-f" "879fd9e37c4881f8474364db2432a7bb32b60348efdd1ef7bf4855dd23a52b78", kill_on_drop: false }`
[INFO] [stdout] 879fd9e37c4881f8474364db2432a7bb32b60348efdd1ef7bf4855dd23a52b78
[INFO] running `Command { std: "docker" "create" "-v" "/var/lib/crater-agent-workspace/builds/worker-3-tc2/target:/opt/rustwide/target:rw,Z" "-v" "/var/lib/crater-agent-workspace/builds/worker-3-tc2/source:/opt/rustwide/workdir:ro,Z" "-v" "/var/lib/crater-agent-workspace/cargo-home:/opt/rustwide/cargo-home:ro,Z" "-v" "/var/lib/crater-agent-workspace/rustup-home:/opt/rustwide/rustup-home:ro,Z" "-e" "SOURCE_DIR=/opt/rustwide/workdir" "-e" "CARGO_TARGET_DIR=/opt/rustwide/target" "-e" "CARGO_INCREMENTAL=0" "-e" "RUST_BACKTRACE=full" "-e" "RUSTFLAGS=--cap-lints=forbid -Zrandomize-layout" "-e" "RUSTDOCFLAGS=--cap-lints=forbid" "-e" "CARGO_HOME=/opt/rustwide/cargo-home" "-e" "RUSTUP_HOME=/opt/rustwide/rustup-home" "-w" "/opt/rustwide/workdir" "-m" "1610612736" "--user" "0:0" "--network" "none" "ghcr.io/rust-lang/crates-build-env/linux@sha256:4a844ea9eb2546a2d2c7022eacef16ef2e8229c7fbb2c7d4d55a9ceca922f72d" "/opt/rustwide/cargo-home/bin/cargo" "+nightly-2024-10-28" "test" "--frozen", kill_on_drop: false }`
[INFO] [stdout] 7e2a872dcc612773da7252f0e669d0c97b9250097675c894a597327876d7a5f7
[INFO] running `Command { std: "docker" "start" "-a" "7e2a872dcc612773da7252f0e669d0c97b9250097675c894a597327876d7a5f7", kill_on_drop: false }`
[INFO] [stderr]     Finished `test` profile [unoptimized + debuginfo] target(s) in 0.14s
[INFO] [stderr]      Running unittests src/lib.rs (/opt/rustwide/target/debug/deps/chat_server-10e3ce5c572478e6)
[INFO] [stdout] 
[INFO] [stdout] running 3 tests
[INFO] [stdout] test models::user::tests::it_work ... ok
[INFO] [stderr] thread 'models::user::tests::create_and_veiry_user_should_work' panicked at core/src/panicking.rs:235:5:
[INFO] [stderr] panic in a destructor during cleanup
[INFO] [stderr] thread caused non-unwinding panic. aborting.
[INFO] [stdout] thread '<unnamed>' panicked at /opt/rustwide/cargo-home/registry/src/index.crates.io-6f17d22bba15001f/sqlx-db-tester-0.4.2/src/postgres.rs:38:41:
[INFO] [stdout] Error while connecting to postgres://postgres:123456@localhost:5432
[INFO] [stdout] stack backtrace:
[INFO] [stdout]    0:     0x62b92b2fb79a - std::backtrace_rs::backtrace::libunwind::trace::h207520d6e9873551
[INFO] [stdout]                                at /rustc/df4ca44d3fbc9301ee17f30f4d474e6ae4b05252/library/std/src/../../backtrace/src/backtrace/libunwind.rs:116:5
[INFO] [stdout]    1:     0x62b92b2fb79a - std::backtrace_rs::backtrace::trace_unsynchronized::h2ed7433f370e3eca
[INFO] [stdout]                                at /rustc/df4ca44d3fbc9301ee17f30f4d474e6ae4b05252/library/std/src/../../backtrace/src/backtrace/mod.rs:66:5
[INFO] [stdout]    2:     0x62b92b2fb79a - std::sys::backtrace::_print_fmt::h916fac51166b18d7
[INFO] [stdout]                                at /rustc/df4ca44d3fbc9301ee17f30f4d474e6ae4b05252/library/std/src/sys/backtrace.rs:66:9
[INFO] [stdout]    3:     0x62b92b2fb79a - <std::sys::backtrace::BacktraceLock::print::DisplayBacktrace as core::fmt::Display>::fmt::ha0a4c9b8ce3802e6
[INFO] [stdout]                                at /rustc/df4ca44d3fbc9301ee17f30f4d474e6ae4b05252/library/std/src/sys/backtrace.rs:39:26
[INFO] [stdout]    4:     0x62b92b3260e3 - core::fmt::rt::Argument::fmt::h4cfc8587d52b3eb5
[INFO] [stdout]                                at /rustc/df4ca44d3fbc9301ee17f30f4d474e6ae4b05252/library/core/src/fmt/rt.rs:177:76
[INFO] [stdout]    5:     0x62b92b3260e3 - core::fmt::write::h522cc39e5b36ae9f
[INFO] [stdout]                                at /rustc/df4ca44d3fbc9301ee17f30f4d474e6ae4b05252/library/core/src/fmt/mod.rs:1190:21
[INFO] [stdout]    6:     0x62b92b2f7713 - std::io::Write::write_fmt::h7d3c26752da97734
[INFO] [stdout]                                at /rustc/df4ca44d3fbc9301ee17f30f4d474e6ae4b05252/library/std/src/io/mod.rs:1839:15
[INFO] [stdout]    7:     0x62b92b2fb5e2 - std::sys::backtrace::BacktraceLock::print::h4b9e00b29e9c0942
[INFO] [stdout]                                at /rustc/df4ca44d3fbc9301ee17f30f4d474e6ae4b05252/library/std/src/sys/backtrace.rs:42:9
[INFO] [stdout]    8:     0x62b92b2fcc2a - std::panicking::default_hook::{{closure}}::hb59b88280d0324d9
[INFO] [stdout]                                at /rustc/df4ca44d3fbc9301ee17f30f4d474e6ae4b05252/library/std/src/panicking.rs:268:22
[INFO] [stdout]    9:     0x62b92b2fca34 - std::panicking::default_hook::he1dd496665be4a29
[INFO] [stdout]                                at /rustc/df4ca44d3fbc9301ee17f30f4d474e6ae4b05252/library/std/src/panicking.rs:292:9
[INFO] [stdout]   10:     0x62b92ad79bd9 - <alloc::boxed::Box<F,A> as core::ops::function::Fn<Args>>::call::h4ff71de18744e1dc
[INFO] [stdout]                                at /rustc/df4ca44d3fbc9301ee17f30f4d474e6ae4b05252/library/alloc/src/boxed.rs:2468:9
[INFO] [stdout]   11:     0x62b92ad79bd9 - test::test_main::{{closure}}::hcf7c055ce117aa81
[INFO] [stdout]                                at /rustc/df4ca44d3fbc9301ee17f30f4d474e6ae4b05252/library/test/src/lib.rs:133:21
[INFO] [stdout]   12:     0x62b92b2fd328 - <alloc::boxed::Box<F,A> as core::ops::function::Fn<Args>>::call::h1d66c6bbd60c9692
[INFO] [stdout]                                at /rustc/df4ca44d3fbc9301ee17f30f4d474e6ae4b05252/library/alloc/src/boxed.rs:2468:9
[INFO] [stdout]   13:     0x62b92b2fd328 - std::panicking::rust_panic_with_hook::h2ff17fe8f26dfcf8
[INFO] [stdout]                                at /rustc/df4ca44d3fbc9301ee17f30f4d474e6ae4b05252/library/std/src/panicking.rs:809:13
[INFO] [stdout]   14:     0x62b92b2fd0ea - std::panicking::begin_panic_handler::{{closure}}::h4fad77951c07e101
[INFO] [stdout]                                at /rustc/df4ca44d3fbc9301ee17f30f4d474e6ae4b05252/library/std/src/panicking.rs:674:13
[INFO] [stdout]   15:     0x62b92b2fbc79 - std::sys::backtrace::__rust_end_short_backtrace::hb1a25b3da5d0ea08
[INFO] [stdout]                                at /rustc/df4ca44d3fbc9301ee17f30f4d474e6ae4b05252/library/std/src/sys/backtrace.rs:170:18
[INFO] [stdout]   16:     0x62b92b2fcd7c - rust_begin_unwind
[INFO] [stdout]                                at /rustc/df4ca44d3fbc9301ee17f30f4d474e6ae4b05252/library/std/src/panicking.rs:665:5
[INFO] [stdout]   17:     0x62b92b324120 - core::panicking::panic_fmt::ha9db07b529f9b256
[INFO] [stdout]                                at /rustc/df4ca44d3fbc9301ee17f30f4d474e6ae4b05252/library/core/src/panicking.rs:75:14
[INFO] [stdout]   18:     0x62b92ad9b0d5 - sqlx_db_tester::postgres::TestPg::new::{{closure}}::{{closure}}::{{closure}}::he3e1cf963c72532e
[INFO] [stdout]                                at /opt/rustwide/cargo-home/registry/src/index.crates.io-6f17d22bba15001f/sqlx-db-tester-0.4.2/src/postgres.rs:38:41
[INFO] [stdout]   19:     0x62b92ad8663c - core::result::Result<T,E>::unwrap_or_else::h309e8182c87e404f
[INFO] [stdout]                                at /rustc/df4ca44d3fbc9301ee17f30f4d474e6ae4b05252/library/core/src/result.rs:1457:23
[INFO] [stdout]   20:     0x62b92ad9a3de - sqlx_db_tester::postgres::TestPg::new::{{closure}}::{{closure}}::h0899a4c078849f1f
[INFO] [stdout]                                at /opt/rustwide/cargo-home/registry/src/index.crates.io-6f17d22bba15001f/sqlx-db-tester-0.4.2/src/postgres.rs:36:32
[INFO] [stdout]   21:     0x62b92ad883d1 - tokio::runtime::park::CachedParkThread::block_on::{{closure}}::hef52c7cae3aa84b9
[INFO] [stdout]                                at /opt/rustwide/cargo-home/registry/src/index.crates.io-6f17d22bba15001f/tokio-1.37.0/src/runtime/park.rs:281:63
[INFO] [stdout]   22:     0x62b92ad87d56 - tokio::runtime::coop::with_budget::hda22ae661ece1315
[INFO] [stdout]                                at /opt/rustwide/cargo-home/registry/src/index.crates.io-6f17d22bba15001f/tokio-1.37.0/src/runtime/coop.rs:107:5
[INFO] [stdout]   23:     0x62b92ad87d56 - tokio::runtime::coop::budget::h2fc14f335de7780f
[INFO] [stdout]                                at /opt/rustwide/cargo-home/registry/src/index.crates.io-6f17d22bba15001f/tokio-1.37.0/src/runtime/coop.rs:73:5
[INFO] [stdout]   24:     0x62b92ad87d56 - tokio::runtime::park::CachedParkThread::block_on::heaa25a8b18ec7e3e
[INFO] [stdout]                                at /opt/rustwide/cargo-home/registry/src/index.crates.io-6f17d22bba15001f/tokio-1.37.0/src/runtime/park.rs:281:31
[INFO] [stdout]   25:     0x62b92ad95767 - tokio::runtime::context::blocking::BlockingRegionGuard::block_on::hb2478bf0ea0651f6
[INFO] [stdout]                                at /opt/rustwide/cargo-home/registry/src/index.crates.io-6f17d22bba15001f/tokio-1.37.0/src/runtime/context/blocking.rs:66:9
[INFO] [stdout]   26:     0x62b92ad896f9 - tokio::runtime::scheduler::multi_thread::MultiThread::block_on::{{closure}}::h90a80b8290963667
[INFO] [stdout]                                at /opt/rustwide/cargo-home/registry/src/index.crates.io-6f17d22bba15001f/tokio-1.37.0/src/runtime/scheduler/multi_thread/mod.rs:87:13
[INFO] [stdout]   27:     0x62b92ad88ac3 - tokio::runtime::context::runtime::enter_runtime::hcafa2242cde84f9f
[INFO] [stdout]                                at /opt/rustwide/cargo-home/registry/src/index.crates.io-6f17d22bba15001f/tokio-1.37.0/src/runtime/context/runtime.rs:65:16
[INFO] [stdout]   28:     0x62b92ad896b4 - tokio::runtime::scheduler::multi_thread::MultiThread::block_on::ha1f24e20f0095267
[INFO] [stdout]                                at /opt/rustwide/cargo-home/registry/src/index.crates.io-6f17d22bba15001f/tokio-1.37.0/src/runtime/scheduler/multi_thread/mod.rs:86:9
[INFO] [stdout]   29:     0x62b92ad893f3 - tokio::runtime::runtime::Runtime::block_on::h5149cffb63157e31
[INFO] [stdout]                                at /opt/rustwide/cargo-home/registry/src/index.crates.io-6f17d22bba15001f/tokio-1.37.0/src/runtime/runtime.rs:351:45
[INFO] [stdout]   30:     0x62b92ad9a01a - sqlx_db_tester::postgres::TestPg::new::{{closure}}::h641f131d81aa9135
[INFO] [stdout]                                at /opt/rustwide/cargo-home/registry/src/index.crates.io-6f17d22bba15001f/sqlx-db-tester-0.4.2/src/postgres.rs:34:13
[INFO] [stdout]   31:     0x62b92ad94b37 - std::sys::backtrace::__rust_begin_short_backtrace::h614025b6b0e30203
[INFO] [stdout]                                at /rustc/df4ca44d3fbc9301ee17f30f4d474e6ae4b05252/library/std/src/sys/backtrace.rs:154:18
[INFO] [stdout]   32:     0x62b92ad8e49d - std::thread::Builder::spawn_unchecked_::{{closure}}::{{closure}}::h0a090b4de3e92b31
[INFO] [stdout]                                at /rustc/df4ca44d3fbc9301ee17f30f4d474e6ae4b05252/library/std/src/thread/mod.rs:541:17
[INFO] [stdout]   33:     0x62b92ad84461 - <core::panic::unwind_safe::AssertUnwindSafe<F> as core::ops::function::FnOnce<()>>::call_once::h016839325aa1d4be
[INFO] [stdout]                                at /rustc/df4ca44d3fbc9301ee17f30f4d474e6ae4b05252/library/core/src/panic/unwind_safe.rs:272:9
[INFO] [stdout]   34:     0x62b92ad84a5b - std::panicking::try::do_call::h167aeec4d75d7e2e
[INFO] [stdout]                                at /rustc/df4ca44d3fbc9301ee17f30f4d474e6ae4b05252/library/std/src/panicking.rs:557:40
[INFO] [stdout]   35:     0x62b92ad9149b - __rust_try
[INFO] [stdout]   36:     0x62b92ad8dba9 - std::panicking::try::h1824859280df7c10
[INFO] [stdout]                                at /rustc/df4ca44d3fbc9301ee17f30f4d474e6ae4b05252/library/std/src/panicking.rs:520:19
[INFO] [stdout]   37:     0x62b92ad8dba9 - std::panic::catch_unwind::hd78264a6526bbef4
[INFO] [stdout]                                at /rustc/df4ca44d3fbc9301ee17f30f4d474e6ae4b05252/library/std/src/panic.rs:358:14
[INFO] [stdout]   38:     0x62b92ad8dba9 - std::thread::Builder::spawn_unchecked_::{{closure}}::h475ba4927acd0a06
[INFO] [stdout]                                at /rustc/df4ca44d3fbc9301ee17f30f4d474e6ae4b05252/library/std/src/thread/mod.rs:540:30
[INFO] [stdout]   39:     0x62b92ad84daf - core::ops::function::FnOnce::call_once{{vtable.shim}}::ha988e038f1fbbbcf
[INFO] [stdout]                                at /rustc/df4ca44d3fbc9301ee17f30f4d474e6ae4b05252/library/core/src/ops/function.rs:250:5
[INFO] [stdout]   40:     0x62b92b30175b - <alloc::boxed::Box<F,A> as core::ops::function::FnOnce<Args>>::call_once::h69aa08ddb6adb8b6
[INFO] [stdout]                                at /rustc/df4ca44d3fbc9301ee17f30f4d474e6ae4b05252/library/alloc/src/boxed.rs:2454:9
[INFO] [stdout]   41:     0x62b92b30175b - <alloc::boxed::Box<F,A> as core::ops::function::FnOnce<Args>>::call_once::h5aa36efdb79c806f
[INFO] [stdout]                                at /rustc/df4ca44d3fbc9301ee17f30f4d474e6ae4b05252/library/alloc/src/boxed.rs:2454:9
[INFO] [stdout]   42:     0x62b92b30175b - std::sys::pal::unix::thread::Thread::new::thread_start::h6cd80a1b4be5158d
[INFO] [stdout]                                at /rustc/df4ca44d3fbc9301ee17f30f4d474e6ae4b05252/library/std/src/sys/pal/unix/thread.rs:105:17
[INFO] [stdout]   43:     0x75501008aac3 - <unknown>
[INFO] [stdout]   44:     0x75501011ba04 - clone
[INFO] [stdout]   45:                0x0 - <unknown>
[INFO] [stdout] thread 'models::user::tests::create_and_veiry_user_should_work' panicked at /opt/rustwide/cargo-home/registry/src/index.crates.io-6f17d22bba15001f/sqlx-db-tester-0.4.2/src/postgres.rs:52:10:
[INFO] [stdout] failed to create database: Any { .. }
[INFO] [stdout] stack backtrace:
[INFO] [stdout]    0:     0x62b92b2fb79a - std::backtrace_rs::backtrace::libunwind::trace::h207520d6e9873551
[INFO] [stdout]                                at /rustc/df4ca44d3fbc9301ee17f30f4d474e6ae4b05252/library/std/src/../../backtrace/src/backtrace/libunwind.rs:116:5
[INFO] [stdout]    1:     0x62b92b2fb79a - std::backtrace_rs::backtrace::trace_unsynchronized::h2ed7433f370e3eca
[INFO] [stdout]                                at /rustc/df4ca44d3fbc9301ee17f30f4d474e6ae4b05252/library/std/src/../../backtrace/src/backtrace/mod.rs:66:5
[INFO] [stdout]    2:     0x62b92b2fb79a - std::sys::backtrace::_print_fmt::h916fac51166b18d7
[INFO] [stdout]                                at /rustc/df4ca44d3fbc9301ee17f30f4d474e6ae4b05252/library/std/src/sys/backtrace.rs:66:9
[INFO] [stdout]    3:     0x62b92b2fb79a - <std::sys::backtrace::BacktraceLock::print::DisplayBacktrace as core::fmt::Display>::fmt::ha0a4c9b8ce3802e6
[INFO] [stdout]                                at /rustc/df4ca44d3fbc9301ee17f30f4d474e6ae4b05252/library/std/src/sys/backtrace.rs:39:26
[INFO] [stdout]    4:     0x62b92b3260e3 - core::fmt::rt::Argument::fmt::h4cfc8587d52b3eb5
[INFO] [stdout]                                at /rustc/df4ca44d3fbc9301ee17f30f4d474e6ae4b05252/library/core/src/fmt/rt.rs:177:76
[INFO] [stdout]    5:     0x62b92b3260e3 - core::fmt::write::h522cc39e5b36ae9f
[INFO] [stdout]                                at /rustc/df4ca44d3fbc9301ee17f30f4d474e6ae4b05252/library/core/src/fmt/mod.rs:1190:21
[INFO] [stdout]    6:     0x62b92b2f7713 - std::io::Write::write_fmt::h7d3c26752da97734
[INFO] [stdout]                                at /rustc/df4ca44d3fbc9301ee17f30f4d474e6ae4b05252/library/std/src/io/mod.rs:1839:15
[INFO] [stdout]    7:     0x62b92b2fb5e2 - std::sys::backtrace::BacktraceLock::print::h4b9e00b29e9c0942
[INFO] [stdout]                                at /rustc/df4ca44d3fbc9301ee17f30f4d474e6ae4b05252/library/std/src/sys/backtrace.rs:42:9
[INFO] [stdout]    8:     0x62b92b2fcc2a - std::panicking::default_hook::{{closure}}::hb59b88280d0324d9
[INFO] [stdout]                                at /rustc/df4ca44d3fbc9301ee17f30f4d474e6ae4b05252/library/std/src/panicking.rs:268:22
[INFO] [stdout]    9:     0x62b92b2fca34 - std::panicking::default_hook::he1dd496665be4a29
[INFO] [stdout]                                at /rustc/df4ca44d3fbc9301ee17f30f4d474e6ae4b05252/library/std/src/panicking.rs:292:9
[INFO] [stdout]   10:     0x62b92ad79bd9 - <alloc::boxed::Box<F,A> as core::ops::function::Fn<Args>>::call::h4ff71de18744e1dc
[INFO] [stdout]                                at /rustc/df4ca44d3fbc9301ee17f30f4d474e6ae4b05252/library/alloc/src/boxed.rs:2468:9
[INFO] [stdout]   11:     0x62b92ad79bd9 - test::test_main::{{closure}}::hcf7c055ce117aa81
[INFO] [stdout]                                at /rustc/df4ca44d3fbc9301ee17f30f4d474e6ae4b05252/library/test/src/lib.rs:133:21
[INFO] [stdout]   12:     0x62b92b2fd328 - <alloc::boxed::Box<F,A> as core::ops::function::Fn<Args>>::call::h1d66c6bbd60c9692
[INFO] [stdout]                                at /rustc/df4ca44d3fbc9301ee17f30f4d474e6ae4b05252/library/alloc/src/boxed.rs:2468:9
[INFO] [stdout]   13:     0x62b92b2fd328 - std::panicking::rust_panic_with_hook::h2ff17fe8f26dfcf8
[INFO] [stdout]                                at /rustc/df4ca44d3fbc9301ee17f30f4d474e6ae4b05252/library/std/src/panicking.rs:809:13
[INFO] [stdout]   14:     0x62b92b2fd0ea - std::panicking::begin_panic_handler::{{closure}}::h4fad77951c07e101
[INFO] [stdout]                                at /rustc/df4ca44d3fbc9301ee17f30f4d474e6ae4b05252/library/std/src/panicking.rs:674:13
[INFO] [stdout]   15:     0x62b92b2fbc79 - std::sys::backtrace::__rust_end_short_backtrace::hb1a25b3da5d0ea08
[INFO] [stdout]                                at /rustc/df4ca44d3fbc9301ee17f30f4d474e6ae4b05252/library/std/src/sys/backtrace.rs:170:18
[INFO] [stdout]   16:     0x62b92b2fcd7c - rust_begin_unwind
[INFO] [stdout]                                at /rustc/df4ca44d3fbc9301ee17f30f4d474e6ae4b05252/library/std/src/panicking.rs:665:5
[INFO] [stdout]   17:     0x62b92b324120 - core::panicking::panic_fmt::ha9db07b529f9b256
[INFO] [stdout]                                at /rustc/df4ca44d3fbc9301ee17f30f4d474e6ae4b05252/library/core/src/panicking.rs:75:14
[INFO] [stdout]   18:     0x62b92b3245c6 - core::result::unwrap_failed::h5e8218e4d4338b8a
[INFO] [stdout]                                at /rustc/df4ca44d3fbc9301ee17f30f4d474e6ae4b05252/library/core/src/result.rs:1698:5
[INFO] [stdout]   19:     0x62b92ad86a5e - core::result::Result<T,E>::expect::hd0a90694aad6fe44
[INFO] [stdout]                                at /rustc/df4ca44d3fbc9301ee17f30f4d474e6ae4b05252/library/core/src/result.rs:1060:23
[INFO] [stdout]   20:     0x62b92ad99d61 - sqlx_db_tester::postgres::TestPg::new::hbadbc2f08f4c1641
[INFO] [stdout]                                at /opt/rustwide/cargo-home/registry/src/index.crates.io-6f17d22bba15001f/sqlx-db-tester-0.4.2/src/postgres.rs:32:9
[INFO] [stdout]   21:     0x62b92ad3518b - chat_server::models::user::tests::create_and_veiry_user_should_work::{{closure}}::hb814b5e446ce8a39
[INFO] [stdout]                                at /opt/rustwide/workdir/chat_server/src/models/user.rs:115:19
[INFO] [stdout]   22:     0x62b92ad323b5 - <core::pin::Pin<P> as core::future::future::Future>::poll::h7b509d1e6e43c6fd
[INFO] [stdout]                                at /rustc/df4ca44d3fbc9301ee17f30f4d474e6ae4b05252/library/core/src/future/future.rs:123:9
[INFO] [stdout]   23:     0x62b92ad323ed - <core::pin::Pin<P> as core::future::future::Future>::poll::hfdac3abb93b263a7
[INFO] [stdout]                                at /rustc/df4ca44d3fbc9301ee17f30f4d474e6ae4b05252/library/core/src/future/future.rs:123:9
[INFO] [stdout]   24:     0x62b92ad318ef - tokio::runtime::scheduler::current_thread::CoreGuard::block_on::{{closure}}::{{closure}}::{{closure}}::h62641ca18d7f781d
[INFO] [stdout]                                at /opt/rustwide/cargo-home/registry/src/index.crates.io-6f17d22bba15001f/tokio-1.37.0/src/runtime/scheduler/current_thread/mod.rs:659:57
[INFO] [stdout]   25:     0x62b92ad31826 - tokio::runtime::coop::with_budget::h020383be2e320e8a
[INFO] [stdout]                                at /opt/rustwide/cargo-home/registry/src/index.crates.io-6f17d22bba15001f/tokio-1.37.0/src/runtime/coop.rs:107:5
[INFO] [stdout]   26:     0x62b92ad31826 - tokio::runtime::coop::budget::he2b28f72b470d792
[INFO] [stdout]                                at /opt/rustwide/cargo-home/registry/src/index.crates.io-6f17d22bba15001f/tokio-1.37.0/src/runtime/coop.rs:73:5
[INFO] [stdout]   27:     0x62b92ad31826 - tokio::runtime::scheduler::current_thread::CoreGuard::block_on::{{closure}}::{{closure}}::hf18ab21ea05f3cc8
[INFO] [stdout]                                at /opt/rustwide/cargo-home/registry/src/index.crates.io-6f17d22bba15001f/tokio-1.37.0/src/runtime/scheduler/current_thread/mod.rs:659:25
[INFO] [stdout]   28:     0x62b92ad304b6 - tokio::runtime::scheduler::current_thread::Context::enter::h43f6bce536a29957
[INFO] [stdout]                                at /opt/rustwide/cargo-home/registry/src/index.crates.io-6f17d22bba15001f/tokio-1.37.0/src/runtime/scheduler/current_thread/mod.rs:404:19
[INFO] [stdout]   29:     0x62b92ad31007 - tokio::runtime::scheduler::current_thread::CoreGuard::block_on::{{closure}}::hea169630fb954d88
[INFO] [stdout]                                at /opt/rustwide/cargo-home/registry/src/index.crates.io-6f17d22bba15001f/tokio-1.37.0/src/runtime/scheduler/current_thread/mod.rs:658:36
[INFO] [stdout]   30:     0x62b92ad30d4b - tokio::runtime::scheduler::current_thread::CoreGuard::enter::{{closure}}::hca78762db691d417
[INFO] [stdout]                                at /opt/rustwide/cargo-home/registry/src/index.crates.io-6f17d22bba15001f/tokio-1.37.0/src/runtime/scheduler/current_thread/mod.rs:737:68
[INFO] [stdout]   31:     0x62b92ad38f6a - tokio::runtime::context::scoped::Scoped<T>::set::hd4ffb09ec2d2c6cd
[INFO] [stdout]                                at /opt/rustwide/cargo-home/registry/src/index.crates.io-6f17d22bba15001f/tokio-1.37.0/src/runtime/context/scoped.rs:40:9
[INFO] [stdout]   32:     0x62b92ad38d8a - tokio::runtime::context::set_scheduler::{{closure}}::h3c992f00f12f13a8
[INFO] [stdout]                                at /opt/rustwide/cargo-home/registry/src/index.crates.io-6f17d22bba15001f/tokio-1.37.0/src/runtime/context.rs:176:26
[INFO] [stdout]   33:     0x62b92ad2cd61 - std::thread::local::LocalKey<T>::try_with::h1b894e2f1ff12927
[INFO] [stdout]                                at /rustc/df4ca44d3fbc9301ee17f30f4d474e6ae4b05252/library/std/src/thread/local.rs:283:12
[INFO] [stdout]   34:     0x62b92ad2ca6d - std::thread::local::LocalKey<T>::with::h049816448b4a177b
[INFO] [stdout]                                at /rustc/df4ca44d3fbc9301ee17f30f4d474e6ae4b05252/library/std/src/thread/local.rs:260:9
[INFO] [stdout]   35:     0x62b92ad38d31 - tokio::runtime::context::set_scheduler::hb5c488a62d50ec78
[INFO] [stdout]                                at /opt/rustwide/cargo-home/registry/src/index.crates.io-6f17d22bba15001f/tokio-1.37.0/src/runtime/context.rs:176:9
[INFO] [stdout]   36:     0x62b92ad30abd - tokio::runtime::scheduler::current_thread::CoreGuard::enter::hc22a03ea5643adfa
[INFO] [stdout]                                at /opt/rustwide/cargo-home/registry/src/index.crates.io-6f17d22bba15001f/tokio-1.37.0/src/runtime/scheduler/current_thread/mod.rs:737:27
[INFO] [stdout]   37:     0x62b92ad30d73 - tokio::runtime::scheduler::current_thread::CoreGuard::block_on::h2465e23e1676b1dc
[INFO] [stdout]                                at /opt/rustwide/cargo-home/registry/src/index.crates.io-6f17d22bba15001f/tokio-1.37.0/src/runtime/scheduler/current_thread/mod.rs:646:19
[INFO] [stdout]   38:     0x62b92ad2fc33 - tokio::runtime::scheduler::current_thread::CurrentThread::block_on::{{closure}}::h7ff0f078a352cfcf
[INFO] [stdout]                                at /opt/rustwide/cargo-home/registry/src/index.crates.io-6f17d22bba15001f/tokio-1.37.0/src/runtime/scheduler/current_thread/mod.rs:175:28
[INFO] [stdout]   39:     0x62b92ad390b6 - tokio::runtime::context::runtime::enter_runtime::h5b3675f37e15efd1
[INFO] [stdout]                                at /opt/rustwide/cargo-home/registry/src/index.crates.io-6f17d22bba15001f/tokio-1.37.0/src/runtime/context/runtime.rs:65:16
[INFO] [stdout]   40:     0x62b92ad2fb31 - tokio::runtime::scheduler::current_thread::CurrentThread::block_on::hd1c0917981716b21
[INFO] [stdout]                                at /opt/rustwide/cargo-home/registry/src/index.crates.io-6f17d22bba15001f/tokio-1.37.0/src/runtime/scheduler/current_thread/mod.rs:167:9
[INFO] [stdout]   41:     0x62b92ad397c4 - tokio::runtime::runtime::Runtime::block_on::heea92bbfa074e67e
[INFO] [stdout]                                at /opt/rustwide/cargo-home/registry/src/index.crates.io-6f17d22bba15001f/tokio-1.37.0/src/runtime/runtime.rs:349:47
[INFO] [stdout]   42:     0x62b92ad34f10 - chat_server::models::user::tests::create_and_veiry_user_should_work::h1f49ea77d9d97e14
[INFO] [stdout]                                at /opt/rustwide/workdir/chat_server/src/models/user.rs:140:9
[INFO] [stdout]   43:     0x62b92ad34d87 - chat_server::models::user::tests::create_and_veiry_user_should_work::{{closure}}::hd7f751cf215ad387
[INFO] [stdout]                                at /opt/rustwide/workdir/chat_server/src/models/user.rs:114:53
[INFO] [stdout]   44:     0x62b92ad2d4c6 - core::ops::function::FnOnce::call_once::h41abdc314e6b81f6
[INFO] [stdout]                                at /rustc/df4ca44d3fbc9301ee17f30f4d474e6ae4b05252/library/core/src/ops/function.rs:250:5
[INFO] [stdout]   45:     0x62b92ad7e4ab - core::ops::function::FnOnce::call_once::h22c3ba5715e93f05
[INFO] [stdout]                                at /rustc/df4ca44d3fbc9301ee17f30f4d474e6ae4b05252/library/core/src/ops/function.rs:250:5
[INFO] [stdout]   46:     0x62b92ad7e4ab - test::__rust_begin_short_backtrace::h8e82d8113d0da17f
[INFO] [stdout]                                at /rustc/df4ca44d3fbc9301ee17f30f4d474e6ae4b05252/library/test/src/lib.rs:621:18
[INFO] [stdout]   47:     0x62b92ad7de27 - test::run_test_in_process::{{closure}}::h33235f4f20b7b7c7
[INFO] [stdout]                                at /rustc/df4ca44d3fbc9301ee17f30f4d474e6ae4b05252/library/test/src/lib.rs:644:60
[INFO] [stdout]   48:     0x62b92ad7de27 - <core::panic::unwind_safe::AssertUnwindSafe<F> as core::ops::function::FnOnce<()>>::call_once::hb5043206310c586f
[INFO] [stdout]                                at /rustc/df4ca44d3fbc9301ee17f30f4d474e6ae4b05252/library/core/src/panic/unwind_safe.rs:272:9
[INFO] [stdout]   49:     0x62b92ad7de27 - std::panicking::try::do_call::h9ad4731a60ab23e2
[INFO] [stdout]                                at /rustc/df4ca44d3fbc9301ee17f30f4d474e6ae4b05252/library/std/src/panicking.rs:557:40
[INFO] [stdout]   50:     0x62b92ad7de27 - std::panicking::try::h3824d23db772a716
[INFO] [stdout]                                at /rustc/df4ca44d3fbc9301ee17f30f4d474e6ae4b05252/library/std/src/panicking.rs:520:19
[INFO] [stdout]   51:     0x62b92ad7de27 - std::panic::catch_unwind::h5afd514605fde46b
[INFO] [stdout]                                at /rustc/df4ca44d3fbc9301ee17f30f4d474e6ae4b05252/library/std/src/panic.rs:358:14
[INFO] [stdout]   52:     0x62b92ad7de27 - test::run_test_in_process::h0d5cbfa7067d1720
[INFO] [stdout]                                at /rustc/df4ca44d3fbc9301ee17f30f4d474e6ae4b05252/library/test/src/lib.rs:644:27
[INFO] [stdout]   53:     0x62b92ad7de27 - test::run_test::{{closure}}::h708eb8872708115d
[INFO] [stdout]                                at /rustc/df4ca44d3fbc9301ee17f30f4d474e6ae4b05252/library/test/src/lib.rs:565:43
[INFO] [stdout]   54:     0x62b92ad41544 - test::run_test::{{closure}}::h392c51cee94713ab
[INFO] [stdout]                                at /rustc/df4ca44d3fbc9301ee17f30f4d474e6ae4b05252/library/test/src/lib.rs:595:41
[INFO] [stdout]   55:     0x62b92ad41544 - std::sys::backtrace::__rust_begin_short_backtrace::h2f40290710935a8b
[INFO] [stdout]                                at /rustc/df4ca44d3fbc9301ee17f30f4d474e6ae4b05252/library/std/src/sys/backtrace.rs:154:18
[INFO] [stdout]   56:     0x62b92ad44cee - std::thread::Builder::spawn_unchecked_::{{closure}}::{{closure}}::h3fd968d89053a903
[INFO] [stdout]                                at /rustc/df4ca44d3fbc9301ee17f30f4d474e6ae4b05252/library/std/src/thread/mod.rs:541:17
[INFO] [stdout]   57:     0x62b92ad44cee - <core::panic::unwind_safe::AssertUnwindSafe<F> as core::ops::function::FnOnce<()>>::call_once::h743f637ba4229880
[INFO] [stdout]                                at /rustc/df4ca44d3fbc9301ee17f30f4d474e6ae4b05252/library/core/src/panic/unwind_safe.rs:272:9
[INFO] [stdout]   58:     0x62b92ad44cee - std::panicking::try::do_call::h07440897322525a6
[INFO] [stdout]                                at /rustc/df4ca44d3fbc9301ee17f30f4d474e6ae4b05252/library/std/src/panicking.rs:557:40
[INFO] [stdout]   59:     0x62b92ad44cee - std::panicking::try::he5a2e00188156637
[INFO] [stdout]                                at /rustc/df4ca44d3fbc9301ee17f30f4d474e6ae4b05252/library/std/src/panicking.rs:520:19
[INFO] [stdout]   60:     0x62b92ad44cee - std::panic::catch_unwind::hbaf3cae49b3c6433
[INFO] [stdout]                                at /rustc/df4ca44d3fbc9301ee17f30f4d474e6ae4b05252/library/std/src/panic.rs:358:14
[INFO] [stdout]   61:     0x62b92ad44cee - std::thread::Builder::spawn_unchecked_::{{closure}}::h8e141ea224820bce
[INFO] [stdout]                                at /rustc/df4ca44d3fbc9301ee17f30f4d474e6ae4b05252/library/std/src/thread/mod.rs:540:30
[INFO] [stdout]   62:     0x62b92ad44cee - core::ops::function::FnOnce::call_once{{vtable.shim}}::h90d312fedd7b8ea8
[INFO] [stdout]                                at /rustc/df4ca44d3fbc9301ee17f30f4d474e6ae4b05252/library/core/src/ops/function.rs:250:5
[INFO] [stdout]   63:     0x62b92b30175b - <alloc::boxed::Box<F,A> as core::ops::function::FnOnce<Args>>::call_once::h69aa08ddb6adb8b6
[INFO] [stdout]                                at /rustc/df4ca44d3fbc9301ee17f30f4d474e6ae4b05252/library/alloc/src/boxed.rs:2454:9
[INFO] [stdout]   64:     0x62b92b30175b - <alloc::boxed::Box<F,A> as core::ops::function::FnOnce<Args>>::call_once::h5aa36efdb79c806f
[INFO] [stdout]                                at /rustc/df4ca44d3fbc9301ee17f30f4d474e6ae4b05252/library/alloc/src/boxed.rs:2454:9
[INFO] [stdout]   65:     0x62b92b30175b - std::sys::pal::unix::thread::Thread::new::thread_start::h6cd80a1b4be5158d
[INFO] [stdout]                                at /rustc/df4ca44d3fbc9301ee17f30f4d474e6ae4b05252/library/std/src/sys/pal/unix/thread.rs:105:17
[INFO] [stdout]   66:     0x75501008aac3 - <unknown>
[INFO] [stdout]   67:     0x75501011ba04 - clone
[INFO] [stdout]   68:                0x0 - <unknown>
[INFO] [stdout] thread '<unnamed>' panicked at /opt/rustwide/cargo-home/registry/src/index.crates.io-6f17d22bba15001f/sqlx-db-tester-0.4.2/src/postgres.rs:115:41:
[INFO] [stdout] Error while connecting to postgres://postgres:123456@localhost:5432
[INFO] [stdout] stack backtrace:
[INFO] [stdout]    0:     0x62b92b2fb79a - std::backtrace_rs::backtrace::libunwind::trace::h207520d6e9873551
[INFO] [stdout]                                at /rustc/df4ca44d3fbc9301ee17f30f4d474e6ae4b05252/library/std/src/../../backtrace/src/backtrace/libunwind.rs:116:5
[INFO] [stdout]    1:     0x62b92b2fb79a - std::backtrace_rs::backtrace::trace_unsynchronized::h2ed7433f370e3eca
[INFO] [stdout]                                at /rustc/df4ca44d3fbc9301ee17f30f4d474e6ae4b05252/library/std/src/../../backtrace/src/backtrace/mod.rs:66:5
[INFO] [stdout]    2:     0x62b92b2fb79a - std::sys::backtrace::_print_fmt::h916fac51166b18d7
[INFO] [stdout]                                at /rustc/df4ca44d3fbc9301ee17f30f4d474e6ae4b05252/library/std/src/sys/backtrace.rs:66:9
[INFO] [stdout]    3:     0x62b92b2fb79a - <std::sys::backtrace::BacktraceLock::print::DisplayBacktrace as core::fmt::Display>::fmt::ha0a4c9b8ce3802e6
[INFO] [stdout]                                at /rustc/df4ca44d3fbc9301ee17f30f4d474e6ae4b05252/library/std/src/sys/backtrace.rs:39:26
[INFO] [stdout]    4:     0x62b92b3260e3 - core::fmt::rt::Argument::fmt::h4cfc8587d52b3eb5
[INFO] [stdout]                                at /rustc/df4ca44d3fbc9301ee17f30f4d474e6ae4b05252/library/core/src/fmt/rt.rs:177:76
[INFO] [stdout]    5:     0x62b92b3260e3 - core::fmt::write::h522cc39e5b36ae9f
[INFO] [stdout]                                at /rustc/df4ca44d3fbc9301ee17f30f4d474e6ae4b05252/library/core/src/fmt/mod.rs:1190:21
[INFO] [stdout]    6:     0x62b92b2f7713 - std::io::Write::write_fmt::h7d3c26752da97734
[INFO] [stdout]                                at /rustc/df4ca44d3fbc9301ee17f30f4d474e6ae4b05252/library/std/src/io/mod.rs:1839:15
[INFO] [stdout]    7:     0x62b92b2fb5e2 - std::sys::backtrace::BacktraceLock::print::h4b9e00b29e9c0942
[INFO] [stdout]                                at /rustc/df4ca44d3fbc9301ee17f30f4d474e6ae4b05252/library/std/src/sys/backtrace.rs:42:9
[INFO] [stdout]    8:     0x62b92b2fcc2a - std::panicking::default_hook::{{closure}}::hb59b88280d0324d9
[INFO] [stdout]                                at /rustc/df4ca44d3fbc9301ee17f30f4d474e6ae4b05252/library/std/src/panicking.rs:268:22
[INFO] [stdout]    9:     0x62b92b2fca34 - std::panicking::default_hook::he1dd496665be4a29
[INFO] [stdout]                                at /rustc/df4ca44d3fbc9301ee17f30f4d474e6ae4b05252/library/std/src/panicking.rs:292:9
[INFO] [stdout]   10:     0x62b92ad79bd9 - <alloc::boxed::Box<F,A> as core::ops::function::Fn<Args>>::call::h4ff71de18744e1dc
[INFO] [stdout]                                at /rustc/df4ca44d3fbc9301ee17f30f4d474e6ae4b05252/library/alloc/src/boxed.rs:2468:9
[INFO] [stdout]   11:     0x62b92ad79bd9 - test::test_main::{{closure}}::hcf7c055ce117aa81
[INFO] [stdout]                                at /rustc/df4ca44d3fbc9301ee17f30f4d474e6ae4b05252/library/test/src/lib.rs:133:21
[INFO] [stdout]   12:     0x62b92b2fd328 - <alloc::boxed::Box<F,A> as core::ops::function::Fn<Args>>::call::h1d66c6bbd60c9692
[INFO] [stdout]                                at /rustc/df4ca44d3fbc9301ee17f30f4d474e6ae4b05252/library/alloc/src/boxed.rs:2468:9
[INFO] [stdout]   13:     0x62b92b2fd328 - std::panicking::rust_panic_with_hook::h2ff17fe8f26dfcf8
[INFO] [stdout]                                at /rustc/df4ca44d3fbc9301ee17f30f4d474e6ae4b05252/library/std/src/panicking.rs:809:13
[INFO] [stdout]   14:     0x62b92b2fd0ea - std::panicking::begin_panic_handler::{{closure}}::h4fad77951c07e101
[INFO] [stdout]                                at /rustc/df4ca44d3fbc9301ee17f30f4d474e6ae4b05252/library/std/src/panicking.rs:674:13
[INFO] [stdout]   15:     0x62b92b2fbc79 - std::sys::backtrace::__rust_end_short_backtrace::hb1a25b3da5d0ea08
[INFO] [stdout]                                at /rustc/df4ca44d3fbc9301ee17f30f4d474e6ae4b05252/library/std/src/sys/backtrace.rs:170:18
[INFO] [stdout]   16:     0x62b92b2fcd7c - rust_begin_unwind
[INFO] [stdout]                                at /rustc/df4ca44d3fbc9301ee17f30f4d474e6ae4b05252/library/std/src/panicking.rs:665:5
[INFO] [stdout]   17:     0x62b92b324120 - core::panicking::panic_fmt::ha9db07b529f9b256
[INFO] [stdout]                                at /rustc/df4ca44d3fbc9301ee17f30f4d474e6ae4b05252/library/core/src/panicking.rs:75:14
[INFO] [stdout]   18:     0x62b92ad9c125 - <sqlx_db_tester::postgres::TestPg as core::ops::drop::Drop>::drop::{{closure}}::{{closure}}::{{closure}}::h27a98f7f0f0572f5
[INFO] [stdout]                                at /opt/rustwide/cargo-home/registry/src/index.crates.io-6f17d22bba15001f/sqlx-db-tester-0.4.2/src/postgres.rs:115:41
[INFO] [stdout]   19:     0x62b92ad866fb - core::result::Result<T,E>::unwrap_or_else::h9f5eb2c224825bb7
[INFO] [stdout]                                at /rustc/df4ca44d3fbc9301ee17f30f4d474e6ae4b05252/library/core/src/result.rs:1457:23
[INFO] [stdout]   20:     0x62b92ad9b97e - <sqlx_db_tester::postgres::TestPg as core::ops::drop::Drop>::drop::{{closure}}::{{closure}}::he346c2fd34a75590
[INFO] [stdout]                                at /opt/rustwide/cargo-home/registry/src/index.crates.io-6f17d22bba15001f/sqlx-db-tester-0.4.2/src/postgres.rs:114:36
[INFO] [stdout]   21:     0x62b92ad88390 - tokio::runtime::park::CachedParkThread::block_on::{{closure}}::hc859eab17bc02ad6
[INFO] [stdout]                                at /opt/rustwide/cargo-home/registry/src/index.crates.io-6f17d22bba15001f/tokio-1.37.0/src/runtime/park.rs:281:63
[INFO] [stdout]   22:     0x62b92ad874dc - tokio::runtime::coop::with_budget::h6a6a46c090bc8481
[INFO] [stdout]                                at /opt/rustwide/cargo-home/registry/src/index.crates.io-6f17d22bba15001f/tokio-1.37.0/src/runtime/coop.rs:107:5
[INFO] [stdout]   23:     0x62b92ad874dc - tokio::runtime::coop::budget::he45db5806f16614a
[INFO] [stdout]                                at /opt/rustwide/cargo-home/registry/src/index.crates.io-6f17d22bba15001f/tokio-1.37.0/src/runtime/coop.rs:73:5
[INFO] [stdout]   24:     0x62b92ad874dc - tokio::runtime::park::CachedParkThread::block_on::h3247271c4aba8ebc
[INFO] [stdout]                                at /opt/rustwide/cargo-home/registry/src/index.crates.io-6f17d22bba15001f/tokio-1.37.0/src/runtime/park.rs:281:31
[INFO] [stdout]   25:     0x62b92ad95699 - tokio::runtime::context::blocking::BlockingRegionGuard::block_on::h61459c864ed6ae5c
[INFO] [stdout]                                at /opt/rustwide/cargo-home/registry/src/index.crates.io-6f17d22bba15001f/tokio-1.37.0/src/runtime/context/blocking.rs:66:9
[INFO] [stdout]   26:     0x62b92ad89767 - tokio::runtime::scheduler::multi_thread::MultiThread::block_on::{{closure}}::hbf144b77f55fadae
[INFO] [stdout]                                at /opt/rustwide/cargo-home/registry/src/index.crates.io-6f17d22bba15001f/tokio-1.37.0/src/runtime/scheduler/multi_thread/mod.rs:87:13
[INFO] [stdout]   27:     0x62b92ad888d3 - tokio::runtime::context::runtime::enter_runtime::haa4b0d13e34df6b7
[INFO] [stdout]                                at /opt/rustwide/cargo-home/registry/src/index.crates.io-6f17d22bba15001f/tokio-1.37.0/src/runtime/context/runtime.rs:65:16
[INFO] [stdout]   28:     0x62b92ad89652 - tokio::runtime::scheduler::multi_thread::MultiThread::block_on::h60cd38735555083e
[INFO] [stdout]                                at /opt/rustwide/cargo-home/registry/src/index.crates.io-6f17d22bba15001f/tokio-1.37.0/src/runtime/scheduler/multi_thread/mod.rs:86:9
[INFO] [stdout]   29:     0x62b92ad89593 - tokio::runtime::runtime::Runtime::block_on::h7724ed19a3d4421a
[INFO] [stdout]                                at /opt/rustwide/cargo-home/registry/src/index.crates.io-6f17d22bba15001f/tokio-1.37.0/src/runtime/runtime.rs:351:45
[INFO] [stdout]   30:     0x62b92ad9b64a - <sqlx_db_tester::postgres::TestPg as core::ops::drop::Drop>::drop::{{closure}}::h739c5b5fe970c47f
[INFO] [stdout]                                at /opt/rustwide/cargo-home/registry/src/index.crates.io-6f17d22bba15001f/sqlx-db-tester-0.4.2/src/postgres.rs:113:13
[INFO] [stdout]   31:     0x62b92ad94b26 - std::sys::backtrace::__rust_begin_short_backtrace::h5c94f2d0b6011ef1
[INFO] [stdout]                                at /rustc/df4ca44d3fbc9301ee17f30f4d474e6ae4b05252/library/std/src/sys/backtrace.rs:154:18
[INFO] [stdout]   32:     0x62b92ad8e891 - std::thread::Builder::spawn_unchecked_::{{closure}}::{{closure}}::h60d2a9dcdaac6ca9
[INFO] [stdout]                                at /rustc/df4ca44d3fbc9301ee17f30f4d474e6ae4b05252/library/std/src/thread/mod.rs:541:17
[INFO] [stdout]   33:     0x62b92ad84491 - <core::panic::unwind_safe::AssertUnwindSafe<F> as core::ops::function::FnOnce<()>>::call_once::h8c49f660617d22e3
[INFO] [stdout]                                at /rustc/df4ca44d3fbc9301ee17f30f4d474e6ae4b05252/library/core/src/panic/unwind_safe.rs:272:9
[INFO] [stdout]   34:     0x62b92ad84aa1 - std::panicking::try::do_call::h49667a685db136e5
[INFO] [stdout]                                at /rustc/df4ca44d3fbc9301ee17f30f4d474e6ae4b05252/library/std/src/panicking.rs:557:40
[INFO] [stdout]   35:     0x62b92ad9149b - __rust_try
[INFO] [stdout]   36:     0x62b92ad8e113 - std::panicking::try::h030735af48229caa
[INFO] [stdout]                                at /rustc/df4ca44d3fbc9301ee17f30f4d474e6ae4b05252/library/std/src/panicking.rs:520:19
[INFO] [stdout]   37:     0x62b92ad8e113 - std::panic::catch_unwind::h4565d0362b3a1a0f
[INFO] [stdout]                                at /rustc/df4ca44d3fbc9301ee17f30f4d474e6ae4b05252/library/std/src/panic.rs:358:14
[INFO] [stdout]   38:     0x62b92ad8e113 - std::thread::Builder::spawn_unchecked_::{{closure}}::hb24073ba718d3b20
[INFO] [stdout]                                at /rustc/df4ca44d3fbc9301ee17f30f4d474e6ae4b05252/library/std/src/thread/mod.rs:540:30
[INFO] [stdout]   39:     0x62b92ad84d8f - core::ops::function::FnOnce::call_once{{vtable.shim}}::h7197e37ad076415f
[INFO] [stdout]                                at /rustc/df4ca44d3fbc9301ee17f30f4d474e6ae4b05252/library/core/src/ops/function.rs:250:5
[INFO] [stdout]   40:     0x62b92b30175b - <alloc::boxed::Box<F,A> as core::ops::function::FnOnce<Args>>::call_once::h69aa08ddb6adb8b6
[INFO] [stdout]                                at /rustc/df4ca44d3fbc9301ee17f30f4d474e6ae4b05252/library/alloc/src/boxed.rs:2454:9
[INFO] [stdout]   41:     0x62b92b30175b - <alloc::boxed::Box<F,A> as core::ops::function::FnOnce<Args>>::call_once::h5aa36efdb79c806f
[INFO] [stdout]                                at /rustc/df4ca44d3fbc9301ee17f30f4d474e6ae4b05252/library/alloc/src/boxed.rs:2454:9
[INFO] [stdout]   42:     0x62b92b30175b - std::sys::pal::unix::thread::Thread::new::thread_start::h6cd80a1b4be5158d
[INFO] [stdout]                                at /rustc/df4ca44d3fbc9301ee17f30f4d474e6ae4b05252/library/std/src/sys/pal/unix/thread.rs:105:17
[INFO] [stdout]   43:     0x75501008aac3 - <unknown>
[INFO] [stdout]   44:     0x75501011ba04 - clone
[INFO] [stdout]   45:                0x0 - <unknown>
[INFO] [stdout] thread 'models::user::tests::create_and_veiry_user_should_work' panicked at /opt/rustwide/cargo-home/registry/src/index.crates.io-6f17d22bba15001f/sqlx-db-tester-0.4.2/src/postgres.rs:128:14:
[INFO] [stdout] failed to drop database: Any { .. }
[INFO] [stdout] stack backtrace:
[INFO] [stdout]    0:     0x62b92b2fb79a - std::backtrace_rs::backtrace::libunwind::trace::h207520d6e9873551
[INFO] [stdout]                                at /rustc/df4ca44d3fbc9301ee17f30f4d474e6ae4b05252/library/std/src/../../backtrace/src/backtrace/libunwind.rs:116:5
[INFO] [stdout]    1:     0x62b92b2fb79a - std::backtrace_rs::backtrace::trace_unsynchronized::h2ed7433f370e3eca
[INFO] [stdout]                                at /rustc/df4ca44d3fbc9301ee17f30f4d474e6ae4b05252/library/std/src/../../backtrace/src/backtrace/mod.rs:66:5
[INFO] [stdout]    2:     0x62b92b2fb79a - std::sys::backtrace::_print_fmt::h916fac51166b18d7
[INFO] [stdout]                                at /rustc/df4ca44d3fbc9301ee17f30f4d474e6ae4b05252/library/std/src/sys/backtrace.rs:66:9
[INFO] [stdout]    3:     0x62b92b2fb79a - <std::sys::backtrace::BacktraceLock::print::DisplayBacktrace as core::fmt::Display>::fmt::ha0a4c9b8ce3802e6
[INFO] [stdout]                                at /rustc/df4ca44d3fbc9301ee17f30f4d474e6ae4b05252/library/std/src/sys/backtrace.rs:39:26
[INFO] [stdout]    4:     0x62b92b3260e3 - core::fmt::rt::Argument::fmt::h4cfc8587d52b3eb5
[INFO] [stdout]                                at /rustc/df4ca44d3fbc9301ee17f30f4d474e6ae4b05252/library/core/src/fmt/rt.rs:177:76
[INFO] [stdout]    5:     0x62b92b3260e3 - core::fmt::write::h522cc39e5b36ae9f
[INFO] [stdout]                                at /rustc/df4ca44d3fbc9301ee17f30f4d474e6ae4b05252/library/core/src/fmt/mod.rs:1190:21
[INFO] [stdout]    6:     0x62b92b2f7713 - std::io::Write::write_fmt::h7d3c26752da97734
[INFO] [stdout]                                at /rustc/df4ca44d3fbc9301ee17f30f4d474e6ae4b05252/library/std/src/io/mod.rs:1839:15
[INFO] [stdout]    7:     0x62b92b2fb5e2 - std::sys::backtrace::BacktraceLock::print::h4b9e00b29e9c0942
[INFO] [stdout]                                at /rustc/df4ca44d3fbc9301ee17f30f4d474e6ae4b05252/library/std/src/sys/backtrace.rs:42:9
[INFO] [stdout]    8:     0x62b92b2fcc2a - std::panicking::default_hook::{{closure}}::hb59b88280d0324d9
[INFO] [stdout]                                at /rustc/df4ca44d3fbc9301ee17f30f4d474e6ae4b05252/library/std/src/panicking.rs:268:22
[INFO] [stdout]    9:     0x62b92b2fca34 - std::panicking::default_hook::he1dd496665be4a29
[INFO] [stdout]                                at /rustc/df4ca44d3fbc9301ee17f30f4d474e6ae4b05252/library/std/src/panicking.rs:292:9
[INFO] [stdout]   10:     0x62b92ad79bd9 - <alloc::boxed::Box<F,A> as core::ops::function::Fn<Args>>::call::h4ff71de18744e1dc
[INFO] [stdout]                                at /rustc/df4ca44d3fbc9301ee17f30f4d474e6ae4b05252/library/alloc/src/boxed.rs:2468:9
[INFO] [stdout]   11:     0x62b92ad79bd9 - test::test_main::{{closure}}::hcf7c055ce117aa81
[INFO] [stdout]                                at /rustc/df4ca44d3fbc9301ee17f30f4d474e6ae4b05252/library/test/src/lib.rs:133:21
[INFO] [stdout]   12:     0x62b92b2fd328 - <alloc::boxed::Box<F,A> as core::ops::function::Fn<Args>>::call::h1d66c6bbd60c9692
[INFO] [stdout]                                at /rustc/df4ca44d3fbc9301ee17f30f4d474e6ae4b05252/library/alloc/src/boxed.rs:2468:9
[INFO] [stdout]   13:     0x62b92b2fd328 - std::panicking::rust_panic_with_hook::h2ff17fe8f26dfcf8
[INFO] [stdout]                                at /rustc/df4ca44d3fbc9301ee17f30f4d474e6ae4b05252/library/std/src/panicking.rs:809:13
[INFO] [stdout]   14:     0x62b92b2fd0ea - std::panicking::begin_panic_handler::{{closure}}::h4fad77951c07e101
[INFO] [stdout]                                at /rustc/df4ca44d3fbc9301ee17f30f4d474e6ae4b05252/library/std/src/panicking.rs:674:13
[INFO] [stdout]   15:     0x62b92b2fbc79 - std::sys::backtrace::__rust_end_short_backtrace::hb1a25b3da5d0ea08
[INFO] [stdout]                                at /rustc/df4ca44d3fbc9301ee17f30f4d474e6ae4b05252/library/std/src/sys/backtrace.rs:170:18
[INFO] [stdout]   16:     0x62b92b2fcd7c - rust_begin_unwind
[INFO] [stdout]                                at /rustc/df4ca44d3fbc9301ee17f30f4d474e6ae4b05252/library/std/src/panicking.rs:665:5
[INFO] [stdout]   17:     0x62b92b324120 - core::panicking::panic_fmt::ha9db07b529f9b256
[INFO] [stdout]                                at /rustc/df4ca44d3fbc9301ee17f30f4d474e6ae4b05252/library/core/src/panicking.rs:75:14
[INFO] [stdout]   18:     0x62b92b3245c6 - core::result::unwrap_failed::h5e8218e4d4338b8a
[INFO] [stdout]                                at /rustc/df4ca44d3fbc9301ee17f30f4d474e6ae4b05252/library/core/src/result.rs:1698:5
[INFO] [stdout]   19:     0x62b92ad86a5e - core::result::Result<T,E>::expect::hd0a90694aad6fe44
[INFO] [stdout]                                at /rustc/df4ca44d3fbc9301ee17f30f4d474e6ae4b05252/library/core/src/result.rs:1060:23
[INFO] [stdout]   20:     0x62b92ad9b471 - <sqlx_db_tester::postgres::TestPg as core::ops::drop::Drop>::drop::h29259f62a689ca1d
[INFO] [stdout]                                at /opt/rustwide/cargo-home/registry/src/index.crates.io-6f17d22bba15001f/sqlx-db-tester-0.4.2/src/postgres.rs:111:9
[INFO] [stdout]   21:     0x62b92ad86057 - core::ptr::drop_in_place<sqlx_db_tester::postgres::TestPg>::h3dd9c9ac6ee2ace1
[INFO] [stdout]                                at /rustc/df4ca44d3fbc9301ee17f30f4d474e6ae4b05252/library/core/src/ptr/mod.rs:521:1
[INFO] [stdout]   22:     0x62b92ad99c0d - sqlx_db_tester::postgres::TestPg::new::hbadbc2f08f4c1641
[INFO] [stdout]                                at /opt/rustwide/cargo-home/registry/src/index.crates.io-6f17d22bba15001f/sqlx-db-tester-0.4.2/src/postgres.rs:55:5
[INFO] [stdout]   23:     0x62b92ad3518b - chat_server::models::user::tests::create_and_veiry_user_should_work::{{closure}}::hb814b5e446ce8a39
[INFO] [stdout]                                at /opt/rustwide/workdir/chat_server/src/models/user.rs:115:19
[INFO] [stdout]   24:     0x62b92ad323b5 - <core::pin::Pin<P> as core::future::future::Future>::poll::h7b509d1e6e43c6fd
[INFO] [stdout]                                at /rustc/df4ca44d3fbc9301ee17f30f4d474e6ae4b05252/library/core/src/future/future.rs:123:9
[INFO] [stdout]   25:     0x62b92ad323ed - <core::pin::Pin<P> as core::future::future::Future>::poll::hfdac3abb93b263a7
[INFO] [stdout]                                at /rustc/df4ca44d3fbc9301ee17f30f4d474e6ae4b05252/library/core/src/future/future.rs:123:9
[INFO] [stdout]   26:     0x62b92ad318ef - tokio::runtime::scheduler::current_thread::CoreGuard::block_on::{{closure}}::{{closure}}::{{closure}}::h62641ca18d7f781d
[INFO] [stdout]                                at /opt/rustwide/cargo-home/registry/src/index.crates.io-6f17d22bba15001f/tokio-1.37.0/src/runtime/scheduler/current_thread/mod.rs:659:57
[INFO] [stdout]   27:     0x62b92ad31826 - tokio::runtime::coop::with_budget::h020383be2e320e8a
[INFO] [stdout]                                at /opt/rustwide/cargo-home/registry/src/index.crates.io-6f17d22bba15001f/tokio-1.37.0/src/runtime/coop.rs:107:5
[INFO] [stdout]   28:     0x62b92ad31826 - tokio::runtime::coop::budget::he2b28f72b470d792
[INFO] [stdout]                                at /opt/rustwide/cargo-home/registry/src/index.crates.io-6f17d22bba15001f/tokio-1.37.0/src/runtime/coop.rs:73:5
[INFO] [stdout]   29:     0x62b92ad31826 - tokio::runtime::scheduler::current_thread::CoreGuard::block_on::{{closure}}::{{closure}}::hf18ab21ea05f3cc8
[INFO] [stdout]                                at /opt/rustwide/cargo-home/registry/src/index.crates.io-6f17d22bba15001f/tokio-1.37.0/src/runtime/scheduler/current_thread/mod.rs:659:25
[INFO] [stdout]   30:     0x62b92ad304b6 - tokio::runtime::scheduler::current_thread::Context::enter::h43f6bce536a29957
[INFO] [stdout]                                at /opt/rustwide/cargo-home/registry/src/index.crates.io-6f17d22bba15001f/tokio-1.37.0/src/runtime/scheduler/current_thread/mod.rs:404:19
[INFO] [stdout]   31:     0x62b92ad31007 - tokio::runtime::scheduler::current_thread::CoreGuard::block_on::{{closure}}::hea169630fb954d88
[INFO] [stdout]                                at /opt/rustwide/cargo-home/registry/src/index.crates.io-6f17d22bba15001f/tokio-1.37.0/src/runtime/scheduler/current_thread/mod.rs:658:36
[INFO] [stdout]   32:     0x62b92ad30d4b - tokio::runtime::scheduler::current_thread::CoreGuard::enter::{{closure}}::hca78762db691d417
[INFO] [stdout]                                at /opt/rustwide/cargo-home/registry/src/index.crates.io-6f17d22bba15001f/tokio-1.37.0/src/runtime/scheduler/current_thread/mod.rs:737:68
[INFO] [stdout]   33:     0x62b92ad38f6a - tokio::runtime::context::scoped::Scoped<T>::set::hd4ffb09ec2d2c6cd
[INFO] [stdout]                                at /opt/rustwide/cargo-home/registry/src/index.crates.io-6f17d22bba15001f/tokio-1.37.0/src/runtime/context/scoped.rs:40:9
[INFO] [stdout]   34:     0x62b92ad38d8a - tokio::runtime::context::set_scheduler::{{closure}}::h3c992f00f12f13a8
[INFO] [stdout]                                at /opt/rustwide/cargo-home/registry/src/index.crates.io-6f17d22bba15001f/tokio-1.37.0/src/runtime/context.rs:176:26
[INFO] [stdout]   35:     0x62b92ad2cd61 - std::thread::local::LocalKey<T>::try_with::h1b894e2f1ff12927
[INFO] [stdout]                                at /rustc/df4ca44d3fbc9301ee17f30f4d474e6ae4b05252/library/std/src/thread/local.rs:283:12
[INFO] [stdout]   36:     0x62b92ad2ca6d - std::thread::local::LocalKey<T>::with::h049816448b4a177b
[INFO] [stdout]                                at /rustc/df4ca44d3fbc9301ee17f30f4d474e6ae4b05252/library/std/src/thread/local.rs:260:9
[INFO] [stdout]   37:     0x62b92ad38d31 - tokio::runtime::context::set_scheduler::hb5c488a62d50ec78
[INFO] [stdout]                                at /opt/rustwide/cargo-home/registry/src/index.crates.io-6f17d22bba15001f/tokio-1.37.0/src/runtime/context.rs:176:9
[INFO] [stdout]   38:     0x62b92ad30abd - tokio::runtime::scheduler::current_thread::CoreGuard::enter::hc22a03ea5643adfa
[INFO] [stdout]                                at /opt/rustwide/cargo-home/registry/src/index.crates.io-6f17d22bba15001f/tokio-1.37.0/src/runtime/scheduler/current_thread/mod.rs:737:27
[INFO] [stdout]   39:     0x62b92ad30d73 - tokio::runtime::scheduler::current_thread::CoreGuard::block_on::h2465e23e1676b1dc
[INFO] [stdout]                                at /opt/rustwide/cargo-home/registry/src/index.crates.io-6f17d22bba15001f/tokio-1.37.0/src/runtime/scheduler/current_thread/mod.rs:646:19
[INFO] [stdout]   40:     0x62b92ad2fc33 - tokio::runtime::scheduler::current_thread::CurrentThread::block_on::{{closure}}::h7ff0f078a352cfcf
[INFO] [stdout]                                at /opt/rustwide/cargo-home/registry/src/index.crates.io-6f17d22bba15001f/tokio-1.37.0/src/runtime/scheduler/current_thread/mod.rs:175:28
[INFO] [stdout]   41:     0x62b92ad390b6 - tokio::runtime::context::runtime::enter_runtime::h5b3675f37e15efd1
[INFO] [stdout]                                at /opt/rustwide/cargo-home/registry/src/index.crates.io-6f17d22bba15001f/tokio-1.37.0/src/runtime/context/runtime.rs:65:16
[INFO] [stdout]   42:     0x62b92ad2fb31 - tokio::runtime::scheduler::current_thread::CurrentThread::block_on::hd1c0917981716b21
[INFO] [stdout]                                at /opt/rustwide/cargo-home/registry/src/index.crates.io-6f17d22bba15001f/tokio-1.37.0/src/runtime/scheduler/current_thread/mod.rs:167:9
[INFO] [stdout]   43:     0x62b92ad397c4 - tokio::runtime::runtime::Runtime::block_on::heea92bbfa074e67e
[INFO] [stdout]                                at /opt/rustwide/cargo-home/registry/src/index.crates.io-6f17d22bba15001f/tokio-1.37.0/src/runtime/runtime.rs:349:47
[INFO] [stdout]   44:     0x62b92ad34f10 - chat_server::models::user::tests::create_and_veiry_user_should_work::h1f49ea77d9d97e14
[INFO] [stdout]                                at /opt/rustwide/workdir/chat_server/src/models/user.rs:140:9
[INFO] [stdout]   45:     0x62b92ad34d87 - chat_server::models::user::tests::create_and_veiry_user_should_work::{{closure}}::hd7f751cf215ad387
[INFO] [stdout]                                at /opt/rustwide/workdir/chat_server/src/models/user.rs:114:53
[INFO] [stdout]   46:     0x62b92ad2d4c6 - core::ops::function::FnOnce::call_once::h41abdc314e6b81f6
[INFO] [stdout]                                at /rustc/df4ca44d3fbc9301ee17f30f4d474e6ae4b05252/library/core/src/ops/function.rs:250:5
[INFO] [stdout]   47:     0x62b92ad7e4ab - core::ops::function::FnOnce::call_once::h22c3ba5715e93f05
[INFO] [stdout]                                at /rustc/df4ca44d3fbc9301ee17f30f4d474e6ae4b05252/library/core/src/ops/function.rs:250:5
[INFO] [stdout]   48:     0x62b92ad7e4ab - test::__rust_begin_short_backtrace::h8e82d8113d0da17f
[INFO] [stdout]                                at /rustc/df4ca44d3fbc9301ee17f30f4d474e6ae4b05252/library/test/src/lib.rs:621:18
[INFO] [stdout]   49:     0x62b92ad7de27 - test::run_test_in_process::{{closure}}::h33235f4f20b7b7c7
[INFO] [stdout]                                at /rustc/df4ca44d3fbc9301ee17f30f4d474e6ae4b05252/library/test/src/lib.rs:644:60
[INFO] [stdout]   50:     0x62b92ad7de27 - <core::panic::unwind_safe::AssertUnwindSafe<F> as core::ops::function::FnOnce<()>>::call_once::hb5043206310c586f
[INFO] [stdout]                                at /rustc/df4ca44d3fbc9301ee17f30f4d474e6ae4b05252/library/core/src/panic/unwind_safe.rs:272:9
[INFO] [stdout]   51:     0x62b92ad7de27 - std::panicking::try::do_call::h9ad4731a60ab23e2
[INFO] [stdout]                                at /rustc/df4ca44d3fbc9301ee17f30f4d474e6ae4b05252/library/std/src/panicking.rs:557:40
[INFO] [stdout]   52:     0x62b92ad7de27 - std::panicking::try::h3824d23db772a716
[INFO] [stdout]                                at /rustc/df4ca44d3fbc9301ee17f30f4d474e6ae4b05252/library/std/src/panicking.rs:520:19
[INFO] [stdout]   53:     0x62b92ad7de27 - std::panic::catch_unwind::h5afd514605fde46b
[INFO] [stdout]                                at /rustc/df4ca44d3fbc9301ee17f30f4d474e6ae4b05252/library/std/src/panic.rs:358:14
[INFO] [stdout]   54:     0x62b92ad7de27 - test::run_test_in_process::h0d5cbfa7067d1720
[INFO] [stdout]                                at /rustc/df4ca44d3fbc9301ee17f30f4d474e6ae4b05252/library/test/src/lib.rs:644:27
[INFO] [stdout]   55:     0x62b92ad7de27 - test::run_test::{{closure}}::h708eb8872708115d
[INFO] [stdout]                                at /rustc/df4ca44d3fbc9301ee17f30f4d474e6ae4b05252/library/test/src/lib.rs:565:43
[INFO] [stdout]   56:     0x62b92ad41544 - test::run_test::{{closure}}::h392c51cee94713ab
[INFO] [stdout]                                at /rustc/df4ca44d3fbc9301ee17f30f4d474e6ae4b05252/library/test/src/lib.rs:595:41
[INFO] [stdout]   57:     0x62b92ad41544 - std::sys::backtrace::__rust_begin_short_backtrace::h2f40290710935a8b
[INFO] [stdout]                                at /rustc/df4ca44d3fbc9301ee17f30f4d474e6ae4b05252/library/std/src/sys/backtrace.rs:154:18
[INFO] [stdout]   58:     0x62b92ad44cee - std::thread::Builder::spawn_unchecked_::{{closure}}::{{closure}}::h3fd968d89053a903
[INFO] [stdout]                                at /rustc/df4ca44d3fbc9301ee17f30f4d474e6ae4b05252/library/std/src/thread/mod.rs:541:17
[INFO] [stdout]   59:     0x62b92ad44cee - <core::panic::unwind_safe::AssertUnwindSafe<F> as core::ops::function::FnOnce<()>>::call_once::h743f637ba4229880
[INFO] [stdout]                                at /rustc/df4ca44d3fbc9301ee17f30f4d474e6ae4b05252/library/core/src/panic/unwind_safe.rs:272:9
[INFO] [stdout]   60:     0x62b92ad44cee - std::panicking::try::do_call::h07440897322525a6
[INFO] [stdout]                                at /rustc/df4ca44d3fbc9301ee17f30f4d474e6ae4b05252/library/std/src/panicking.rs:557:40
[INFO] [stdout]   61:     0x62b92ad44cee - std::panicking::try::he5a2e00188156637
[INFO] [stdout]                                at /rustc/df4ca44d3fbc9301ee17f30f4d474e6ae4b05252/library/std/src/panicking.rs:520:19
[INFO] [stdout]   62:     0x62b92ad44cee - std::panic::catch_unwind::hbaf3cae49b3c6433
[INFO] [stdout]                                at /rustc/df4ca44d3fbc9301ee17f30f4d474e6ae4b05252/library/std/src/panic.rs:358:14
[INFO] [stdout]   63:     0x62b92ad44cee - std::thread::Builder::spawn_unchecked_::{{closure}}::h8e141ea224820bce
[INFO] [stdout]                                at /rustc/df4ca44d3fbc9301ee17f30f4d474e6ae4b05252/library/std/src/thread/mod.rs:540:30
[INFO] [stdout]   64:     0x62b92ad44cee - core::ops::function::FnOnce::call_once{{vtable.shim}}::h90d312fedd7b8ea8
[INFO] [stdout]                                at /rustc/df4ca44d3fbc9301ee17f30f4d474e6ae4b05252/library/core/src/ops/function.rs:250:5
[INFO] [stdout]   65:     0x62b92b30175b - <alloc::boxed::Box<F,A> as core::ops::function::FnOnce<Args>>::call_once::h69aa08ddb6adb8b6
[INFO] [stdout]                                at /rustc/df4ca44d3fbc9301ee17f30f4d474e6ae4b05252/library/alloc/src/boxed.rs:2454:9
[INFO] [stdout]   66:     0x62b92b30175b - <alloc::boxed::Box<F,A> as core::ops::function::FnOnce<Args>>::call_once::h5aa36efdb79c806f
[INFO] [stdout]                                at /rustc/df4ca44d3fbc9301ee17f30f4d474e6ae4b05252/library/alloc/src/boxed.rs:2454:9
[INFO] [stdout]   67:     0x62b92b30175b - std::sys::pal::unix::thread::Thread::new::thread_start::h6cd80a1b4be5158d
[INFO] [stdout]                                at /rustc/df4ca44d3fbc9301ee17f30f4d474e6ae4b05252/library/std/src/sys/pal/unix/thread.rs:105:17
[INFO] [stdout]   68:     0x75501008aac3 - <unknown>
[INFO] [stdout]   69:     0x75501011ba04 - clone
[INFO] [stdout]   70:                0x0 - <unknown>
[INFO] [stderr] error: test failed, to rerun pass `-p chat-server --lib`
[INFO] [stderr] 
[INFO] [stderr] Caused by:
[INFO] [stderr]   process didn't exit successfully: `/opt/rustwide/target/debug/deps/chat_server-10e3ce5c572478e6` (signal: 6, SIGABRT: process abort signal)
[INFO] running `Command { std: "docker" "inspect" "7e2a872dcc612773da7252f0e669d0c97b9250097675c894a597327876d7a5f7", kill_on_drop: false }`
[INFO] running `Command { std: "docker" "rm" "-f" "7e2a872dcc612773da7252f0e669d0c97b9250097675c894a597327876d7a5f7", kill_on_drop: false }`
[INFO] [stdout] 7e2a872dcc612773da7252f0e669d0c97b9250097675c894a597327876d7a5f7
