[INFO] cloning repository https://github.com/MosesDVarghese/termist
[INFO] running `Command { std: "git" "-c" "credential.helper=" "-c" "credential.helper=/workspace/cargo-home/bin/git-credential-null" "clone" "--bare" "https://github.com/MosesDVarghese/termist" "/workspace/cache/git-repos/https%3A%2F%2Fgithub.com%2FMosesDVarghese%2Ftermist", kill_on_drop: false }`
[INFO] [stderr] Cloning into bare repository '/workspace/cache/git-repos/https%3A%2F%2Fgithub.com%2FMosesDVarghese%2Ftermist'...
[INFO] running `Command { std: "git" "rev-parse" "HEAD", kill_on_drop: false }`
[INFO] [stdout] 145ce7395e951ead871621500f18a2b0a910d585
[INFO] testing MosesDVarghese/termist/145ce7395e951ead871621500f18a2b0a910d585 against nightly-2024-10-28 for randomize-layout
[INFO] running `Command { std: "git" "clone" "/workspace/cache/git-repos/https%3A%2F%2Fgithub.com%2FMosesDVarghese%2Ftermist" "/workspace/builds/worker-6-tc1/source", kill_on_drop: false }`
[INFO] [stderr] Cloning into '/workspace/builds/worker-6-tc1/source'...
[INFO] [stderr] done.
[INFO] validating manifest of git repo https://github.com/MosesDVarghese/termist on toolchain nightly-2024-10-28
[INFO] running `Command { std: CARGO_HOME="/workspace/cargo-home" RUSTUP_HOME="/workspace/rustup-home" "/workspace/cargo-home/bin/cargo" "+nightly-2024-10-28" "metadata" "--manifest-path" "Cargo.toml" "--no-deps", kill_on_drop: false }`
[INFO] started tweaking git repo https://github.com/MosesDVarghese/termist
[INFO] finished tweaking git repo https://github.com/MosesDVarghese/termist
[INFO] tweaked toml for git repo https://github.com/MosesDVarghese/termist written to /workspace/builds/worker-6-tc1/source/Cargo.toml
[INFO] crate git repo https://github.com/MosesDVarghese/termist already has a lockfile, it will not be regenerated
[INFO] running `Command { std: CARGO_HOME="/workspace/cargo-home" RUSTUP_HOME="/workspace/rustup-home" "/workspace/cargo-home/bin/cargo" "+nightly-2024-10-28" "fetch" "--manifest-path" "Cargo.toml", kill_on_drop: false }`
[INFO] [stderr]     Updating crates.io index
[INFO] [stderr]  Downloading crates ...
[INFO] [stderr]   Downloaded glutin_egl_sys v0.7.0
[INFO] [stderr]   Downloaded glutin_glx_sys v0.6.0
[INFO] [stderr]   Downloaded rustix-openpty v0.1.1
[INFO] [stderr]   Downloaded embed-resource v2.4.3
[INFO] [stderr]   Downloaded clap_complete v4.5.24
[INFO] [stderr]   Downloaded vte v0.13.0
[INFO] [stderr]   Downloaded glutin v0.32.0
[INFO] [stderr]   Downloaded dwrote v0.11.1
[INFO] [stderr]   Downloaded freetype-rs v0.36.0
[INFO] [stderr]   Downloaded crossfont v0.8.0
[INFO] running `Command { std: "docker" "create" "-v" "/var/lib/crater-agent-workspace/builds/worker-6-tc1/target:/opt/rustwide/target:rw,Z" "-v" "/var/lib/crater-agent-workspace/builds/worker-6-tc1/source:/opt/rustwide/workdir:ro,Z" "-v" "/var/lib/crater-agent-workspace/cargo-home:/opt/rustwide/cargo-home:ro,Z" "-v" "/var/lib/crater-agent-workspace/rustup-home:/opt/rustwide/rustup-home:ro,Z" "-e" "SOURCE_DIR=/opt/rustwide/workdir" "-e" "CARGO_TARGET_DIR=/opt/rustwide/target" "-e" "CARGO_HOME=/opt/rustwide/cargo-home" "-e" "RUSTUP_HOME=/opt/rustwide/rustup-home" "-w" "/opt/rustwide/workdir" "-m" "1610612736" "--user" "0:0" "--network" "none" "ghcr.io/rust-lang/crates-build-env/linux@sha256:4a844ea9eb2546a2d2c7022eacef16ef2e8229c7fbb2c7d4d55a9ceca922f72d" "/opt/rustwide/cargo-home/bin/cargo" "+nightly-2024-10-28" "metadata" "--no-deps" "--format-version=1", kill_on_drop: false }`
[INFO] [stdout] 4bd22b795b3742cf71b27ea987f32e38aaf981acf60baee201c4b952d3b4e0fb
[INFO] running `Command { std: "docker" "start" "-a" "4bd22b795b3742cf71b27ea987f32e38aaf981acf60baee201c4b952d3b4e0fb", kill_on_drop: false }`
[INFO] running `Command { std: "docker" "inspect" "4bd22b795b3742cf71b27ea987f32e38aaf981acf60baee201c4b952d3b4e0fb", kill_on_drop: false }`
[INFO] running `Command { std: "docker" "rm" "-f" "4bd22b795b3742cf71b27ea987f32e38aaf981acf60baee201c4b952d3b4e0fb", kill_on_drop: false }`
[INFO] [stdout] 4bd22b795b3742cf71b27ea987f32e38aaf981acf60baee201c4b952d3b4e0fb
[INFO] running `Command { std: "docker" "create" "-v" "/var/lib/crater-agent-workspace/builds/worker-6-tc1/target:/opt/rustwide/target:rw,Z" "-v" "/var/lib/crater-agent-workspace/builds/worker-6-tc1/source:/opt/rustwide/workdir:ro,Z" "-v" "/var/lib/crater-agent-workspace/cargo-home:/opt/rustwide/cargo-home:ro,Z" "-v" "/var/lib/crater-agent-workspace/rustup-home:/opt/rustwide/rustup-home:ro,Z" "-e" "SOURCE_DIR=/opt/rustwide/workdir" "-e" "CARGO_TARGET_DIR=/opt/rustwide/target" "-e" "CARGO_INCREMENTAL=0" "-e" "RUST_BACKTRACE=full" "-e" "RUSTFLAGS=--cap-lints=forbid" "-e" "RUSTDOCFLAGS=--cap-lints=forbid" "-e" "CARGO_HOME=/opt/rustwide/cargo-home" "-e" "RUSTUP_HOME=/opt/rustwide/rustup-home" "-w" "/opt/rustwide/workdir" "-m" "1610612736" "--user" "0:0" "--network" "none" "ghcr.io/rust-lang/crates-build-env/linux@sha256:4a844ea9eb2546a2d2c7022eacef16ef2e8229c7fbb2c7d4d55a9ceca922f72d" "/opt/rustwide/cargo-home/bin/cargo" "+nightly-2024-10-28" "build" "--frozen" "--message-format=json", kill_on_drop: false }`
[INFO] [stdout] 257e1cf27468f6efb1b177a9f7653a75356c337bf9c65051d35d91a436053a3d
[INFO] running `Command { std: "docker" "start" "-a" "257e1cf27468f6efb1b177a9f7653a75356c337bf9c65051d35d91a436053a3d", kill_on_drop: false }`
[INFO] [stderr]    Compiling proc-macro2 v1.0.86
[INFO] [stderr]    Compiling serde v1.0.209
[INFO] [stderr]    Compiling libc v0.2.158
[INFO] [stderr]    Compiling shlex v1.3.0
[INFO] [stderr]    Compiling rustix v0.38.35
[INFO] [stderr]    Compiling linux-raw-sys v0.4.14
[INFO] [stderr]    Compiling smallvec v1.13.2
[INFO] [stderr]    Compiling memchr v2.7.4
[INFO] [stderr]    Compiling downcast-rs v1.2.1
[INFO] [stderr]    Compiling scoped-tls v1.0.1
[INFO] [stderr]    Compiling libloading v0.8.5
[INFO] [stderr]    Compiling wayland-sys v0.31.4
[INFO] [stderr]    Compiling khronos_api v3.1.0
[INFO] [stderr]    Compiling wayland-client v0.31.5
[INFO] [stderr]    Compiling xml-rs v0.8.21
[INFO] [stderr]    Compiling log v0.4.22
[INFO] [stderr]    Compiling tracing-core v0.1.32
[INFO] [stderr]    Compiling slab v0.4.9
[INFO] [stderr]    Compiling cc v1.1.15
[INFO] [stderr]    Compiling dlib v0.5.2
[INFO] [stderr]    Compiling thiserror v1.0.63
[INFO] [stderr]    Compiling yeslogic-fontconfig-sys v5.0.0
[INFO] [stderr]    Compiling xcursor v0.3.8
[INFO] [stderr]    Compiling xkeysym v0.2.1
[INFO] [stderr]    Compiling cfg_aliases v0.2.1
[INFO] [stderr]    Compiling utf8parse v0.2.2
[INFO] [stderr]    Compiling smithay-client-toolkit v0.19.2
[INFO] [stderr]    Compiling x11-dl v2.21.0
[INFO] [stderr]    Compiling hashbrown v0.14.5
[INFO] [stderr]    Compiling crossfont v0.8.0
[INFO] [stderr]    Compiling foreign-types-shared v0.3.1
[INFO] [stderr]    Compiling crossbeam-utils v0.8.20
[INFO] [stderr]    Compiling version_check v0.9.5
[INFO] [stderr]    Compiling x11rb-protocol v0.13.1
[INFO] [stderr]    Compiling bytemuck v1.17.1
[INFO] [stderr]    Compiling strict-num v0.1.1
[INFO] [stderr]    Compiling tracing v0.1.40
[INFO] [stderr]    Compiling quick-xml v0.34.0
[INFO] [stderr]    Compiling gl_generator v0.14.0
[INFO] [stderr]    Compiling quote v1.0.37
[INFO] [stderr]    Compiling arrayref v0.3.8
[INFO] [stderr]    Compiling as-raw-xcb-connection v1.0.1
[INFO] [stderr]    Compiling ahash v0.8.11
[INFO] [stderr]    Compiling tiny-skia-path v0.11.4
[INFO] [stderr]    Compiling anstyle-parse v0.2.5
[INFO] [stderr]    Compiling winnow v0.6.18
[INFO] [stderr]    Compiling syn v2.0.77
[INFO] [stderr]    Compiling memmap2 v0.9.4
[INFO] [stderr]    Compiling indexmap v2.5.0
[INFO] [stderr]    Compiling cstr v0.2.12
[INFO] [stderr]    Compiling adler2 v2.0.0
[INFO] [stderr]    Compiling colorchoice v1.0.2
[INFO] [stderr]    Compiling simd-adler32 v0.3.7
[INFO] [stderr]    Compiling arrayvec v0.7.6
[INFO] [stderr]    Compiling anstyle v1.0.8
[INFO] [stderr]    Compiling anstyle-query v1.1.1
[INFO] [stderr]    Compiling glutin_egl_sys v0.7.0
[INFO] [stderr]    Compiling glutin_glx_sys v0.6.0
[INFO] [stderr]    Compiling is_terminal_polyfill v1.70.1
[INFO] [stderr]    Compiling aho-corasick v1.1.3
[INFO] [stderr]    Compiling miniz_oxide v0.8.0
[INFO] [stderr]    Compiling vte_generate_state_changes v0.1.2
[INFO] [stderr]    Compiling anstream v0.6.15
[INFO] [stderr]    Compiling parking_lot_core v0.9.10
[INFO] [stderr]    Compiling wayland-scanner v0.31.4
[INFO] [stderr]    Compiling signal-hook-registry v1.4.2
[INFO] [stderr]    Compiling getrandom v0.2.15
[INFO] [stderr]    Compiling inotify-sys v0.1.5
[INFO] [stderr]    Compiling winit v0.30.5
[INFO] [stderr]    Compiling glutin v0.32.0
[INFO] [stderr]    Compiling wayland-backend v0.3.6
[INFO] [stderr]    Compiling freetype-sys v0.20.1
[INFO] [stderr]    Compiling crc32fast v1.4.2
[INFO] [stderr]    Compiling zerocopy v0.7.35
[INFO] [stderr]    Compiling clap_lex v0.7.2
[INFO] [stderr]    Compiling regex-syntax v0.8.4
[INFO] [stderr]    Compiling serde_json v1.0.127
[INFO] [stderr]    Compiling raw-window-handle v0.6.2
[INFO] [stderr]    Compiling strsim v0.11.1
[INFO] [stderr]    Compiling crossbeam-channel v0.5.13
[INFO] [stderr]    Compiling clap_builder v4.5.15
[INFO] [stderr]    Compiling miniz_oxide v0.7.4
[INFO] [stderr]    Compiling flate2 v1.0.33
[INFO] [stderr]    Compiling walkdir v2.5.0
[INFO] [stderr]    Compiling signal-hook v0.3.17
[INFO] [stderr]    Compiling inotify v0.9.6
[INFO] [stderr]    Compiling parking_lot v0.12.3
[INFO] [stderr]    Compiling termist v0.1.0 (/opt/rustwide/workdir/termist)
[INFO] [stderr]    Compiling fdeflate v0.3.4
[INFO] [stderr]    Compiling filetime v0.2.25
[INFO] [stderr]    Compiling home v0.5.9
[INFO] [stderr]    Compiling unsafe-libyaml v0.2.11
[INFO] [stderr]    Compiling base64 v0.22.1
[INFO] [stderr]    Compiling xdg v2.5.2
[INFO] [stderr]    Compiling png v0.17.13
[INFO] [stderr]    Compiling regex-automata v0.4.7
[INFO] [stderr]    Compiling serde_derive v1.0.209
[INFO] [stderr]    Compiling thiserror-impl v1.0.63
[INFO] [stderr]    Compiling foreign-types-macros v0.2.3
[INFO] [stderr]    Compiling clap_derive v4.5.13
[INFO] [stderr]    Compiling termist_config_derive v0.1.0 (/opt/rustwide/workdir/termist_config_derive)
[INFO] [stderr]    Compiling foreign-types v0.5.0
[INFO] [stderr]    Compiling clap v4.5.16
[INFO] [stderr]    Compiling bitflags v2.6.0
[INFO] [stderr]    Compiling cursor-icon v1.1.0
[INFO] [stderr]    Compiling toml_datetime v0.6.8
[INFO] [stderr]    Compiling serde_spanned v0.6.7
[INFO] [stderr]    Compiling smol_str v0.2.2
[INFO] [stderr]    Compiling dpi v0.1.1
[INFO] [stderr]    Compiling serde_yaml v0.9.34+deprecated
[INFO] [stderr]    Compiling toml_edit v0.22.20
[INFO] [stderr]    Compiling tiny-skia v0.11.4
[INFO] [stderr]    Compiling mio v0.8.11
[INFO] [stderr]    Compiling vte v0.13.0
[INFO] [stderr]    Compiling xkbcommon-dl v0.4.2
[INFO] [stderr]    Compiling notify v6.1.1
[INFO] [stderr]    Compiling freetype-rs v0.36.0
[INFO] [stderr]    Compiling toml v0.8.19
[INFO] [stderr]    Compiling termist_config v0.1.0 (/opt/rustwide/workdir/termist_config)
[INFO] [stderr]    Compiling polling v3.7.3
[INFO] [stderr]    Compiling x11rb v0.13.1
[INFO] [stderr]    Compiling rustix-openpty v0.1.1
[INFO] [stderr]    Compiling calloop v0.13.0
[INFO] [stderr]    Compiling termist_terminal v0.1.0 (/opt/rustwide/workdir/termist_terminal)
[INFO] [stderr]    Compiling wayland-csd-frame v0.3.0
[INFO] [stderr]    Compiling x11-clipboard v0.9.2
[INFO] [stderr]    Compiling wayland-protocols v0.32.3
[INFO] [stderr]    Compiling wayland-cursor v0.31.5
[INFO] [stderr]    Compiling calloop-wayland-source v0.3.0
[INFO] [stderr]    Compiling wayland-protocols-wlr v0.3.3
[INFO] [stderr]    Compiling wayland-protocols-plasma v0.3.3
[INFO] [stderr]    Compiling smithay-clipboard v0.7.2
[INFO] [stderr]    Compiling sctk-adwaita v0.10.1
[INFO] [stderr]    Compiling copypasta v0.10.1
[INFO] [stderr]     Finished `dev` profile [unoptimized + debuginfo] target(s) in 37.64s
[INFO] running `Command { std: "docker" "inspect" "257e1cf27468f6efb1b177a9f7653a75356c337bf9c65051d35d91a436053a3d", kill_on_drop: false }`
[INFO] running `Command { std: "docker" "rm" "-f" "257e1cf27468f6efb1b177a9f7653a75356c337bf9c65051d35d91a436053a3d", kill_on_drop: false }`
[INFO] [stdout] 257e1cf27468f6efb1b177a9f7653a75356c337bf9c65051d35d91a436053a3d
[INFO] running `Command { std: "docker" "create" "-v" "/var/lib/crater-agent-workspace/builds/worker-6-tc1/target:/opt/rustwide/target:rw,Z" "-v" "/var/lib/crater-agent-workspace/builds/worker-6-tc1/source:/opt/rustwide/workdir:ro,Z" "-v" "/var/lib/crater-agent-workspace/cargo-home:/opt/rustwide/cargo-home:ro,Z" "-v" "/var/lib/crater-agent-workspace/rustup-home:/opt/rustwide/rustup-home:ro,Z" "-e" "SOURCE_DIR=/opt/rustwide/workdir" "-e" "CARGO_TARGET_DIR=/opt/rustwide/target" "-e" "CARGO_INCREMENTAL=0" "-e" "RUST_BACKTRACE=full" "-e" "RUSTFLAGS=--cap-lints=forbid" "-e" "RUSTDOCFLAGS=--cap-lints=forbid" "-e" "CARGO_HOME=/opt/rustwide/cargo-home" "-e" "RUSTUP_HOME=/opt/rustwide/rustup-home" "-w" "/opt/rustwide/workdir" "-m" "1610612736" "--user" "0:0" "--network" "none" "ghcr.io/rust-lang/crates-build-env/linux@sha256:4a844ea9eb2546a2d2c7022eacef16ef2e8229c7fbb2c7d4d55a9ceca922f72d" "/opt/rustwide/cargo-home/bin/cargo" "+nightly-2024-10-28" "test" "--frozen" "--no-run" "--message-format=json", kill_on_drop: false }`
[INFO] [stdout] 5dd31340bd4cd15953bb73fed27d379361931f95d3beb86e0571139d97eb0161
[INFO] running `Command { std: "docker" "start" "-a" "5dd31340bd4cd15953bb73fed27d379361931f95d3beb86e0571139d97eb0161", kill_on_drop: false }`
[INFO] [stderr]    Compiling serde v1.0.209
[INFO] [stderr]    Compiling termist_config_derive v0.1.0 (/opt/rustwide/workdir/termist_config_derive)
[INFO] [stderr]    Compiling clap_complete v4.5.24
[INFO] [stderr]    Compiling termist_terminal v0.1.0 (/opt/rustwide/workdir/termist_terminal)
[INFO] [stderr]    Compiling termist_config v0.1.0 (/opt/rustwide/workdir/termist_config)
[INFO] [stderr]    Compiling log v0.4.22
[INFO] [stderr]    Compiling serde_spanned v0.6.7
[INFO] [stderr]    Compiling toml_datetime v0.6.8
[INFO] [stderr]    Compiling toml_edit v0.22.20
[INFO] [stderr]    Compiling gl_generator v0.14.0
[INFO] [stderr]    Compiling glutin_egl_sys v0.7.0
[INFO] [stderr]    Compiling glutin_glx_sys v0.6.0
[INFO] [stderr]    Compiling termist v0.1.0 (/opt/rustwide/workdir/termist)
[INFO] [stderr]    Compiling glutin v0.32.0
[INFO] [stderr]    Compiling toml v0.8.19
[INFO] [stderr]     Finished `test` profile [unoptimized + debuginfo] target(s) in 12.61s
[INFO] running `Command { std: "docker" "inspect" "5dd31340bd4cd15953bb73fed27d379361931f95d3beb86e0571139d97eb0161", kill_on_drop: false }`
[INFO] running `Command { std: "docker" "rm" "-f" "5dd31340bd4cd15953bb73fed27d379361931f95d3beb86e0571139d97eb0161", kill_on_drop: false }`
[INFO] [stdout] 5dd31340bd4cd15953bb73fed27d379361931f95d3beb86e0571139d97eb0161
[INFO] running `Command { std: "docker" "create" "-v" "/var/lib/crater-agent-workspace/builds/worker-6-tc1/target:/opt/rustwide/target:rw,Z" "-v" "/var/lib/crater-agent-workspace/builds/worker-6-tc1/source:/opt/rustwide/workdir:ro,Z" "-v" "/var/lib/crater-agent-workspace/cargo-home:/opt/rustwide/cargo-home:ro,Z" "-v" "/var/lib/crater-agent-workspace/rustup-home:/opt/rustwide/rustup-home:ro,Z" "-e" "SOURCE_DIR=/opt/rustwide/workdir" "-e" "CARGO_TARGET_DIR=/opt/rustwide/target" "-e" "CARGO_INCREMENTAL=0" "-e" "RUST_BACKTRACE=full" "-e" "RUSTFLAGS=--cap-lints=forbid" "-e" "RUSTDOCFLAGS=--cap-lints=forbid" "-e" "CARGO_HOME=/opt/rustwide/cargo-home" "-e" "RUSTUP_HOME=/opt/rustwide/rustup-home" "-w" "/opt/rustwide/workdir" "-m" "1610612736" "--user" "0:0" "--network" "none" "ghcr.io/rust-lang/crates-build-env/linux@sha256:4a844ea9eb2546a2d2c7022eacef16ef2e8229c7fbb2c7d4d55a9ceca922f72d" "/opt/rustwide/cargo-home/bin/cargo" "+nightly-2024-10-28" "test" "--frozen", kill_on_drop: false }`
[INFO] [stdout] 52b054bcb5d44c33f2921f7b70641775b2db6ed7783759ab46a6e0ac541a747d
[INFO] running `Command { std: "docker" "start" "-a" "52b054bcb5d44c33f2921f7b70641775b2db6ed7783759ab46a6e0ac541a747d", kill_on_drop: false }`
[INFO] [stderr]     Finished `test` profile [unoptimized + debuginfo] target(s) in 0.28s
[INFO] [stderr]      Running unittests src/main.rs (/opt/rustwide/target/debug/deps/termist-9aac1e6dcb2597b5)
[INFO] [stdout] 
[INFO] [stdout] running 78 tests
[INFO] [stdout] test cli::tests::dynamic_title_ignoring_options_by_default ... ok
[INFO] [stdout] test cli::tests::invalid_hex_to_decimal ... ok
[INFO] [stdout] test cli::tests::invalid_option_as_value ... ok
[INFO] [stdout] test cli::tests::dynamic_title_not_overridden_by_config ... ok
[INFO] [stdout] test cli::tests::parse_general_class ... ok
[INFO] [stdout] test cli::tests::valid_decimal ... ok
[INFO] [stdout] test cli::tests::parse_invalid_class ... ok
[INFO] [stdout] test cli::tests::parse_instance_class ... ok
[INFO] [stdout] test cli::tests::valid_hex_to_decimal ... ok
[INFO] [stdout] test config::bindings::tests::binding_matches_identical_mode ... ok
[INFO] [stdout] test config::bindings::tests::binding_matches_different_action ... ok
[INFO] [stdout] test config::bindings::tests::binding_matches_mode_notmode ... ok
[INFO] [stdout] test config::bindings::tests::binding_matches_modes ... ok
[INFO] [stdout] test config::bindings::tests::binding_matches_notmodes ... ok
[INFO] [stdout] test config::bindings::tests::binding_matches_partial_intersection ... ok
[INFO] [stdout] test config::bindings::tests::binding_mismatches_notmode ... ok
[INFO] [stdout] test config::bindings::tests::binding_mismatches_unrelated ... ok
[INFO] [stdout] test config::bindings::tests::binding_trigger_input ... ok
[INFO] [stdout] test config::bindings::tests::binding_trigger_modes ... ok
[INFO] [stdout] test cli::tests::valid_option_as_value ... ok
[INFO] [stdout] test config::bindings::tests::binding_with_mode_matches_empty_mode ... ok
[INFO] [stdout] test config::bindings::tests::binding_trigger_mods ... ok
[INFO] [stdout] test config::bindings::tests::binding_matches_itself ... ok
[INFO] [stdout] test config::bindings::tests::mods_binding_requires_strict_match ... ok
[INFO] [stdout] test config::bindings::tests::binding_without_mode_matches_any_mode ... ok
[INFO] [stdout] test display::damage::tests::add_viewport_damage ... ok
[INFO] [stdout] test display::hint::tests::hint_label_generation ... ok
[INFO] [stdout] test config::serde_utils::tests::merge_primitive ... ok
[INFO] [stdout] test display::hint::tests::collect_unique_hyperlinks ... ok
[INFO] [stdout] test cli::tests::float_option_as_value ... ok
[INFO] [stdout] test config::serde_utils::tests::merge_sequence ... ok
[INFO] [stdout] test input::tests::double_click_failed ... ok
[INFO] [stdout] test config::tests::empty_config ... ok
[INFO] [stdout] test config::tests::empty_yaml_to_toml ... ok
[INFO] [stdout] test input::tests::double_click ... ok
[INFO] [stdout] test config::bindings::tests::binding_trigger_notmodes ... ok
[INFO] [stdout] test display::damage::tests::damage_rect_math ... ok
[INFO] [stdout] test input::tests::multi_click_separate_buttons ... ok
[INFO] [stdout] test input::tests::process_binding_appcursormode_appkeypadmode_nomod_require_appcursor ... ok
[INFO] [stdout] test input::tests::process_binding_appcursormode_nomod_require_appcursor ... ok
[INFO] [stdout] test input::tests::process_binding_nomode_nomod_require_appcursor ... ok
[INFO] [stdout] test input::tests::process_binding_nomode_nomod_require_not_appcursor ... ok
[INFO] [stdout] test config::tests::yaml_with_nulls ... ok
[INFO] [stdout] test input::tests::process_binding_nomode_nomod_require_shift ... ok
[INFO] [stdout] test input::tests::process_binding_fail_with_extra_mods ... ok
[INFO] [stdout] test input::tests::process_binding_nomode_shiftmod_require_shift ... ok
[INFO] [stdout] test input::tests::single_middle_click ... ok
[INFO] [stdout] test input::tests::single_click ... ok
[INFO] [stdout] test input::tests::single_right_click ... ok
[INFO] [stdout] test input::tests::triple_click ... ok
[INFO] [stdout] test input::tests::triple_click_failed ... ok
[INFO] [stdout] test config::serde_utils::tests::merge_tables ... ok
[INFO] [stdout] test display::hint::tests::closed_bracket_does_not_result_in_infinite_iterator ... ok
[INFO] [stdout] test input::tests::process_binding_nomode_controlmod ... ok
[INFO] [stdout] test message_bar::tests::appends_close_button ... ok
[INFO] [stdout] test message_bar::tests::empty_with_shortterm ... ok
[INFO] [stdout] test message_bar::tests::hide_truncated_when_too_narrow ... ok
[INFO] [stdout] test message_bar::tests::multiline_close_button_first_line ... ok
[INFO] [stdout] test message_bar::tests::pop ... ok
[INFO] [stdout] test message_bar::tests::hide_button_when_too_narrow ... ok
[INFO] [stdout] test message_bar::tests::remove_duplicates ... ok
[INFO] [stdout] test message_bar::tests::remove_target ... ok
[INFO] [stdout] test message_bar::tests::splits_on_length ... ok
[INFO] [stdout] test message_bar::tests::truncates_long_messages ... ok
[INFO] [stdout] test message_bar::tests::wrap_with_unicode ... ok
[INFO] [stdout] test message_bar::tests::wrap_on_words ... ok
[INFO] [stdout] test string::tests::into_shortened_with_shortener ... ok
[INFO] [stdout] test renderer::text::builtin_font::tests::builtin_powerline_glyphs_coverage ... ok
[INFO] [stdout] test string::tests::into_shortened_without_shortener ... ok
[INFO] [stdout] test message_bar::tests::add_newline_for_button ... ok
[INFO] [stdout] test message_bar::tests::splits_on_newline ... ok
[INFO] [stdout] test message_bar::tests::strip_whitespace_at_linebreak ... ok
[INFO] [stdout] test renderer::text::builtin_font::tests::builtin_line_drawing_glyphs_coverage ... ok
[INFO] [stdout] test migrate::tests::move_values ... ok
[INFO] [stdout] test display::hint::tests::visible_regex_match_covers_entire_viewport ... ok
[INFO] [stdout] test config::ui_config::tests::negative_url_parsing_regex_test ... ok
[INFO] [stdout] test cli::tests::completions ... FAILED
[INFO] [stdout] test config::ui_config::tests::positive_url_parsing_regex_test ... ok
[INFO] [stdout] 
[INFO] [stdout] failures:
[INFO] [stdout] 
[INFO] [stdout] ---- cli::tests::completions stdout ----
[INFO] [stdout] thread 'cli::tests::completions' panicked at termist/src/cli.rs:527:79:
[INFO] [stdout] called `Result::unwrap()` on an `Err` value: Os { code: 2, kind: NotFound, message: "No such file or directory" }
[INFO] [stdout] stack backtrace:
[INFO] [stdout]    0:     0x573c3ac13fca - std::backtrace_rs::backtrace::libunwind::trace::h207520d6e9873551
[INFO] [stdout]                                at /rustc/df4ca44d3fbc9301ee17f30f4d474e6ae4b05252/library/std/src/../../backtrace/src/backtrace/libunwind.rs:116:5
[INFO] [stdout]    1:     0x573c3ac13fca - std::backtrace_rs::backtrace::trace_unsynchronized::h2ed7433f370e3eca
[INFO] [stdout]                                at /rustc/df4ca44d3fbc9301ee17f30f4d474e6ae4b05252/library/std/src/../../backtrace/src/backtrace/mod.rs:66:5
[INFO] [stdout]    2:     0x573c3ac13fca - std::sys::backtrace::_print_fmt::h916fac51166b18d7
[INFO] [stdout]                                at /rustc/df4ca44d3fbc9301ee17f30f4d474e6ae4b05252/library/std/src/sys/backtrace.rs:66:9
[INFO] [stdout]    3:     0x573c3ac13fca - <std::sys::backtrace::BacktraceLock::print::DisplayBacktrace as core::fmt::Display>::fmt::ha0a4c9b8ce3802e6
[INFO] [stdout]                                at /rustc/df4ca44d3fbc9301ee17f30f4d474e6ae4b05252/library/std/src/sys/backtrace.rs:39:26
[INFO] [stdout]    4:     0x573c3ac3e0b3 - core::fmt::rt::Argument::fmt::h4cfc8587d52b3eb5
[INFO] [stdout]                                at /rustc/df4ca44d3fbc9301ee17f30f4d474e6ae4b05252/library/core/src/fmt/rt.rs:177:76
[INFO] [stdout]    5:     0x573c3ac3e0b3 - core::fmt::write::h522cc39e5b36ae9f
[INFO] [stdout]                                at /rustc/df4ca44d3fbc9301ee17f30f4d474e6ae4b05252/library/core/src/fmt/mod.rs:1190:21
[INFO] [stdout]    6:     0x573c3ac10b53 - std::io::Write::write_fmt::h7d3c26752da97734
[INFO] [stdout]                                at /rustc/df4ca44d3fbc9301ee17f30f4d474e6ae4b05252/library/std/src/io/mod.rs:1839:15
[INFO] [stdout]    7:     0x573c3ac13e12 - std::sys::backtrace::BacktraceLock::print::h4b9e00b29e9c0942
[INFO] [stdout]                                at /rustc/df4ca44d3fbc9301ee17f30f4d474e6ae4b05252/library/std/src/sys/backtrace.rs:42:9
[INFO] [stdout]    8:     0x573c3ac1545a - std::panicking::default_hook::{{closure}}::hb59b88280d0324d9
[INFO] [stdout]                                at /rustc/df4ca44d3fbc9301ee17f30f4d474e6ae4b05252/library/std/src/panicking.rs:268:22
[INFO] [stdout]    9:     0x573c3ac15264 - std::panicking::default_hook::he1dd496665be4a29
[INFO] [stdout]                                at /rustc/df4ca44d3fbc9301ee17f30f4d474e6ae4b05252/library/std/src/panicking.rs:292:9
[INFO] [stdout]   10:     0x573c3a6f4a59 - <alloc::boxed::Box<F,A> as core::ops::function::Fn<Args>>::call::h4ff71de18744e1dc
[INFO] [stdout]                                at /rustc/df4ca44d3fbc9301ee17f30f4d474e6ae4b05252/library/alloc/src/boxed.rs:2468:9
[INFO] [stdout]   11:     0x573c3a6f4a59 - test::test_main::{{closure}}::hcf7c055ce117aa81
[INFO] [stdout]                                at /rustc/df4ca44d3fbc9301ee17f30f4d474e6ae4b05252/library/test/src/lib.rs:133:21
[INFO] [stdout]   12:     0x573c3ac15b58 - <alloc::boxed::Box<F,A> as core::ops::function::Fn<Args>>::call::h1d66c6bbd60c9692
[INFO] [stdout]                                at /rustc/df4ca44d3fbc9301ee17f30f4d474e6ae4b05252/library/alloc/src/boxed.rs:2468:9
[INFO] [stdout]   13:     0x573c3ac15b58 - std::panicking::rust_panic_with_hook::h2ff17fe8f26dfcf8
[INFO] [stdout]                                at /rustc/df4ca44d3fbc9301ee17f30f4d474e6ae4b05252/library/std/src/panicking.rs:809:13
[INFO] [stdout]   14:     0x573c3ac1591a - std::panicking::begin_panic_handler::{{closure}}::h4fad77951c07e101
[INFO] [stdout]                                at /rustc/df4ca44d3fbc9301ee17f30f4d474e6ae4b05252/library/std/src/panicking.rs:674:13
[INFO] [stdout]   15:     0x573c3ac144a9 - std::sys::backtrace::__rust_end_short_backtrace::hb1a25b3da5d0ea08
[INFO] [stdout]                                at /rustc/df4ca44d3fbc9301ee17f30f4d474e6ae4b05252/library/std/src/sys/backtrace.rs:170:18
[INFO] [stdout]   16:     0x573c3ac155ac - rust_begin_unwind
[INFO] [stdout]                                at /rustc/df4ca44d3fbc9301ee17f30f4d474e6ae4b05252/library/std/src/panicking.rs:665:5
[INFO] [stdout]   17:     0x573c3ac3b4c0 - core::panicking::panic_fmt::ha9db07b529f9b256
[INFO] [stdout]                                at /rustc/df4ca44d3fbc9301ee17f30f4d474e6ae4b05252/library/core/src/panicking.rs:75:14
[INFO] [stdout]   18:     0x573c3ac3b9a6 - core::result::unwrap_failed::h5e8218e4d4338b8a
[INFO] [stdout]                                at /rustc/df4ca44d3fbc9301ee17f30f4d474e6ae4b05252/library/core/src/result.rs:1698:5
[INFO] [stdout]   19:     0x573c3a6743d5 - core::result::Result<T,E>::unwrap::h9e17aa9bf2e95c21
[INFO] [stdout]                                at /rustc/df4ca44d3fbc9301ee17f30f4d474e6ae4b05252/library/core/src/result.rs:1103:23
[INFO] [stdout]   20:     0x573c3a6743d5 - termist::cli::tests::completions::h2767f8d936b0c313
[INFO] [stdout]                                at /opt/rustwide/workdir/termist/src/cli.rs:527:28
[INFO] [stdout]   21:     0x573c3a674067 - termist::cli::tests::completions::{{closure}}::h5df47ff1146d473b
[INFO] [stdout]                                at /opt/rustwide/workdir/termist/src/cli.rs:514:21
[INFO] [stdout]   22:     0x573c3a64ab16 - core::ops::function::FnOnce::call_once::h1d2733c48fcf71f3
[INFO] [stdout]                                at /rustc/df4ca44d3fbc9301ee17f30f4d474e6ae4b05252/library/core/src/ops/function.rs:250:5
[INFO] [stdout]   23:     0x573c3a6f932b - core::ops::function::FnOnce::call_once::h22c3ba5715e93f05
[INFO] [stdout]                                at /rustc/df4ca44d3fbc9301ee17f30f4d474e6ae4b05252/library/core/src/ops/function.rs:250:5
[INFO] [stdout]   24:     0x573c3a6f932b - test::__rust_begin_short_backtrace::h8e82d8113d0da17f
[INFO] [stdout]                                at /rustc/df4ca44d3fbc9301ee17f30f4d474e6ae4b05252/library/test/src/lib.rs:621:18
[INFO] [stdout]   25:     0x573c3a6f8ca7 - test::run_test_in_process::{{closure}}::h33235f4f20b7b7c7
[INFO] [stdout]                                at /rustc/df4ca44d3fbc9301ee17f30f4d474e6ae4b05252/library/test/src/lib.rs:644:60
[INFO] [stdout]   26:     0x573c3a6f8ca7 - <core::panic::unwind_safe::AssertUnwindSafe<F> as core::ops::function::FnOnce<()>>::call_once::hb5043206310c586f
[INFO] [stdout]                                at /rustc/df4ca44d3fbc9301ee17f30f4d474e6ae4b05252/library/core/src/panic/unwind_safe.rs:272:9
[INFO] [stdout]   27:     0x573c3a6f8ca7 - std::panicking::try::do_call::h9ad4731a60ab23e2
[INFO] [stdout]                                at /rustc/df4ca44d3fbc9301ee17f30f4d474e6ae4b05252/library/std/src/panicking.rs:557:40
[INFO] [stdout]   28:     0x573c3a6f8ca7 - std::panicking::try::h3824d23db772a716
[INFO] [stdout]                                at /rustc/df4ca44d3fbc9301ee17f30f4d474e6ae4b05252/library/std/src/panicking.rs:520:19
[INFO] [stdout]   29:     0x573c3a6f8ca7 - std::panic::catch_unwind::h5afd514605fde46b
[INFO] [stdout]                                at /rustc/df4ca44d3fbc9301ee17f30f4d474e6ae4b05252/library/std/src/panic.rs:358:14
[INFO] [stdout]   30:     0x573c3a6f8ca7 - test::run_test_in_process::h0d5cbfa7067d1720
[INFO] [stdout]                                at /rustc/df4ca44d3fbc9301ee17f30f4d474e6ae4b05252/library/test/src/lib.rs:644:27
[INFO] [stdout]   31:     0x573c3a6f8ca7 - test::run_test::{{closure}}::h708eb8872708115d
[INFO] [stdout]                                at /rustc/df4ca44d3fbc9301ee17f30f4d474e6ae4b05252/library/test/src/lib.rs:565:43
[INFO] [stdout]   32:     0x573c3a6bc3c4 - test::run_test::{{closure}}::h392c51cee94713ab
[INFO] [stdout]                                at /rustc/df4ca44d3fbc9301ee17f30f4d474e6ae4b05252/library/test/src/lib.rs:595:41
[INFO] [stdout]   33:     0x573c3a6bc3c4 - std::sys::backtrace::__rust_begin_short_backtrace::h2f40290710935a8b
[INFO] [stdout]                                at /rustc/df4ca44d3fbc9301ee17f30f4d474e6ae4b05252/library/std/src/sys/backtrace.rs:154:18
[INFO] [stdout]   34:     0x573c3a6bfb6e - std::thread::Builder::spawn_unchecked_::{{closure}}::{{closure}}::h3fd968d89053a903
[INFO] [stdout]                                at /rustc/df4ca44d3fbc9301ee17f30f4d474e6ae4b05252/library/std/src/thread/mod.rs:541:17
[INFO] [stdout]   35:     0x573c3a6bfb6e - <core::panic::unwind_safe::AssertUnwindSafe<F> as core::ops::function::FnOnce<()>>::call_once::h743f637ba4229880
[INFO] [stdout]                                at /rustc/df4ca44d3fbc9301ee17f30f4d474e6ae4b05252/library/core/src/panic/unwind_safe.rs:272:9
[INFO] [stdout]   36:     0x573c3a6bfb6e - std::panicking::try::do_call::h07440897322525a6
[INFO] [stdout]                                at /rustc/df4ca44d3fbc9301ee17f30f4d474e6ae4b05252/library/std/src/panicking.rs:557:40
[INFO] [stdout]   37:     0x573c3a6bfb6e - std::panicking::try::he5a2e00188156637
[INFO] [stdout]                                at /rustc/df4ca44d3fbc9301ee17f30f4d474e6ae4b05252/library/std/src/panicking.rs:520:19
[INFO] [stdout]   38:     0x573c3a6bfb6e - std::panic::catch_unwind::hbaf3cae49b3c6433
[INFO] [stdout]                                at /rustc/df4ca44d3fbc9301ee17f30f4d474e6ae4b05252/library/std/src/panic.rs:358:14
[INFO] [stdout]   39:     0x573c3a6bfb6e - std::thread::Builder::spawn_unchecked_::{{closure}}::h8e141ea224820bce
[INFO] [stdout]                                at /rustc/df4ca44d3fbc9301ee17f30f4d474e6ae4b05252/library/std/src/thread/mod.rs:540:30
[INFO] [stdout]   40:     0x573c3a6bfb6e - core::ops::function::FnOnce::call_once{{vtable.shim}}::h90d312fedd7b8ea8
[INFO] [stdout]                                at /rustc/df4ca44d3fbc9301ee17f30f4d474e6ae4b05252/library/core/src/ops/function.rs:250:5
[INFO] [stdout]   41:     0x573c3ac1998b - <alloc::boxed::Box<F,A> as core::ops::function::FnOnce<Args>>::call_once::h69aa08ddb6adb8b6
[INFO] [stdout]                                at /rustc/df4ca44d3fbc9301ee17f30f4d474e6ae4b05252/library/alloc/src/boxed.rs:2454:9
[INFO] [stdout]   42:     0x573c3ac1998b - <alloc::boxed::Box<F,A> as core::ops::function::FnOnce<Args>>::call_once::h5aa36efdb79c806f
[INFO] [stdout]                                at /rustc/df4ca44d3fbc9301ee17f30f4d474e6ae4b05252/library/alloc/src/boxed.rs:2454:9
[INFO] [stdout]   43:     0x573c3ac1998b - std::sys::pal::unix::thread::Thread::new::thread_start::h6cd80a1b4be5158d
[INFO] [stdout]                                at /rustc/df4ca44d3fbc9301ee17f30f4d474e6ae4b05252/library/std/src/sys/pal/unix/thread.rs:105:17
[INFO] [stdout]   44:     0x7656a5634ac3 - <unknown>
[INFO] [stdout]   45:     0x7656a56c5a04 - clone
[INFO] [stdout]   46:                0x0 - <unknown>
[INFO] [stdout] 
[INFO] [stdout] 
[INFO] [stdout] failures:
[INFO] [stdout]     cli::tests::completions
[INFO] [stdout] 
[INFO] [stdout] test result: FAILED. 77 passed; 1 failed; 0 ignored; 0 measured; 0 filtered out; finished in 0.19s
[INFO] [stdout] 
[INFO] [stderr] error: test failed, to rerun pass `-p termist --bin termist`
[INFO] running `Command { std: "docker" "inspect" "52b054bcb5d44c33f2921f7b70641775b2db6ed7783759ab46a6e0ac541a747d", kill_on_drop: false }`
[INFO] running `Command { std: "docker" "rm" "-f" "52b054bcb5d44c33f2921f7b70641775b2db6ed7783759ab46a6e0ac541a747d", kill_on_drop: false }`
[INFO] [stdout] 52b054bcb5d44c33f2921f7b70641775b2db6ed7783759ab46a6e0ac541a747d
