[INFO] cloning repository https://github.com/Mik-Grzeg/liqp
[INFO] running `Command { std: "git" "-c" "credential.helper=" "-c" "credential.helper=/workspace/cargo-home/bin/git-credential-null" "clone" "--bare" "https://github.com/Mik-Grzeg/liqp" "/workspace/cache/git-repos/https%3A%2F%2Fgithub.com%2FMik-Grzeg%2Fliqp", kill_on_drop: false }`
[INFO] [stderr] Cloning into bare repository '/workspace/cache/git-repos/https%3A%2F%2Fgithub.com%2FMik-Grzeg%2Fliqp'...
[INFO] running `Command { std: "git" "rev-parse" "HEAD", kill_on_drop: false }`
[INFO] [stdout] d0a2da9eae197159a5fe9f276c961b261ff564ba
[INFO] testing Mik-Grzeg/liqp/d0a2da9eae197159a5fe9f276c961b261ff564ba against nightly-2024-10-28 for randomize-layout
[INFO] running `Command { std: "git" "clone" "/workspace/cache/git-repos/https%3A%2F%2Fgithub.com%2FMik-Grzeg%2Fliqp" "/workspace/builds/worker-7-tc1/source", kill_on_drop: false }`
[INFO] [stderr] Cloning into '/workspace/builds/worker-7-tc1/source'...
[INFO] [stderr] done.
[INFO] validating manifest of git repo https://github.com/Mik-Grzeg/liqp on toolchain nightly-2024-10-28
[INFO] running `Command { std: CARGO_HOME="/workspace/cargo-home" RUSTUP_HOME="/workspace/rustup-home" "/workspace/cargo-home/bin/cargo" "+nightly-2024-10-28" "metadata" "--manifest-path" "Cargo.toml" "--no-deps", kill_on_drop: false }`
[INFO] started tweaking git repo https://github.com/Mik-Grzeg/liqp
[INFO] finished tweaking git repo https://github.com/Mik-Grzeg/liqp
[INFO] tweaked toml for git repo https://github.com/Mik-Grzeg/liqp written to /workspace/builds/worker-7-tc1/source/Cargo.toml
[INFO] crate git repo https://github.com/Mik-Grzeg/liqp already has a lockfile, it will not be regenerated
[INFO] running `Command { std: CARGO_HOME="/workspace/cargo-home" RUSTUP_HOME="/workspace/rustup-home" "/workspace/cargo-home/bin/cargo" "+nightly-2024-10-28" "fetch" "--manifest-path" "Cargo.toml", kill_on_drop: false }`
[INFO] [stderr] warning: unused manifest key: package.author
[INFO] running `Command { std: "docker" "create" "-v" "/var/lib/crater-agent-workspace/builds/worker-7-tc1/target:/opt/rustwide/target:rw,Z" "-v" "/var/lib/crater-agent-workspace/builds/worker-7-tc1/source:/opt/rustwide/workdir:ro,Z" "-v" "/var/lib/crater-agent-workspace/cargo-home:/opt/rustwide/cargo-home:ro,Z" "-v" "/var/lib/crater-agent-workspace/rustup-home:/opt/rustwide/rustup-home:ro,Z" "-e" "SOURCE_DIR=/opt/rustwide/workdir" "-e" "CARGO_TARGET_DIR=/opt/rustwide/target" "-e" "CARGO_HOME=/opt/rustwide/cargo-home" "-e" "RUSTUP_HOME=/opt/rustwide/rustup-home" "-w" "/opt/rustwide/workdir" "-m" "1610612736" "--user" "0:0" "--network" "none" "ghcr.io/rust-lang/crates-build-env/linux@sha256:4a844ea9eb2546a2d2c7022eacef16ef2e8229c7fbb2c7d4d55a9ceca922f72d" "/opt/rustwide/cargo-home/bin/cargo" "+nightly-2024-10-28" "metadata" "--no-deps" "--format-version=1", kill_on_drop: false }`
[INFO] [stdout] 65a6e8453cfc9e25db537f205b7505593d1b9b75a556fa438964ae0c87ecfa21
[INFO] running `Command { std: "docker" "start" "-a" "65a6e8453cfc9e25db537f205b7505593d1b9b75a556fa438964ae0c87ecfa21", kill_on_drop: false }`
[INFO] running `Command { std: "docker" "inspect" "65a6e8453cfc9e25db537f205b7505593d1b9b75a556fa438964ae0c87ecfa21", kill_on_drop: false }`
[INFO] running `Command { std: "docker" "rm" "-f" "65a6e8453cfc9e25db537f205b7505593d1b9b75a556fa438964ae0c87ecfa21", kill_on_drop: false }`
[INFO] [stdout] 65a6e8453cfc9e25db537f205b7505593d1b9b75a556fa438964ae0c87ecfa21
[INFO] running `Command { std: "docker" "create" "-v" "/var/lib/crater-agent-workspace/builds/worker-7-tc1/target:/opt/rustwide/target:rw,Z" "-v" "/var/lib/crater-agent-workspace/builds/worker-7-tc1/source:/opt/rustwide/workdir:ro,Z" "-v" "/var/lib/crater-agent-workspace/cargo-home:/opt/rustwide/cargo-home:ro,Z" "-v" "/var/lib/crater-agent-workspace/rustup-home:/opt/rustwide/rustup-home:ro,Z" "-e" "SOURCE_DIR=/opt/rustwide/workdir" "-e" "CARGO_TARGET_DIR=/opt/rustwide/target" "-e" "CARGO_INCREMENTAL=0" "-e" "RUST_BACKTRACE=full" "-e" "RUSTFLAGS=--cap-lints=forbid" "-e" "RUSTDOCFLAGS=--cap-lints=forbid" "-e" "CARGO_HOME=/opt/rustwide/cargo-home" "-e" "RUSTUP_HOME=/opt/rustwide/rustup-home" "-w" "/opt/rustwide/workdir" "-m" "1610612736" "--user" "0:0" "--network" "none" "ghcr.io/rust-lang/crates-build-env/linux@sha256:4a844ea9eb2546a2d2c7022eacef16ef2e8229c7fbb2c7d4d55a9ceca922f72d" "/opt/rustwide/cargo-home/bin/cargo" "+nightly-2024-10-28" "build" "--frozen" "--message-format=json", kill_on_drop: false }`
[INFO] [stdout] ef93b43443c7e03a70db357a682881e99d84e96117072fffce5ace4989e85584
[INFO] running `Command { std: "docker" "start" "-a" "ef93b43443c7e03a70db357a682881e99d84e96117072fffce5ace4989e85584", kill_on_drop: false }`
[INFO] [stderr] warning: unused manifest key: package.author
[INFO] [stderr]    Compiling liquidity_pool v0.1.0 (/opt/rustwide/workdir)
[INFO] [stdout] warning: struct `Price` is never constructed
[INFO] [stdout]   --> src/lib.rs:10:8
[INFO] [stdout]    |
[INFO] [stdout] 10 | struct Price(u64);
[INFO] [stdout]    |        ^^^^^
[INFO] [stdout]    |
[INFO] [stdout]    = note: `#[warn(dead_code)]` on by default
[INFO] [stdout] 
[INFO] [stdout] 
[INFO] [stdout] warning: struct `Fee` is never constructed
[INFO] [stdout]   --> src/lib.rs:12:8
[INFO] [stdout]    |
[INFO] [stdout] 12 | struct Fee(u64);
[INFO] [stdout]    |        ^^^
[INFO] [stdout] 
[INFO] [stdout] 
[INFO] [stdout] warning: struct `LpPool` is never constructed
[INFO] [stdout]   --> src/lib.rs:15:8
[INFO] [stdout]    |
[INFO] [stdout] 15 | struct LpPool {
[INFO] [stdout]    |        ^^^^^^
[INFO] [stdout] 
[INFO] [stdout] 
[INFO] [stdout] warning: enum `Errors` is never used
[INFO] [stdout]   --> src/lib.rs:26:6
[INFO] [stdout]    |
[INFO] [stdout] 26 | enum Errors {
[INFO] [stdout]    |      ^^^^^^
[INFO] [stdout] 
[INFO] [stdout] 
[INFO] [stdout] warning: associated items `init`, `add_liquidity`, `remove_liquidity`, and `swap` are never used
[INFO] [stdout]    --> src/lib.rs:125:12
[INFO] [stdout]     |
[INFO] [stdout] 124 | impl LpPool {
[INFO] [stdout]     | ----------- associated items in this implementation
[INFO] [stdout] 125 |     pub fn init(
[INFO] [stdout]     |            ^^^^
[INFO] [stdout] ...
[INFO] [stdout] 142 |     pub fn add_liquidity(self, token_amount: TokenAmount) -> Result<(Self, LpTokenAmount), Errors> {
[INFO] [stdout]     |            ^^^^^^^^^^^^^
[INFO] [stdout] ...
[INFO] [stdout] 161 |     pub fn remove_liquidity(
[INFO] [stdout]     |            ^^^^^^^^^^^^^^^^
[INFO] [stdout] ...
[INFO] [stdout] 191 |     pub fn swap(
[INFO] [stdout]     |            ^^^^
[INFO] [stdout] 
[INFO] [stdout] 
[INFO] [stdout] warning: function `calculate_fee` is never used
[INFO] [stdout]    --> src/lib.rs:224:4
[INFO] [stdout]     |
[INFO] [stdout] 224 | fn calculate_fee(
[INFO] [stdout]     |    ^^^^^^^^^^^^^
[INFO] [stdout] 
[INFO] [stdout] 
[INFO] [stderr]     Finished `dev` profile [unoptimized + debuginfo] target(s) in 0.05s
[INFO] running `Command { std: "docker" "inspect" "ef93b43443c7e03a70db357a682881e99d84e96117072fffce5ace4989e85584", kill_on_drop: false }`
[INFO] running `Command { std: "docker" "rm" "-f" "ef93b43443c7e03a70db357a682881e99d84e96117072fffce5ace4989e85584", kill_on_drop: false }`
[INFO] [stdout] ef93b43443c7e03a70db357a682881e99d84e96117072fffce5ace4989e85584
[INFO] running `Command { std: "docker" "create" "-v" "/var/lib/crater-agent-workspace/builds/worker-7-tc1/target:/opt/rustwide/target:rw,Z" "-v" "/var/lib/crater-agent-workspace/builds/worker-7-tc1/source:/opt/rustwide/workdir:ro,Z" "-v" "/var/lib/crater-agent-workspace/cargo-home:/opt/rustwide/cargo-home:ro,Z" "-v" "/var/lib/crater-agent-workspace/rustup-home:/opt/rustwide/rustup-home:ro,Z" "-e" "SOURCE_DIR=/opt/rustwide/workdir" "-e" "CARGO_TARGET_DIR=/opt/rustwide/target" "-e" "CARGO_INCREMENTAL=0" "-e" "RUST_BACKTRACE=full" "-e" "RUSTFLAGS=--cap-lints=forbid" "-e" "RUSTDOCFLAGS=--cap-lints=forbid" "-e" "CARGO_HOME=/opt/rustwide/cargo-home" "-e" "RUSTUP_HOME=/opt/rustwide/rustup-home" "-w" "/opt/rustwide/workdir" "-m" "1610612736" "--user" "0:0" "--network" "none" "ghcr.io/rust-lang/crates-build-env/linux@sha256:4a844ea9eb2546a2d2c7022eacef16ef2e8229c7fbb2c7d4d55a9ceca922f72d" "/opt/rustwide/cargo-home/bin/cargo" "+nightly-2024-10-28" "test" "--frozen" "--no-run" "--message-format=json", kill_on_drop: false }`
[INFO] [stdout] 1a0d4143dc685e811aabfe1264ff89326dfc3002537bc90bd01728fac62c9cb7
[INFO] running `Command { std: "docker" "start" "-a" "1a0d4143dc685e811aabfe1264ff89326dfc3002537bc90bd01728fac62c9cb7", kill_on_drop: false }`
[INFO] [stderr] warning: unused manifest key: package.author
[INFO] [stdout] warning: struct `Price` is never constructed
[INFO] [stdout]   --> src/lib.rs:10:8
[INFO] [stdout]    |
[INFO] [stdout] 10 | struct Price(u64);
[INFO] [stdout]    |        ^^^^^
[INFO] [stdout]    |
[INFO] [stdout]    = note: `#[warn(dead_code)]` on by default
[INFO] [stdout] 
[INFO] [stdout] 
[INFO] [stdout] warning: struct `Fee` is never constructed
[INFO] [stdout]   --> src/lib.rs:12:8
[INFO] [stdout]    |
[INFO] [stdout] 12 | struct Fee(u64);
[INFO] [stdout]    |        ^^^
[INFO] [stdout] 
[INFO] [stdout] 
[INFO] [stdout] warning: struct `LpPool` is never constructed
[INFO] [stdout]   --> src/lib.rs:15:8
[INFO] [stdout]    |
[INFO] [stdout] 15 | struct LpPool {
[INFO] [stdout]    |        ^^^^^^
[INFO] [stdout] 
[INFO] [stdout] 
[INFO] [stdout] warning: enum `Errors` is never used
[INFO] [stdout]   --> src/lib.rs:26:6
[INFO] [stdout]    |
[INFO] [stdout] 26 | enum Errors {
[INFO] [stdout]    |      ^^^^^^
[INFO] [stdout] 
[INFO] [stdout] 
[INFO] [stdout] warning: associated items `init`, `add_liquidity`, `remove_liquidity`, and `swap` are never used
[INFO] [stdout]    --> src/lib.rs:125:12
[INFO] [stdout]     |
[INFO] [stdout] 124 | impl LpPool {
[INFO] [stdout]     | ----------- associated items in this implementation
[INFO] [stdout] 125 |     pub fn init(
[INFO] [stdout]     |            ^^^^
[INFO] [stdout] ...
[INFO] [stdout] 142 |     pub fn add_liquidity(self, token_amount: TokenAmount) -> Result<(Self, LpTokenAmount), Errors> {
[INFO] [stdout]     |            ^^^^^^^^^^^^^
[INFO] [stdout] ...
[INFO] [stdout] 161 |     pub fn remove_liquidity(
[INFO] [stdout]     |            ^^^^^^^^^^^^^^^^
[INFO] [stdout] ...
[INFO] [stdout] 191 |     pub fn swap(
[INFO] [stdout]     |            ^^^^
[INFO] [stdout] 
[INFO] [stdout] 
[INFO] [stdout] warning: function `calculate_fee` is never used
[INFO] [stdout]    --> src/lib.rs:224:4
[INFO] [stdout]     |
[INFO] [stdout] 224 | fn calculate_fee(
[INFO] [stdout]     |    ^^^^^^^^^^^^^
[INFO] [stdout] 
[INFO] [stdout] 
[INFO] [stderr]    Compiling liquidity_pool v0.1.0 (/opt/rustwide/workdir)
[INFO] [stdout] warning: variant `InvalidAmount` is never constructed
[INFO] [stdout]   --> src/lib.rs:28:5
[INFO] [stdout]    |
[INFO] [stdout] 26 | enum Errors {
[INFO] [stdout]    |      ------ variant in this enum
[INFO] [stdout] 27 |     InsufficientLiquidity,
[INFO] [stdout] 28 |     InvalidAmount,
[INFO] [stdout]    |     ^^^^^^^^^^^^^
[INFO] [stdout]    |
[INFO] [stdout]    = note: `Errors` has a derived impl for the trait `Debug`, but this is intentionally ignored during dead code analysis
[INFO] [stdout]    = note: `#[warn(dead_code)]` on by default
[INFO] [stdout] 
[INFO] [stdout] 
[INFO] [stderr]     Finished `test` profile [unoptimized + debuginfo] target(s) in 0.11s
[INFO] running `Command { std: "docker" "inspect" "1a0d4143dc685e811aabfe1264ff89326dfc3002537bc90bd01728fac62c9cb7", kill_on_drop: false }`
[INFO] running `Command { std: "docker" "rm" "-f" "1a0d4143dc685e811aabfe1264ff89326dfc3002537bc90bd01728fac62c9cb7", kill_on_drop: false }`
[INFO] [stdout] 1a0d4143dc685e811aabfe1264ff89326dfc3002537bc90bd01728fac62c9cb7
[INFO] running `Command { std: "docker" "create" "-v" "/var/lib/crater-agent-workspace/builds/worker-7-tc1/target:/opt/rustwide/target:rw,Z" "-v" "/var/lib/crater-agent-workspace/builds/worker-7-tc1/source:/opt/rustwide/workdir:ro,Z" "-v" "/var/lib/crater-agent-workspace/cargo-home:/opt/rustwide/cargo-home:ro,Z" "-v" "/var/lib/crater-agent-workspace/rustup-home:/opt/rustwide/rustup-home:ro,Z" "-e" "SOURCE_DIR=/opt/rustwide/workdir" "-e" "CARGO_TARGET_DIR=/opt/rustwide/target" "-e" "CARGO_INCREMENTAL=0" "-e" "RUST_BACKTRACE=full" "-e" "RUSTFLAGS=--cap-lints=forbid" "-e" "RUSTDOCFLAGS=--cap-lints=forbid" "-e" "CARGO_HOME=/opt/rustwide/cargo-home" "-e" "RUSTUP_HOME=/opt/rustwide/rustup-home" "-w" "/opt/rustwide/workdir" "-m" "1610612736" "--user" "0:0" "--network" "none" "ghcr.io/rust-lang/crates-build-env/linux@sha256:4a844ea9eb2546a2d2c7022eacef16ef2e8229c7fbb2c7d4d55a9ceca922f72d" "/opt/rustwide/cargo-home/bin/cargo" "+nightly-2024-10-28" "test" "--frozen", kill_on_drop: false }`
[INFO] [stdout] f5c8db03dce45a221e755f7fca3f1076c46ac89407e1318beb02aeb55d32167e
[INFO] running `Command { std: "docker" "start" "-a" "f5c8db03dce45a221e755f7fca3f1076c46ac89407e1318beb02aeb55d32167e", kill_on_drop: false }`
[INFO] [stderr] warning: unused manifest key: package.author
[INFO] [stderr] warning: struct `Price` is never constructed
[INFO] [stderr]   --> src/lib.rs:10:8
[INFO] [stderr]    |
[INFO] [stderr] 10 | struct Price(u64);
[INFO] [stderr]    |        ^^^^^
[INFO] [stderr]    |
[INFO] [stderr]    = note: `#[warn(dead_code)]` on by default
[INFO] [stderr] 
[INFO] [stderr] warning: struct `Fee` is never constructed
[INFO] [stderr]   --> src/lib.rs:12:8
[INFO] [stderr]    |
[INFO] [stderr] 12 | struct Fee(u64);
[INFO] [stderr]    |        ^^^
[INFO] [stderr] 
[INFO] [stderr] warning: struct `LpPool` is never constructed
[INFO] [stderr]   --> src/lib.rs:15:8
[INFO] [stderr]    |
[INFO] [stderr] 15 | struct LpPool {
[INFO] [stderr]    |        ^^^^^^
[INFO] [stderr] 
[INFO] [stderr] warning: enum `Errors` is never used
[INFO] [stderr]   --> src/lib.rs:26:6
[INFO] [stderr]    |
[INFO] [stderr] 26 | enum Errors {
[INFO] [stderr]    |      ^^^^^^
[INFO] [stderr] 
[INFO] [stderr] warning: associated items `init`, `add_liquidity`, `remove_liquidity`, and `swap` are never used
[INFO] [stderr]    --> src/lib.rs:125:12
[INFO] [stderr]     |
[INFO] [stderr] 124 | impl LpPool {
[INFO] [stderr]     | ----------- associated items in this implementation
[INFO] [stderr] 125 |     pub fn init(
[INFO] [stderr]     |            ^^^^
[INFO] [stderr] ...
[INFO] [stderr] 142 |     pub fn add_liquidity(self, token_amount: TokenAmount) -> Result<(Self, LpTokenAmount), Errors> {
[INFO] [stderr]     |            ^^^^^^^^^^^^^
[INFO] [stderr] ...
[INFO] [stderr] 161 |     pub fn remove_liquidity(
[INFO] [stderr]     |            ^^^^^^^^^^^^^^^^
[INFO] [stderr] ...
[INFO] [stderr] 191 |     pub fn swap(
[INFO] [stderr]     |            ^^^^
[INFO] [stderr] 
[INFO] [stderr] warning: function `calculate_fee` is never used
[INFO] [stderr]    --> src/lib.rs:224:4
[INFO] [stderr]     |
[INFO] [stderr] 224 | fn calculate_fee(
[INFO] [stderr]     |    ^^^^^^^^^^^^^
[INFO] [stderr] 
[INFO] [stderr] warning: `liquidity_pool` (lib) generated 6 warnings
[INFO] [stderr] warning: variant `InvalidAmount` is never constructed
[INFO] [stderr]   --> src/lib.rs:28:5
[INFO] [stderr]    |
[INFO] [stderr] 26 | enum Errors {
[INFO] [stderr]    |      ------ variant in this enum
[INFO] [stderr] 27 |     InsufficientLiquidity,
[INFO] [stderr] 28 |     InvalidAmount,
[INFO] [stderr]    |     ^^^^^^^^^^^^^
[INFO] [stderr]    |
[INFO] [stderr]    = note: `Errors` has a derived impl for the trait `Debug`, but this is intentionally ignored during dead code analysis
[INFO] [stderr]    = note: `#[warn(dead_code)]` on by default
[INFO] [stderr] 
[INFO] [stderr] warning: `liquidity_pool` (lib test) generated 1 warning
[INFO] [stderr]     Finished `test` profile [unoptimized + debuginfo] target(s) in 0.00s
[INFO] [stderr]      Running unittests src/lib.rs (/opt/rustwide/target/debug/deps/liquidity_pool-8fbeda8b6ffce383)
[INFO] [stdout] 
[INFO] [stdout] running 1 test
[INFO] [stdout] test tests::test_story_example ... FAILED
[INFO] [stdout] 
[INFO] [stdout] failures:
[INFO] [stdout] 
[INFO] [stdout] ---- tests::test_story_example stdout ----
[INFO] [stdout] [src/lib.rs:158:13] new_pool = LpPool {
[INFO] [stdout]     price: Price(
[INFO] [stdout]         1500000,
[INFO] [stdout]     ),
[INFO] [stdout]     token_amount: TokenAmount(
[INFO] [stdout]         100000000000,
[INFO] [stdout]     ),
[INFO] [stdout]     st_token_amount: StakedTokenAmount(
[INFO] [stdout]         0,
[INFO] [stdout]     ),
[INFO] [stdout]     lp_token_amount: LpTokenAmount(
[INFO] [stdout]         100000000000,
[INFO] [stdout]     ),
[INFO] [stdout]     liquidity_target: TokenAmount(
[INFO] [stdout]         90000000,
[INFO] [stdout]     ),
[INFO] [stdout]     min_fee: Fee(
[INFO] [stdout]         1000,
[INFO] [stdout]     ),
[INFO] [stdout]     max_fee: Fee(
[INFO] [stdout]         90000,
[INFO] [stdout]     ),
[INFO] [stdout] }
[INFO] [stdout] minimal fee
[INFO] [stdout] [src/lib.rs:220:13] new_pool = LpPool {
[INFO] [stdout]     price: Price(
[INFO] [stdout]         1500000,
[INFO] [stdout]     ),
[INFO] [stdout]     token_amount: TokenAmount(
[INFO] [stdout]         99991000000,
[INFO] [stdout]     ),
[INFO] [stdout]     st_token_amount: StakedTokenAmount(
[INFO] [stdout]         6000000,
[INFO] [stdout]     ),
[INFO] [stdout]     lp_token_amount: LpTokenAmount(
[INFO] [stdout]         100000000000,
[INFO] [stdout]     ),
[INFO] [stdout]     liquidity_target: TokenAmount(
[INFO] [stdout]         90000000,
[INFO] [stdout]     ),
[INFO] [stdout]     min_fee: Fee(
[INFO] [stdout]         1000,
[INFO] [stdout]     ),
[INFO] [stdout]     max_fee: Fee(
[INFO] [stdout]         90000,
[INFO] [stdout]     ),
[INFO] [stdout] }
[INFO] [stdout] [src/lib.rs:158:13] new_pool = LpPool {
[INFO] [stdout]     price: Price(
[INFO] [stdout]         1500000,
[INFO] [stdout]     ),
[INFO] [stdout]     token_amount: TokenAmount(
[INFO] [stdout]         109991000000,
[INFO] [stdout]     ),
[INFO] [stdout]     st_token_amount: StakedTokenAmount(
[INFO] [stdout]         6000000,
[INFO] [stdout]     ),
[INFO] [stdout]     lp_token_amount: LpTokenAmount(
[INFO] [stdout]         110000900081,
[INFO] [stdout]     ),
[INFO] [stdout]     liquidity_target: TokenAmount(
[INFO] [stdout]         90000000,
[INFO] [stdout]     ),
[INFO] [stdout]     min_fee: Fee(
[INFO] [stdout]         1000,
[INFO] [stdout]     ),
[INFO] [stdout]     max_fee: Fee(
[INFO] [stdout]         90000,
[INFO] [stdout]     ),
[INFO] [stdout] }
[INFO] [stdout] thread 'tests::test_story_example' panicked at src/lib.rs:271:9:
[INFO] [stdout] assertion `left == right` failed
[INFO] [stdout]   left: 9999100000000
[INFO] [stdout]  right: 10000900081
[INFO] [stdout] stack backtrace:
[INFO] [stdout]    0:     0x584b64dd911a - std::backtrace_rs::backtrace::libunwind::trace::h207520d6e9873551
[INFO] [stdout]                                at /rustc/df4ca44d3fbc9301ee17f30f4d474e6ae4b05252/library/std/src/../../backtrace/src/backtrace/libunwind.rs:116:5
[INFO] [stdout]    1:     0x584b64dd911a - std::backtrace_rs::backtrace::trace_unsynchronized::h2ed7433f370e3eca
[INFO] [stdout]                                at /rustc/df4ca44d3fbc9301ee17f30f4d474e6ae4b05252/library/std/src/../../backtrace/src/backtrace/mod.rs:66:5
[INFO] [stdout]    2:     0x584b64dd911a - std::sys::backtrace::_print_fmt::h916fac51166b18d7
[INFO] [stdout]                                at /rustc/df4ca44d3fbc9301ee17f30f4d474e6ae4b05252/library/std/src/sys/backtrace.rs:66:9
[INFO] [stdout]    3:     0x584b64dd911a - <std::sys::backtrace::BacktraceLock::print::DisplayBacktrace as core::fmt::Display>::fmt::ha0a4c9b8ce3802e6
[INFO] [stdout]                                at /rustc/df4ca44d3fbc9301ee17f30f4d474e6ae4b05252/library/std/src/sys/backtrace.rs:39:26
[INFO] [stdout]    4:     0x584b64dff4c3 - core::fmt::rt::Argument::fmt::h4cfc8587d52b3eb5
[INFO] [stdout]                                at /rustc/df4ca44d3fbc9301ee17f30f4d474e6ae4b05252/library/core/src/fmt/rt.rs:177:76
[INFO] [stdout]    5:     0x584b64dff4c3 - core::fmt::write::h522cc39e5b36ae9f
[INFO] [stdout]                                at /rustc/df4ca44d3fbc9301ee17f30f4d474e6ae4b05252/library/core/src/fmt/mod.rs:1190:21
[INFO] [stdout]    6:     0x584b64dd5d83 - std::io::Write::write_fmt::h7d3c26752da97734
[INFO] [stdout]                                at /rustc/df4ca44d3fbc9301ee17f30f4d474e6ae4b05252/library/std/src/io/mod.rs:1839:15
[INFO] [stdout]    7:     0x584b64dd8f62 - std::sys::backtrace::BacktraceLock::print::h4b9e00b29e9c0942
[INFO] [stdout]                                at /rustc/df4ca44d3fbc9301ee17f30f4d474e6ae4b05252/library/std/src/sys/backtrace.rs:42:9
[INFO] [stdout]    8:     0x584b64dda5aa - std::panicking::default_hook::{{closure}}::hb59b88280d0324d9
[INFO] [stdout]                                at /rustc/df4ca44d3fbc9301ee17f30f4d474e6ae4b05252/library/std/src/panicking.rs:268:22
[INFO] [stdout]    9:     0x584b64dda3b4 - std::panicking::default_hook::he1dd496665be4a29
[INFO] [stdout]                                at /rustc/df4ca44d3fbc9301ee17f30f4d474e6ae4b05252/library/std/src/panicking.rs:292:9
[INFO] [stdout]   10:     0x584b64da41a9 - <alloc::boxed::Box<F,A> as core::ops::function::Fn<Args>>::call::h4ff71de18744e1dc
[INFO] [stdout]                                at /rustc/df4ca44d3fbc9301ee17f30f4d474e6ae4b05252/library/alloc/src/boxed.rs:2468:9
[INFO] [stdout]   11:     0x584b64da41a9 - test::test_main::{{closure}}::hcf7c055ce117aa81
[INFO] [stdout]                                at /rustc/df4ca44d3fbc9301ee17f30f4d474e6ae4b05252/library/test/src/lib.rs:133:21
[INFO] [stdout]   12:     0x584b64ddaca8 - <alloc::boxed::Box<F,A> as core::ops::function::Fn<Args>>::call::h1d66c6bbd60c9692
[INFO] [stdout]                                at /rustc/df4ca44d3fbc9301ee17f30f4d474e6ae4b05252/library/alloc/src/boxed.rs:2468:9
[INFO] [stdout]   13:     0x584b64ddaca8 - std::panicking::rust_panic_with_hook::h2ff17fe8f26dfcf8
[INFO] [stdout]                                at /rustc/df4ca44d3fbc9301ee17f30f4d474e6ae4b05252/library/std/src/panicking.rs:809:13
[INFO] [stdout]   14:     0x584b64ddaa6a - std::panicking::begin_panic_handler::{{closure}}::h4fad77951c07e101
[INFO] [stdout]                                at /rustc/df4ca44d3fbc9301ee17f30f4d474e6ae4b05252/library/std/src/panicking.rs:674:13
[INFO] [stdout]   15:     0x584b64dd95f9 - std::sys::backtrace::__rust_end_short_backtrace::hb1a25b3da5d0ea08
[INFO] [stdout]                                at /rustc/df4ca44d3fbc9301ee17f30f4d474e6ae4b05252/library/std/src/sys/backtrace.rs:170:18
[INFO] [stdout]   16:     0x584b64dda6fc - rust_begin_unwind
[INFO] [stdout]                                at /rustc/df4ca44d3fbc9301ee17f30f4d474e6ae4b05252/library/std/src/panicking.rs:665:5
[INFO] [stdout]   17:     0x584b64dfdf20 - core::panicking::panic_fmt::ha9db07b529f9b256
[INFO] [stdout]                                at /rustc/df4ca44d3fbc9301ee17f30f4d474e6ae4b05252/library/core/src/panicking.rs:75:14
[INFO] [stdout]   18:     0x584b64dfe284 - core::panicking::assert_failed_inner::h04f38944d74a80a8
[INFO] [stdout]   19:     0x584b64dee411 - core::panicking::assert_failed::h6dfbfad828d2743d
[INFO] [stdout]   20:     0x584b64d69ecb - liquidity_pool::tests::test_story_example::h72b1883af2dd8afc
[INFO] [stdout]                                at /opt/rustwide/workdir/src/lib.rs:271:9
[INFO] [stdout]   21:     0x584b64d69927 - liquidity_pool::tests::test_story_example::{{closure}}::hdf482b7923ab93d3
[INFO] [stdout]                                at /opt/rustwide/workdir/src/lib.rs:248:28
[INFO] [stdout]   22:     0x584b64d68026 - core::ops::function::FnOnce::call_once::h4020adadb4046346
[INFO] [stdout]                                at /rustc/df4ca44d3fbc9301ee17f30f4d474e6ae4b05252/library/core/src/ops/function.rs:250:5
[INFO] [stdout]   23:     0x584b64da8a7b - core::ops::function::FnOnce::call_once::h22c3ba5715e93f05
[INFO] [stdout]                                at /rustc/df4ca44d3fbc9301ee17f30f4d474e6ae4b05252/library/core/src/ops/function.rs:250:5
[INFO] [stdout]   24:     0x584b64da8a7b - test::__rust_begin_short_backtrace::h8e82d8113d0da17f
[INFO] [stdout]                                at /rustc/df4ca44d3fbc9301ee17f30f4d474e6ae4b05252/library/test/src/lib.rs:621:18
[INFO] [stdout]   25:     0x584b64da83f7 - test::run_test_in_process::{{closure}}::h33235f4f20b7b7c7
[INFO] [stdout]                                at /rustc/df4ca44d3fbc9301ee17f30f4d474e6ae4b05252/library/test/src/lib.rs:644:60
[INFO] [stdout]   26:     0x584b64da83f7 - <core::panic::unwind_safe::AssertUnwindSafe<F> as core::ops::function::FnOnce<()>>::call_once::hb5043206310c586f
[INFO] [stdout]                                at /rustc/df4ca44d3fbc9301ee17f30f4d474e6ae4b05252/library/core/src/panic/unwind_safe.rs:272:9
[INFO] [stdout]   27:     0x584b64da83f7 - std::panicking::try::do_call::h9ad4731a60ab23e2
[INFO] [stdout]                                at /rustc/df4ca44d3fbc9301ee17f30f4d474e6ae4b05252/library/std/src/panicking.rs:557:40
[INFO] [stdout]   28:     0x584b64da83f7 - std::panicking::try::h3824d23db772a716
[INFO] [stdout]                                at /rustc/df4ca44d3fbc9301ee17f30f4d474e6ae4b05252/library/std/src/panicking.rs:520:19
[INFO] [stdout]   29:     0x584b64da83f7 - std::panic::catch_unwind::h5afd514605fde46b
[INFO] [stdout]                                at /rustc/df4ca44d3fbc9301ee17f30f4d474e6ae4b05252/library/std/src/panic.rs:358:14
[INFO] [stdout]   30:     0x584b64da83f7 - test::run_test_in_process::h0d5cbfa7067d1720
[INFO] [stdout]                                at /rustc/df4ca44d3fbc9301ee17f30f4d474e6ae4b05252/library/test/src/lib.rs:644:27
[INFO] [stdout]   31:     0x584b64da83f7 - test::run_test::{{closure}}::h708eb8872708115d
[INFO] [stdout]                                at /rustc/df4ca44d3fbc9301ee17f30f4d474e6ae4b05252/library/test/src/lib.rs:565:43
[INFO] [stdout]   32:     0x584b64d6bb14 - test::run_test::{{closure}}::h392c51cee94713ab
[INFO] [stdout]                                at /rustc/df4ca44d3fbc9301ee17f30f4d474e6ae4b05252/library/test/src/lib.rs:595:41
[INFO] [stdout]   33:     0x584b64d6bb14 - std::sys::backtrace::__rust_begin_short_backtrace::h2f40290710935a8b
[INFO] [stdout]                                at /rustc/df4ca44d3fbc9301ee17f30f4d474e6ae4b05252/library/std/src/sys/backtrace.rs:154:18
[INFO] [stdout]   34:     0x584b64d6f2be - std::thread::Builder::spawn_unchecked_::{{closure}}::{{closure}}::h3fd968d89053a903
[INFO] [stdout]                                at /rustc/df4ca44d3fbc9301ee17f30f4d474e6ae4b05252/library/std/src/thread/mod.rs:541:17
[INFO] [stdout]   35:     0x584b64d6f2be - <core::panic::unwind_safe::AssertUnwindSafe<F> as core::ops::function::FnOnce<()>>::call_once::h743f637ba4229880
[INFO] [stdout]                                at /rustc/df4ca44d3fbc9301ee17f30f4d474e6ae4b05252/library/core/src/panic/unwind_safe.rs:272:9
[INFO] [stdout]   36:     0x584b64d6f2be - std::panicking::try::do_call::h07440897322525a6
[INFO] [stdout]                                at /rustc/df4ca44d3fbc9301ee17f30f4d474e6ae4b05252/library/std/src/panicking.rs:557:40
[INFO] [stdout]   37:     0x584b64d6f2be - std::panicking::try::he5a2e00188156637
[INFO] [stdout]                                at /rustc/df4ca44d3fbc9301ee17f30f4d474e6ae4b05252/library/std/src/panicking.rs:520:19
[INFO] [stdout]   38:     0x584b64d6f2be - std::panic::catch_unwind::hbaf3cae49b3c6433
[INFO] [stdout]                                at /rustc/df4ca44d3fbc9301ee17f30f4d474e6ae4b05252/library/std/src/panic.rs:358:14
[INFO] [stdout]   39:     0x584b64d6f2be - std::thread::Builder::spawn_unchecked_::{{closure}}::h8e141ea224820bce
[INFO] [stdout]                                at /rustc/df4ca44d3fbc9301ee17f30f4d474e6ae4b05252/library/std/src/thread/mod.rs:540:30
[INFO] [stdout]   40:     0x584b64d6f2be - core::ops::function::FnOnce::call_once{{vtable.shim}}::h90d312fedd7b8ea8
[INFO] [stdout]                                at /rustc/df4ca44d3fbc9301ee17f30f4d474e6ae4b05252/library/core/src/ops/function.rs:250:5
[INFO] [stdout]   41:     0x584b64ddea9b - <alloc::boxed::Box<F,A> as core::ops::function::FnOnce<Args>>::call_once::h69aa08ddb6adb8b6
[INFO] [stdout]                                at /rustc/df4ca44d3fbc9301ee17f30f4d474e6ae4b05252/library/alloc/src/boxed.rs:2454:9
[INFO] [stdout]   42:     0x584b64ddea9b - <alloc::boxed::Box<F,A> as core::ops::function::FnOnce<Args>>::call_once::h5aa36efdb79c806f
[INFO] [stdout]                                at /rustc/df4ca44d3fbc9301ee17f30f4d474e6ae4b05252/library/alloc/src/boxed.rs:2454:9
[INFO] [stdout]   43:     0x584b64ddea9b - std::sys::pal::unix::thread::Thread::new::thread_start::h6cd80a1b4be5158d
[INFO] [stdout]                                at /rustc/df4ca44d3fbc9301ee17f30f4d474e6ae4b05252/library/std/src/sys/pal/unix/thread.rs:105:17
[INFO] [stdout]   44:     0x755a59684ac3 - <unknown>
[INFO] [stdout]   45:     0x755a59715a04 - clone
[INFO] [stdout]   46:                0x0 - <unknown>
[INFO] [stdout] 
[INFO] [stdout] 
[INFO] [stdout] failures:
[INFO] [stdout]     tests::test_story_example
[INFO] [stdout] 
[INFO] [stdout] test result: FAILED. 0 passed; 1 failed; 0 ignored; 0 measured; 0 filtered out; finished in 0.01s
[INFO] [stdout] 
[INFO] [stderr] error: test failed, to rerun pass `--lib`
[INFO] running `Command { std: "docker" "inspect" "f5c8db03dce45a221e755f7fca3f1076c46ac89407e1318beb02aeb55d32167e", kill_on_drop: false }`
[INFO] running `Command { std: "docker" "rm" "-f" "f5c8db03dce45a221e755f7fca3f1076c46ac89407e1318beb02aeb55d32167e", kill_on_drop: false }`
[INFO] [stdout] f5c8db03dce45a221e755f7fca3f1076c46ac89407e1318beb02aeb55d32167e
