[INFO] cloning repository https://github.com/McAJBen/advent_of_code_2021
[INFO] running `Command { std: "git" "-c" "credential.helper=" "-c" "credential.helper=/workspace/cargo-home/bin/git-credential-null" "clone" "--bare" "https://github.com/McAJBen/advent_of_code_2021" "/workspace/cache/git-repos/https%3A%2F%2Fgithub.com%2FMcAJBen%2Fadvent_of_code_2021", kill_on_drop: false }`
[INFO] [stderr] Cloning into bare repository '/workspace/cache/git-repos/https%3A%2F%2Fgithub.com%2FMcAJBen%2Fadvent_of_code_2021'...
[INFO] running `Command { std: "git" "rev-parse" "HEAD", kill_on_drop: false }`
[INFO] [stdout] dd66ff22f99992ea24b0b2cca3d9cfda58f6f2e9
[INFO] testing McAJBen/advent_of_code_2021/dd66ff22f99992ea24b0b2cca3d9cfda58f6f2e9 against nightly-2024-10-28 for randomize-layout
[INFO] running `Command { std: "git" "clone" "/workspace/cache/git-repos/https%3A%2F%2Fgithub.com%2FMcAJBen%2Fadvent_of_code_2021" "/workspace/builds/worker-3-tc1/source", kill_on_drop: false }`
[INFO] [stderr] Cloning into '/workspace/builds/worker-3-tc1/source'...
[INFO] [stderr] done.
[INFO] validating manifest of git repo https://github.com/McAJBen/advent_of_code_2021 on toolchain nightly-2024-10-28
[INFO] running `Command { std: CARGO_HOME="/workspace/cargo-home" RUSTUP_HOME="/workspace/rustup-home" "/workspace/cargo-home/bin/cargo" "+nightly-2024-10-28" "metadata" "--manifest-path" "Cargo.toml" "--no-deps", kill_on_drop: false }`
[INFO] started tweaking git repo https://github.com/McAJBen/advent_of_code_2021
[INFO] finished tweaking git repo https://github.com/McAJBen/advent_of_code_2021
[INFO] tweaked toml for git repo https://github.com/McAJBen/advent_of_code_2021 written to /workspace/builds/worker-3-tc1/source/Cargo.toml
[INFO] crate git repo https://github.com/McAJBen/advent_of_code_2021 already has a lockfile, it will not be regenerated
[INFO] running `Command { std: CARGO_HOME="/workspace/cargo-home" RUSTUP_HOME="/workspace/rustup-home" "/workspace/cargo-home/bin/cargo" "+nightly-2024-10-28" "fetch" "--manifest-path" "Cargo.toml", kill_on_drop: false }`
[INFO] running `Command { std: "docker" "create" "-v" "/var/lib/crater-agent-workspace/builds/worker-3-tc1/target:/opt/rustwide/target:rw,Z" "-v" "/var/lib/crater-agent-workspace/builds/worker-3-tc1/source:/opt/rustwide/workdir:ro,Z" "-v" "/var/lib/crater-agent-workspace/cargo-home:/opt/rustwide/cargo-home:ro,Z" "-v" "/var/lib/crater-agent-workspace/rustup-home:/opt/rustwide/rustup-home:ro,Z" "-e" "SOURCE_DIR=/opt/rustwide/workdir" "-e" "CARGO_TARGET_DIR=/opt/rustwide/target" "-e" "CARGO_HOME=/opt/rustwide/cargo-home" "-e" "RUSTUP_HOME=/opt/rustwide/rustup-home" "-w" "/opt/rustwide/workdir" "-m" "1610612736" "--user" "0:0" "--network" "none" "ghcr.io/rust-lang/crates-build-env/linux@sha256:4a844ea9eb2546a2d2c7022eacef16ef2e8229c7fbb2c7d4d55a9ceca922f72d" "/opt/rustwide/cargo-home/bin/cargo" "+nightly-2024-10-28" "metadata" "--no-deps" "--format-version=1", kill_on_drop: false }`
[INFO] [stdout] 56d54efd455b02e4e6c081038ed51e282eae38dfa1632de2746351d39c1c24d6
[INFO] running `Command { std: "docker" "start" "-a" "56d54efd455b02e4e6c081038ed51e282eae38dfa1632de2746351d39c1c24d6", kill_on_drop: false }`
[INFO] running `Command { std: "docker" "inspect" "56d54efd455b02e4e6c081038ed51e282eae38dfa1632de2746351d39c1c24d6", kill_on_drop: false }`
[INFO] running `Command { std: "docker" "rm" "-f" "56d54efd455b02e4e6c081038ed51e282eae38dfa1632de2746351d39c1c24d6", kill_on_drop: false }`
[INFO] [stdout] 56d54efd455b02e4e6c081038ed51e282eae38dfa1632de2746351d39c1c24d6
[INFO] running `Command { std: "docker" "create" "-v" "/var/lib/crater-agent-workspace/builds/worker-3-tc1/target:/opt/rustwide/target:rw,Z" "-v" "/var/lib/crater-agent-workspace/builds/worker-3-tc1/source:/opt/rustwide/workdir:ro,Z" "-v" "/var/lib/crater-agent-workspace/cargo-home:/opt/rustwide/cargo-home:ro,Z" "-v" "/var/lib/crater-agent-workspace/rustup-home:/opt/rustwide/rustup-home:ro,Z" "-e" "SOURCE_DIR=/opt/rustwide/workdir" "-e" "CARGO_TARGET_DIR=/opt/rustwide/target" "-e" "CARGO_INCREMENTAL=0" "-e" "RUST_BACKTRACE=full" "-e" "RUSTFLAGS=--cap-lints=forbid" "-e" "RUSTDOCFLAGS=--cap-lints=forbid" "-e" "CARGO_HOME=/opt/rustwide/cargo-home" "-e" "RUSTUP_HOME=/opt/rustwide/rustup-home" "-w" "/opt/rustwide/workdir" "-m" "1610612736" "--user" "0:0" "--network" "none" "ghcr.io/rust-lang/crates-build-env/linux@sha256:4a844ea9eb2546a2d2c7022eacef16ef2e8229c7fbb2c7d4d55a9ceca922f72d" "/opt/rustwide/cargo-home/bin/cargo" "+nightly-2024-10-28" "build" "--frozen" "--message-format=json", kill_on_drop: false }`
[INFO] [stdout] 1e7a74c138f61e816fa41c026c94673bed298e83e41d356f7d5432c523ef2fab
[INFO] running `Command { std: "docker" "start" "-a" "1e7a74c138f61e816fa41c026c94673bed298e83e41d356f7d5432c523ef2fab", kill_on_drop: false }`
[INFO] [stderr]    Compiling autocfg v1.0.1
[INFO] [stderr]    Compiling proc-macro2 v1.0.79
[INFO] [stderr]    Compiling unicode-ident v1.0.6
[INFO] [stderr]    Compiling crossbeam-utils v0.8.14
[INFO] [stderr]    Compiling cfg-if v1.0.0
[INFO] [stderr]    Compiling libc v0.2.142
[INFO] [stderr]    Compiling scopeguard v1.1.0
[INFO] [stderr]    Compiling rayon-core v1.12.1
[INFO] [stderr]    Compiling portable-atomic v1.4.1
[INFO] [stderr]    Compiling memchr v2.6.4
[INFO] [stderr]    Compiling anstream v0.6.13
[INFO] [stderr]    Compiling lazy_static v1.4.0
[INFO] [stderr]    Compiling strsim v0.11.1
[INFO] [stderr]    Compiling memoffset v0.7.1
[INFO] [stderr]    Compiling crossbeam-epoch v0.9.13
[INFO] [stderr]    Compiling num-traits v0.2.19
[INFO] [stderr]    Compiling aho-corasick v1.0.1
[INFO] [stderr]    Compiling quote v1.0.26
[INFO] [stderr]    Compiling syn v2.0.15
[INFO] [stderr]    Compiling crossbeam-deque v0.8.2
[INFO] [stderr]    Compiling clap_lex v0.7.0
[INFO] [stderr]    Compiling regex-syntax v0.8.2
[INFO] [stderr]    Compiling unicode-width v0.1.10
[INFO] [stderr]    Compiling paste v1.0.15
[INFO] [stderr]    Compiling heck v0.5.0
[INFO] [stderr]    Compiling console v0.15.7
[INFO] [stderr]    Compiling num-integer v0.1.46
[INFO] [stderr]    Compiling clap_builder v4.5.2
[INFO] [stderr]    Compiling either v1.8.0
[INFO] [stderr]    Compiling number_prefix v0.4.0
[INFO] [stderr]    Compiling rayon v1.10.0
[INFO] [stderr]    Compiling indicatif v0.17.8
[INFO] [stderr]    Compiling num-bigint v0.4.5
[INFO] [stderr]    Compiling regex-automata v0.4.6
[INFO] [stderr]    Compiling clap_derive v4.5.4
[INFO] [stderr]    Compiling enum-iterator-derive v1.4.0
[INFO] [stderr]    Compiling enum-iterator v2.1.0
[INFO] [stderr]    Compiling regex v1.10.4
[INFO] [stderr]    Compiling clap v4.5.4
[INFO] [stderr]    Compiling advent_of_code v0.1.0 (/opt/rustwide/workdir)
[INFO] [stderr]     Finished `dev` profile [unoptimized + debuginfo] target(s) in 15.74s
[INFO] running `Command { std: "docker" "inspect" "1e7a74c138f61e816fa41c026c94673bed298e83e41d356f7d5432c523ef2fab", kill_on_drop: false }`
[INFO] running `Command { std: "docker" "rm" "-f" "1e7a74c138f61e816fa41c026c94673bed298e83e41d356f7d5432c523ef2fab", kill_on_drop: false }`
[INFO] [stdout] 1e7a74c138f61e816fa41c026c94673bed298e83e41d356f7d5432c523ef2fab
[INFO] running `Command { std: "docker" "create" "-v" "/var/lib/crater-agent-workspace/builds/worker-3-tc1/target:/opt/rustwide/target:rw,Z" "-v" "/var/lib/crater-agent-workspace/builds/worker-3-tc1/source:/opt/rustwide/workdir:ro,Z" "-v" "/var/lib/crater-agent-workspace/cargo-home:/opt/rustwide/cargo-home:ro,Z" "-v" "/var/lib/crater-agent-workspace/rustup-home:/opt/rustwide/rustup-home:ro,Z" "-e" "SOURCE_DIR=/opt/rustwide/workdir" "-e" "CARGO_TARGET_DIR=/opt/rustwide/target" "-e" "CARGO_INCREMENTAL=0" "-e" "RUST_BACKTRACE=full" "-e" "RUSTFLAGS=--cap-lints=forbid" "-e" "RUSTDOCFLAGS=--cap-lints=forbid" "-e" "CARGO_HOME=/opt/rustwide/cargo-home" "-e" "RUSTUP_HOME=/opt/rustwide/rustup-home" "-w" "/opt/rustwide/workdir" "-m" "1610612736" "--user" "0:0" "--network" "none" "ghcr.io/rust-lang/crates-build-env/linux@sha256:4a844ea9eb2546a2d2c7022eacef16ef2e8229c7fbb2c7d4d55a9ceca922f72d" "/opt/rustwide/cargo-home/bin/cargo" "+nightly-2024-10-28" "test" "--frozen" "--no-run" "--message-format=json", kill_on_drop: false }`
[INFO] [stdout] f2e1035b983bfab808fe5207fd9ae8e3c7be86643aa4a05fa2c4d277730fccf4
[INFO] running `Command { std: "docker" "start" "-a" "f2e1035b983bfab808fe5207fd9ae8e3c7be86643aa4a05fa2c4d277730fccf4", kill_on_drop: false }`
[INFO] [stderr]    Compiling advent_of_code v0.1.0 (/opt/rustwide/workdir)
[INFO] [stderr]     Finished `test` profile [unoptimized + debuginfo] target(s) in 1.27s
[INFO] running `Command { std: "docker" "inspect" "f2e1035b983bfab808fe5207fd9ae8e3c7be86643aa4a05fa2c4d277730fccf4", kill_on_drop: false }`
[INFO] running `Command { std: "docker" "rm" "-f" "f2e1035b983bfab808fe5207fd9ae8e3c7be86643aa4a05fa2c4d277730fccf4", kill_on_drop: false }`
[INFO] [stdout] f2e1035b983bfab808fe5207fd9ae8e3c7be86643aa4a05fa2c4d277730fccf4
[INFO] running `Command { std: "docker" "create" "-v" "/var/lib/crater-agent-workspace/builds/worker-3-tc1/target:/opt/rustwide/target:rw,Z" "-v" "/var/lib/crater-agent-workspace/builds/worker-3-tc1/source:/opt/rustwide/workdir:ro,Z" "-v" "/var/lib/crater-agent-workspace/cargo-home:/opt/rustwide/cargo-home:ro,Z" "-v" "/var/lib/crater-agent-workspace/rustup-home:/opt/rustwide/rustup-home:ro,Z" "-e" "SOURCE_DIR=/opt/rustwide/workdir" "-e" "CARGO_TARGET_DIR=/opt/rustwide/target" "-e" "CARGO_INCREMENTAL=0" "-e" "RUST_BACKTRACE=full" "-e" "RUSTFLAGS=--cap-lints=forbid" "-e" "RUSTDOCFLAGS=--cap-lints=forbid" "-e" "CARGO_HOME=/opt/rustwide/cargo-home" "-e" "RUSTUP_HOME=/opt/rustwide/rustup-home" "-w" "/opt/rustwide/workdir" "-m" "1610612736" "--user" "0:0" "--network" "none" "ghcr.io/rust-lang/crates-build-env/linux@sha256:4a844ea9eb2546a2d2c7022eacef16ef2e8229c7fbb2c7d4d55a9ceca922f72d" "/opt/rustwide/cargo-home/bin/cargo" "+nightly-2024-10-28" "test" "--frozen", kill_on_drop: false }`
[INFO] [stdout] 9416a4ff58f19c083ced73a2245a29b850459422128019ddaac99554c555e582
[INFO] running `Command { std: "docker" "start" "-a" "9416a4ff58f19c083ced73a2245a29b850459422128019ddaac99554c555e582", kill_on_drop: false }`
[INFO] [stderr]     Finished `test` profile [unoptimized + debuginfo] target(s) in 0.05s
[INFO] [stderr]      Running unittests src/lib.rs (/opt/rustwide/target/debug/deps/advent_of_code-e48429c46672a325)
[INFO] [stdout] 
[INFO] [stdout] running 0 tests
[INFO] [stdout] 
[INFO] [stdout] test result: ok. 0 passed; 0 failed; 0 ignored; 0 measured; 0 filtered out; finished in 0.00s
[INFO] [stdout] 
[INFO] [stderr]      Running unittests src/main.rs (/opt/rustwide/target/debug/deps/advent_of_code-463922a6bc6ba899)
[INFO] [stdout] 
[INFO] [stdout] running 0 tests
[INFO] [stdout] 
[INFO] [stdout] test result: ok. 0 passed; 0 failed; 0 ignored; 0 measured; 0 filtered out; finished in 0.00s
[INFO] [stdout] 
[INFO] [stderr]      Running tests/all.rs (/opt/rustwide/target/debug/deps/all-fbd71685d22916a0)
[INFO] [stdout] 
[INFO] [stdout] running 89 tests
[INFO] [stdout] test test_2019_1_1 ... ok
[INFO] [stdout] test test_2019_2_1 ... ok
[INFO] [stdout] test test_2021_10_2 ... ok
[INFO] [stdout] test test_2021_10_1 ... ok
[INFO] [stdout] test test_2019_1_2 ... ok
[INFO] [stdout] test test_2021_13_1 ... ok
[INFO] [stdout] test test_2021_13_2 ... ok
[INFO] [stdout] test test_2021_12_1 ... ok
[INFO] [stdout] test test_2021_14_2 ... ok
[INFO] [stdout] test test_2021_16_1 ... ok
[INFO] [stdout] test test_2021_16_2 ... ok
[INFO] [stdout] test test_2021_15_1 ... ok
[INFO] [stdout] test test_2021_11_1 ... ok
[INFO] [stdout] test test_2021_11_2 ... ok
[INFO] [stdout] test test_2021_18_1 ... ok
[INFO] [stdout] test test_2021_14_1 ... ok
[INFO] [stdout] test test_2019_2_2 ... ok
[INFO] [stdout] test test_2021_1_1 ... ok
[INFO] [stdout] test test_2021_1_2 ... ok
[INFO] [stdout] test test_2021_20_1 ... ok
[INFO] [stdout] test test_2021_18_2 ... ok
[INFO] [stdout] test test_2021_21_1 ... ok
[INFO] [stdout] test test_2021_17_1 ... ok
[INFO] [stdout] test test_2021_15_2 ... ok
[INFO] [stdout] test test_2021_17_2 ... ok
[INFO] [stdout] test test_2021_20_2 ... ok
[INFO] [stdout] test test_2021_22_1 ... ok
[INFO] [stdout] test test_2021_2_1 ... ok
[INFO] [stdout] test test_2021_2_2 ... ok
[INFO] [stdout] test test_2021_3_1 ... ok
[INFO] [stdout] test test_2021_3_2 ... ok
[INFO] [stdout] test test_2021_4_1 ... ok
[INFO] [stdout] test test_2021_4_2 ... ok
[INFO] [stdout] test test_2021_25_1 ... ok
[INFO] [stdout] test test_2021_5_1 ... ok
[INFO] [stdout] test test_2021_6_1 ... ok
[INFO] [stdout] test test_2021_6_2 ... ok
[INFO] [stdout] test test_2021_7_1 ... ok
[INFO] [stdout] test test_2021_5_2 ... ok
[INFO] [stdout] test test_2021_8_1 ... ok
[INFO] [stdout] test test_2021_8_2 ... ok
[INFO] [stdout] test test_2021_9_1 ... ok
[INFO] [stdout] test test_2021_7_2 ... ok
[INFO] [stdout] test test_2022_10_1 ... ok
[INFO] [stdout] test test_2022_10_2 ... ok
[INFO] [stdout] test test_2022_11_1 ... ok
[INFO] [stdout] test test_2021_9_2 ... ok
[INFO] [stdout] test test_2022_12_1 ... ok
[INFO] [stdout] test test_2022_11_2 ... ok
[INFO] [stdout] test test_2022_13_1 ... ok
[INFO] [stdout] test test_2022_13_2 ... ok
[INFO] [stdout] test test_2022_14_1 ... ok
[INFO] [stdout] test test_2022_12_2 ... ok
[INFO] [stdout] test test_2022_15_1 ... FAILED
[INFO] [stdout] test test_2022_14_2 ... ok
[INFO] [stdout] test test_2022_16_1 ... ok
[INFO] [stdout] test test_2021_12_2 ... ok
[INFO] [stdout] test test_2022_17_1 ... ok
[INFO] [stdout] test test_2022_18_1 ... ok
[INFO] [stdout] test test_2022_18_2 ... ok
[INFO] [stdout] test test_2022_1_1 ... ok
[INFO] [stdout] test test_2022_1_2 ... ok
[INFO] [stdout] test test_2022_2_1 ... ok
[INFO] [stdout] test test_2022_2_2 ... ok
[INFO] [stdout] test test_2022_3_1 ... ok
[INFO] [stdout] test test_2022_3_2 ... ok
[INFO] [stdout] test test_2022_4_1 ... ok
[INFO] [stdout] test test_2022_4_2 ... ok
[INFO] [stdout] test test_2022_5_1 ... ok
[INFO] [stdout] test test_2022_5_2 ... ok
[INFO] [stdout] test test_2022_6_1 ... ok
[INFO] [stdout] test test_2022_6_2 ... ok
[INFO] [stdout] test test_2022_7_1 ... ok
[INFO] [stdout] test test_2022_7_2 ... ok
[INFO] [stdout] test test_2022_8_1 ... ok
[INFO] [stdout] test test_2022_8_2 ... ok
[INFO] [stdout] test test_2022_9_1 ... ok
[INFO] [stdout] test test_2022_9_2 ... ok
[INFO] [stdout] test test_2023_1_1 ... ok
[INFO] [stdout] test test_2023_1_2 ... ok
[INFO] [stdout] test test_2023_2_1 ... ok
[INFO] [stdout] test test_2023_2_2 ... ok
[INFO] [stdout] test test_2022_15_2 ... FAILED
[INFO] [stdout] test test_2021_21_2 ... ok
[INFO] [stdout] test test_2021_19_2 ... ok
[INFO] [stdout] test test_2021_19_1 ... ok
[INFO] [stdout] test test_2021_23_1 ... ok
[INFO] [stdout] test test_2021_22_2 has been running for over 60 seconds
[INFO] [stdout] test test_2022_16_2 has been running for over 60 seconds
[INFO] [stdout] test test_2021_22_2 ... ok
[ERROR] error running command: no output for 300 seconds
[INFO] running `Command { std: "docker" "inspect" "9416a4ff58f19c083ced73a2245a29b850459422128019ddaac99554c555e582", kill_on_drop: false }`
[INFO] running `Command { std: "docker" "rm" "-f" "9416a4ff58f19c083ced73a2245a29b850459422128019ddaac99554c555e582", kill_on_drop: false }`
[INFO] [stdout] 9416a4ff58f19c083ced73a2245a29b850459422128019ddaac99554c555e582
