[INFO] cloning repository https://github.com/Mattsi-Jansky/rust-restore-ip-addresses
[INFO] running `Command { std: "git" "-c" "credential.helper=" "-c" "credential.helper=/workspace/cargo-home/bin/git-credential-null" "clone" "--bare" "https://github.com/Mattsi-Jansky/rust-restore-ip-addresses" "/workspace/cache/git-repos/https%3A%2F%2Fgithub.com%2FMattsi-Jansky%2Frust-restore-ip-addresses", kill_on_drop: false }`
[INFO] [stderr] Cloning into bare repository '/workspace/cache/git-repos/https%3A%2F%2Fgithub.com%2FMattsi-Jansky%2Frust-restore-ip-addresses'...
[INFO] running `Command { std: "git" "rev-parse" "HEAD", kill_on_drop: false }`
[INFO] [stdout] 9d4c7215e6408ea8b1ce3af9d8c4c7c981bccf38
[INFO] testing Mattsi-Jansky/rust-restore-ip-addresses/9d4c7215e6408ea8b1ce3af9d8c4c7c981bccf38 against nightly-2024-10-28+rustflags=-Zrandomize-layout for randomize-layout
[INFO] running `Command { std: "git" "clone" "/workspace/cache/git-repos/https%3A%2F%2Fgithub.com%2FMattsi-Jansky%2Frust-restore-ip-addresses" "/workspace/builds/worker-3-tc2/source", kill_on_drop: false }`
[INFO] [stderr] Cloning into '/workspace/builds/worker-3-tc2/source'...
[INFO] [stderr] done.
[INFO] validating manifest of git repo https://github.com/Mattsi-Jansky/rust-restore-ip-addresses on toolchain nightly-2024-10-28
[INFO] running `Command { std: CARGO_HOME="/workspace/cargo-home" RUSTUP_HOME="/workspace/rustup-home" "/workspace/cargo-home/bin/cargo" "+nightly-2024-10-28" "metadata" "--manifest-path" "Cargo.toml" "--no-deps", kill_on_drop: false }`
[INFO] started tweaking git repo https://github.com/Mattsi-Jansky/rust-restore-ip-addresses
[INFO] finished tweaking git repo https://github.com/Mattsi-Jansky/rust-restore-ip-addresses
[INFO] tweaked toml for git repo https://github.com/Mattsi-Jansky/rust-restore-ip-addresses written to /workspace/builds/worker-3-tc2/source/Cargo.toml
[INFO] crate git repo https://github.com/Mattsi-Jansky/rust-restore-ip-addresses already has a lockfile, it will not be regenerated
[INFO] running `Command { std: CARGO_HOME="/workspace/cargo-home" RUSTUP_HOME="/workspace/rustup-home" "/workspace/cargo-home/bin/cargo" "+nightly-2024-10-28" "fetch" "--manifest-path" "Cargo.toml", kill_on_drop: false }`
[INFO] running `Command { std: "docker" "create" "-v" "/var/lib/crater-agent-workspace/builds/worker-3-tc2/target:/opt/rustwide/target:rw,Z" "-v" "/var/lib/crater-agent-workspace/builds/worker-3-tc2/source:/opt/rustwide/workdir:ro,Z" "-v" "/var/lib/crater-agent-workspace/cargo-home:/opt/rustwide/cargo-home:ro,Z" "-v" "/var/lib/crater-agent-workspace/rustup-home:/opt/rustwide/rustup-home:ro,Z" "-e" "SOURCE_DIR=/opt/rustwide/workdir" "-e" "CARGO_TARGET_DIR=/opt/rustwide/target" "-e" "CARGO_HOME=/opt/rustwide/cargo-home" "-e" "RUSTUP_HOME=/opt/rustwide/rustup-home" "-w" "/opt/rustwide/workdir" "-m" "1610612736" "--user" "0:0" "--network" "none" "ghcr.io/rust-lang/crates-build-env/linux@sha256:4a844ea9eb2546a2d2c7022eacef16ef2e8229c7fbb2c7d4d55a9ceca922f72d" "/opt/rustwide/cargo-home/bin/cargo" "+nightly-2024-10-28" "metadata" "--no-deps" "--format-version=1", kill_on_drop: false }`
[INFO] [stdout] 987bfd782f5bed6bebaee12a04a6353a676aaf8cf6cb2baa63f11bc820d23dc0
[INFO] running `Command { std: "docker" "start" "-a" "987bfd782f5bed6bebaee12a04a6353a676aaf8cf6cb2baa63f11bc820d23dc0", kill_on_drop: false }`
[INFO] running `Command { std: "docker" "inspect" "987bfd782f5bed6bebaee12a04a6353a676aaf8cf6cb2baa63f11bc820d23dc0", kill_on_drop: false }`
[INFO] running `Command { std: "docker" "rm" "-f" "987bfd782f5bed6bebaee12a04a6353a676aaf8cf6cb2baa63f11bc820d23dc0", kill_on_drop: false }`
[INFO] [stdout] 987bfd782f5bed6bebaee12a04a6353a676aaf8cf6cb2baa63f11bc820d23dc0
[INFO] running `Command { std: "docker" "create" "-v" "/var/lib/crater-agent-workspace/builds/worker-3-tc2/target:/opt/rustwide/target:rw,Z" "-v" "/var/lib/crater-agent-workspace/builds/worker-3-tc2/source:/opt/rustwide/workdir:ro,Z" "-v" "/var/lib/crater-agent-workspace/cargo-home:/opt/rustwide/cargo-home:ro,Z" "-v" "/var/lib/crater-agent-workspace/rustup-home:/opt/rustwide/rustup-home:ro,Z" "-e" "SOURCE_DIR=/opt/rustwide/workdir" "-e" "CARGO_TARGET_DIR=/opt/rustwide/target" "-e" "CARGO_INCREMENTAL=0" "-e" "RUST_BACKTRACE=full" "-e" "RUSTFLAGS=--cap-lints=forbid -Zrandomize-layout" "-e" "RUSTDOCFLAGS=--cap-lints=forbid" "-e" "CARGO_HOME=/opt/rustwide/cargo-home" "-e" "RUSTUP_HOME=/opt/rustwide/rustup-home" "-w" "/opt/rustwide/workdir" "-m" "1610612736" "--user" "0:0" "--network" "none" "ghcr.io/rust-lang/crates-build-env/linux@sha256:4a844ea9eb2546a2d2c7022eacef16ef2e8229c7fbb2c7d4d55a9ceca922f72d" "/opt/rustwide/cargo-home/bin/cargo" "+nightly-2024-10-28" "build" "--frozen" "--message-format=json", kill_on_drop: false }`
[INFO] [stdout] b2eeae6546ae5062602aeef2af063ec73414f7d0aca066059fd6cfa3f0a71c83
[INFO] running `Command { std: "docker" "start" "-a" "b2eeae6546ae5062602aeef2af063ec73414f7d0aca066059fd6cfa3f0a71c83", kill_on_drop: false }`
[INFO] [stderr]    Compiling restore-ip-address v0.1.0 (/opt/rustwide/workdir)
[INFO] [stdout] warning: unnecessary parentheses around index expression
[INFO] [stdout]   --> src/lib.rs:34:37
[INFO] [stdout]    |
[INFO] [stdout] 34 |         let next_char = &s.as_str()[(current_index..current_index + 1)];
[INFO] [stdout]    |                                     ^                                ^
[INFO] [stdout]    |
[INFO] [stdout]    = note: `#[warn(unused_parens)]` on by default
[INFO] [stdout] help: remove these parentheses
[INFO] [stdout]    |
[INFO] [stdout] 34 -         let next_char = &s.as_str()[(current_index..current_index + 1)];
[INFO] [stdout] 34 +         let next_char = &s.as_str()[current_index..current_index + 1];
[INFO] [stdout]    |
[INFO] [stdout] 
[INFO] [stdout] 
[INFO] [stdout] warning: variable does not need to be mutable
[INFO] [stdout]  --> src/lib.rs:5:13
[INFO] [stdout]   |
[INFO] [stdout] 5 |         let mut result = String::new();
[INFO] [stdout]   |             ----^^^^^^
[INFO] [stdout]   |             |
[INFO] [stdout]   |             help: remove this `mut`
[INFO] [stdout]   |
[INFO] [stdout]   = note: `#[warn(unused_mut)]` on by default
[INFO] [stdout] 
[INFO] [stdout] 
[INFO] [stdout] warning: unused variable: `candidate`
[INFO] [stdout]   --> src/lib.rs:25:22
[INFO] [stdout]    |
[INFO] [stdout] 25 |     fn extract_block(candidate: &String) -> &str {
[INFO] [stdout]    |                      ^^^^^^^^^ help: if this is intentional, prefix it with an underscore: `_candidate`
[INFO] [stdout]    |
[INFO] [stdout]    = note: `#[warn(unused_variables)]` on by default
[INFO] [stdout] 
[INFO] [stdout] 
[INFO] [stderr]     Finished `dev` profile [unoptimized + debuginfo] target(s) in 0.20s
[INFO] running `Command { std: "docker" "inspect" "b2eeae6546ae5062602aeef2af063ec73414f7d0aca066059fd6cfa3f0a71c83", kill_on_drop: false }`
[INFO] running `Command { std: "docker" "rm" "-f" "b2eeae6546ae5062602aeef2af063ec73414f7d0aca066059fd6cfa3f0a71c83", kill_on_drop: false }`
[INFO] [stdout] b2eeae6546ae5062602aeef2af063ec73414f7d0aca066059fd6cfa3f0a71c83
[INFO] running `Command { std: "docker" "create" "-v" "/var/lib/crater-agent-workspace/builds/worker-3-tc2/target:/opt/rustwide/target:rw,Z" "-v" "/var/lib/crater-agent-workspace/builds/worker-3-tc2/source:/opt/rustwide/workdir:ro,Z" "-v" "/var/lib/crater-agent-workspace/cargo-home:/opt/rustwide/cargo-home:ro,Z" "-v" "/var/lib/crater-agent-workspace/rustup-home:/opt/rustwide/rustup-home:ro,Z" "-e" "SOURCE_DIR=/opt/rustwide/workdir" "-e" "CARGO_TARGET_DIR=/opt/rustwide/target" "-e" "CARGO_INCREMENTAL=0" "-e" "RUST_BACKTRACE=full" "-e" "RUSTFLAGS=--cap-lints=forbid -Zrandomize-layout" "-e" "RUSTDOCFLAGS=--cap-lints=forbid" "-e" "CARGO_HOME=/opt/rustwide/cargo-home" "-e" "RUSTUP_HOME=/opt/rustwide/rustup-home" "-w" "/opt/rustwide/workdir" "-m" "1610612736" "--user" "0:0" "--network" "none" "ghcr.io/rust-lang/crates-build-env/linux@sha256:4a844ea9eb2546a2d2c7022eacef16ef2e8229c7fbb2c7d4d55a9ceca922f72d" "/opt/rustwide/cargo-home/bin/cargo" "+nightly-2024-10-28" "test" "--frozen" "--no-run" "--message-format=json", kill_on_drop: false }`
[INFO] [stdout] bb2dd2902973b96694fdd5f0ca19d54c53bc784bca62184f6cd30850249a3307
[INFO] running `Command { std: "docker" "start" "-a" "bb2dd2902973b96694fdd5f0ca19d54c53bc784bca62184f6cd30850249a3307", kill_on_drop: false }`
[INFO] [stderr]    Compiling version_check v0.9.4
[INFO] [stderr]    Compiling proc-macro2 v1.0.43
[INFO] [stderr]    Compiling quote v1.0.21
[INFO] [stderr]    Compiling unicode-ident v1.0.4
[INFO] [stderr]    Compiling syn v1.0.100
[INFO] [stderr]    Compiling cfg-if v1.0.0
[INFO] [stdout] warning: unnecessary parentheses around index expression
[INFO] [stdout]   --> src/lib.rs:34:37
[INFO] [stdout]    |
[INFO] [stdout] 34 |         let next_char = &s.as_str()[(current_index..current_index + 1)];
[INFO] [stdout]    |                                     ^                                ^
[INFO] [stdout]    |
[INFO] [stdout]    = note: `#[warn(unused_parens)]` on by default
[INFO] [stdout] help: remove these parentheses
[INFO] [stdout]    |
[INFO] [stdout] 34 -         let next_char = &s.as_str()[(current_index..current_index + 1)];
[INFO] [stdout] 34 +         let next_char = &s.as_str()[current_index..current_index + 1];
[INFO] [stdout]    |
[INFO] [stdout] 
[INFO] [stdout] 
[INFO] [stdout] warning: variable does not need to be mutable
[INFO] [stdout]  --> src/lib.rs:5:13
[INFO] [stdout]   |
[INFO] [stdout] 5 |         let mut result = String::new();
[INFO] [stdout]   |             ----^^^^^^
[INFO] [stdout]   |             |
[INFO] [stdout]   |             help: remove this `mut`
[INFO] [stdout]   |
[INFO] [stdout]   = note: `#[warn(unused_mut)]` on by default
[INFO] [stdout] 
[INFO] [stdout] 
[INFO] [stdout] warning: unused variable: `candidate`
[INFO] [stdout]   --> src/lib.rs:25:22
[INFO] [stdout]    |
[INFO] [stdout] 25 |     fn extract_block(candidate: &String) -> &str {
[INFO] [stdout]    |                      ^^^^^^^^^ help: if this is intentional, prefix it with an underscore: `_candidate`
[INFO] [stdout]    |
[INFO] [stdout]    = note: `#[warn(unused_variables)]` on by default
[INFO] [stdout] 
[INFO] [stdout] 
[INFO] [stderr]    Compiling proc-macro-error-attr v1.0.4
[INFO] [stderr]    Compiling proc-macro-error v1.0.4
[INFO] [stderr]    Compiling test-case-macros v2.2.1
[INFO] [stderr]    Compiling test-case v2.2.1
[INFO] [stderr]    Compiling restore-ip-address v0.1.0 (/opt/rustwide/workdir)
[INFO] [stdout] warning: unnecessary parentheses around index expression
[INFO] [stdout]   --> src/lib.rs:34:37
[INFO] [stdout]    |
[INFO] [stdout] 34 |         let next_char = &s.as_str()[(current_index..current_index + 1)];
[INFO] [stdout]    |                                     ^                                ^
[INFO] [stdout]    |
[INFO] [stdout]    = note: `#[warn(unused_parens)]` on by default
[INFO] [stdout] help: remove these parentheses
[INFO] [stdout]    |
[INFO] [stdout] 34 -         let next_char = &s.as_str()[(current_index..current_index + 1)];
[INFO] [stdout] 34 +         let next_char = &s.as_str()[current_index..current_index + 1];
[INFO] [stdout]    |
[INFO] [stdout] 
[INFO] [stdout] 
[INFO] [stdout] warning: variable does not need to be mutable
[INFO] [stdout]  --> src/lib.rs:5:13
[INFO] [stdout]   |
[INFO] [stdout] 5 |         let mut result = String::new();
[INFO] [stdout]   |             ----^^^^^^
[INFO] [stdout]   |             |
[INFO] [stdout]   |             help: remove this `mut`
[INFO] [stdout]   |
[INFO] [stdout]   = note: `#[warn(unused_mut)]` on by default
[INFO] [stdout] 
[INFO] [stdout] 
[INFO] [stdout] warning: unused variable: `candidate`
[INFO] [stdout]   --> src/lib.rs:25:22
[INFO] [stdout]    |
[INFO] [stdout] 25 |     fn extract_block(candidate: &String) -> &str {
[INFO] [stdout]    |                      ^^^^^^^^^ help: if this is intentional, prefix it with an underscore: `_candidate`
[INFO] [stdout]    |
[INFO] [stdout]    = note: `#[warn(unused_variables)]` on by default
[INFO] [stdout] 
[INFO] [stdout] 
[INFO] [stderr]     Finished `test` profile [unoptimized + debuginfo] target(s) in 5.62s
[INFO] running `Command { std: "docker" "inspect" "bb2dd2902973b96694fdd5f0ca19d54c53bc784bca62184f6cd30850249a3307", kill_on_drop: false }`
[INFO] running `Command { std: "docker" "rm" "-f" "bb2dd2902973b96694fdd5f0ca19d54c53bc784bca62184f6cd30850249a3307", kill_on_drop: false }`
[INFO] [stdout] bb2dd2902973b96694fdd5f0ca19d54c53bc784bca62184f6cd30850249a3307
[INFO] running `Command { std: "docker" "create" "-v" "/var/lib/crater-agent-workspace/builds/worker-3-tc2/target:/opt/rustwide/target:rw,Z" "-v" "/var/lib/crater-agent-workspace/builds/worker-3-tc2/source:/opt/rustwide/workdir:ro,Z" "-v" "/var/lib/crater-agent-workspace/cargo-home:/opt/rustwide/cargo-home:ro,Z" "-v" "/var/lib/crater-agent-workspace/rustup-home:/opt/rustwide/rustup-home:ro,Z" "-e" "SOURCE_DIR=/opt/rustwide/workdir" "-e" "CARGO_TARGET_DIR=/opt/rustwide/target" "-e" "CARGO_INCREMENTAL=0" "-e" "RUST_BACKTRACE=full" "-e" "RUSTFLAGS=--cap-lints=forbid -Zrandomize-layout" "-e" "RUSTDOCFLAGS=--cap-lints=forbid" "-e" "CARGO_HOME=/opt/rustwide/cargo-home" "-e" "RUSTUP_HOME=/opt/rustwide/rustup-home" "-w" "/opt/rustwide/workdir" "-m" "1610612736" "--user" "0:0" "--network" "none" "ghcr.io/rust-lang/crates-build-env/linux@sha256:4a844ea9eb2546a2d2c7022eacef16ef2e8229c7fbb2c7d4d55a9ceca922f72d" "/opt/rustwide/cargo-home/bin/cargo" "+nightly-2024-10-28" "test" "--frozen", kill_on_drop: false }`
[INFO] [stdout] 18e7cd4730bc7ffd744666a723ce3a72dcb6a252271e874939673b1b6c9a10da
[INFO] running `Command { std: "docker" "start" "-a" "18e7cd4730bc7ffd744666a723ce3a72dcb6a252271e874939673b1b6c9a10da", kill_on_drop: false }`
[INFO] [stderr] warning: unnecessary parentheses around index expression
[INFO] [stderr]   --> src/lib.rs:34:37
[INFO] [stderr]    |
[INFO] [stderr] 34 |         let next_char = &s.as_str()[(current_index..current_index + 1)];
[INFO] [stderr]    |                                     ^                                ^
[INFO] [stderr]    |
[INFO] [stderr]    = note: `#[warn(unused_parens)]` on by default
[INFO] [stderr] help: remove these parentheses
[INFO] [stderr]    |
[INFO] [stderr] 34 -         let next_char = &s.as_str()[(current_index..current_index + 1)];
[INFO] [stderr] 34 +         let next_char = &s.as_str()[current_index..current_index + 1];
[INFO] [stderr]    |
[INFO] [stderr] 
[INFO] [stderr] warning: variable does not need to be mutable
[INFO] [stderr]  --> src/lib.rs:5:13
[INFO] [stderr]   |
[INFO] [stderr] 5 |         let mut result = String::new();
[INFO] [stderr]   |             ----^^^^^^
[INFO] [stderr]   |             |
[INFO] [stderr]   |             help: remove this `mut`
[INFO] [stderr]   |
[INFO] [stderr]   = note: `#[warn(unused_mut)]` on by default
[INFO] [stderr] 
[INFO] [stderr] warning: unused variable: `candidate`
[INFO] [stderr]   --> src/lib.rs:25:22
[INFO] [stderr]    |
[INFO] [stderr] 25 |     fn extract_block(candidate: &String) -> &str {
[INFO] [stderr]    |                      ^^^^^^^^^ help: if this is intentional, prefix it with an underscore: `_candidate`
[INFO] [stderr]    |
[INFO] [stderr]    = note: `#[warn(unused_variables)]` on by default
[INFO] [stderr] 
[INFO] [stderr] warning: `restore-ip-address` (lib) generated 3 warnings (run `cargo fix --lib -p restore-ip-address` to apply 2 suggestions)
[INFO] [stderr] warning: `restore-ip-address` (lib test) generated 3 warnings (3 duplicates)
[INFO] [stderr]     Finished `test` profile [unoptimized + debuginfo] target(s) in 0.02s
[INFO] [stderr]      Running unittests src/lib.rs (/opt/rustwide/target/debug/deps/restore_ip_address-571669a8880e3117)
[INFO] [stdout] 
[INFO] [stdout] running 9 tests
[INFO] [stdout] test tests::acceptance_one ... ignored
[INFO] [stdout] test tests::acceptance_three ... ignored
[INFO] [stdout] test tests::validate_block_leading_zero ... ok
[INFO] [stdout] test tests::validate_block_zero ... ok
[INFO] [stdout] test tests::branch_single_character_generation_ones ... ok
[INFO] [stdout] test tests::validate_block_outside_range ... ok
[INFO] [stdout] test tests::branch_single_character_generation_twos ... ok
[INFO] [stdout] test tests::validate_block_in_range ... ok
[INFO] [stdout] test tests::acceptance_two ... FAILED
[INFO] [stdout] 
[INFO] [stdout] failures:
[INFO] [stdout] 
[INFO] [stdout] ---- tests::acceptance_two stdout ----
[INFO] [stdout] thread 'tests::acceptance_two' panicked at src/lib.rs:43:33:
[INFO] [stdout] byte index 1 is out of bounds of ``
[INFO] [stdout] stack backtrace:
[INFO] [stdout]    0:     0x61711a306cba - std::backtrace_rs::backtrace::libunwind::trace::h207520d6e9873551
[INFO] [stdout]                                at /rustc/df4ca44d3fbc9301ee17f30f4d474e6ae4b05252/library/std/src/../../backtrace/src/backtrace/libunwind.rs:116:5
[INFO] [stdout]    1:     0x61711a306cba - std::backtrace_rs::backtrace::trace_unsynchronized::h2ed7433f370e3eca
[INFO] [stdout]                                at /rustc/df4ca44d3fbc9301ee17f30f4d474e6ae4b05252/library/std/src/../../backtrace/src/backtrace/mod.rs:66:5
[INFO] [stdout]    2:     0x61711a306cba - std::sys::backtrace::_print_fmt::h916fac51166b18d7
[INFO] [stdout]                                at /rustc/df4ca44d3fbc9301ee17f30f4d474e6ae4b05252/library/std/src/sys/backtrace.rs:66:9
[INFO] [stdout]    3:     0x61711a306cba - <std::sys::backtrace::BacktraceLock::print::DisplayBacktrace as core::fmt::Display>::fmt::ha0a4c9b8ce3802e6
[INFO] [stdout]                                at /rustc/df4ca44d3fbc9301ee17f30f4d474e6ae4b05252/library/std/src/sys/backtrace.rs:39:26
[INFO] [stdout]    4:     0x61711a32d233 - core::fmt::rt::Argument::fmt::h4cfc8587d52b3eb5
[INFO] [stdout]                                at /rustc/df4ca44d3fbc9301ee17f30f4d474e6ae4b05252/library/core/src/fmt/rt.rs:177:76
[INFO] [stdout]    5:     0x61711a32d233 - core::fmt::write::h522cc39e5b36ae9f
[INFO] [stdout]                                at /rustc/df4ca44d3fbc9301ee17f30f4d474e6ae4b05252/library/core/src/fmt/mod.rs:1190:21
[INFO] [stdout]    6:     0x61711a303923 - std::io::Write::write_fmt::h7d3c26752da97734
[INFO] [stdout]                                at /rustc/df4ca44d3fbc9301ee17f30f4d474e6ae4b05252/library/std/src/io/mod.rs:1839:15
[INFO] [stdout]    7:     0x61711a306b02 - std::sys::backtrace::BacktraceLock::print::h4b9e00b29e9c0942
[INFO] [stdout]                                at /rustc/df4ca44d3fbc9301ee17f30f4d474e6ae4b05252/library/std/src/sys/backtrace.rs:42:9
[INFO] [stdout]    8:     0x61711a30814a - std::panicking::default_hook::{{closure}}::hb59b88280d0324d9
[INFO] [stdout]                                at /rustc/df4ca44d3fbc9301ee17f30f4d474e6ae4b05252/library/std/src/panicking.rs:268:22
[INFO] [stdout]    9:     0x61711a307f54 - std::panicking::default_hook::he1dd496665be4a29
[INFO] [stdout]                                at /rustc/df4ca44d3fbc9301ee17f30f4d474e6ae4b05252/library/std/src/panicking.rs:292:9
[INFO] [stdout]   10:     0x61711a2d1d49 - <alloc::boxed::Box<F,A> as core::ops::function::Fn<Args>>::call::h4ff71de18744e1dc
[INFO] [stdout]                                at /rustc/df4ca44d3fbc9301ee17f30f4d474e6ae4b05252/library/alloc/src/boxed.rs:2468:9
[INFO] [stdout]   11:     0x61711a2d1d49 - test::test_main::{{closure}}::hcf7c055ce117aa81
[INFO] [stdout]                                at /rustc/df4ca44d3fbc9301ee17f30f4d474e6ae4b05252/library/test/src/lib.rs:133:21
[INFO] [stdout]   12:     0x61711a308848 - <alloc::boxed::Box<F,A> as core::ops::function::Fn<Args>>::call::h1d66c6bbd60c9692
[INFO] [stdout]                                at /rustc/df4ca44d3fbc9301ee17f30f4d474e6ae4b05252/library/alloc/src/boxed.rs:2468:9
[INFO] [stdout]   13:     0x61711a308848 - std::panicking::rust_panic_with_hook::h2ff17fe8f26dfcf8
[INFO] [stdout]                                at /rustc/df4ca44d3fbc9301ee17f30f4d474e6ae4b05252/library/std/src/panicking.rs:809:13
[INFO] [stdout]   14:     0x61711a30860a - std::panicking::begin_panic_handler::{{closure}}::h4fad77951c07e101
[INFO] [stdout]                                at /rustc/df4ca44d3fbc9301ee17f30f4d474e6ae4b05252/library/std/src/panicking.rs:674:13
[INFO] [stdout]   15:     0x61711a307199 - std::sys::backtrace::__rust_end_short_backtrace::hb1a25b3da5d0ea08
[INFO] [stdout]                                at /rustc/df4ca44d3fbc9301ee17f30f4d474e6ae4b05252/library/std/src/sys/backtrace.rs:170:18
[INFO] [stdout]   16:     0x61711a30829c - rust_begin_unwind
[INFO] [stdout]                                at /rustc/df4ca44d3fbc9301ee17f30f4d474e6ae4b05252/library/std/src/panicking.rs:665:5
[INFO] [stdout]   17:     0x61711a32bc30 - core::panicking::panic_fmt::ha9db07b529f9b256
[INFO] [stdout]                                at /rustc/df4ca44d3fbc9301ee17f30f4d474e6ae4b05252/library/core/src/panicking.rs:75:14
[INFO] [stdout]   18:     0x61711a330688 - core::str::slice_error_fail_rt::h06e92748ce147dec
[INFO] [stdout]   19:     0x61711a33054a - core::str::slice_error_fail::h852b92f498e00942
[INFO] [stdout]                                at /rustc/df4ca44d3fbc9301ee17f30f4d474e6ae4b05252/library/core/src/str/mod.rs:68:5
[INFO] [stdout]   20:     0x61711a295574 - core::str::traits::<impl core::slice::index::SliceIndex<str> for core::ops::range::Range<usize>>::index::h1101417331e60769
[INFO] [stdout]                                at /rustc/df4ca44d3fbc9301ee17f30f4d474e6ae4b05252/library/core/src/str/traits.rs:240:21
[INFO] [stdout]   21:     0x61711a295637 - core::str::traits::<impl core::ops::index::Index<I> for str>::index::h1071c72059e45046
[INFO] [stdout]                                at /rustc/df4ca44d3fbc9301ee17f30f4d474e6ae4b05252/library/core/src/str/traits.rs:60:9
[INFO] [stdout]   22:     0x61711a297d0d - restore_ip_address::Solution::is_valid_block::h25c46488c510d6d1
[INFO] [stdout]                                at /opt/rustwide/workdir/src/lib.rs:43:33
[INFO] [stdout]   23:     0x61711a29753c - restore_ip_address::Solution::restore_ip_addresses::hede41f05b8a2e82f
[INFO] [stdout]                                at /opt/rustwide/workdir/src/lib.rs:12:16
[INFO] [stdout]   24:     0x61711a2939d1 - restore_ip_address::tests::acceptance_two::h80c114be2c4c73f3
[INFO] [stdout]                                at /opt/rustwide/workdir/src/lib.rs:74:22
[INFO] [stdout]   25:     0x61711a293987 - restore_ip_address::tests::acceptance_two::{{closure}}::h8c8c1150056083c5
[INFO] [stdout]                                at /opt/rustwide/workdir/src/lib.rs:73:24
[INFO] [stdout]   26:     0x61711a290ee6 - core::ops::function::FnOnce::call_once::h288650f7c22a2a55
[INFO] [stdout]                                at /rustc/df4ca44d3fbc9301ee17f30f4d474e6ae4b05252/library/core/src/ops/function.rs:250:5
[INFO] [stdout]   27:     0x61711a2d661b - core::ops::function::FnOnce::call_once::h22c3ba5715e93f05
[INFO] [stdout]                                at /rustc/df4ca44d3fbc9301ee17f30f4d474e6ae4b05252/library/core/src/ops/function.rs:250:5
[INFO] [stdout]   28:     0x61711a2d661b - test::__rust_begin_short_backtrace::h8e82d8113d0da17f
[INFO] [stdout]                                at /rustc/df4ca44d3fbc9301ee17f30f4d474e6ae4b05252/library/test/src/lib.rs:621:18
[INFO] [stdout]   29:     0x61711a2d5f97 - test::run_test_in_process::{{closure}}::h33235f4f20b7b7c7
[INFO] [stdout]                                at /rustc/df4ca44d3fbc9301ee17f30f4d474e6ae4b05252/library/test/src/lib.rs:644:60
[INFO] [stdout]   30:     0x61711a2d5f97 - <core::panic::unwind_safe::AssertUnwindSafe<F> as core::ops::function::FnOnce<()>>::call_once::hb5043206310c586f
[INFO] [stdout]                                at /rustc/df4ca44d3fbc9301ee17f30f4d474e6ae4b05252/library/core/src/panic/unwind_safe.rs:272:9
[INFO] [stdout]   31:     0x61711a2d5f97 - std::panicking::try::do_call::h9ad4731a60ab23e2
[INFO] [stdout]                                at /rustc/df4ca44d3fbc9301ee17f30f4d474e6ae4b05252/library/std/src/panicking.rs:557:40
[INFO] [stdout]   32:     0x61711a2d5f97 - std::panicking::try::h3824d23db772a716
[INFO] [stdout]                                at /rustc/df4ca44d3fbc9301ee17f30f4d474e6ae4b05252/library/std/src/panicking.rs:520:19
[INFO] [stdout]   33:     0x61711a2d5f97 - std::panic::catch_unwind::h5afd514605fde46b
[INFO] [stdout]                                at /rustc/df4ca44d3fbc9301ee17f30f4d474e6ae4b05252/library/std/src/panic.rs:358:14
[INFO] [stdout]   34:     0x61711a2d5f97 - test::run_test_in_process::h0d5cbfa7067d1720
[INFO] [stdout]                                at /rustc/df4ca44d3fbc9301ee17f30f4d474e6ae4b05252/library/test/src/lib.rs:644:27
[INFO] [stdout]   35:     0x61711a2d5f97 - test::run_test::{{closure}}::h708eb8872708115d
[INFO] [stdout]                                at /rustc/df4ca44d3fbc9301ee17f30f4d474e6ae4b05252/library/test/src/lib.rs:565:43
[INFO] [stdout]   36:     0x61711a2996b4 - test::run_test::{{closure}}::h392c51cee94713ab
[INFO] [stdout]                                at /rustc/df4ca44d3fbc9301ee17f30f4d474e6ae4b05252/library/test/src/lib.rs:595:41
[INFO] [stdout]   37:     0x61711a2996b4 - std::sys::backtrace::__rust_begin_short_backtrace::h2f40290710935a8b
[INFO] [stdout]                                at /rustc/df4ca44d3fbc9301ee17f30f4d474e6ae4b05252/library/std/src/sys/backtrace.rs:154:18
[INFO] [stdout]   38:     0x61711a29ce5e - std::thread::Builder::spawn_unchecked_::{{closure}}::{{closure}}::h3fd968d89053a903
[INFO] [stdout]                                at /rustc/df4ca44d3fbc9301ee17f30f4d474e6ae4b05252/library/std/src/thread/mod.rs:541:17
[INFO] [stdout]   39:     0x61711a29ce5e - <core::panic::unwind_safe::AssertUnwindSafe<F> as core::ops::function::FnOnce<()>>::call_once::h743f637ba4229880
[INFO] [stdout]                                at /rustc/df4ca44d3fbc9301ee17f30f4d474e6ae4b05252/library/core/src/panic/unwind_safe.rs:272:9
[INFO] [stdout]   40:     0x61711a29ce5e - std::panicking::try::do_call::h07440897322525a6
[INFO] [stdout]                                at /rustc/df4ca44d3fbc9301ee17f30f4d474e6ae4b05252/library/std/src/panicking.rs:557:40
[INFO] [stdout]   41:     0x61711a29ce5e - std::panicking::try::he5a2e00188156637
[INFO] [stdout]                                at /rustc/df4ca44d3fbc9301ee17f30f4d474e6ae4b05252/library/std/src/panicking.rs:520:19
[INFO] [stdout]   42:     0x61711a29ce5e - std::panic::catch_unwind::hbaf3cae49b3c6433
[INFO] [stdout]                                at /rustc/df4ca44d3fbc9301ee17f30f4d474e6ae4b05252/library/std/src/panic.rs:358:14
[INFO] [stdout]   43:     0x61711a29ce5e - std::thread::Builder::spawn_unchecked_::{{closure}}::h8e141ea224820bce
[INFO] [stdout]                                at /rustc/df4ca44d3fbc9301ee17f30f4d474e6ae4b05252/library/std/src/thread/mod.rs:540:30
[INFO] [stdout]   44:     0x61711a29ce5e - core::ops::function::FnOnce::call_once{{vtable.shim}}::h90d312fedd7b8ea8
[INFO] [stdout]                                at /rustc/df4ca44d3fbc9301ee17f30f4d474e6ae4b05252/library/core/src/ops/function.rs:250:5
[INFO] [stdout]   45:     0x61711a30c63b - <alloc::boxed::Box<F,A> as core::ops::function::FnOnce<Args>>::call_once::h69aa08ddb6adb8b6
[INFO] [stdout]                                at /rustc/df4ca44d3fbc9301ee17f30f4d474e6ae4b05252/library/alloc/src/boxed.rs:2454:9
[INFO] [stdout]   46:     0x61711a30c63b - <alloc::boxed::Box<F,A> as core::ops::function::FnOnce<Args>>::call_once::h5aa36efdb79c806f
[INFO] [stdout]                                at /rustc/df4ca44d3fbc9301ee17f30f4d474e6ae4b05252/library/alloc/src/boxed.rs:2454:9
[INFO] [stdout]   47:     0x61711a30c63b - std::sys::pal::unix::thread::Thread::new::thread_start::h6cd80a1b4be5158d
[INFO] [stdout]                                at /rustc/df4ca44d3fbc9301ee17f30f4d474e6ae4b05252/library/std/src/sys/pal/unix/thread.rs:105:17
[INFO] [stdout]   48:     0x7f12f308aac3 - <unknown>
[INFO] [stdout]   49:     0x7f12f311ba04 - clone
[INFO] [stdout]   50:                0x0 - <unknown>
[INFO] [stdout] 
[INFO] [stdout] 
[INFO] [stdout] failures:
[INFO] [stdout]     tests::acceptance_two
[INFO] [stdout] 
[INFO] [stdout] test result: FAILED. 6 passed; 1 failed; 2 ignored; 0 measured; 0 filtered out; finished in 0.02s
[INFO] [stdout] 
[INFO] [stderr] error: test failed, to rerun pass `--lib`
[INFO] running `Command { std: "docker" "inspect" "18e7cd4730bc7ffd744666a723ce3a72dcb6a252271e874939673b1b6c9a10da", kill_on_drop: false }`
[INFO] running `Command { std: "docker" "rm" "-f" "18e7cd4730bc7ffd744666a723ce3a72dcb6a252271e874939673b1b6c9a10da", kill_on_drop: false }`
[INFO] [stdout] 18e7cd4730bc7ffd744666a723ce3a72dcb6a252271e874939673b1b6c9a10da
