[INFO] cloning repository https://github.com/MarcosAndradeV/chs
[INFO] running `Command { std: "git" "-c" "credential.helper=" "-c" "credential.helper=/workspace/cargo-home/bin/git-credential-null" "clone" "--bare" "https://github.com/MarcosAndradeV/chs" "/workspace/cache/git-repos/https%3A%2F%2Fgithub.com%2FMarcosAndradeV%2Fchs", kill_on_drop: false }`
[INFO] [stderr] Cloning into bare repository '/workspace/cache/git-repos/https%3A%2F%2Fgithub.com%2FMarcosAndradeV%2Fchs'...
[INFO] running `Command { std: "git" "rev-parse" "HEAD", kill_on_drop: false }`
[INFO] [stdout] 1065409eb8142ce131730b3e3a45b984240db0d5
[INFO] testing MarcosAndradeV/chs/1065409eb8142ce131730b3e3a45b984240db0d5 against nightly-2024-10-28+rustflags=-Zrandomize-layout for randomize-layout
[INFO] running `Command { std: "git" "clone" "/workspace/cache/git-repos/https%3A%2F%2Fgithub.com%2FMarcosAndradeV%2Fchs" "/workspace/builds/worker-3-tc2/source", kill_on_drop: false }`
[INFO] [stderr] Cloning into '/workspace/builds/worker-3-tc2/source'...
[INFO] [stderr] done.
[INFO] validating manifest of git repo https://github.com/MarcosAndradeV/chs on toolchain nightly-2024-10-28
[INFO] running `Command { std: CARGO_HOME="/workspace/cargo-home" RUSTUP_HOME="/workspace/rustup-home" "/workspace/cargo-home/bin/cargo" "+nightly-2024-10-28" "metadata" "--manifest-path" "Cargo.toml" "--no-deps", kill_on_drop: false }`
[INFO] started tweaking git repo https://github.com/MarcosAndradeV/chs
[INFO] finished tweaking git repo https://github.com/MarcosAndradeV/chs
[INFO] tweaked toml for git repo https://github.com/MarcosAndradeV/chs written to /workspace/builds/worker-3-tc2/source/Cargo.toml
[INFO] crate git repo https://github.com/MarcosAndradeV/chs already has a lockfile, it will not be regenerated
[INFO] running `Command { std: CARGO_HOME="/workspace/cargo-home" RUSTUP_HOME="/workspace/rustup-home" "/workspace/cargo-home/bin/cargo" "+nightly-2024-10-28" "fetch" "--manifest-path" "Cargo.toml", kill_on_drop: false }`
[INFO] running `Command { std: "docker" "create" "-v" "/var/lib/crater-agent-workspace/builds/worker-3-tc2/target:/opt/rustwide/target:rw,Z" "-v" "/var/lib/crater-agent-workspace/builds/worker-3-tc2/source:/opt/rustwide/workdir:ro,Z" "-v" "/var/lib/crater-agent-workspace/cargo-home:/opt/rustwide/cargo-home:ro,Z" "-v" "/var/lib/crater-agent-workspace/rustup-home:/opt/rustwide/rustup-home:ro,Z" "-e" "SOURCE_DIR=/opt/rustwide/workdir" "-e" "CARGO_TARGET_DIR=/opt/rustwide/target" "-e" "CARGO_HOME=/opt/rustwide/cargo-home" "-e" "RUSTUP_HOME=/opt/rustwide/rustup-home" "-w" "/opt/rustwide/workdir" "-m" "1610612736" "--user" "0:0" "--network" "none" "ghcr.io/rust-lang/crates-build-env/linux@sha256:4a844ea9eb2546a2d2c7022eacef16ef2e8229c7fbb2c7d4d55a9ceca922f72d" "/opt/rustwide/cargo-home/bin/cargo" "+nightly-2024-10-28" "metadata" "--no-deps" "--format-version=1", kill_on_drop: false }`
[INFO] [stdout] 87fd5b12785cfa3ad8d484101e47a6b9f58212a062a7c26b897d6337fbf551a3
[INFO] running `Command { std: "docker" "start" "-a" "87fd5b12785cfa3ad8d484101e47a6b9f58212a062a7c26b897d6337fbf551a3", kill_on_drop: false }`
[INFO] running `Command { std: "docker" "inspect" "87fd5b12785cfa3ad8d484101e47a6b9f58212a062a7c26b897d6337fbf551a3", kill_on_drop: false }`
[INFO] running `Command { std: "docker" "rm" "-f" "87fd5b12785cfa3ad8d484101e47a6b9f58212a062a7c26b897d6337fbf551a3", kill_on_drop: false }`
[INFO] [stdout] 87fd5b12785cfa3ad8d484101e47a6b9f58212a062a7c26b897d6337fbf551a3
[INFO] running `Command { std: "docker" "create" "-v" "/var/lib/crater-agent-workspace/builds/worker-3-tc2/target:/opt/rustwide/target:rw,Z" "-v" "/var/lib/crater-agent-workspace/builds/worker-3-tc2/source:/opt/rustwide/workdir:ro,Z" "-v" "/var/lib/crater-agent-workspace/cargo-home:/opt/rustwide/cargo-home:ro,Z" "-v" "/var/lib/crater-agent-workspace/rustup-home:/opt/rustwide/rustup-home:ro,Z" "-e" "SOURCE_DIR=/opt/rustwide/workdir" "-e" "CARGO_TARGET_DIR=/opt/rustwide/target" "-e" "CARGO_INCREMENTAL=0" "-e" "RUST_BACKTRACE=full" "-e" "RUSTFLAGS=--cap-lints=forbid -Zrandomize-layout" "-e" "RUSTDOCFLAGS=--cap-lints=forbid" "-e" "CARGO_HOME=/opt/rustwide/cargo-home" "-e" "RUSTUP_HOME=/opt/rustwide/rustup-home" "-w" "/opt/rustwide/workdir" "-m" "1610612736" "--user" "0:0" "--network" "none" "ghcr.io/rust-lang/crates-build-env/linux@sha256:4a844ea9eb2546a2d2c7022eacef16ef2e8229c7fbb2c7d4d55a9ceca922f72d" "/opt/rustwide/cargo-home/bin/cargo" "+nightly-2024-10-28" "build" "--frozen" "--message-format=json", kill_on_drop: false }`
[INFO] [stdout] d2a8f27db4e420fc421f18fefdcca6030e859df64569b94858f2065dee3dab19
[INFO] running `Command { std: "docker" "start" "-a" "d2a8f27db4e420fc421f18fefdcca6030e859df64569b94858f2065dee3dab19", kill_on_drop: false }`
[INFO] [stderr]    Compiling chs_lexer v0.1.0 (/opt/rustwide/workdir/chs_lexer)
[INFO] [stderr]    Compiling memory v0.1.0 (/opt/rustwide/workdir/memory)
[INFO] [stderr]    Compiling chs_vm v0.1.0 (/opt/rustwide/workdir/chs_vm)
[INFO] [stderr]    Compiling chs_parser v0.1.0 (/opt/rustwide/workdir/chs_parser)
[INFO] [stderr]    Compiling type_check v0.1.0 (/opt/rustwide/workdir/type_check)
[INFO] [stderr]    Compiling chs_vm_v2 v0.1.0 (/opt/rustwide/workdir/chs_vm_v2)
[INFO] [stderr]    Compiling chsi v0.1.0 (/opt/rustwide/workdir/chsi)
[INFO] [stderr]     Finished `dev` profile [unoptimized + debuginfo] target(s) in 0.43s
[INFO] running `Command { std: "docker" "inspect" "d2a8f27db4e420fc421f18fefdcca6030e859df64569b94858f2065dee3dab19", kill_on_drop: false }`
[INFO] running `Command { std: "docker" "rm" "-f" "d2a8f27db4e420fc421f18fefdcca6030e859df64569b94858f2065dee3dab19", kill_on_drop: false }`
[INFO] [stdout] d2a8f27db4e420fc421f18fefdcca6030e859df64569b94858f2065dee3dab19
[INFO] running `Command { std: "docker" "create" "-v" "/var/lib/crater-agent-workspace/builds/worker-3-tc2/target:/opt/rustwide/target:rw,Z" "-v" "/var/lib/crater-agent-workspace/builds/worker-3-tc2/source:/opt/rustwide/workdir:ro,Z" "-v" "/var/lib/crater-agent-workspace/cargo-home:/opt/rustwide/cargo-home:ro,Z" "-v" "/var/lib/crater-agent-workspace/rustup-home:/opt/rustwide/rustup-home:ro,Z" "-e" "SOURCE_DIR=/opt/rustwide/workdir" "-e" "CARGO_TARGET_DIR=/opt/rustwide/target" "-e" "CARGO_INCREMENTAL=0" "-e" "RUST_BACKTRACE=full" "-e" "RUSTFLAGS=--cap-lints=forbid -Zrandomize-layout" "-e" "RUSTDOCFLAGS=--cap-lints=forbid" "-e" "CARGO_HOME=/opt/rustwide/cargo-home" "-e" "RUSTUP_HOME=/opt/rustwide/rustup-home" "-w" "/opt/rustwide/workdir" "-m" "1610612736" "--user" "0:0" "--network" "none" "ghcr.io/rust-lang/crates-build-env/linux@sha256:4a844ea9eb2546a2d2c7022eacef16ef2e8229c7fbb2c7d4d55a9ceca922f72d" "/opt/rustwide/cargo-home/bin/cargo" "+nightly-2024-10-28" "test" "--frozen" "--no-run" "--message-format=json", kill_on_drop: false }`
[INFO] [stdout] 051619babc38422cc2a72aa55034cf784f9fe927db374085a3e964a2df845a76
[INFO] running `Command { std: "docker" "start" "-a" "051619babc38422cc2a72aa55034cf784f9fe927db374085a3e964a2df845a76", kill_on_drop: false }`
[INFO] [stderr]    Compiling chs_vm_v2 v0.1.0 (/opt/rustwide/workdir/chs_vm_v2)
[INFO] [stderr]    Compiling type_check v0.1.0 (/opt/rustwide/workdir/type_check)
[INFO] [stderr]    Compiling chs_parser v0.1.0 (/opt/rustwide/workdir/chs_parser)
[INFO] [stderr]    Compiling chs_vm v0.1.0 (/opt/rustwide/workdir/chs_vm)
[INFO] [stderr]    Compiling memory v0.1.0 (/opt/rustwide/workdir/memory)
[INFO] [stderr]    Compiling chs_lexer v0.1.0 (/opt/rustwide/workdir/chs_lexer)
[INFO] [stderr]    Compiling chsi v0.1.0 (/opt/rustwide/workdir/chsi)
[INFO] [stderr]     Finished `test` profile [unoptimized + debuginfo] target(s) in 0.15s
[INFO] running `Command { std: "docker" "inspect" "051619babc38422cc2a72aa55034cf784f9fe927db374085a3e964a2df845a76", kill_on_drop: false }`
[INFO] running `Command { std: "docker" "rm" "-f" "051619babc38422cc2a72aa55034cf784f9fe927db374085a3e964a2df845a76", kill_on_drop: false }`
[INFO] [stdout] 051619babc38422cc2a72aa55034cf784f9fe927db374085a3e964a2df845a76
[INFO] running `Command { std: "docker" "create" "-v" "/var/lib/crater-agent-workspace/builds/worker-3-tc2/target:/opt/rustwide/target:rw,Z" "-v" "/var/lib/crater-agent-workspace/builds/worker-3-tc2/source:/opt/rustwide/workdir:ro,Z" "-v" "/var/lib/crater-agent-workspace/cargo-home:/opt/rustwide/cargo-home:ro,Z" "-v" "/var/lib/crater-agent-workspace/rustup-home:/opt/rustwide/rustup-home:ro,Z" "-e" "SOURCE_DIR=/opt/rustwide/workdir" "-e" "CARGO_TARGET_DIR=/opt/rustwide/target" "-e" "CARGO_INCREMENTAL=0" "-e" "RUST_BACKTRACE=full" "-e" "RUSTFLAGS=--cap-lints=forbid -Zrandomize-layout" "-e" "RUSTDOCFLAGS=--cap-lints=forbid" "-e" "CARGO_HOME=/opt/rustwide/cargo-home" "-e" "RUSTUP_HOME=/opt/rustwide/rustup-home" "-w" "/opt/rustwide/workdir" "-m" "1610612736" "--user" "0:0" "--network" "none" "ghcr.io/rust-lang/crates-build-env/linux@sha256:4a844ea9eb2546a2d2c7022eacef16ef2e8229c7fbb2c7d4d55a9ceca922f72d" "/opt/rustwide/cargo-home/bin/cargo" "+nightly-2024-10-28" "test" "--frozen", kill_on_drop: false }`
[INFO] [stdout] c6c99e83eeee869fef4fb4fe9a53426ebaee3ff7e937c4ce6144ca7fbdba4451
[INFO] running `Command { std: "docker" "start" "-a" "c6c99e83eeee869fef4fb4fe9a53426ebaee3ff7e937c4ce6144ca7fbdba4451", kill_on_drop: false }`
[INFO] [stderr]     Finished `test` profile [unoptimized + debuginfo] target(s) in 0.01s
[INFO] [stderr]      Running unittests src/lib.rs (/opt/rustwide/target/debug/deps/chs_lexer-c1081ae9a952bb0b)
[INFO] [stdout] 
[INFO] [stdout] running 0 tests
[INFO] [stdout] 
[INFO] [stdout] test result: ok. 0 passed; 0 failed; 0 ignored; 0 measured; 0 filtered out; finished in 0.00s
[INFO] [stdout] 
[INFO] [stderr]      Running unittests src/lib.rs (/opt/rustwide/target/debug/deps/chs_parser-4f4aa6f0bcf40f1e)
[INFO] [stdout] 
[INFO] [stdout] running 0 tests
[INFO] [stdout] 
[INFO] [stdout] test result: ok. 0 passed; 0 failed; 0 ignored; 0 measured; 0 filtered out; finished in 0.00s
[INFO] [stdout] 
[INFO] [stderr]      Running unittests src/lib.rs (/opt/rustwide/target/debug/deps/chs_vm-00af20c428622705)
[INFO] [stdout] 
[INFO] [stdout] running 0 tests
[INFO] [stdout] 
[INFO] [stdout] test result: ok. 0 passed; 0 failed; 0 ignored; 0 measured; 0 filtered out; finished in 0.00s
[INFO] [stdout] 
[INFO] [stderr]      Running unittests src/lib.rs (/opt/rustwide/target/debug/deps/chs_vm_v2-8dfd8ed7e0d0d6c3)
[INFO] [stdout] 
[INFO] [stdout] running 0 tests
[INFO] [stdout] 
[INFO] [stdout] test result: ok. 0 passed; 0 failed; 0 ignored; 0 measured; 0 filtered out; finished in 0.00s
[INFO] [stdout] 
[INFO] [stderr]      Running unittests src/main.rs (/opt/rustwide/target/debug/deps/chsi-0049b9d9397d111e)
[INFO] [stdout] 
[INFO] [stdout] running 0 tests
[INFO] [stdout] 
[INFO] [stdout] test result: ok. 0 passed; 0 failed; 0 ignored; 0 measured; 0 filtered out; finished in 0.00s
[INFO] [stdout] 
[INFO] [stderr]      Running unittests src/lib.rs (/opt/rustwide/target/debug/deps/memory-2fd1f36d853ef7e1)
[INFO] [stdout] 
[INFO] [stdout] running 0 tests
[INFO] [stdout] 
[INFO] [stdout] test result: ok. 0 passed; 0 failed; 0 ignored; 0 measured; 0 filtered out; finished in 0.00s
[INFO] [stdout] 
[INFO] [stderr]      Running unittests src/lib.rs (/opt/rustwide/target/debug/deps/type_check-1d3f4bec652f0e31)
[INFO] [stdout] 
[INFO] [stdout] running 0 tests
[INFO] [stdout] 
[INFO] [stdout] test result: ok. 0 passed; 0 failed; 0 ignored; 0 measured; 0 filtered out; finished in 0.00s
[INFO] [stdout] 
[INFO] [stderr]    Doc-tests chs_lexer
[INFO] [stdout] 
[INFO] [stdout] running 0 tests
[INFO] [stdout] 
[INFO] [stdout] test result: ok. 0 passed; 0 failed; 0 ignored; 0 measured; 0 filtered out; finished in 0.00s
[INFO] [stdout] 
[INFO] [stderr]    Doc-tests chs_parser
[INFO] [stdout] 
[INFO] [stdout] running 0 tests
[INFO] [stdout] 
[INFO] [stdout] test result: ok. 0 passed; 0 failed; 0 ignored; 0 measured; 0 filtered out; finished in 0.00s
[INFO] [stdout] 
[INFO] [stderr]    Doc-tests chs_vm
[INFO] [stdout] 
[INFO] [stdout] running 0 tests
[INFO] [stdout] 
[INFO] [stdout] test result: ok. 0 passed; 0 failed; 0 ignored; 0 measured; 0 filtered out; finished in 0.00s
[INFO] [stdout] 
[INFO] [stderr]    Doc-tests chs_vm_v2
[INFO] [stdout] 
[INFO] [stdout] running 0 tests
[INFO] [stdout] 
[INFO] [stdout] test result: ok. 0 passed; 0 failed; 0 ignored; 0 measured; 0 filtered out; finished in 0.00s
[INFO] [stdout] 
[INFO] [stderr]    Doc-tests memory
[INFO] [stdout] 
[INFO] [stdout] running 1 test
[INFO] [stdout] test memory/src/lib.rs - MemoryAllowed (line 22) ... FAILED
[INFO] [stdout] 
[INFO] [stdout] failures:
[INFO] [stdout] 
[INFO] [stdout] ---- memory/src/lib.rs - MemoryAllowed (line 22) stdout ----
[INFO] [stdout] error[E0405]: cannot find trait `MemoryAllowed` in this scope
[INFO] [stdout]  --> memory/src/lib.rs:27:13
[INFO] [stdout]   |
[INFO] [stdout] 7 | unsafe impl MemoryAllowed for Foo {}
[INFO] [stdout]   |             ^^^^^^^^^^^^^ not found in this scope
[INFO] [stdout]   |
[INFO] [stdout] help: consider importing this trait
[INFO] [stdout]   |
[INFO] [stdout] 2 + use memory::MemoryAllowed;
[INFO] [stdout]   |
[INFO] [stdout] 
[INFO] [stdout] error[E0433]: failed to resolve: use of undeclared type `Memory`
[INFO] [stdout]  --> memory/src/lib.rs:28:15
[INFO] [stdout]   |
[INFO] [stdout] 8 | let mut mem = Memory::new(16);
[INFO] [stdout]   |               ^^^^^^ use of undeclared type `Memory`
[INFO] [stdout]   |
[INFO] [stdout] help: consider importing this struct
[INFO] [stdout]   |
[INFO] [stdout] 2 + use memory::Memory;
[INFO] [stdout]   |
[INFO] [stdout] 
[INFO] [stdout] error: aborting due to 2 previous errors
[INFO] [stdout] 
[INFO] [stdout] Some errors have detailed explanations: E0405, E0433.
[INFO] [stdout] For more information about an error, try `rustc --explain E0405`.
[INFO] [stdout] Couldn't compile the test.
[INFO] [stdout] 
[INFO] [stdout] failures:
[INFO] [stdout]     memory/src/lib.rs - MemoryAllowed (line 22)
[INFO] [stdout] 
[INFO] [stdout] test result: FAILED. 0 passed; 1 failed; 0 ignored; 0 measured; 0 filtered out; finished in 0.03s
[INFO] [stdout] 
[INFO] [stderr] error: doctest failed, to rerun pass `-p memory --doc`
[INFO] running `Command { std: "docker" "inspect" "c6c99e83eeee869fef4fb4fe9a53426ebaee3ff7e937c4ce6144ca7fbdba4451", kill_on_drop: false }`
[INFO] running `Command { std: "docker" "rm" "-f" "c6c99e83eeee869fef4fb4fe9a53426ebaee3ff7e937c4ce6144ca7fbdba4451", kill_on_drop: false }`
[INFO] [stdout] c6c99e83eeee869fef4fb4fe9a53426ebaee3ff7e937c4ce6144ca7fbdba4451
