[INFO] cloning repository https://github.com/MGTheTrain/azure-blob-storage-sample
[INFO] running `Command { std: "git" "-c" "credential.helper=" "-c" "credential.helper=/workspace/cargo-home/bin/git-credential-null" "clone" "--bare" "https://github.com/MGTheTrain/azure-blob-storage-sample" "/workspace/cache/git-repos/https%3A%2F%2Fgithub.com%2FMGTheTrain%2Fazure-blob-storage-sample", kill_on_drop: false }`
[INFO] [stderr] Cloning into bare repository '/workspace/cache/git-repos/https%3A%2F%2Fgithub.com%2FMGTheTrain%2Fazure-blob-storage-sample'...
[INFO] running `Command { std: "git" "rev-parse" "HEAD", kill_on_drop: false }`
[INFO] [stdout] f4bfa4edd2af2e48109716e42a577c28fa782c5f
[INFO] testing MGTheTrain/azure-blob-storage-sample/f4bfa4edd2af2e48109716e42a577c28fa782c5f against nightly-2024-10-28+rustflags=-Zrandomize-layout for randomize-layout
[INFO] running `Command { std: "git" "clone" "/workspace/cache/git-repos/https%3A%2F%2Fgithub.com%2FMGTheTrain%2Fazure-blob-storage-sample" "/workspace/builds/worker-1-tc2/source", kill_on_drop: false }`
[INFO] [stderr] Cloning into '/workspace/builds/worker-1-tc2/source'...
[INFO] [stderr] done.
[INFO] validating manifest of git repo https://github.com/MGTheTrain/azure-blob-storage-sample on toolchain nightly-2024-10-28
[INFO] running `Command { std: CARGO_HOME="/workspace/cargo-home" RUSTUP_HOME="/workspace/rustup-home" "/workspace/cargo-home/bin/cargo" "+nightly-2024-10-28" "metadata" "--manifest-path" "Cargo.toml" "--no-deps", kill_on_drop: false }`
[INFO] started tweaking git repo https://github.com/MGTheTrain/azure-blob-storage-sample
[INFO] removed 0 missing tests
[INFO] finished tweaking git repo https://github.com/MGTheTrain/azure-blob-storage-sample
[INFO] tweaked toml for git repo https://github.com/MGTheTrain/azure-blob-storage-sample written to /workspace/builds/worker-1-tc2/source/Cargo.toml
[INFO] running `Command { std: CARGO_HOME="/workspace/cargo-home" RUSTUP_HOME="/workspace/rustup-home" "/workspace/cargo-home/bin/cargo" "+nightly-2024-10-28" "generate-lockfile" "--manifest-path" "Cargo.toml", kill_on_drop: false }`
[INFO] [stderr]     Updating crates.io index
[INFO] [stderr]      Locking 224 packages to latest compatible versions
[INFO] [stderr]       Adding azure_core v0.16.0 (available: v0.21.0)
[INFO] [stderr]       Adding azure_storage v0.16.0 (available: v0.21.0)
[INFO] [stderr]       Adding azure_storage_blobs v0.16.0 (available: v0.21.0)
[INFO] [stderr]       Adding env_logger v0.10.2 (available: v0.11.5)
[INFO] running `Command { std: CARGO_HOME="/workspace/cargo-home" RUSTUP_HOME="/workspace/rustup-home" "/workspace/cargo-home/bin/cargo" "+nightly-2024-10-28" "fetch" "--manifest-path" "Cargo.toml", kill_on_drop: false }`
[INFO] running `Command { std: "docker" "create" "-v" "/var/lib/crater-agent-workspace/builds/worker-1-tc2/target:/opt/rustwide/target:rw,Z" "-v" "/var/lib/crater-agent-workspace/builds/worker-1-tc2/source:/opt/rustwide/workdir:ro,Z" "-v" "/var/lib/crater-agent-workspace/cargo-home:/opt/rustwide/cargo-home:ro,Z" "-v" "/var/lib/crater-agent-workspace/rustup-home:/opt/rustwide/rustup-home:ro,Z" "-e" "SOURCE_DIR=/opt/rustwide/workdir" "-e" "CARGO_TARGET_DIR=/opt/rustwide/target" "-e" "CARGO_HOME=/opt/rustwide/cargo-home" "-e" "RUSTUP_HOME=/opt/rustwide/rustup-home" "-w" "/opt/rustwide/workdir" "-m" "1610612736" "--user" "0:0" "--network" "none" "ghcr.io/rust-lang/crates-build-env/linux@sha256:4a844ea9eb2546a2d2c7022eacef16ef2e8229c7fbb2c7d4d55a9ceca922f72d" "/opt/rustwide/cargo-home/bin/cargo" "+nightly-2024-10-28" "metadata" "--no-deps" "--format-version=1", kill_on_drop: false }`
[INFO] [stdout] baf10e9260247ee224ef4c04903647121700f4eaba429a91a036066cb79a6a4e
[INFO] running `Command { std: "docker" "start" "-a" "baf10e9260247ee224ef4c04903647121700f4eaba429a91a036066cb79a6a4e", kill_on_drop: false }`
[INFO] running `Command { std: "docker" "inspect" "baf10e9260247ee224ef4c04903647121700f4eaba429a91a036066cb79a6a4e", kill_on_drop: false }`
[INFO] running `Command { std: "docker" "rm" "-f" "baf10e9260247ee224ef4c04903647121700f4eaba429a91a036066cb79a6a4e", kill_on_drop: false }`
[INFO] [stdout] baf10e9260247ee224ef4c04903647121700f4eaba429a91a036066cb79a6a4e
[INFO] running `Command { std: "docker" "create" "-v" "/var/lib/crater-agent-workspace/builds/worker-1-tc2/target:/opt/rustwide/target:rw,Z" "-v" "/var/lib/crater-agent-workspace/builds/worker-1-tc2/source:/opt/rustwide/workdir:ro,Z" "-v" "/var/lib/crater-agent-workspace/cargo-home:/opt/rustwide/cargo-home:ro,Z" "-v" "/var/lib/crater-agent-workspace/rustup-home:/opt/rustwide/rustup-home:ro,Z" "-e" "SOURCE_DIR=/opt/rustwide/workdir" "-e" "CARGO_TARGET_DIR=/opt/rustwide/target" "-e" "CARGO_INCREMENTAL=0" "-e" "RUST_BACKTRACE=full" "-e" "RUSTFLAGS=--cap-lints=forbid -Zrandomize-layout" "-e" "RUSTDOCFLAGS=--cap-lints=forbid" "-e" "CARGO_HOME=/opt/rustwide/cargo-home" "-e" "RUSTUP_HOME=/opt/rustwide/rustup-home" "-w" "/opt/rustwide/workdir" "-m" "1610612736" "--user" "0:0" "--network" "none" "ghcr.io/rust-lang/crates-build-env/linux@sha256:4a844ea9eb2546a2d2c7022eacef16ef2e8229c7fbb2c7d4d55a9ceca922f72d" "/opt/rustwide/cargo-home/bin/cargo" "+nightly-2024-10-28" "build" "--frozen" "--message-format=json", kill_on_drop: false }`
[INFO] [stdout] d3afb60c4b090096f50f89567eb9029919dc5587b1ecf5a43d37d982b583ad6f
[INFO] running `Command { std: "docker" "start" "-a" "d3afb60c4b090096f50f89567eb9029919dc5587b1ecf5a43d37d982b583ad6f", kill_on_drop: false }`
[INFO] [stderr]    Compiling proc-macro2 v1.0.89
[INFO] [stderr]    Compiling unicode-ident v1.0.13
[INFO] [stderr]    Compiling libc v0.2.161
[INFO] [stderr]    Compiling cfg-if v1.0.0
[INFO] [stderr]    Compiling autocfg v1.4.0
[INFO] [stderr]    Compiling memchr v2.7.4
[INFO] [stderr]    Compiling pin-project-lite v0.2.15
[INFO] [stderr]    Compiling futures-core v0.3.31
[INFO] [stderr]    Compiling serde v1.0.214
[INFO] [stderr]    Compiling shlex v1.3.0
[INFO] [stderr]    Compiling itoa v1.0.11
[INFO] [stderr]    Compiling vcpkg v0.2.15
[INFO] [stderr]    Compiling parking_lot_core v0.9.10
[INFO] [stderr]    Compiling pkg-config v0.3.31
[INFO] [stderr]    Compiling scopeguard v1.2.0
[INFO] [stderr]    Compiling bytes v1.8.0
[INFO] [stderr]    Compiling futures-io v0.3.31
[INFO] [stderr]    Compiling futures-sink v0.3.31
[INFO] [stderr]    Compiling smallvec v1.13.2
[INFO] [stderr]    Compiling once_cell v1.20.2
[INFO] [stderr]    Compiling byteorder v1.5.0
[INFO] [stderr]    Compiling cc v1.1.33
[INFO] [stderr]    Compiling futures-channel v0.3.31
[INFO] [stderr]    Compiling version_check v0.9.5
[INFO] [stderr]    Compiling pin-utils v0.1.0
[INFO] [stderr]    Compiling typenum v1.17.0
[INFO] [stderr]    Compiling futures-task v0.3.31
[INFO] [stderr]    Compiling openssl v0.10.68
[INFO] [stderr]    Compiling tinyvec_macros v0.1.1
[INFO] [stderr]    Compiling fnv v1.0.7
[INFO] [stderr]    Compiling percent-encoding v2.3.1
[INFO] [stderr]    Compiling getrandom v0.1.16
[INFO] [stderr]    Compiling foreign-types-shared v0.1.1
[INFO] [stderr]    Compiling tinyvec v1.8.0
[INFO] [stderr]    Compiling tracing-core v0.1.32
[INFO] [stderr]    Compiling foreign-types v0.3.2
[INFO] [stderr]    Compiling equivalent v1.0.1
[INFO] [stderr]    Compiling lock_api v0.4.12
[INFO] [stderr]    Compiling slab v0.4.9
[INFO] [stderr]    Compiling hashbrown v0.15.0
[INFO] [stderr]    Compiling generic-array v0.14.7
[INFO] [stderr]    Compiling native-tls v0.2.12
[INFO] [stderr]    Compiling http v0.2.12
[INFO] [stderr]    Compiling semver v1.0.23
[INFO] [stderr]    Compiling log v0.4.22
[INFO] [stderr]    Compiling crossbeam-utils v0.8.20
[INFO] [stderr]    Compiling bitflags v2.6.0
[INFO] [stderr]    Compiling quote v1.0.37
[INFO] [stderr]    Compiling httparse v1.9.5
[INFO] [stderr]    Compiling tracing v0.1.40
[INFO] [stderr]    Compiling form_urlencoded v1.2.1
[INFO] [stderr]    Compiling openssl-probe v0.1.5
[INFO] [stderr]    Compiling thiserror v1.0.66
[INFO] [stderr]    Compiling try-lock v0.2.5
[INFO] [stderr]    Compiling ryu v1.0.18
[INFO] [stderr]    Compiling syn v2.0.86
[INFO] [stderr]    Compiling unicode-bidi v0.3.17
[INFO] [stderr]    Compiling want v0.3.1
[INFO] [stderr]    Compiling socket2 v0.5.7
[INFO] [stderr]    Compiling mio v1.0.2
[INFO] [stderr]    Compiling signal-hook-registry v1.4.2
[INFO] [stderr]    Compiling indexmap v2.6.0
[INFO] [stderr]    Compiling getrandom v0.2.15
[INFO] [stderr]    Compiling parking_lot v0.12.3
[INFO] [stderr]    Compiling unicode-normalization v0.1.24
[INFO] [stderr]    Compiling rand_core v0.5.1
[INFO] [stderr]    Compiling tower-service v0.3.3
[INFO] [stderr]    Compiling serde_json v1.0.132
[INFO] [stderr]    Compiling http-body v0.4.6
[INFO] [stderr]    Compiling httpdate v1.0.3
[INFO] [stderr]    Compiling anyhow v1.0.92
[INFO] [stderr]    Compiling rustc_version v0.4.1
[INFO] [stderr]    Compiling concurrent-queue v2.5.0
[INFO] [stderr]    Compiling rand_core v0.6.4
[INFO] [stderr]    Compiling base64 v0.21.7
[INFO] [stderr]    Compiling time-core v0.1.2
[INFO] [stderr]    Compiling paste v1.0.15
[INFO] [stderr]    Compiling http-types v2.12.0
[INFO] [stderr]    Compiling parking v2.2.1
[INFO] [stderr]    Compiling event-listener v2.5.3
[INFO] [stderr]    Compiling powerfmt v0.2.0
[INFO] [stderr]    Compiling fastrand v1.9.0
[INFO] [stderr]    Compiling waker-fn v1.2.0
[INFO] [stderr]    Compiling subtle v2.6.1
[INFO] [stderr]    Compiling num-conv v0.1.0
[INFO] [stderr]    Compiling openssl-sys v0.9.104
[INFO] [stderr]    Compiling idna v0.5.0
[INFO] [stderr]    Compiling async-channel v1.9.0
[INFO] [stderr]    Compiling rustls-pemfile v1.0.4
[INFO] [stderr]    Compiling azure_core v0.16.0
[INFO] [stderr]    Compiling time-macros v0.2.18
[INFO] [stderr]    Compiling encoding_rs v0.8.35
[INFO] [stderr]    Compiling utf8parse v0.2.2
[INFO] [stderr]    Compiling base64 v0.13.1
[INFO] [stderr]    Compiling futures-lite v1.13.0
[INFO] [stderr]    Compiling mime v0.3.17
[INFO] [stderr]    Compiling ipnet v2.10.1
[INFO] [stderr]    Compiling infer v0.2.3
[INFO] [stderr]    Compiling sync_wrapper v0.1.2
[INFO] [stderr]    Compiling anstyle-parse v0.2.6
[INFO] [stderr]    Compiling aho-corasick v1.1.3
[INFO] [stderr]    Compiling block-buffer v0.10.4
[INFO] [stderr]    Compiling crypto-common v0.1.6
[INFO] [stderr]    Compiling anstyle v1.0.10
[INFO] [stderr]    Compiling digest v0.10.7
[INFO] [stderr]    Compiling dyn-clone v1.0.17
[INFO] [stderr]    Compiling colorchoice v1.0.3
[INFO] [stderr]    Compiling anstyle-query v1.1.2
[INFO] [stderr]    Compiling regex-syntax v0.8.5
[INFO] [stderr]    Compiling is_terminal_polyfill v1.70.1
[INFO] [stderr]    Compiling cpufeatures v0.2.14
[INFO] [stderr]    Compiling hmac v0.12.1
[INFO] [stderr]    Compiling anstream v0.6.17
[INFO] [stderr]    Compiling clap_lex v0.7.2
[INFO] [stderr]    Compiling sha2 v0.10.8
[INFO] [stderr]    Compiling heck v0.5.0
[INFO] [stderr]    Compiling RustyXML v0.3.0
[INFO] [stderr]    Compiling strsim v0.11.1
[INFO] [stderr]    Compiling is-terminal v0.4.13
[INFO] [stderr]    Compiling termcolor v1.4.1
[INFO] [stderr]    Compiling lazy_static v1.5.0
[INFO] [stderr]    Compiling humantime v2.1.0
[INFO] [stderr]    Compiling clap_builder v4.5.20
[INFO] [stderr]    Compiling colored v2.1.0
[INFO] [stderr]    Compiling dotenv v0.15.0
[INFO] [stderr]    Compiling regex-automata v0.4.8
[INFO] [stderr]    Compiling serde_derive v1.0.214
[INFO] [stderr]    Compiling futures-macro v0.3.31
[INFO] [stderr]    Compiling tokio-macros v2.4.0
[INFO] [stderr]    Compiling zerocopy-derive v0.7.35
[INFO] [stderr]    Compiling openssl-macros v0.1.1
[INFO] [stderr]    Compiling thiserror-impl v1.0.66
[INFO] [stderr]    Compiling pin-project-internal v1.1.7
[INFO] [stderr]    Compiling async-trait v0.1.83
[INFO] [stderr]    Compiling clap_derive v4.5.18
[INFO] [stderr]    Compiling tokio v1.41.0
[INFO] [stderr]    Compiling futures-util v0.3.31
[INFO] [stderr]    Compiling zerocopy v0.7.35
[INFO] [stderr]    Compiling pin-project v1.1.7
[INFO] [stderr]    Compiling ppv-lite86 v0.2.20
[INFO] [stderr]    Compiling regex v1.11.1
[INFO] [stderr]    Compiling clap v4.5.20
[INFO] [stderr]    Compiling rand_chacha v0.2.2
[INFO] [stderr]    Compiling rand_chacha v0.3.1
[INFO] [stderr]    Compiling env_logger v0.10.2
[INFO] [stderr]    Compiling rand v0.7.3
[INFO] [stderr]    Compiling rand v0.8.5
[INFO] [stderr]    Compiling futures-executor v0.3.31
[INFO] [stderr]    Compiling futures v0.3.31
[INFO] [stderr]    Compiling tokio-util v0.7.12
[INFO] [stderr]    Compiling tokio-native-tls v0.3.1
[INFO] [stderr]    Compiling url v2.5.2
[INFO] [stderr]    Compiling serde_urlencoded v0.7.1
[INFO] [stderr]    Compiling deranged v0.3.11
[INFO] [stderr]    Compiling serde_qs v0.8.5
[INFO] [stderr]    Compiling quick-xml v0.30.0
[INFO] [stderr]    Compiling uuid v1.11.0
[INFO] [stderr]    Compiling h2 v0.3.26
[INFO] [stderr]    Compiling time v0.3.36
[INFO] [stderr]    Compiling hyper v0.14.31
[INFO] [stderr]    Compiling hyper-tls v0.5.0
[INFO] [stderr]    Compiling reqwest v0.11.27
[INFO] [stderr]    Compiling azure_storage v0.16.0
[INFO] [stderr]    Compiling azure_storage_blobs v0.16.0
[INFO] [stderr]    Compiling azure_blob_handler v0.2.0 (/opt/rustwide/workdir)
[INFO] [stdout] warning: unused imports: `BufReader`, `File`, `Read`, `Write`, `env`, and `self`
[INFO] [stdout]   --> src/main.rs:24:5
[INFO] [stdout]    |
[INFO] [stdout] 24 |     env,
[INFO] [stdout]    |     ^^^
[INFO] [stdout] 25 |     fs::{self, File},
[INFO] [stdout]    |          ^^^^  ^^^^
[INFO] [stdout] 26 |     io::{BufReader, Read, Write},
[INFO] [stdout]    |          ^^^^^^^^^  ^^^^  ^^^^^
[INFO] [stdout]    |
[INFO] [stdout]    = note: `#[warn(unused_imports)]` on by default
[INFO] [stdout] 
[INFO] [stdout] 
[INFO] [stdout] warning: unreachable pattern
[INFO] [stdout]    --> src/main.rs:175:9
[INFO] [stdout]     |
[INFO] [stdout] 175 |         _ => {
[INFO] [stdout]     |         ^ no value can reach this
[INFO] [stdout]     |
[INFO] [stdout] note: multiple earlier patterns match some of the same values
[INFO] [stdout]    --> src/main.rs:175:9
[INFO] [stdout]     |
[INFO] [stdout] 104 | /         AzureStorageAccountContainerOperation::Upload {
[INFO] [stdout] 105 | |             upload_file_path,
[INFO] [stdout] 106 | |             blob_name,
[INFO] [stdout] 107 | |         } => {
[INFO] [stdout]     | |_________- matches some of the same values
[INFO] [stdout] ...
[INFO] [stdout] 131 | /         AzureStorageAccountContainerOperation::Download {
[INFO] [stdout] 132 | |             download_file_path,
[INFO] [stdout] 133 | |             blob_name,
[INFO] [stdout] 134 | |         } => {
[INFO] [stdout]     | |_________- matches some of the same values
[INFO] [stdout] ...
[INFO] [stdout] 158 |           AzureStorageAccountContainerOperation::Delete { blob_name } => {
[INFO] [stdout]     |           ----------------------------------------------------------- matches some of the same values
[INFO] [stdout] ...
[INFO] [stdout] 175 |           _ => {
[INFO] [stdout]     |           ^ collectively making this unreachable
[INFO] [stdout]     = note: `#[warn(unreachable_patterns)]` on by default
[INFO] [stdout] 
[INFO] [stdout] 
[INFO] [stderr]     Finished `dev` profile [unoptimized + debuginfo] target(s) in 20.93s
[INFO] running `Command { std: "docker" "inspect" "d3afb60c4b090096f50f89567eb9029919dc5587b1ecf5a43d37d982b583ad6f", kill_on_drop: false }`
[INFO] running `Command { std: "docker" "rm" "-f" "d3afb60c4b090096f50f89567eb9029919dc5587b1ecf5a43d37d982b583ad6f", kill_on_drop: false }`
[INFO] [stdout] d3afb60c4b090096f50f89567eb9029919dc5587b1ecf5a43d37d982b583ad6f
[INFO] running `Command { std: "docker" "create" "-v" "/var/lib/crater-agent-workspace/builds/worker-1-tc2/target:/opt/rustwide/target:rw,Z" "-v" "/var/lib/crater-agent-workspace/builds/worker-1-tc2/source:/opt/rustwide/workdir:ro,Z" "-v" "/var/lib/crater-agent-workspace/cargo-home:/opt/rustwide/cargo-home:ro,Z" "-v" "/var/lib/crater-agent-workspace/rustup-home:/opt/rustwide/rustup-home:ro,Z" "-e" "SOURCE_DIR=/opt/rustwide/workdir" "-e" "CARGO_TARGET_DIR=/opt/rustwide/target" "-e" "CARGO_INCREMENTAL=0" "-e" "RUST_BACKTRACE=full" "-e" "RUSTFLAGS=--cap-lints=forbid -Zrandomize-layout" "-e" "RUSTDOCFLAGS=--cap-lints=forbid" "-e" "CARGO_HOME=/opt/rustwide/cargo-home" "-e" "RUSTUP_HOME=/opt/rustwide/rustup-home" "-w" "/opt/rustwide/workdir" "-m" "1610612736" "--user" "0:0" "--network" "none" "ghcr.io/rust-lang/crates-build-env/linux@sha256:4a844ea9eb2546a2d2c7022eacef16ef2e8229c7fbb2c7d4d55a9ceca922f72d" "/opt/rustwide/cargo-home/bin/cargo" "+nightly-2024-10-28" "test" "--frozen" "--no-run" "--message-format=json", kill_on_drop: false }`
[INFO] [stdout] 1cf0b123e8d69fda3f4940612a52ac8f0e999a37bddeae8cd32d0abca81111bb
[INFO] running `Command { std: "docker" "start" "-a" "1cf0b123e8d69fda3f4940612a52ac8f0e999a37bddeae8cd32d0abca81111bb", kill_on_drop: false }`
[INFO] [stderr]    Compiling azure_blob_handler v0.2.0 (/opt/rustwide/workdir)
[INFO] [stdout] warning: unused imports: `BufReader`, `File`, `Read`, `Write`, `env`, and `self`
[INFO] [stdout]   --> src/main.rs:24:5
[INFO] [stdout]    |
[INFO] [stdout] 24 |     env,
[INFO] [stdout]    |     ^^^
[INFO] [stdout] 25 |     fs::{self, File},
[INFO] [stdout]    |          ^^^^  ^^^^
[INFO] [stdout] 26 |     io::{BufReader, Read, Write},
[INFO] [stdout]    |          ^^^^^^^^^  ^^^^  ^^^^^
[INFO] [stdout]    |
[INFO] [stdout]    = note: `#[warn(unused_imports)]` on by default
[INFO] [stdout] 
[INFO] [stdout] 
[INFO] [stdout] warning: unreachable pattern
[INFO] [stdout]    --> src/main.rs:175:9
[INFO] [stdout]     |
[INFO] [stdout] 175 |         _ => {
[INFO] [stdout]     |         ^ no value can reach this
[INFO] [stdout]     |
[INFO] [stdout] note: multiple earlier patterns match some of the same values
[INFO] [stdout]    --> src/main.rs:175:9
[INFO] [stdout]     |
[INFO] [stdout] 104 | /         AzureStorageAccountContainerOperation::Upload {
[INFO] [stdout] 105 | |             upload_file_path,
[INFO] [stdout] 106 | |             blob_name,
[INFO] [stdout] 107 | |         } => {
[INFO] [stdout]     | |_________- matches some of the same values
[INFO] [stdout] ...
[INFO] [stdout] 131 | /         AzureStorageAccountContainerOperation::Download {
[INFO] [stdout] 132 | |             download_file_path,
[INFO] [stdout] 133 | |             blob_name,
[INFO] [stdout] 134 | |         } => {
[INFO] [stdout]     | |_________- matches some of the same values
[INFO] [stdout] ...
[INFO] [stdout] 158 |           AzureStorageAccountContainerOperation::Delete { blob_name } => {
[INFO] [stdout]     |           ----------------------------------------------------------- matches some of the same values
[INFO] [stdout] ...
[INFO] [stdout] 175 |           _ => {
[INFO] [stdout]     |           ^ collectively making this unreachable
[INFO] [stdout]     = note: `#[warn(unreachable_patterns)]` on by default
[INFO] [stdout] 
[INFO] [stdout] 
[INFO] [stdout] warning: unused imports: `BufReader`, `File`, `Read`, `Write`, `env`, and `self`
[INFO] [stdout]   --> src/main.rs:24:5
[INFO] [stdout]    |
[INFO] [stdout] 24 |     env,
[INFO] [stdout]    |     ^^^
[INFO] [stdout] 25 |     fs::{self, File},
[INFO] [stdout]    |          ^^^^  ^^^^
[INFO] [stdout] 26 |     io::{BufReader, Read, Write},
[INFO] [stdout]    |          ^^^^^^^^^  ^^^^  ^^^^^
[INFO] [stdout]    |
[INFO] [stdout]    = note: `#[warn(unused_imports)]` on by default
[INFO] [stdout] 
[INFO] [stdout] 
[INFO] [stdout] warning: unreachable pattern
[INFO] [stdout]    --> src/main.rs:175:9
[INFO] [stdout]     |
[INFO] [stdout] 175 |         _ => {
[INFO] [stdout]     |         ^ no value can reach this
[INFO] [stdout]     |
[INFO] [stdout] note: multiple earlier patterns match some of the same values
[INFO] [stdout]    --> src/main.rs:175:9
[INFO] [stdout]     |
[INFO] [stdout] 104 | /         AzureStorageAccountContainerOperation::Upload {
[INFO] [stdout] 105 | |             upload_file_path,
[INFO] [stdout] 106 | |             blob_name,
[INFO] [stdout] 107 | |         } => {
[INFO] [stdout]     | |_________- matches some of the same values
[INFO] [stdout] ...
[INFO] [stdout] 131 | /         AzureStorageAccountContainerOperation::Download {
[INFO] [stdout] 132 | |             download_file_path,
[INFO] [stdout] 133 | |             blob_name,
[INFO] [stdout] 134 | |         } => {
[INFO] [stdout]     | |_________- matches some of the same values
[INFO] [stdout] ...
[INFO] [stdout] 158 |           AzureStorageAccountContainerOperation::Delete { blob_name } => {
[INFO] [stdout]     |           ----------------------------------------------------------- matches some of the same values
[INFO] [stdout] ...
[INFO] [stdout] 175 |           _ => {
[INFO] [stdout]     |           ^ collectively making this unreachable
[INFO] [stdout]     = note: `#[warn(unreachable_patterns)]` on by default
[INFO] [stdout] 
[INFO] [stdout] 
[INFO] [stderr]     Finished `test` profile [unoptimized + debuginfo] target(s) in 0.77s
[INFO] running `Command { std: "docker" "inspect" "1cf0b123e8d69fda3f4940612a52ac8f0e999a37bddeae8cd32d0abca81111bb", kill_on_drop: false }`
[INFO] running `Command { std: "docker" "rm" "-f" "1cf0b123e8d69fda3f4940612a52ac8f0e999a37bddeae8cd32d0abca81111bb", kill_on_drop: false }`
[INFO] [stdout] 1cf0b123e8d69fda3f4940612a52ac8f0e999a37bddeae8cd32d0abca81111bb
[INFO] running `Command { std: "docker" "create" "-v" "/var/lib/crater-agent-workspace/builds/worker-1-tc2/target:/opt/rustwide/target:rw,Z" "-v" "/var/lib/crater-agent-workspace/builds/worker-1-tc2/source:/opt/rustwide/workdir:ro,Z" "-v" "/var/lib/crater-agent-workspace/cargo-home:/opt/rustwide/cargo-home:ro,Z" "-v" "/var/lib/crater-agent-workspace/rustup-home:/opt/rustwide/rustup-home:ro,Z" "-e" "SOURCE_DIR=/opt/rustwide/workdir" "-e" "CARGO_TARGET_DIR=/opt/rustwide/target" "-e" "CARGO_INCREMENTAL=0" "-e" "RUST_BACKTRACE=full" "-e" "RUSTFLAGS=--cap-lints=forbid -Zrandomize-layout" "-e" "RUSTDOCFLAGS=--cap-lints=forbid" "-e" "CARGO_HOME=/opt/rustwide/cargo-home" "-e" "RUSTUP_HOME=/opt/rustwide/rustup-home" "-w" "/opt/rustwide/workdir" "-m" "1610612736" "--user" "0:0" "--network" "none" "ghcr.io/rust-lang/crates-build-env/linux@sha256:4a844ea9eb2546a2d2c7022eacef16ef2e8229c7fbb2c7d4d55a9ceca922f72d" "/opt/rustwide/cargo-home/bin/cargo" "+nightly-2024-10-28" "test" "--frozen", kill_on_drop: false }`
[INFO] [stdout] 74cb42e1798fb6afe08a317e14fb786f35d438329b3b7106a3d371b03e28f6ca
[INFO] running `Command { std: "docker" "start" "-a" "74cb42e1798fb6afe08a317e14fb786f35d438329b3b7106a3d371b03e28f6ca", kill_on_drop: false }`
[INFO] [stderr] warning: unused imports: `BufReader`, `File`, `Read`, `Write`, `env`, and `self`
[INFO] [stderr]   --> src/main.rs:24:5
[INFO] [stderr]    |
[INFO] [stderr] 24 |     env,
[INFO] [stderr]    |     ^^^
[INFO] [stderr] 25 |     fs::{self, File},
[INFO] [stderr]    |          ^^^^  ^^^^
[INFO] [stderr] 26 |     io::{BufReader, Read, Write},
[INFO] [stderr]    |          ^^^^^^^^^  ^^^^  ^^^^^
[INFO] [stderr]    |
[INFO] [stderr]    = note: `#[warn(unused_imports)]` on by default
[INFO] [stderr] 
[INFO] [stderr] warning: unreachable pattern
[INFO] [stderr]    --> src/main.rs:175:9
[INFO] [stderr]     |
[INFO] [stderr] 175 |         _ => {
[INFO] [stderr]     |         ^ no value can reach this
[INFO] [stderr]     |
[INFO] [stderr] note: multiple earlier patterns match some of the same values
[INFO] [stderr]    --> src/main.rs:175:9
[INFO] [stderr]     |
[INFO] [stderr] 104 | /         AzureStorageAccountContainerOperation::Upload {
[INFO] [stderr] 105 | |             upload_file_path,
[INFO] [stderr] 106 | |             blob_name,
[INFO] [stderr] 107 | |         } => {
[INFO] [stderr]     | |_________- matches some of the same values
[INFO] [stderr] ...
[INFO] [stderr] 131 | /         AzureStorageAccountContainerOperation::Download {
[INFO] [stderr] 132 | |             download_file_path,
[INFO] [stderr] 133 | |             blob_name,
[INFO] [stderr] 134 | |         } => {
[INFO] [stderr]     | |_________- matches some of the same values
[INFO] [stderr] ...
[INFO] [stderr] 158 |           AzureStorageAccountContainerOperation::Delete { blob_name } => {
[INFO] [stderr]     |           ----------------------------------------------------------- matches some of the same values
[INFO] [stderr] ...
[INFO] [stderr] 175 |           _ => {
[INFO] [stderr]     |           ^ collectively making this unreachable
[INFO] [stderr]     = note: `#[warn(unreachable_patterns)]` on by default
[INFO] [stderr] 
[INFO] [stderr] warning: `azure_blob_handler` (bin "azure_blob_handler") generated 2 warnings (run `cargo fix --bin "azure_blob_handler"` to apply 1 suggestion)
[INFO] [stderr] warning: `azure_blob_handler` (bin "azure_blob_handler" test) generated 2 warnings (2 duplicates)
[INFO] [stderr]     Finished `test` profile [unoptimized + debuginfo] target(s) in 0.13s
[INFO] [stderr]      Running unittests modules/lib.rs (/opt/rustwide/target/debug/deps/common_modules-4c534015243c712f)
[INFO] [stdout] 
[INFO] [stdout] running 0 tests
[INFO] [stdout] 
[INFO] [stdout] test result: ok. 0 passed; 0 failed; 0 ignored; 0 measured; 0 filtered out; finished in 0.00s
[INFO] [stdout] 
[INFO] [stderr]      Running unittests src/main.rs (/opt/rustwide/target/debug/deps/azure_blob_handler-3c6ce4ac1889e3c4)
[INFO] [stdout] 
[INFO] [stdout] running 0 tests
[INFO] [stdout] 
[INFO] [stderr]      Running test/test_azure_blob_handler.rs (/opt/rustwide/target/debug/deps/test_azure_blob_handler-08adb18cb0c2ec3e)
[INFO] [stdout] test result: ok. 0 passed; 0 failed; 0 ignored; 0 measured; 0 filtered out; finished in 0.00s
[INFO] [stdout] 
[INFO] [stdout] 
[INFO] [stdout] running 1 test
[INFO] [stdout] test tests::test_azure_blob_storage_methods ... FAILED
[INFO] [stdout] 
[INFO] [stdout] failures:
[INFO] [stdout] 
[INFO] [stdout] ---- tests::test_azure_blob_storage_methods stdout ----
[INFO] [stdout] thread 'tests::test_azure_blob_storage_methods' panicked at test/test_azure_blob_handler.rs:45:14:
[INFO] [stdout] AZURE_CONTAINER_NAME environment variable expected: NotPresent
[INFO] [stdout] stack backtrace:
[INFO] [stdout]    0:     0x6528a99474fa - std::backtrace_rs::backtrace::libunwind::trace::h207520d6e9873551
[INFO] [stdout]                                at /rustc/df4ca44d3fbc9301ee17f30f4d474e6ae4b05252/library/std/src/../../backtrace/src/backtrace/libunwind.rs:116:5
[INFO] [stdout]    1:     0x6528a99474fa - std::backtrace_rs::backtrace::trace_unsynchronized::h2ed7433f370e3eca
[INFO] [stdout]                                at /rustc/df4ca44d3fbc9301ee17f30f4d474e6ae4b05252/library/std/src/../../backtrace/src/backtrace/mod.rs:66:5
[INFO] [stdout]    2:     0x6528a99474fa - std::sys::backtrace::_print_fmt::h916fac51166b18d7
[INFO] [stdout]                                at /rustc/df4ca44d3fbc9301ee17f30f4d474e6ae4b05252/library/std/src/sys/backtrace.rs:66:9
[INFO] [stdout]    3:     0x6528a99474fa - <std::sys::backtrace::BacktraceLock::print::DisplayBacktrace as core::fmt::Display>::fmt::ha0a4c9b8ce3802e6
[INFO] [stdout]                                at /rustc/df4ca44d3fbc9301ee17f30f4d474e6ae4b05252/library/std/src/sys/backtrace.rs:39:26
[INFO] [stdout]    4:     0x6528a9972613 - core::fmt::rt::Argument::fmt::h4cfc8587d52b3eb5
[INFO] [stdout]                                at /rustc/df4ca44d3fbc9301ee17f30f4d474e6ae4b05252/library/core/src/fmt/rt.rs:177:76
[INFO] [stdout]    5:     0x6528a9972613 - core::fmt::write::h522cc39e5b36ae9f
[INFO] [stdout]                                at /rustc/df4ca44d3fbc9301ee17f30f4d474e6ae4b05252/library/core/src/fmt/mod.rs:1190:21
[INFO] [stdout]    6:     0x6528a99432b3 - std::io::Write::write_fmt::h7d3c26752da97734
[INFO] [stdout]                                at /rustc/df4ca44d3fbc9301ee17f30f4d474e6ae4b05252/library/std/src/io/mod.rs:1839:15
[INFO] [stdout]    7:     0x6528a9947342 - std::sys::backtrace::BacktraceLock::print::h4b9e00b29e9c0942
[INFO] [stdout]                                at /rustc/df4ca44d3fbc9301ee17f30f4d474e6ae4b05252/library/std/src/sys/backtrace.rs:42:9
[INFO] [stdout]    8:     0x6528a994898a - std::panicking::default_hook::{{closure}}::hb59b88280d0324d9
[INFO] [stdout]                                at /rustc/df4ca44d3fbc9301ee17f30f4d474e6ae4b05252/library/std/src/panicking.rs:268:22
[INFO] [stdout]    9:     0x6528a9948794 - std::panicking::default_hook::he1dd496665be4a29
[INFO] [stdout]                                at /rustc/df4ca44d3fbc9301ee17f30f4d474e6ae4b05252/library/std/src/panicking.rs:292:9
[INFO] [stdout]   10:     0x6528a93c5e79 - <alloc::boxed::Box<F,A> as core::ops::function::Fn<Args>>::call::h4ff71de18744e1dc
[INFO] [stdout]                                at /rustc/df4ca44d3fbc9301ee17f30f4d474e6ae4b05252/library/alloc/src/boxed.rs:2468:9
[INFO] [stdout]   11:     0x6528a93c5e79 - test::test_main::{{closure}}::hcf7c055ce117aa81
[INFO] [stdout]                                at /rustc/df4ca44d3fbc9301ee17f30f4d474e6ae4b05252/library/test/src/lib.rs:133:21
[INFO] [stdout]   12:     0x6528a9949088 - <alloc::boxed::Box<F,A> as core::ops::function::Fn<Args>>::call::h1d66c6bbd60c9692
[INFO] [stdout]                                at /rustc/df4ca44d3fbc9301ee17f30f4d474e6ae4b05252/library/alloc/src/boxed.rs:2468:9
[INFO] [stdout]   13:     0x6528a9949088 - std::panicking::rust_panic_with_hook::h2ff17fe8f26dfcf8
[INFO] [stdout]                                at /rustc/df4ca44d3fbc9301ee17f30f4d474e6ae4b05252/library/std/src/panicking.rs:809:13
[INFO] [stdout]   14:     0x6528a9948e4a - std::panicking::begin_panic_handler::{{closure}}::h4fad77951c07e101
[INFO] [stdout]                                at /rustc/df4ca44d3fbc9301ee17f30f4d474e6ae4b05252/library/std/src/panicking.rs:674:13
[INFO] [stdout]   15:     0x6528a99479d9 - std::sys::backtrace::__rust_end_short_backtrace::hb1a25b3da5d0ea08
[INFO] [stdout]                                at /rustc/df4ca44d3fbc9301ee17f30f4d474e6ae4b05252/library/std/src/sys/backtrace.rs:170:18
[INFO] [stdout]   16:     0x6528a9948adc - rust_begin_unwind
[INFO] [stdout]                                at /rustc/df4ca44d3fbc9301ee17f30f4d474e6ae4b05252/library/std/src/panicking.rs:665:5
[INFO] [stdout]   17:     0x6528a9970240 - core::panicking::panic_fmt::ha9db07b529f9b256
[INFO] [stdout]                                at /rustc/df4ca44d3fbc9301ee17f30f4d474e6ae4b05252/library/core/src/panicking.rs:75:14
[INFO] [stdout]   18:     0x6528a9970726 - core::result::unwrap_failed::h5e8218e4d4338b8a
[INFO] [stdout]                                at /rustc/df4ca44d3fbc9301ee17f30f4d474e6ae4b05252/library/core/src/result.rs:1698:5
[INFO] [stdout]   19:     0x6528a90f9026 - core::result::Result<T,E>::expect::h3e486ae701145198
[INFO] [stdout]                                at /rustc/df4ca44d3fbc9301ee17f30f4d474e6ae4b05252/library/core/src/result.rs:1060:23
[INFO] [stdout]   20:     0x6528a9101e0b - test_azure_blob_handler::tests::test_azure_blob_storage_methods::{{closure}}::h7633d50a7aa8a7b6
[INFO] [stdout]                                at /opt/rustwide/workdir/test/test_azure_blob_handler.rs:44:30
[INFO] [stdout]   21:     0x6528a91013ff - <core::pin::Pin<P> as core::future::future::Future>::poll::h52816224a243fc87
[INFO] [stdout]                                at /rustc/df4ca44d3fbc9301ee17f30f4d474e6ae4b05252/library/core/src/future/future.rs:123:9
[INFO] [stdout]   22:     0x6528a91014bb - <core::pin::Pin<P> as core::future::future::Future>::poll::h7a0c5770469d20a2
[INFO] [stdout]                                at /rustc/df4ca44d3fbc9301ee17f30f4d474e6ae4b05252/library/core/src/future/future.rs:123:9
[INFO] [stdout]   23:     0x6528a910101e - tokio::runtime::scheduler::current_thread::CoreGuard::block_on::{{closure}}::{{closure}}::{{closure}}::hf1313d77a7c220f8
[INFO] [stdout]                                at /opt/rustwide/cargo-home/registry/src/index.crates.io-6f17d22bba15001f/tokio-1.41.0/src/runtime/scheduler/current_thread/mod.rs:729:57
[INFO] [stdout]   24:     0x6528a9100d15 - tokio::runtime::coop::with_budget::h6f5d5d420da4b670
[INFO] [stdout]                                at /opt/rustwide/cargo-home/registry/src/index.crates.io-6f17d22bba15001f/tokio-1.41.0/src/runtime/coop.rs:107:5
[INFO] [stdout]   25:     0x6528a9100d15 - tokio::runtime::coop::budget::ha2a003127be64c91
[INFO] [stdout]                                at /opt/rustwide/cargo-home/registry/src/index.crates.io-6f17d22bba15001f/tokio-1.41.0/src/runtime/coop.rs:73:5
[INFO] [stdout]   26:     0x6528a9100d15 - tokio::runtime::scheduler::current_thread::CoreGuard::block_on::{{closure}}::{{closure}}::h439c0568db0169ad
[INFO] [stdout]                                at /opt/rustwide/cargo-home/registry/src/index.crates.io-6f17d22bba15001f/tokio-1.41.0/src/runtime/scheduler/current_thread/mod.rs:729:25
[INFO] [stdout]   27:     0x6528a90fe539 - tokio::runtime::scheduler::current_thread::Context::enter::h85c2edd02aecb991
[INFO] [stdout]                                at /opt/rustwide/cargo-home/registry/src/index.crates.io-6f17d22bba15001f/tokio-1.41.0/src/runtime/scheduler/current_thread/mod.rs:428:19
[INFO] [stdout]   28:     0x6528a91004ae - tokio::runtime::scheduler::current_thread::CoreGuard::block_on::{{closure}}::hd3899a2743af7417
[INFO] [stdout]                                at /opt/rustwide/cargo-home/registry/src/index.crates.io-6f17d22bba15001f/tokio-1.41.0/src/runtime/scheduler/current_thread/mod.rs:728:36
[INFO] [stdout]   29:     0x6528a90ff81b - tokio::runtime::scheduler::current_thread::CoreGuard::enter::{{closure}}::hf0d0531f5c30bc8e
[INFO] [stdout]                                at /opt/rustwide/cargo-home/registry/src/index.crates.io-6f17d22bba15001f/tokio-1.41.0/src/runtime/scheduler/current_thread/mod.rs:807:68
[INFO] [stdout]   30:     0x6528a90fb62a - tokio::runtime::context::scoped::Scoped<T>::set::he0792f8456d8a279
[INFO] [stdout]                                at /opt/rustwide/cargo-home/registry/src/index.crates.io-6f17d22bba15001f/tokio-1.41.0/src/runtime/context/scoped.rs:40:9
[INFO] [stdout]   31:     0x6528a90fb21a - tokio::runtime::context::set_scheduler::{{closure}}::hb06ba018832f25f0
[INFO] [stdout]                                at /opt/rustwide/cargo-home/registry/src/index.crates.io-6f17d22bba15001f/tokio-1.41.0/src/runtime/context.rs:180:26
[INFO] [stdout]   32:     0x6528a90f7c5d - std::thread::local::LocalKey<T>::try_with::h593656439cef2346
[INFO] [stdout]                                at /rustc/df4ca44d3fbc9301ee17f30f4d474e6ae4b05252/library/std/src/thread/local.rs:283:12
[INFO] [stdout]   33:     0x6528a90f742c - std::thread::local::LocalKey<T>::with::hfec02bde610ddaa0
[INFO] [stdout]                                at /rustc/df4ca44d3fbc9301ee17f30f4d474e6ae4b05252/library/std/src/thread/local.rs:260:9
[INFO] [stdout]   34:     0x6528a90fb111 - tokio::runtime::context::set_scheduler::h8c3910fa5a4d71ef
[INFO] [stdout]                                at /opt/rustwide/cargo-home/registry/src/index.crates.io-6f17d22bba15001f/tokio-1.41.0/src/runtime/context.rs:180:9
[INFO] [stdout]   35:     0x6528a90ff0e2 - tokio::runtime::scheduler::current_thread::CoreGuard::enter::h3ba6e06662e1d94a
[INFO] [stdout]                                at /opt/rustwide/cargo-home/registry/src/index.crates.io-6f17d22bba15001f/tokio-1.41.0/src/runtime/scheduler/current_thread/mod.rs:807:27
[INFO] [stdout]   36:     0x6528a90ff851 - tokio::runtime::scheduler::current_thread::CoreGuard::block_on::h549aec2ae5aad7da
[INFO] [stdout]                                at /opt/rustwide/cargo-home/registry/src/index.crates.io-6f17d22bba15001f/tokio-1.41.0/src/runtime/scheduler/current_thread/mod.rs:716:19
[INFO] [stdout]   37:     0x6528a90fd288 - tokio::runtime::scheduler::current_thread::CurrentThread::block_on::{{closure}}::h0855bfd29f2dda2e
[INFO] [stdout]                                at /opt/rustwide/cargo-home/registry/src/index.crates.io-6f17d22bba15001f/tokio-1.41.0/src/runtime/scheduler/current_thread/mod.rs:196:28
[INFO] [stdout]   38:     0x6528a90fb782 - tokio::runtime::context::runtime::enter_runtime::hbf192f94bcdb9a37
[INFO] [stdout]                                at /opt/rustwide/cargo-home/registry/src/index.crates.io-6f17d22bba15001f/tokio-1.41.0/src/runtime/context/runtime.rs:65:16
[INFO] [stdout]   39:     0x6528a90fcf37 - tokio::runtime::scheduler::current_thread::CurrentThread::block_on::h0ec80e2f747fc9df
[INFO] [stdout]                                at /opt/rustwide/cargo-home/registry/src/index.crates.io-6f17d22bba15001f/tokio-1.41.0/src/runtime/scheduler/current_thread/mod.rs:184:9
[INFO] [stdout]   40:     0x6528a90fc8a1 - tokio::runtime::runtime::Runtime::block_on_inner::h3c4ae56a2b3c1da9
[INFO] [stdout]                                at /opt/rustwide/cargo-home/registry/src/index.crates.io-6f17d22bba15001f/tokio-1.41.0/src/runtime/runtime.rs:368:47
[INFO] [stdout]   41:     0x6528a90fcc7f - tokio::runtime::runtime::Runtime::block_on::hcc27bfd5a1432709
[INFO] [stdout]                                at /opt/rustwide/cargo-home/registry/src/index.crates.io-6f17d22bba15001f/tokio-1.41.0/src/runtime/runtime.rs:342:13
[INFO] [stdout]   42:     0x6528a9101873 - test_azure_blob_handler::tests::test_azure_blob_storage_methods::h13018a87da67146b
[INFO] [stdout]                                at /opt/rustwide/workdir/test/test_azure_blob_handler.rs:55:9
[INFO] [stdout]   43:     0x6528a9101717 - test_azure_blob_handler::tests::test_azure_blob_storage_methods::{{closure}}::h8fe2cd1c1d269b40
[INFO] [stdout]                                at /opt/rustwide/workdir/test/test_azure_blob_handler.rs:31:55
[INFO] [stdout]   44:     0x6528a90f8596 - core::ops::function::FnOnce::call_once::h91cf8d2fe8ea84c9
[INFO] [stdout]                                at /rustc/df4ca44d3fbc9301ee17f30f4d474e6ae4b05252/library/core/src/ops/function.rs:250:5
[INFO] [stdout]   45:     0x6528a93ca74b - core::ops::function::FnOnce::call_once::h22c3ba5715e93f05
[INFO] [stdout]                                at /rustc/df4ca44d3fbc9301ee17f30f4d474e6ae4b05252/library/core/src/ops/function.rs:250:5
[INFO] [stdout]   46:     0x6528a93ca74b - test::__rust_begin_short_backtrace::h8e82d8113d0da17f
[INFO] [stdout]                                at /rustc/df4ca44d3fbc9301ee17f30f4d474e6ae4b05252/library/test/src/lib.rs:621:18
[INFO] [stdout]   47:     0x6528a93ca0c7 - test::run_test_in_process::{{closure}}::h33235f4f20b7b7c7
[INFO] [stdout]                                at /rustc/df4ca44d3fbc9301ee17f30f4d474e6ae4b05252/library/test/src/lib.rs:644:60
[INFO] [stdout]   48:     0x6528a93ca0c7 - <core::panic::unwind_safe::AssertUnwindSafe<F> as core::ops::function::FnOnce<()>>::call_once::hb5043206310c586f
[INFO] [stdout]                                at /rustc/df4ca44d3fbc9301ee17f30f4d474e6ae4b05252/library/core/src/panic/unwind_safe.rs:272:9
[INFO] [stdout]   49:     0x6528a93ca0c7 - std::panicking::try::do_call::h9ad4731a60ab23e2
[INFO] [stdout]                                at /rustc/df4ca44d3fbc9301ee17f30f4d474e6ae4b05252/library/std/src/panicking.rs:557:40
[INFO] [stdout]   50:     0x6528a93ca0c7 - std::panicking::try::h3824d23db772a716
[INFO] [stdout]                                at /rustc/df4ca44d3fbc9301ee17f30f4d474e6ae4b05252/library/std/src/panicking.rs:520:19
[INFO] [stdout]   51:     0x6528a93ca0c7 - std::panic::catch_unwind::h5afd514605fde46b
[INFO] [stdout]                                at /rustc/df4ca44d3fbc9301ee17f30f4d474e6ae4b05252/library/std/src/panic.rs:358:14
[INFO] [stdout]   52:     0x6528a93ca0c7 - test::run_test_in_process::h0d5cbfa7067d1720
[INFO] [stdout]                                at /rustc/df4ca44d3fbc9301ee17f30f4d474e6ae4b05252/library/test/src/lib.rs:644:27
[INFO] [stdout]   53:     0x6528a93ca0c7 - test::run_test::{{closure}}::h708eb8872708115d
[INFO] [stdout]                                at /rustc/df4ca44d3fbc9301ee17f30f4d474e6ae4b05252/library/test/src/lib.rs:565:43
[INFO] [stdout]   54:     0x6528a938d7e4 - test::run_test::{{closure}}::h392c51cee94713ab
[INFO] [stdout]                                at /rustc/df4ca44d3fbc9301ee17f30f4d474e6ae4b05252/library/test/src/lib.rs:595:41
[INFO] [stdout]   55:     0x6528a938d7e4 - std::sys::backtrace::__rust_begin_short_backtrace::h2f40290710935a8b
[INFO] [stdout]                                at /rustc/df4ca44d3fbc9301ee17f30f4d474e6ae4b05252/library/std/src/sys/backtrace.rs:154:18
[INFO] [stdout]   56:     0x6528a9390f8e - std::thread::Builder::spawn_unchecked_::{{closure}}::{{closure}}::h3fd968d89053a903
[INFO] [stdout]                                at /rustc/df4ca44d3fbc9301ee17f30f4d474e6ae4b05252/library/std/src/thread/mod.rs:541:17
[INFO] [stdout]   57:     0x6528a9390f8e - <core::panic::unwind_safe::AssertUnwindSafe<F> as core::ops::function::FnOnce<()>>::call_once::h743f637ba4229880
[INFO] [stdout]                                at /rustc/df4ca44d3fbc9301ee17f30f4d474e6ae4b05252/library/core/src/panic/unwind_safe.rs:272:9
[INFO] [stdout]   58:     0x6528a9390f8e - std::panicking::try::do_call::h07440897322525a6
[INFO] [stdout]                                at /rustc/df4ca44d3fbc9301ee17f30f4d474e6ae4b05252/library/std/src/panicking.rs:557:40
[INFO] [stdout]   59:     0x6528a9390f8e - std::panicking::try::he5a2e00188156637
[INFO] [stdout]                                at /rustc/df4ca44d3fbc9301ee17f30f4d474e6ae4b05252/library/std/src/panicking.rs:520:19
[INFO] [stdout]   60:     0x6528a9390f8e - std::panic::catch_unwind::hbaf3cae49b3c6433
[INFO] [stdout]                                at /rustc/df4ca44d3fbc9301ee17f30f4d474e6ae4b05252/library/std/src/panic.rs:358:14
[INFO] [stdout]   61:     0x6528a9390f8e - std::thread::Builder::spawn_unchecked_::{{closure}}::h8e141ea224820bce
[INFO] [stdout]                                at /rustc/df4ca44d3fbc9301ee17f30f4d474e6ae4b05252/library/std/src/thread/mod.rs:540:30
[INFO] [stdout]   62:     0x6528a9390f8e - core::ops::function::FnOnce::call_once{{vtable.shim}}::h90d312fedd7b8ea8
[INFO] [stdout]                                at /rustc/df4ca44d3fbc9301ee17f30f4d474e6ae4b05252/library/core/src/ops/function.rs:250:5
[INFO] [stdout]   63:     0x6528a994d3eb - <alloc::boxed::Box<F,A> as core::ops::function::FnOnce<Args>>::call_once::h69aa08ddb6adb8b6
[INFO] [stdout]                                at /rustc/df4ca44d3fbc9301ee17f30f4d474e6ae4b05252/library/alloc/src/boxed.rs:2454:9
[INFO] [stdout]   64:     0x6528a994d3eb - <alloc::boxed::Box<F,A> as core::ops::function::FnOnce<Args>>::call_once::h5aa36efdb79c806f
[INFO] [stdout]                                at /rustc/df4ca44d3fbc9301ee17f30f4d474e6ae4b05252/library/alloc/src/boxed.rs:2454:9
[INFO] [stdout]   65:     0x6528a994d3eb - std::sys::pal::unix::thread::Thread::new::thread_start::h6cd80a1b4be5158d
[INFO] [stdout]                                at /rustc/df4ca44d3fbc9301ee17f30f4d474e6ae4b05252/library/std/src/sys/pal/unix/thread.rs:105:17
[INFO] [stdout]   66:     0x73a840109ac3 - <unknown>
[INFO] [stdout]   67:     0x73a84019aa04 - clone
[INFO] [stdout]   68:                0x0 - <unknown>
[INFO] [stdout] 
[INFO] [stdout] 
[INFO] [stdout] failures:
[INFO] [stdout]     tests::test_azure_blob_storage_methods
[INFO] [stdout] 
[INFO] [stdout] test result: FAILED. 0 passed; 1 failed; 0 ignored; 0 measured; 0 filtered out; finished in 0.04s
[INFO] [stdout] 
[INFO] [stderr] error: test failed, to rerun pass `--test test_azure_blob_handler`
[INFO] running `Command { std: "docker" "inspect" "74cb42e1798fb6afe08a317e14fb786f35d438329b3b7106a3d371b03e28f6ca", kill_on_drop: false }`
[INFO] running `Command { std: "docker" "rm" "-f" "74cb42e1798fb6afe08a317e14fb786f35d438329b3b7106a3d371b03e28f6ca", kill_on_drop: false }`
[INFO] [stdout] 74cb42e1798fb6afe08a317e14fb786f35d438329b3b7106a3d371b03e28f6ca
