[INFO] cloning repository https://github.com/M-S-Jacobs2727/jmd
[INFO] running `Command { std: "git" "-c" "credential.helper=" "-c" "credential.helper=/workspace/cargo-home/bin/git-credential-null" "clone" "--bare" "https://github.com/M-S-Jacobs2727/jmd" "/workspace/cache/git-repos/https%3A%2F%2Fgithub.com%2FM-S-Jacobs2727%2Fjmd", kill_on_drop: false }`
[INFO] [stderr] Cloning into bare repository '/workspace/cache/git-repos/https%3A%2F%2Fgithub.com%2FM-S-Jacobs2727%2Fjmd'...
[INFO] running `Command { std: "git" "rev-parse" "HEAD", kill_on_drop: false }`
[INFO] [stdout] 751515e0424037b182f63ad408fc0d497bdd4a09
[INFO] testing M-S-Jacobs2727/jmd/751515e0424037b182f63ad408fc0d497bdd4a09 against nightly-2024-10-28 for randomize-layout
[INFO] running `Command { std: "git" "clone" "/workspace/cache/git-repos/https%3A%2F%2Fgithub.com%2FM-S-Jacobs2727%2Fjmd" "/workspace/builds/worker-5-tc1/source", kill_on_drop: false }`
[INFO] [stderr] Cloning into '/workspace/builds/worker-5-tc1/source'...
[INFO] [stderr] done.
[INFO] validating manifest of git repo https://github.com/M-S-Jacobs2727/jmd on toolchain nightly-2024-10-28
[INFO] running `Command { std: CARGO_HOME="/workspace/cargo-home" RUSTUP_HOME="/workspace/rustup-home" "/workspace/cargo-home/bin/cargo" "+nightly-2024-10-28" "metadata" "--manifest-path" "Cargo.toml" "--no-deps", kill_on_drop: false }`
[INFO] started tweaking git repo https://github.com/M-S-Jacobs2727/jmd
[INFO] removed 0 missing examples
[INFO] finished tweaking git repo https://github.com/M-S-Jacobs2727/jmd
[INFO] tweaked toml for git repo https://github.com/M-S-Jacobs2727/jmd written to /workspace/builds/worker-5-tc1/source/Cargo.toml
[INFO] crate git repo https://github.com/M-S-Jacobs2727/jmd already has a lockfile, it will not be regenerated
[INFO] running `Command { std: CARGO_HOME="/workspace/cargo-home" RUSTUP_HOME="/workspace/rustup-home" "/workspace/cargo-home/bin/cargo" "+nightly-2024-10-28" "fetch" "--manifest-path" "Cargo.toml", kill_on_drop: false }`
[INFO] running `Command { std: "docker" "create" "-v" "/var/lib/crater-agent-workspace/builds/worker-5-tc1/target:/opt/rustwide/target:rw,Z" "-v" "/var/lib/crater-agent-workspace/builds/worker-5-tc1/source:/opt/rustwide/workdir:ro,Z" "-v" "/var/lib/crater-agent-workspace/cargo-home:/opt/rustwide/cargo-home:ro,Z" "-v" "/var/lib/crater-agent-workspace/rustup-home:/opt/rustwide/rustup-home:ro,Z" "-e" "SOURCE_DIR=/opt/rustwide/workdir" "-e" "CARGO_TARGET_DIR=/opt/rustwide/target" "-e" "CARGO_HOME=/opt/rustwide/cargo-home" "-e" "RUSTUP_HOME=/opt/rustwide/rustup-home" "-w" "/opt/rustwide/workdir" "-m" "1610612736" "--user" "0:0" "--network" "none" "ghcr.io/rust-lang/crates-build-env/linux@sha256:4a844ea9eb2546a2d2c7022eacef16ef2e8229c7fbb2c7d4d55a9ceca922f72d" "/opt/rustwide/cargo-home/bin/cargo" "+nightly-2024-10-28" "metadata" "--no-deps" "--format-version=1", kill_on_drop: false }`
[INFO] [stdout] f218db28271d5ea6850de547546a05d9f5b22600eb6c1de854ce28993819d605
[INFO] running `Command { std: "docker" "start" "-a" "f218db28271d5ea6850de547546a05d9f5b22600eb6c1de854ce28993819d605", kill_on_drop: false }`
[INFO] running `Command { std: "docker" "inspect" "f218db28271d5ea6850de547546a05d9f5b22600eb6c1de854ce28993819d605", kill_on_drop: false }`
[INFO] running `Command { std: "docker" "rm" "-f" "f218db28271d5ea6850de547546a05d9f5b22600eb6c1de854ce28993819d605", kill_on_drop: false }`
[INFO] [stdout] f218db28271d5ea6850de547546a05d9f5b22600eb6c1de854ce28993819d605
[INFO] running `Command { std: "docker" "create" "-v" "/var/lib/crater-agent-workspace/builds/worker-5-tc1/target:/opt/rustwide/target:rw,Z" "-v" "/var/lib/crater-agent-workspace/builds/worker-5-tc1/source:/opt/rustwide/workdir:ro,Z" "-v" "/var/lib/crater-agent-workspace/cargo-home:/opt/rustwide/cargo-home:ro,Z" "-v" "/var/lib/crater-agent-workspace/rustup-home:/opt/rustwide/rustup-home:ro,Z" "-e" "SOURCE_DIR=/opt/rustwide/workdir" "-e" "CARGO_TARGET_DIR=/opt/rustwide/target" "-e" "CARGO_INCREMENTAL=0" "-e" "RUST_BACKTRACE=full" "-e" "RUSTFLAGS=--cap-lints=forbid" "-e" "RUSTDOCFLAGS=--cap-lints=forbid" "-e" "CARGO_HOME=/opt/rustwide/cargo-home" "-e" "RUSTUP_HOME=/opt/rustwide/rustup-home" "-w" "/opt/rustwide/workdir" "-m" "1610612736" "--user" "0:0" "--network" "none" "ghcr.io/rust-lang/crates-build-env/linux@sha256:4a844ea9eb2546a2d2c7022eacef16ef2e8229c7fbb2c7d4d55a9ceca922f72d" "/opt/rustwide/cargo-home/bin/cargo" "+nightly-2024-10-28" "build" "--frozen" "--message-format=json", kill_on_drop: false }`
[INFO] [stdout] 973e05af445134bcfa78d1787f2265a26e0e4127e72d08d32a262d98a640421a
[INFO] running `Command { std: "docker" "start" "-a" "973e05af445134bcfa78d1787f2265a26e0e4127e72d08d32a262d98a640421a", kill_on_drop: false }`
[INFO] [stderr]    Compiling proc-macro2 v1.0.86
[INFO] [stderr]    Compiling unicode-ident v1.0.12
[INFO] [stderr]    Compiling libc v0.2.158
[INFO] [stderr]    Compiling cfg-if v1.0.0
[INFO] [stderr]    Compiling byteorder v1.5.0
[INFO] [stderr]    Compiling libm v0.2.8
[INFO] [stderr]    Compiling autocfg v1.4.0
[INFO] [stderr]    Compiling num-traits v0.2.19
[INFO] [stderr]    Compiling quote v1.0.37
[INFO] [stderr]    Compiling syn v2.0.77
[INFO] [stderr]    Compiling getrandom v0.2.15
[INFO] [stderr]    Compiling rand_core v0.6.4
[INFO] [stderr]    Compiling zerocopy-derive v0.7.35
[INFO] [stderr]    Compiling zerocopy v0.7.35
[INFO] [stderr]    Compiling ppv-lite86 v0.2.20
[INFO] [stderr]    Compiling rand_chacha v0.3.1
[INFO] [stderr]    Compiling rand v0.8.5
[INFO] [stderr]    Compiling rand_distr v0.4.3
[INFO] [stderr]    Compiling jmd v0.1.0 (/opt/rustwide/workdir)
[INFO] [stdout] warning: methods `set_bounds` and `set_idx` are never used
[INFO] [stdout]   --> src/utils/indices.rs:51:19
[INFO] [stdout]    |
[INFO] [stdout] 6  | impl Index {
[INFO] [stdout]    | ---------- methods in this implementation
[INFO] [stdout] ...
[INFO] [stdout] 51 |     pub(crate) fn set_bounds(&mut self, bounds: [usize; 3]) {
[INFO] [stdout]    |                   ^^^^^^^^^^
[INFO] [stdout] ...
[INFO] [stdout] 58 |     pub(crate) fn set_idx(&mut self, idx: usize) {
[INFO] [stdout]    |                   ^^^^^^^
[INFO] [stdout]    |
[INFO] [stdout]    = note: `#[warn(dead_code)]` on by default
[INFO] [stdout] 
[INFO] [stdout] 
[INFO] [stdout] warning: method `index` is never used
[INFO] [stdout]   --> src/utils/keyed_vec.rs:38:19
[INFO] [stdout]    |
[INFO] [stdout] 14 | / impl<K, V> KeyedVec<K, V>
[INFO] [stdout] 15 | | where
[INFO] [stdout] 16 | |     K: PartialEq + Debug,
[INFO] [stdout]    | |_________________________- method in this implementation
[INFO] [stdout] ...
[INFO] [stdout] 38 |       pub(crate) fn index(&self, idx: usize) -> &V {
[INFO] [stdout]    |                     ^^^^^
[INFO] [stdout] 
[INFO] [stdout] 
[INFO] [stderr]     Finished `dev` profile [unoptimized + debuginfo] target(s) in 3.63s
[INFO] running `Command { std: "docker" "inspect" "973e05af445134bcfa78d1787f2265a26e0e4127e72d08d32a262d98a640421a", kill_on_drop: false }`
[INFO] running `Command { std: "docker" "rm" "-f" "973e05af445134bcfa78d1787f2265a26e0e4127e72d08d32a262d98a640421a", kill_on_drop: false }`
[INFO] [stdout] 973e05af445134bcfa78d1787f2265a26e0e4127e72d08d32a262d98a640421a
[INFO] running `Command { std: "docker" "create" "-v" "/var/lib/crater-agent-workspace/builds/worker-5-tc1/target:/opt/rustwide/target:rw,Z" "-v" "/var/lib/crater-agent-workspace/builds/worker-5-tc1/source:/opt/rustwide/workdir:ro,Z" "-v" "/var/lib/crater-agent-workspace/cargo-home:/opt/rustwide/cargo-home:ro,Z" "-v" "/var/lib/crater-agent-workspace/rustup-home:/opt/rustwide/rustup-home:ro,Z" "-e" "SOURCE_DIR=/opt/rustwide/workdir" "-e" "CARGO_TARGET_DIR=/opt/rustwide/target" "-e" "CARGO_INCREMENTAL=0" "-e" "RUST_BACKTRACE=full" "-e" "RUSTFLAGS=--cap-lints=forbid" "-e" "RUSTDOCFLAGS=--cap-lints=forbid" "-e" "CARGO_HOME=/opt/rustwide/cargo-home" "-e" "RUSTUP_HOME=/opt/rustwide/rustup-home" "-w" "/opt/rustwide/workdir" "-m" "1610612736" "--user" "0:0" "--network" "none" "ghcr.io/rust-lang/crates-build-env/linux@sha256:4a844ea9eb2546a2d2c7022eacef16ef2e8229c7fbb2c7d4d55a9ceca922f72d" "/opt/rustwide/cargo-home/bin/cargo" "+nightly-2024-10-28" "test" "--frozen" "--no-run" "--message-format=json", kill_on_drop: false }`
[INFO] [stdout] ab0415318a71c4d12be793df285a28befa45d60cbe51aa4e0b4b878ce89eb69e
[INFO] running `Command { std: "docker" "start" "-a" "ab0415318a71c4d12be793df285a28befa45d60cbe51aa4e0b4b878ce89eb69e", kill_on_drop: false }`
[INFO] [stdout] warning: methods `set_bounds` and `set_idx` are never used
[INFO] [stdout]   --> src/utils/indices.rs:51:19
[INFO] [stdout]    |
[INFO] [stdout] 6  | impl Index {
[INFO] [stdout]    | ---------- methods in this implementation
[INFO] [stdout] ...
[INFO] [stdout] 51 |     pub(crate) fn set_bounds(&mut self, bounds: [usize; 3]) {
[INFO] [stdout]    |                   ^^^^^^^^^^
[INFO] [stdout] ...
[INFO] [stdout] 58 |     pub(crate) fn set_idx(&mut self, idx: usize) {
[INFO] [stdout]    |                   ^^^^^^^
[INFO] [stdout]    |
[INFO] [stdout]    = note: `#[warn(dead_code)]` on by default
[INFO] [stdout] 
[INFO] [stdout] 
[INFO] [stdout] warning: method `index` is never used
[INFO] [stdout]   --> src/utils/keyed_vec.rs:38:19
[INFO] [stdout]    |
[INFO] [stdout] 14 | / impl<K, V> KeyedVec<K, V>
[INFO] [stdout] 15 | | where
[INFO] [stdout] 16 | |     K: PartialEq + Debug,
[INFO] [stdout]    | |_________________________- method in this implementation
[INFO] [stdout] ...
[INFO] [stdout] 38 |       pub(crate) fn index(&self, idx: usize) -> &V {
[INFO] [stdout]    |                     ^^^^^
[INFO] [stdout] 
[INFO] [stdout] 
[INFO] [stderr]    Compiling jmd v0.1.0 (/opt/rustwide/workdir)
[INFO] [stdout] warning: methods `set_bounds` and `set_idx` are never used
[INFO] [stdout]   --> src/utils/indices.rs:51:19
[INFO] [stdout]    |
[INFO] [stdout] 6  | impl Index {
[INFO] [stdout]    | ---------- methods in this implementation
[INFO] [stdout] ...
[INFO] [stdout] 51 |     pub(crate) fn set_bounds(&mut self, bounds: [usize; 3]) {
[INFO] [stdout]    |                   ^^^^^^^^^^
[INFO] [stdout] ...
[INFO] [stdout] 58 |     pub(crate) fn set_idx(&mut self, idx: usize) {
[INFO] [stdout]    |                   ^^^^^^^
[INFO] [stdout]    |
[INFO] [stdout]    = note: `#[warn(dead_code)]` on by default
[INFO] [stdout] 
[INFO] [stdout] 
[INFO] [stdout] warning: method `index` is never used
[INFO] [stdout]   --> src/utils/keyed_vec.rs:38:19
[INFO] [stdout]    |
[INFO] [stdout] 14 | / impl<K, V> KeyedVec<K, V>
[INFO] [stdout] 15 | | where
[INFO] [stdout] 16 | |     K: PartialEq + Debug,
[INFO] [stdout]    | |_________________________- method in this implementation
[INFO] [stdout] ...
[INFO] [stdout] 38 |       pub(crate) fn index(&self, idx: usize) -> &V {
[INFO] [stdout]    |                     ^^^^^
[INFO] [stdout] 
[INFO] [stdout] 
[INFO] [stderr]     Finished `test` profile [unoptimized + debuginfo] target(s) in 0.42s
[INFO] running `Command { std: "docker" "inspect" "ab0415318a71c4d12be793df285a28befa45d60cbe51aa4e0b4b878ce89eb69e", kill_on_drop: false }`
[INFO] running `Command { std: "docker" "rm" "-f" "ab0415318a71c4d12be793df285a28befa45d60cbe51aa4e0b4b878ce89eb69e", kill_on_drop: false }`
[INFO] [stdout] ab0415318a71c4d12be793df285a28befa45d60cbe51aa4e0b4b878ce89eb69e
[INFO] running `Command { std: "docker" "create" "-v" "/var/lib/crater-agent-workspace/builds/worker-5-tc1/target:/opt/rustwide/target:rw,Z" "-v" "/var/lib/crater-agent-workspace/builds/worker-5-tc1/source:/opt/rustwide/workdir:ro,Z" "-v" "/var/lib/crater-agent-workspace/cargo-home:/opt/rustwide/cargo-home:ro,Z" "-v" "/var/lib/crater-agent-workspace/rustup-home:/opt/rustwide/rustup-home:ro,Z" "-e" "SOURCE_DIR=/opt/rustwide/workdir" "-e" "CARGO_TARGET_DIR=/opt/rustwide/target" "-e" "CARGO_INCREMENTAL=0" "-e" "RUST_BACKTRACE=full" "-e" "RUSTFLAGS=--cap-lints=forbid" "-e" "RUSTDOCFLAGS=--cap-lints=forbid" "-e" "CARGO_HOME=/opt/rustwide/cargo-home" "-e" "RUSTUP_HOME=/opt/rustwide/rustup-home" "-w" "/opt/rustwide/workdir" "-m" "1610612736" "--user" "0:0" "--network" "none" "ghcr.io/rust-lang/crates-build-env/linux@sha256:4a844ea9eb2546a2d2c7022eacef16ef2e8229c7fbb2c7d4d55a9ceca922f72d" "/opt/rustwide/cargo-home/bin/cargo" "+nightly-2024-10-28" "test" "--frozen", kill_on_drop: false }`
[INFO] [stdout] bb9982f083829bc531592a66a7d7d9dcecbeb865e6e27b5fc49749f32c4ff3fb
[INFO] running `Command { std: "docker" "start" "-a" "bb9982f083829bc531592a66a7d7d9dcecbeb865e6e27b5fc49749f32c4ff3fb", kill_on_drop: false }`
[INFO] [stderr] warning: methods `set_bounds` and `set_idx` are never used
[INFO] [stderr]   --> src/utils/indices.rs:51:19
[INFO] [stderr]    |
[INFO] [stderr] 6  | impl Index {
[INFO] [stderr]    | ---------- methods in this implementation
[INFO] [stderr] ...
[INFO] [stderr] 51 |     pub(crate) fn set_bounds(&mut self, bounds: [usize; 3]) {
[INFO] [stderr]    |                   ^^^^^^^^^^
[INFO] [stderr] ...
[INFO] [stderr] 58 |     pub(crate) fn set_idx(&mut self, idx: usize) {
[INFO] [stderr]    |                   ^^^^^^^
[INFO] [stderr]    |
[INFO] [stderr]    = note: `#[warn(dead_code)]` on by default
[INFO] [stderr] 
[INFO] [stderr] warning: method `index` is never used
[INFO] [stderr]   --> src/utils/keyed_vec.rs:38:19
[INFO] [stderr]    |
[INFO] [stderr] 14 | / impl<K, V> KeyedVec<K, V>
[INFO] [stderr] 15 | | where
[INFO] [stderr] 16 | |     K: PartialEq + Debug,
[INFO] [stderr]    | |_________________________- method in this implementation
[INFO] [stderr] ...
[INFO] [stderr] 38 |       pub(crate) fn index(&self, idx: usize) -> &V {
[INFO] [stderr]    |                     ^^^^^
[INFO] [stderr] 
[INFO] [stderr] warning: `jmd` (lib) generated 2 warnings
[INFO] [stderr] warning: `jmd` (lib test) generated 2 warnings (2 duplicates)
[INFO] [stderr]     Finished `test` profile [unoptimized + debuginfo] target(s) in 0.01s
[INFO] [stderr]      Running unittests src/lib.rs (/opt/rustwide/target/debug/deps/jmd-142bf5f3e318dd04)
[INFO] [stdout] 
[INFO] [stdout] running 7 tests
[INFO] [stdout] test neighbor::grid::tests::test_coord_in_grid ... ok
[INFO] [stdout] test neighbor::grid::tests::test_grid_basic ... ok
[INFO] [stdout] test region::rect::tests::test_bounds ... ok
[INFO] [stdout] test neighbor::neighbor_list::tests::test_two_atoms ... ok
[INFO] [stdout] test neighbor::neighbor_list::tests::test_single_atom ... ok
[INFO] [stdout] test neighbor::neighbor_list::tests::test_two_atoms_far ... ok
[INFO] [stdout] test neighbor::neighbor_list::tests::test_four_atoms ... FAILED
[INFO] [stdout] 
[INFO] [stdout] failures:
[INFO] [stdout] 
[INFO] [stdout] ---- neighbor::neighbor_list::tests::test_four_atoms stdout ----
[INFO] [stdout] [src/neighbor/neighbor_list.rs:260:9] &nl.grid = Grid {
[INFO] [stdout]     lo_corner: [
[INFO] [stdout]         -6.0,
[INFO] [stdout]         -6.0,
[INFO] [stdout]         -6.0,
[INFO] [stdout]     ],
[INFO] [stdout]     bin_size: 1.5,
[INFO] [stdout]     neighbor_distance: 3.0,
[INFO] [stdout]     num_bins: [
[INFO] [stdout]         15,
[INFO] [stdout]         15,
[INFO] [stdout]         15,
[INFO] [stdout]     ],
[INFO] [stdout]     container: Container {
[INFO] [stdout]         rect: Rect {
[INFO] [stdout]             xlo: 0.0,
[INFO] [stdout]             xhi: 10.0,
[INFO] [stdout]             ylo: 0.0,
[INFO] [stdout]             yhi: 10.0,
[INFO] [stdout]             zlo: 0.0,
[INFO] [stdout]             zhi: 10.0,
[INFO] [stdout]         },
[INFO] [stdout]         bc: [
[INFO] [stdout]             PP,
[INFO] [stdout]             PP,
[INFO] [stdout]             PP,
[INFO] [stdout]         ],
[INFO] [stdout]     },
[INFO] [stdout] }
[INFO] [stdout] [src/neighbor/neighbor_list.rs:275:9] &filled_bins = [
[INFO] [stdout]     (
[INFO] [stdout]         964,
[INFO] [stdout]         [
[INFO] [stdout]             0,
[INFO] [stdout]         ],
[INFO] [stdout]     ),
[INFO] [stdout]     (
[INFO] [stdout]         970,
[INFO] [stdout]         [
[INFO] [stdout]             1,
[INFO] [stdout]         ],
[INFO] [stdout]     ),
[INFO] [stdout]     (
[INFO] [stdout]         979,
[INFO] [stdout]         [
[INFO] [stdout]             2,
[INFO] [stdout]         ],
[INFO] [stdout]     ),
[INFO] [stdout]     (
[INFO] [stdout]         1000,
[INFO] [stdout]         [
[INFO] [stdout]             3,
[INFO] [stdout]         ],
[INFO] [stdout]     ),
[INFO] [stdout] ]
[INFO] [stdout] thread 'neighbor::neighbor_list::tests::test_four_atoms' panicked at src/neighbor/neighbor_list.rs:288:13:
[INFO] [stdout] assertion `left == right` failed
[INFO] [stdout]   left: [0]
[INFO] [stdout]  right: []
[INFO] [stdout] stack backtrace:
[INFO] [stdout]    0:     0x63e53f944f9a - std::backtrace_rs::backtrace::libunwind::trace::h207520d6e9873551
[INFO] [stdout]                                at /rustc/df4ca44d3fbc9301ee17f30f4d474e6ae4b05252/library/std/src/../../backtrace/src/backtrace/libunwind.rs:116:5
[INFO] [stdout]    1:     0x63e53f944f9a - std::backtrace_rs::backtrace::trace_unsynchronized::h2ed7433f370e3eca
[INFO] [stdout]                                at /rustc/df4ca44d3fbc9301ee17f30f4d474e6ae4b05252/library/std/src/../../backtrace/src/backtrace/mod.rs:66:5
[INFO] [stdout]    2:     0x63e53f944f9a - std::sys::backtrace::_print_fmt::h916fac51166b18d7
[INFO] [stdout]                                at /rustc/df4ca44d3fbc9301ee17f30f4d474e6ae4b05252/library/std/src/sys/backtrace.rs:66:9
[INFO] [stdout]    3:     0x63e53f944f9a - <std::sys::backtrace::BacktraceLock::print::DisplayBacktrace as core::fmt::Display>::fmt::ha0a4c9b8ce3802e6
[INFO] [stdout]                                at /rustc/df4ca44d3fbc9301ee17f30f4d474e6ae4b05252/library/std/src/sys/backtrace.rs:39:26
[INFO] [stdout]    4:     0x63e53f96b843 - core::fmt::rt::Argument::fmt::h4cfc8587d52b3eb5
[INFO] [stdout]                                at /rustc/df4ca44d3fbc9301ee17f30f4d474e6ae4b05252/library/core/src/fmt/rt.rs:177:76
[INFO] [stdout]    5:     0x63e53f96b843 - core::fmt::write::h522cc39e5b36ae9f
[INFO] [stdout]                                at /rustc/df4ca44d3fbc9301ee17f30f4d474e6ae4b05252/library/core/src/fmt/mod.rs:1190:21
[INFO] [stdout]    6:     0x63e53f941c03 - std::io::Write::write_fmt::h7d3c26752da97734
[INFO] [stdout]                                at /rustc/df4ca44d3fbc9301ee17f30f4d474e6ae4b05252/library/std/src/io/mod.rs:1839:15
[INFO] [stdout]    7:     0x63e53f944de2 - std::sys::backtrace::BacktraceLock::print::h4b9e00b29e9c0942
[INFO] [stdout]                                at /rustc/df4ca44d3fbc9301ee17f30f4d474e6ae4b05252/library/std/src/sys/backtrace.rs:42:9
[INFO] [stdout]    8:     0x63e53f94642a - std::panicking::default_hook::{{closure}}::hb59b88280d0324d9
[INFO] [stdout]                                at /rustc/df4ca44d3fbc9301ee17f30f4d474e6ae4b05252/library/std/src/panicking.rs:268:22
[INFO] [stdout]    9:     0x63e53f946234 - std::panicking::default_hook::he1dd496665be4a29
[INFO] [stdout]                                at /rustc/df4ca44d3fbc9301ee17f30f4d474e6ae4b05252/library/std/src/panicking.rs:292:9
[INFO] [stdout]   10:     0x63e53f90f9c9 - <alloc::boxed::Box<F,A> as core::ops::function::Fn<Args>>::call::h4ff71de18744e1dc
[INFO] [stdout]                                at /rustc/df4ca44d3fbc9301ee17f30f4d474e6ae4b05252/library/alloc/src/boxed.rs:2468:9
[INFO] [stdout]   11:     0x63e53f90f9c9 - test::test_main::{{closure}}::hcf7c055ce117aa81
[INFO] [stdout]                                at /rustc/df4ca44d3fbc9301ee17f30f4d474e6ae4b05252/library/test/src/lib.rs:133:21
[INFO] [stdout]   12:     0x63e53f946b28 - <alloc::boxed::Box<F,A> as core::ops::function::Fn<Args>>::call::h1d66c6bbd60c9692
[INFO] [stdout]                                at /rustc/df4ca44d3fbc9301ee17f30f4d474e6ae4b05252/library/alloc/src/boxed.rs:2468:9
[INFO] [stdout]   13:     0x63e53f946b28 - std::panicking::rust_panic_with_hook::h2ff17fe8f26dfcf8
[INFO] [stdout]                                at /rustc/df4ca44d3fbc9301ee17f30f4d474e6ae4b05252/library/std/src/panicking.rs:809:13
[INFO] [stdout]   14:     0x63e53f9468ea - std::panicking::begin_panic_handler::{{closure}}::h4fad77951c07e101
[INFO] [stdout]                                at /rustc/df4ca44d3fbc9301ee17f30f4d474e6ae4b05252/library/std/src/panicking.rs:674:13
[INFO] [stdout]   15:     0x63e53f945479 - std::sys::backtrace::__rust_end_short_backtrace::hb1a25b3da5d0ea08
[INFO] [stdout]                                at /rustc/df4ca44d3fbc9301ee17f30f4d474e6ae4b05252/library/std/src/sys/backtrace.rs:170:18
[INFO] [stdout]   16:     0x63e53f94657c - rust_begin_unwind
[INFO] [stdout]                                at /rustc/df4ca44d3fbc9301ee17f30f4d474e6ae4b05252/library/std/src/panicking.rs:665:5
[INFO] [stdout]   17:     0x63e53f969f40 - core::panicking::panic_fmt::ha9db07b529f9b256
[INFO] [stdout]                                at /rustc/df4ca44d3fbc9301ee17f30f4d474e6ae4b05252/library/core/src/panicking.rs:75:14
[INFO] [stdout]   18:     0x63e53f96a344 - core::panicking::assert_failed_inner::h04f38944d74a80a8
[INFO] [stdout]   19:     0x63e53f8d1dfe - core::panicking::assert_failed::he626320722ed34bf
[INFO] [stdout]                                at /rustc/df4ca44d3fbc9301ee17f30f4d474e6ae4b05252/library/core/src/panicking.rs:377:5
[INFO] [stdout]   20:     0x63e53f8d5a52 - jmd::neighbor::neighbor_list::tests::test_four_atoms::{{closure}}::h18a6525df101fb0a
[INFO] [stdout]                                at /opt/rustwide/workdir/src/neighbor/neighbor_list.rs:288:13
[INFO] [stdout]   21:     0x63e53f8d17c8 - core::iter::traits::iterator::Iterator::for_each::call::{{closure}}::h63bf3b2533236b38
[INFO] [stdout]                                at /rustc/df4ca44d3fbc9301ee17f30f4d474e6ae4b05252/library/core/src/iter/traits/iterator.rs:810:29
[INFO] [stdout]   22:     0x63e53f8cc4cf - <core::iter::adapters::enumerate::Enumerate<I> as core::iter::traits::iterator::Iterator>::fold::enumerate::{{closure}}::ha0a360867e9620ae
[INFO] [stdout]                                at /rustc/df4ca44d3fbc9301ee17f30f4d474e6ae4b05252/library/core/src/iter/adapters/enumerate.rs:107:27
[INFO] [stdout]   23:     0x63e53f8cb962 - <core::slice::iter::Iter<T> as core::iter::traits::iterator::Iterator>::fold::ha028f2a5fe807eb6
[INFO] [stdout]                                at /rustc/df4ca44d3fbc9301ee17f30f4d474e6ae4b05252/library/core/src/slice/iter/macros.rs:232:27
[INFO] [stdout]   24:     0x63e53f8cc324 - <core::iter::adapters::enumerate::Enumerate<I> as core::iter::traits::iterator::Iterator>::fold::hde0d75905cf98cd9
[INFO] [stdout]                                at /rustc/df4ca44d3fbc9301ee17f30f4d474e6ae4b05252/library/core/src/iter/adapters/enumerate.rs:113:9
[INFO] [stdout]   25:     0x63e53f8cd1fa - core::iter::traits::iterator::Iterator::for_each::h5cf940e043ea758d
[INFO] [stdout]                                at /rustc/df4ca44d3fbc9301ee17f30f4d474e6ae4b05252/library/core/src/iter/traits/iterator.rs:813:9
[INFO] [stdout]   26:     0x63e53f8d5811 - jmd::neighbor::neighbor_list::tests::test_four_atoms::h79e4ecf2f3d93745
[INFO] [stdout]                                at /opt/rustwide/workdir/src/neighbor/neighbor_list.rs:282:9
[INFO] [stdout]   27:     0x63e53f8d4817 - jmd::neighbor::neighbor_list::tests::test_four_atoms::{{closure}}::h6340fd12ef7d13eb
[INFO] [stdout]                                at /opt/rustwide/workdir/src/neighbor/neighbor_list.rs:252:25
[INFO] [stdout]   28:     0x63e53f8ccc46 - core::ops::function::FnOnce::call_once::ha80baed21b08078f
[INFO] [stdout]                                at /rustc/df4ca44d3fbc9301ee17f30f4d474e6ae4b05252/library/core/src/ops/function.rs:250:5
[INFO] [stdout]   29:     0x63e53f91429b - core::ops::function::FnOnce::call_once::h22c3ba5715e93f05
[INFO] [stdout]                                at /rustc/df4ca44d3fbc9301ee17f30f4d474e6ae4b05252/library/core/src/ops/function.rs:250:5
[INFO] [stdout]   30:     0x63e53f91429b - test::__rust_begin_short_backtrace::h8e82d8113d0da17f
[INFO] [stdout]                                at /rustc/df4ca44d3fbc9301ee17f30f4d474e6ae4b05252/library/test/src/lib.rs:621:18
[INFO] [stdout]   31:     0x63e53f913c17 - test::run_test_in_process::{{closure}}::h33235f4f20b7b7c7
[INFO] [stdout]                                at /rustc/df4ca44d3fbc9301ee17f30f4d474e6ae4b05252/library/test/src/lib.rs:644:60
[INFO] [stdout]   32:     0x63e53f913c17 - <core::panic::unwind_safe::AssertUnwindSafe<F> as core::ops::function::FnOnce<()>>::call_once::hb5043206310c586f
[INFO] [stdout]                                at /rustc/df4ca44d3fbc9301ee17f30f4d474e6ae4b05252/library/core/src/panic/unwind_safe.rs:272:9
[INFO] [stdout]   33:     0x63e53f913c17 - std::panicking::try::do_call::h9ad4731a60ab23e2
[INFO] [stdout]                                at /rustc/df4ca44d3fbc9301ee17f30f4d474e6ae4b05252/library/std/src/panicking.rs:557:40
[INFO] [stdout]   34:     0x63e53f913c17 - std::panicking::try::h3824d23db772a716
[INFO] [stdout]                                at /rustc/df4ca44d3fbc9301ee17f30f4d474e6ae4b05252/library/std/src/panicking.rs:520:19
[INFO] [stdout]   35:     0x63e53f913c17 - std::panic::catch_unwind::h5afd514605fde46b
[INFO] [stdout]                                at /rustc/df4ca44d3fbc9301ee17f30f4d474e6ae4b05252/library/std/src/panic.rs:358:14
[INFO] [stdout]   36:     0x63e53f913c17 - test::run_test_in_process::h0d5cbfa7067d1720
[INFO] [stdout]                                at /rustc/df4ca44d3fbc9301ee17f30f4d474e6ae4b05252/library/test/src/lib.rs:644:27
[INFO] [stdout]   37:     0x63e53f913c17 - test::run_test::{{closure}}::h708eb8872708115d
[INFO] [stdout]                                at /rustc/df4ca44d3fbc9301ee17f30f4d474e6ae4b05252/library/test/src/lib.rs:565:43
[INFO] [stdout]   38:     0x63e53f8d7334 - test::run_test::{{closure}}::h392c51cee94713ab
[INFO] [stdout]                                at /rustc/df4ca44d3fbc9301ee17f30f4d474e6ae4b05252/library/test/src/lib.rs:595:41
[INFO] [stdout]   39:     0x63e53f8d7334 - std::sys::backtrace::__rust_begin_short_backtrace::h2f40290710935a8b
[INFO] [stdout]                                at /rustc/df4ca44d3fbc9301ee17f30f4d474e6ae4b05252/library/std/src/sys/backtrace.rs:154:18
[INFO] [stdout]   40:     0x63e53f8daade - std::thread::Builder::spawn_unchecked_::{{closure}}::{{closure}}::h3fd968d89053a903
[INFO] [stdout]                                at /rustc/df4ca44d3fbc9301ee17f30f4d474e6ae4b05252/library/std/src/thread/mod.rs:541:17
[INFO] [stdout]   41:     0x63e53f8daade - <core::panic::unwind_safe::AssertUnwindSafe<F> as core::ops::function::FnOnce<()>>::call_once::h743f637ba4229880
[INFO] [stdout]                                at /rustc/df4ca44d3fbc9301ee17f30f4d474e6ae4b05252/library/core/src/panic/unwind_safe.rs:272:9
[INFO] [stdout]   42:     0x63e53f8daade - std::panicking::try::do_call::h07440897322525a6
[INFO] [stdout]                                at /rustc/df4ca44d3fbc9301ee17f30f4d474e6ae4b05252/library/std/src/panicking.rs:557:40
[INFO] [stdout]   43:     0x63e53f8daade - std::panicking::try::he5a2e00188156637
[INFO] [stdout]                                at /rustc/df4ca44d3fbc9301ee17f30f4d474e6ae4b05252/library/std/src/panicking.rs:520:19
[INFO] [stdout]   44:     0x63e53f8daade - std::panic::catch_unwind::hbaf3cae49b3c6433
[INFO] [stdout]                                at /rustc/df4ca44d3fbc9301ee17f30f4d474e6ae4b05252/library/std/src/panic.rs:358:14
[INFO] [stdout]   45:     0x63e53f8daade - std::thread::Builder::spawn_unchecked_::{{closure}}::h8e141ea224820bce
[INFO] [stdout]                                at /rustc/df4ca44d3fbc9301ee17f30f4d474e6ae4b05252/library/std/src/thread/mod.rs:540:30
[INFO] [stdout]   46:     0x63e53f8daade - core::ops::function::FnOnce::call_once{{vtable.shim}}::h90d312fedd7b8ea8
[INFO] [stdout]                                at /rustc/df4ca44d3fbc9301ee17f30f4d474e6ae4b05252/library/core/src/ops/function.rs:250:5
[INFO] [stdout]   47:     0x63e53f94a91b - <alloc::boxed::Box<F,A> as core::ops::function::FnOnce<Args>>::call_once::h69aa08ddb6adb8b6
[INFO] [stdout]                                at /rustc/df4ca44d3fbc9301ee17f30f4d474e6ae4b05252/library/alloc/src/boxed.rs:2454:9
[INFO] [stdout]   48:     0x63e53f94a91b - <alloc::boxed::Box<F,A> as core::ops::function::FnOnce<Args>>::call_once::h5aa36efdb79c806f
[INFO] [stdout]                                at /rustc/df4ca44d3fbc9301ee17f30f4d474e6ae4b05252/library/alloc/src/boxed.rs:2454:9
[INFO] [stdout]   49:     0x63e53f94a91b - std::sys::pal::unix::thread::Thread::new::thread_start::h6cd80a1b4be5158d
[INFO] [stdout]                                at /rustc/df4ca44d3fbc9301ee17f30f4d474e6ae4b05252/library/std/src/sys/pal/unix/thread.rs:105:17
[INFO] [stdout]   50:     0x7953a2215ac3 - <unknown>
[INFO] [stdout]   51:     0x7953a22a6a04 - clone
[INFO] [stdout]   52:                0x0 - <unknown>
[INFO] [stdout] 
[INFO] [stdout] 
[INFO] [stdout] failures:
[INFO] [stdout]     neighbor::neighbor_list::tests::test_four_atoms
[INFO] [stdout] 
[INFO] [stdout] test result: FAILED. 6 passed; 1 failed; 0 ignored; 0 measured; 0 filtered out; finished in 0.01s
[INFO] [stdout] 
[INFO] [stderr] error: test failed, to rerun pass `--lib`
[INFO] running `Command { std: "docker" "inspect" "bb9982f083829bc531592a66a7d7d9dcecbeb865e6e27b5fc49749f32c4ff3fb", kill_on_drop: false }`
[INFO] running `Command { std: "docker" "rm" "-f" "bb9982f083829bc531592a66a7d7d9dcecbeb865e6e27b5fc49749f32c4ff3fb", kill_on_drop: false }`
[INFO] [stdout] bb9982f083829bc531592a66a7d7d9dcecbeb865e6e27b5fc49749f32c4ff3fb
