[INFO] cloning repository https://github.com/Lur1an/streameroo
[INFO] running `Command { std: "git" "-c" "credential.helper=" "-c" "credential.helper=/workspace/cargo-home/bin/git-credential-null" "clone" "--bare" "https://github.com/Lur1an/streameroo" "/workspace/cache/git-repos/https%3A%2F%2Fgithub.com%2FLur1an%2Fstreameroo", kill_on_drop: false }`
[INFO] [stderr] Cloning into bare repository '/workspace/cache/git-repos/https%3A%2F%2Fgithub.com%2FLur1an%2Fstreameroo'...
[INFO] running `Command { std: "git" "rev-parse" "HEAD", kill_on_drop: false }`
[INFO] [stdout] 3f4a4e1d0c2d5c6a76914fc5c7c1efc06cd94e83
[INFO] testing Lur1an/streameroo/3f4a4e1d0c2d5c6a76914fc5c7c1efc06cd94e83 against nightly-2024-10-28 for randomize-layout
[INFO] running `Command { std: "git" "clone" "/workspace/cache/git-repos/https%3A%2F%2Fgithub.com%2FLur1an%2Fstreameroo" "/workspace/builds/worker-4-tc1/source", kill_on_drop: false }`
[INFO] [stderr] Cloning into '/workspace/builds/worker-4-tc1/source'...
[INFO] [stderr] done.
[INFO] validating manifest of git repo https://github.com/Lur1an/streameroo on toolchain nightly-2024-10-28
[INFO] running `Command { std: CARGO_HOME="/workspace/cargo-home" RUSTUP_HOME="/workspace/rustup-home" "/workspace/cargo-home/bin/cargo" "+nightly-2024-10-28" "metadata" "--manifest-path" "Cargo.toml" "--no-deps", kill_on_drop: false }`
[INFO] started tweaking git repo https://github.com/Lur1an/streameroo
[INFO] finished tweaking git repo https://github.com/Lur1an/streameroo
[INFO] tweaked toml for git repo https://github.com/Lur1an/streameroo written to /workspace/builds/worker-4-tc1/source/Cargo.toml
[INFO] crate git repo https://github.com/Lur1an/streameroo already has a lockfile, it will not be regenerated
[INFO] running `Command { std: CARGO_HOME="/workspace/cargo-home" RUSTUP_HOME="/workspace/rustup-home" "/workspace/cargo-home/bin/cargo" "+nightly-2024-10-28" "fetch" "--manifest-path" "Cargo.toml", kill_on_drop: false }`
[INFO] [stderr]     Updating crates.io index
[INFO] [stderr]  Downloading crates ...
[INFO] [stderr]   Downloaded async-global-executor-trait v2.1.2
[INFO] [stderr]   Downloaded amq-protocol v7.2.2
[INFO] [stderr]   Downloaded amq-protocol-tcp v7.2.2
[INFO] [stderr]   Downloaded amq-protocol-uri v7.2.2
[INFO] [stderr]   Downloaded amq-protocol-types v7.2.2
[INFO] [stderr]   Downloaded executor-trait v2.1.2
[INFO] [stderr]   Downloaded rustls-connector v0.20.1
[INFO] [stderr]   Downloaded tcp-stream v0.28.0
[INFO] [stderr]   Downloaded p12-keystore v0.1.3
[INFO] [stderr]   Downloaded lapin v2.5.0
[INFO] [stderr]   Downloaded pinky-swear v6.2.0
[INFO] running `Command { std: "docker" "create" "-v" "/var/lib/crater-agent-workspace/builds/worker-4-tc1/target:/opt/rustwide/target:rw,Z" "-v" "/var/lib/crater-agent-workspace/builds/worker-4-tc1/source:/opt/rustwide/workdir:ro,Z" "-v" "/var/lib/crater-agent-workspace/cargo-home:/opt/rustwide/cargo-home:ro,Z" "-v" "/var/lib/crater-agent-workspace/rustup-home:/opt/rustwide/rustup-home:ro,Z" "-e" "SOURCE_DIR=/opt/rustwide/workdir" "-e" "CARGO_TARGET_DIR=/opt/rustwide/target" "-e" "CARGO_HOME=/opt/rustwide/cargo-home" "-e" "RUSTUP_HOME=/opt/rustwide/rustup-home" "-w" "/opt/rustwide/workdir" "-m" "1610612736" "--user" "0:0" "--network" "none" "ghcr.io/rust-lang/crates-build-env/linux@sha256:4a844ea9eb2546a2d2c7022eacef16ef2e8229c7fbb2c7d4d55a9ceca922f72d" "/opt/rustwide/cargo-home/bin/cargo" "+nightly-2024-10-28" "metadata" "--no-deps" "--format-version=1", kill_on_drop: false }`
[INFO] [stdout] c0b1acb9f047fd352aa11e9b33efc2f1cd8a44f6471c75a53fcad110bd13b644
[INFO] running `Command { std: "docker" "start" "-a" "c0b1acb9f047fd352aa11e9b33efc2f1cd8a44f6471c75a53fcad110bd13b644", kill_on_drop: false }`
[INFO] running `Command { std: "docker" "inspect" "c0b1acb9f047fd352aa11e9b33efc2f1cd8a44f6471c75a53fcad110bd13b644", kill_on_drop: false }`
[INFO] running `Command { std: "docker" "rm" "-f" "c0b1acb9f047fd352aa11e9b33efc2f1cd8a44f6471c75a53fcad110bd13b644", kill_on_drop: false }`
[INFO] [stdout] c0b1acb9f047fd352aa11e9b33efc2f1cd8a44f6471c75a53fcad110bd13b644
[INFO] running `Command { std: "docker" "create" "-v" "/var/lib/crater-agent-workspace/builds/worker-4-tc1/target:/opt/rustwide/target:rw,Z" "-v" "/var/lib/crater-agent-workspace/builds/worker-4-tc1/source:/opt/rustwide/workdir:ro,Z" "-v" "/var/lib/crater-agent-workspace/cargo-home:/opt/rustwide/cargo-home:ro,Z" "-v" "/var/lib/crater-agent-workspace/rustup-home:/opt/rustwide/rustup-home:ro,Z" "-e" "SOURCE_DIR=/opt/rustwide/workdir" "-e" "CARGO_TARGET_DIR=/opt/rustwide/target" "-e" "CARGO_INCREMENTAL=0" "-e" "RUST_BACKTRACE=full" "-e" "RUSTFLAGS=--cap-lints=forbid" "-e" "RUSTDOCFLAGS=--cap-lints=forbid" "-e" "CARGO_HOME=/opt/rustwide/cargo-home" "-e" "RUSTUP_HOME=/opt/rustwide/rustup-home" "-w" "/opt/rustwide/workdir" "-m" "1610612736" "--user" "0:0" "--network" "none" "ghcr.io/rust-lang/crates-build-env/linux@sha256:4a844ea9eb2546a2d2c7022eacef16ef2e8229c7fbb2c7d4d55a9ceca922f72d" "/opt/rustwide/cargo-home/bin/cargo" "+nightly-2024-10-28" "build" "--frozen" "--message-format=json", kill_on_drop: false }`
[INFO] [stdout] 7ae5541cc83207ea18209d6fb19a961a48a3f6220b2b09de75e6162f86342a92
[INFO] running `Command { std: "docker" "start" "-a" "7ae5541cc83207ea18209d6fb19a961a48a3f6220b2b09de75e6162f86342a92", kill_on_drop: false }`
[INFO] [stderr]    Compiling proc-macro2 v1.0.88
[INFO] [stderr]    Compiling unicode-ident v1.0.13
[INFO] [stderr]    Compiling autocfg v1.4.0
[INFO] [stderr]    Compiling cfg-if v1.0.0
[INFO] [stderr]    Compiling libc v0.2.161
[INFO] [stderr]    Compiling version_check v0.9.5
[INFO] [stderr]    Compiling typenum v1.17.0
[INFO] [stderr]    Compiling pin-project-lite v0.2.14
[INFO] [stderr]    Compiling memchr v2.7.4
[INFO] [stderr]    Compiling crossbeam-utils v0.8.20
[INFO] [stderr]    Compiling subtle v2.6.1
[INFO] [stderr]    Compiling futures-core v0.3.31
[INFO] [stderr]    Compiling generic-array v0.14.7
[INFO] [stderr]    Compiling parking v2.2.1
[INFO] [stderr]    Compiling scopeguard v1.2.0
[INFO] [stderr]    Compiling zeroize v1.8.1
[INFO] [stderr]    Compiling minimal-lexical v0.2.1
[INFO] [stderr]    Compiling lock_api v0.4.12
[INFO] [stderr]    Compiling num-traits v0.2.19
[INFO] [stderr]    Compiling itoa v1.0.11
[INFO] [stderr]    Compiling concurrent-queue v2.5.0
[INFO] [stderr]    Compiling quote v1.0.37
[INFO] [stderr]    Compiling nom v7.1.3
[INFO] [stderr]    Compiling futures-io v0.3.31
[INFO] [stderr]    Compiling shlex v1.3.0
[INFO] [stderr]    Compiling syn v2.0.79
[INFO] [stderr]    Compiling getrandom v0.2.15
[INFO] [stderr]    Compiling base64ct v1.6.0
[INFO] [stderr]    Compiling cc v1.1.30
[INFO] [stderr]    Compiling num-conv v0.1.0
[INFO] [stderr]    Compiling const-oid v0.9.6
[INFO] [stderr]    Compiling powerfmt v0.2.0
[INFO] [stderr]    Compiling pem-rfc7468 v0.7.0
[INFO] [stderr]    Compiling time-core v0.1.2
[INFO] [stderr]    Compiling thiserror v1.0.64
[INFO] [stderr]    Compiling crypto-common v0.1.6
[INFO] [stderr]    Compiling block-padding v0.3.3
[INFO] [stderr]    Compiling block-buffer v0.10.4
[INFO] [stderr]    Compiling flagset v0.4.6
[INFO] [stderr]    Compiling digest v0.10.7
[INFO] [stderr]    Compiling inout v0.1.3
[INFO] [stderr]    Compiling time-macros v0.2.18
[INFO] [stderr]    Compiling cipher v0.4.4
[INFO] [stderr]    Compiling deranged v0.3.11
[INFO] [stderr]    Compiling spin v0.9.8
[INFO] [stderr]    Compiling cpufeatures v0.2.14
[INFO] [stderr]    Compiling slab v0.4.9
[INFO] [stderr]    Compiling rustls-pki-types v1.10.0
[INFO] [stderr]    Compiling ring v0.17.8
[INFO] [stderr]    Compiling byteorder v1.5.0
[INFO] [stderr]    Compiling rusticata-macros v4.1.0
[INFO] [stderr]    Compiling tracing-core v0.1.32
[INFO] [stderr]    Compiling num-integer v0.1.46
[INFO] [stderr]    Compiling hmac v0.12.1
[INFO] [stderr]    Compiling event-listener v5.3.1
[INFO] [stderr]    Compiling serde v1.0.210
[INFO] [stderr]    Compiling fastrand v2.1.1
[INFO] [stderr]    Compiling tracing v0.1.40
[INFO] [stderr]    Compiling untrusted v0.9.0
[INFO] [stderr]    Compiling oid-registry v0.7.1
[INFO] [stderr]    Compiling tinyvec_macros v0.1.1
[INFO] [stderr]    Compiling log v0.4.22
[INFO] [stderr]    Compiling once_cell v1.20.2
[INFO] [stderr]    Compiling tinyvec v1.8.0
[INFO] [stderr]    Compiling event-listener-strategy v0.5.2
[INFO] [stderr]    Compiling num-bigint v0.4.6
[INFO] [stderr]    Compiling pbkdf2 v0.12.2
[INFO] [stderr]    Compiling sha2 v0.10.8
[INFO] [stderr]    Compiling time v0.3.36
[INFO] [stderr]    Compiling salsa20 v0.10.2
[INFO] [stderr]    Compiling rand_core v0.6.4
[INFO] [stderr]    Compiling rustls v0.23.15
[INFO] [stderr]    Compiling rustix v0.38.37
[INFO] [stderr]    Compiling serde_json v1.0.129
[INFO] [stderr]    Compiling scrypt v0.11.0
[INFO] [stderr]    Compiling futures-lite v2.3.0
[INFO] [stderr]    Compiling unicode-normalization v0.1.24
[INFO] [stderr]    Compiling rustls-pemfile v2.2.0
[INFO] [stderr]    Compiling aes v0.8.4
[INFO] [stderr]    Compiling cbc v0.1.2
[INFO] [stderr]    Compiling data-encoding v2.6.0
[INFO] [stderr]    Compiling percent-encoding v2.3.1
[INFO] [stderr]    Compiling synstructure v0.13.1
[INFO] [stderr]    Compiling lazy_static v1.5.0
[INFO] [stderr]    Compiling ryu v1.0.18
[INFO] [stderr]    Compiling io-lifetimes v1.0.11
[INFO] [stderr]    Compiling parking_lot_core v0.9.10
[INFO] [stderr]    Compiling bitflags v2.6.0
[INFO] [stderr]    Compiling openssl-probe v0.1.5
[INFO] [stderr]    Compiling unicode-bidi v0.3.17
[INFO] [stderr]    Compiling linux-raw-sys v0.4.14
[INFO] [stderr]    Compiling rustls-native-certs v0.7.3
[INFO] [stderr]    Compiling form_urlencoded v1.2.1
[INFO] [stderr]    Compiling sha1 v0.10.6
[INFO] [stderr]    Compiling idna v0.5.0
[INFO] [stderr]    Compiling rc2 v0.8.1
[INFO] [stderr]    Compiling des v0.8.1
[INFO] [stderr]    Compiling polling v2.8.0
[INFO] [stderr]    Compiling atomic-waker v1.1.2
[INFO] [stderr]    Compiling rustix v0.37.27
[INFO] [stderr]    Compiling smallvec v1.13.2
[INFO] [stderr]    Compiling async-task v4.7.1
[INFO] [stderr]    Compiling hex v0.4.3
[INFO] [stderr]    Compiling cookie-factory v0.3.3
[INFO] [stderr]    Compiling url v2.5.2
[INFO] [stderr]    Compiling piper v0.2.4
[INFO] [stderr]    Compiling async-channel v2.3.1
[INFO] [stderr]    Compiling async-lock v3.4.0
[INFO] [stderr]    Compiling async-io v1.13.0
[INFO] [stderr]    Compiling rustls-webpki v0.102.8
[INFO] [stderr]    Compiling bitflags v1.3.2
[INFO] [stderr]    Compiling waker-fn v1.2.0
[INFO] [stderr]    Compiling fastrand v1.9.0
[INFO] [stderr]    Compiling event-listener v2.5.3
[INFO] [stderr]    Compiling der_derive v0.7.3
[INFO] [stderr]    Compiling thiserror-impl v1.0.64
[INFO] [stderr]    Compiling displaydoc v0.2.5
[INFO] [stderr]    Compiling asn1-rs-impl v0.2.0
[INFO] [stderr]    Compiling asn1-rs-derive v0.5.1
[INFO] [stderr]    Compiling zerocopy-derive v0.7.35
[INFO] [stderr]    Compiling serde_derive v1.0.210
[INFO] [stderr]    Compiling der v0.7.9
[INFO] [stderr]    Compiling async-trait v0.1.83
[INFO] [stderr]    Compiling doc-comment v0.3.3
[INFO] [stderr]    Compiling linux-raw-sys v0.3.8
[INFO] [stderr]    Compiling asn1-rs v0.6.2
[INFO] [stderr]    Compiling zerocopy v0.7.35
[INFO] [stderr]    Compiling futures-lite v1.13.0
[INFO] [stderr]    Compiling spki v0.7.3
[INFO] [stderr]    Compiling ppv-lite86 v0.2.20
[INFO] [stderr]    Compiling x509-cert v0.2.5
[INFO] [stderr]    Compiling rand_chacha v0.3.1
[INFO] [stderr]    Compiling der-parser v9.0.0
[INFO] [stderr]    Compiling rand v0.8.5
[INFO] [stderr]    Compiling pkcs5 v0.7.1
[INFO] [stderr]    Compiling x509-parser v0.16.0
[INFO] [stderr]    Compiling polling v3.7.3
[INFO] [stderr]    Compiling async-io v2.3.4
[INFO] [stderr]    Compiling async-lock v2.8.0
[INFO] [stderr]    Compiling cms v0.2.3
[INFO] [stderr]    Compiling rustls-connector v0.20.1
[INFO] [stderr]    Compiling blocking v1.6.1
[INFO] [stderr]    Compiling pkcs12 v0.1.0
[INFO] [stderr]    Compiling p12-keystore v0.1.3
[INFO] [stderr]    Compiling parking_lot v0.12.3
[INFO] [stderr]    Compiling async-executor v1.13.1
[INFO] [stderr]    Compiling socket2 v0.4.10
[INFO] [stderr]    Compiling tcp-stream v0.28.0
[INFO] [stderr]    Compiling amq-protocol v7.2.2
[INFO] [stderr]    Compiling futures-sink v0.3.31
[INFO] [stderr]    Compiling flume v0.11.0
[INFO] [stderr]    Compiling async-global-executor v2.4.1
[INFO] [stderr]    Compiling reactor-trait v1.1.0
[INFO] [stderr]    Compiling executor-trait v2.1.2
[INFO] [stderr]    Compiling lapin v2.5.0
[INFO] [stderr]    Compiling pinky-swear v6.2.0
[INFO] [stderr]    Compiling async-global-executor-trait v2.1.2
[INFO] [stderr]    Compiling tokio-macros v2.4.0
[INFO] [stderr]    Compiling mio v1.0.2
[INFO] [stderr]    Compiling async-reactor-trait v1.1.0
[INFO] [stderr]    Compiling signal-hook-registry v1.4.2
[INFO] [stderr]    Compiling socket2 v0.5.7
[INFO] [stderr]    Compiling bytes v1.7.2
[INFO] [stderr]    Compiling fnv v1.0.7
[INFO] [stderr]    Compiling tokio v1.40.0
[INFO] [stderr]    Compiling amq-protocol-types v7.2.2
[INFO] [stderr]    Compiling amq-protocol-uri v7.2.2
[INFO] [stderr]    Compiling amq-protocol-tcp v7.2.2
[INFO] [stderr]    Compiling streameroo v0.1.0 (/opt/rustwide/workdir)
[INFO] [stdout] warning: unreachable statement
[INFO] [stdout]   --> src/amqp.rs:56:9
[INFO] [stdout]    |
[INFO] [stdout] 55 |         let c: Arc<Context> = todo!();
[INFO] [stdout]    |                               ------- any code following this expression is unreachable
[INFO] [stdout] 56 |         let d: Delivery = todo!();
[INFO] [stdout]    |         ^^^^^^^^^^^^^^^^^^^^^^^^^^ unreachable statement
[INFO] [stdout]    |
[INFO] [stdout]    = note: `#[warn(unreachable_code)]` on by default
[INFO] [stdout] 
[INFO] [stdout] 
[INFO] [stdout] warning: unused variable: `handler`
[INFO] [stdout]   --> src/amqp.rs:50:45
[INFO] [stdout]    |
[INFO] [stdout] 50 |     pub async fn spawn_handler<P, R>(&self, handler: impl AMQPHandler<P, R>)
[INFO] [stdout]    |                                             ^^^^^^^ help: if this is intentional, prefix it with an underscore: `_handler`
[INFO] [stdout]    |
[INFO] [stdout]    = note: `#[warn(unused_variables)]` on by default
[INFO] [stdout] 
[INFO] [stdout] 
[INFO] [stdout] warning: unused variable: `c`
[INFO] [stdout]   --> src/amqp.rs:55:13
[INFO] [stdout]    |
[INFO] [stdout] 55 |         let c: Arc<Context> = todo!();
[INFO] [stdout]    |             ^ help: if this is intentional, prefix it with an underscore: `_c`
[INFO] [stdout] 
[INFO] [stdout] 
[INFO] [stdout] warning: unused variable: `d`
[INFO] [stdout]   --> src/amqp.rs:56:13
[INFO] [stdout]    |
[INFO] [stdout] 56 |         let d: Delivery = todo!();
[INFO] [stdout]    |             ^ help: if this is intentional, prefix it with an underscore: `_d`
[INFO] [stdout] 
[INFO] [stdout] 
[INFO] [stdout] warning: unused variable: `r`
[INFO] [stdout]    --> src/amqp.rs:180:13
[INFO] [stdout]     |
[INFO] [stdout] 180 |         let r = self(t1, event).await;
[INFO] [stdout]     |             ^ help: if this is intentional, prefix it with an underscore: `_r`
[INFO] [stdout] 
[INFO] [stdout] 
[INFO] [stdout] warning: unused variable: `d`
[INFO] [stdout]    --> src/amqp.rs:208:23
[INFO] [stdout]     |
[INFO] [stdout] 208 | async fn test_handler(d: State<String>, event: TestEvent) {
[INFO] [stdout]     |                       ^ help: if this is intentional, prefix it with an underscore: `_d`
[INFO] [stdout] 
[INFO] [stdout] 
[INFO] [stdout] warning: unused variable: `event`
[INFO] [stdout]    --> src/amqp.rs:208:41
[INFO] [stdout]     |
[INFO] [stdout] 208 | async fn test_handler(d: State<String>, event: TestEvent) {
[INFO] [stdout]     |                                         ^^^^^ help: if this is intentional, prefix it with an underscore: `_event`
[INFO] [stdout] 
[INFO] [stdout] 
[INFO] [stdout] warning: unreachable statement
[INFO] [stdout]    --> src/amqp.rs:222:5
[INFO] [stdout]     |
[INFO] [stdout] 221 |     let c: Arc<Context> = todo!();
[INFO] [stdout]     |                           ------- any code following this expression is unreachable
[INFO] [stdout] 222 |     let d: Delivery = todo!();
[INFO] [stdout]     |     ^^^^^^^^^^^^^^^^^^^^^^^^^^ unreachable statement
[INFO] [stdout] 
[INFO] [stdout] 
[INFO] [stdout] warning: unused variable: `h`
[INFO] [stdout]    --> src/amqp.rs:216:30
[INFO] [stdout]     |
[INFO] [stdout] 216 | async fn spawn_handler<P, R>(h: impl AMQPHandler<P, R>)
[INFO] [stdout]     |                              ^ help: if this is intentional, prefix it with an underscore: `_h`
[INFO] [stdout] 
[INFO] [stdout] 
[INFO] [stdout] warning: unused variable: `c`
[INFO] [stdout]    --> src/amqp.rs:221:9
[INFO] [stdout]     |
[INFO] [stdout] 221 |     let c: Arc<Context> = todo!();
[INFO] [stdout]     |         ^ help: if this is intentional, prefix it with an underscore: `_c`
[INFO] [stdout] 
[INFO] [stdout] 
[INFO] [stdout] warning: unused variable: `d`
[INFO] [stdout]    --> src/amqp.rs:222:9
[INFO] [stdout]     |
[INFO] [stdout] 222 |     let d: Delivery = todo!();
[INFO] [stdout]     |         ^ help: if this is intentional, prefix it with an underscore: `_d`
[INFO] [stdout] 
[INFO] [stdout] 
[INFO] [stdout] warning: unreachable call
[INFO] [stdout]    --> src/amqp.rs:204:9
[INFO] [stdout]     |
[INFO] [stdout] 204 |         Ok(todo!())
[INFO] [stdout]     |         ^^ ------- any code following this expression is unreachable
[INFO] [stdout]     |         |
[INFO] [stdout]     |         unreachable call
[INFO] [stdout] 
[INFO] [stdout] 
[INFO] [stdout] warning: unused variable: `data`
[INFO] [stdout]    --> src/amqp.rs:203:15
[INFO] [stdout]     |
[INFO] [stdout] 203 |     fn decode(data: &[u8]) -> Result<Self, Infallible> {
[INFO] [stdout]     |               ^^^^ help: if this is intentional, prefix it with an underscore: `_data`
[INFO] [stdout] 
[INFO] [stdout] 
[INFO] [stdout] warning: struct `Publish` is never constructed
[INFO] [stdout]   --> src/amqp.rs:26:12
[INFO] [stdout]    |
[INFO] [stdout] 26 | pub struct Publish<E>(E);
[INFO] [stdout]    |            ^^^^^^^
[INFO] [stdout]    |
[INFO] [stdout]    = note: `#[warn(dead_code)]` on by default
[INFO] [stdout] 
[INFO] [stdout] 
[INFO] [stdout] warning: struct `Exchange` is never constructed
[INFO] [stdout]   --> src/amqp.rs:28:12
[INFO] [stdout]    |
[INFO] [stdout] 28 | pub struct Exchange(ShortString);
[INFO] [stdout]    |            ^^^^^^^^
[INFO] [stdout] 
[INFO] [stdout] 
[INFO] [stdout] warning: struct `ReplyTo` is never constructed
[INFO] [stdout]   --> src/amqp.rs:30:12
[INFO] [stdout]    |
[INFO] [stdout] 30 | pub struct ReplyTo<E>(E)
[INFO] [stdout]    |            ^^^^^^^
[INFO] [stdout] 
[INFO] [stdout] 
[INFO] [stdout] warning: struct `Streameroo` is never constructed
[INFO] [stdout]   --> src/amqp.rs:35:12
[INFO] [stdout]    |
[INFO] [stdout] 35 | pub struct Streameroo {
[INFO] [stdout]    |            ^^^^^^^^^^
[INFO] [stdout]    |
[INFO] [stdout]    = note: `Streameroo` has a derived impl for the trait `Clone`, but this is intentionally ignored during dead code analysis
[INFO] [stdout] 
[INFO] [stdout] 
[INFO] [stdout] warning: associated items `new` and `spawn_handler` are never used
[INFO] [stdout]   --> src/amqp.rs:40:12
[INFO] [stdout]    |
[INFO] [stdout] 39 | impl Streameroo {
[INFO] [stdout]    | --------------- associated items in this implementation
[INFO] [stdout] 40 |     pub fn new(channel: Channel) -> Self {
[INFO] [stdout]    |            ^^^
[INFO] [stdout] ...
[INFO] [stdout] 50 |     pub async fn spawn_handler<P, R>(&self, handler: impl AMQPHandler<P, R>)
[INFO] [stdout]    |                  ^^^^^^^^^^^^^
[INFO] [stdout] 
[INFO] [stdout] 
[INFO] [stdout] warning: method `insert` is never used
[INFO] [stdout]   --> src/amqp.rs:62:12
[INFO] [stdout]    |
[INFO] [stdout] 61 | impl Context {
[INFO] [stdout]    | ------------ method in this implementation
[INFO] [stdout] 62 |     pub fn insert<D: Any + Send + Sync>(&mut self, data: D) {
[INFO] [stdout]    |            ^^^^^^
[INFO] [stdout] 
[INFO] [stdout] 
[INFO] [stdout] warning: fields `delivery_tag`, `exchange`, `routing_key`, `redelivered`, `properties`, and `acker` are never read
[INFO] [stdout]   --> src/amqp.rs:82:5
[INFO] [stdout]    |
[INFO] [stdout] 79 | pub struct DeliveryContext {
[INFO] [stdout]    |            --------------- fields in this struct
[INFO] [stdout] ...
[INFO] [stdout] 82 |     delivery_tag: DeliveryTag,
[INFO] [stdout]    |     ^^^^^^^^^^^^
[INFO] [stdout] 83 |     exchange: ShortString,
[INFO] [stdout]    |     ^^^^^^^^
[INFO] [stdout] 84 |     routing_key: ShortString,
[INFO] [stdout]    |     ^^^^^^^^^^^
[INFO] [stdout] 85 |     redelivered: bool,
[INFO] [stdout]    |     ^^^^^^^^^^^
[INFO] [stdout] 86 |     properties: BasicProperties,
[INFO] [stdout]    |     ^^^^^^^^^^
[INFO] [stdout] 87 |     acker: Acker,
[INFO] [stdout]    |     ^^^^^
[INFO] [stdout] 
[INFO] [stdout] 
[INFO] [stdout] warning: method `into_inner` is never used
[INFO] [stdout]    --> src/amqp.rs:101:12
[INFO] [stdout]     |
[INFO] [stdout] 100 | impl<T> State<T> {
[INFO] [stdout]     | ---------------- method in this implementation
[INFO] [stdout] 101 |     pub fn into_inner(self) -> &'static T {
[INFO] [stdout]     |            ^^^^^^^^^^
[INFO] [stdout] 
[INFO] [stdout] 
[INFO] [stdout] warning: method `call` is never used
[INFO] [stdout]    --> src/amqp.rs:190:8
[INFO] [stdout]     |
[INFO] [stdout] 185 | pub trait AMQPHandler<P, R>
[INFO] [stdout]     |           ----------- method in this trait
[INFO] [stdout] ...
[INFO] [stdout] 190 |     fn call(
[INFO] [stdout]     |        ^^^^
[INFO] [stdout] 
[INFO] [stdout] 
[INFO] [stdout] warning: function `test_handler` is never used
[INFO] [stdout]    --> src/amqp.rs:208:10
[INFO] [stdout]     |
[INFO] [stdout] 208 | async fn test_handler(d: State<String>, event: TestEvent) {
[INFO] [stdout]     |          ^^^^^^^^^^^^
[INFO] [stdout] 
[INFO] [stdout] 
[INFO] [stdout] warning: function `spawn_handler` is never used
[INFO] [stdout]    --> src/amqp.rs:216:10
[INFO] [stdout]     |
[INFO] [stdout] 216 | async fn spawn_handler<P, R>(h: impl AMQPHandler<P, R>)
[INFO] [stdout]     |          ^^^^^^^^^^^^^
[INFO] [stdout] 
[INFO] [stdout] 
[INFO] [stdout] warning: method `encode` is never used
[INFO] [stdout]   --> src/event.rs:14:8
[INFO] [stdout]    |
[INFO] [stdout] 11 | pub trait Encode {
[INFO] [stdout]    |           ------ method in this trait
[INFO] [stdout] ...
[INFO] [stdout] 14 |     fn encode(&self) -> Result<Vec<u8>, Self::Error>;
[INFO] [stdout]    |        ^^^^^^
[INFO] [stdout] 
[INFO] [stdout] 
[INFO] [stderr]     Finished `dev` profile [unoptimized + debuginfo] target(s) in 23.31s
[INFO] running `Command { std: "docker" "inspect" "7ae5541cc83207ea18209d6fb19a961a48a3f6220b2b09de75e6162f86342a92", kill_on_drop: false }`
[INFO] running `Command { std: "docker" "rm" "-f" "7ae5541cc83207ea18209d6fb19a961a48a3f6220b2b09de75e6162f86342a92", kill_on_drop: false }`
[INFO] [stdout] 7ae5541cc83207ea18209d6fb19a961a48a3f6220b2b09de75e6162f86342a92
[INFO] running `Command { std: "docker" "create" "-v" "/var/lib/crater-agent-workspace/builds/worker-4-tc1/target:/opt/rustwide/target:rw,Z" "-v" "/var/lib/crater-agent-workspace/builds/worker-4-tc1/source:/opt/rustwide/workdir:ro,Z" "-v" "/var/lib/crater-agent-workspace/cargo-home:/opt/rustwide/cargo-home:ro,Z" "-v" "/var/lib/crater-agent-workspace/rustup-home:/opt/rustwide/rustup-home:ro,Z" "-e" "SOURCE_DIR=/opt/rustwide/workdir" "-e" "CARGO_TARGET_DIR=/opt/rustwide/target" "-e" "CARGO_INCREMENTAL=0" "-e" "RUST_BACKTRACE=full" "-e" "RUSTFLAGS=--cap-lints=forbid" "-e" "RUSTDOCFLAGS=--cap-lints=forbid" "-e" "CARGO_HOME=/opt/rustwide/cargo-home" "-e" "RUSTUP_HOME=/opt/rustwide/rustup-home" "-w" "/opt/rustwide/workdir" "-m" "1610612736" "--user" "0:0" "--network" "none" "ghcr.io/rust-lang/crates-build-env/linux@sha256:4a844ea9eb2546a2d2c7022eacef16ef2e8229c7fbb2c7d4d55a9ceca922f72d" "/opt/rustwide/cargo-home/bin/cargo" "+nightly-2024-10-28" "test" "--frozen" "--no-run" "--message-format=json", kill_on_drop: false }`
[INFO] [stdout] a53df88888cc6fd73029ed0cc0dd3f9e2f85c7ff2d61f2030cb76fafad134401
[INFO] running `Command { std: "docker" "start" "-a" "a53df88888cc6fd73029ed0cc0dd3f9e2f85c7ff2d61f2030cb76fafad134401", kill_on_drop: false }`
[INFO] [stderr]    Compiling anyhow v1.0.91
[INFO] [stdout] warning: unreachable statement
[INFO] [stdout]   --> src/amqp.rs:56:9
[INFO] [stdout]    |
[INFO] [stdout] 55 |         let c: Arc<Context> = todo!();
[INFO] [stdout]    |                               ------- any code following this expression is unreachable
[INFO] [stdout] 56 |         let d: Delivery = todo!();
[INFO] [stdout]    |         ^^^^^^^^^^^^^^^^^^^^^^^^^^ unreachable statement
[INFO] [stdout]    |
[INFO] [stdout]    = note: `#[warn(unreachable_code)]` on by default
[INFO] [stdout] 
[INFO] [stdout] 
[INFO] [stdout] warning: unused variable: `handler`
[INFO] [stdout]   --> src/amqp.rs:50:45
[INFO] [stdout]    |
[INFO] [stdout] 50 |     pub async fn spawn_handler<P, R>(&self, handler: impl AMQPHandler<P, R>)
[INFO] [stdout]    |                                             ^^^^^^^ help: if this is intentional, prefix it with an underscore: `_handler`
[INFO] [stdout]    |
[INFO] [stdout]    = note: `#[warn(unused_variables)]` on by default
[INFO] [stdout] 
[INFO] [stdout] 
[INFO] [stdout] warning: unused variable: `c`
[INFO] [stdout]   --> src/amqp.rs:55:13
[INFO] [stdout]    |
[INFO] [stdout] 55 |         let c: Arc<Context> = todo!();
[INFO] [stdout]    |             ^ help: if this is intentional, prefix it with an underscore: `_c`
[INFO] [stdout] 
[INFO] [stdout] 
[INFO] [stdout] warning: unused variable: `d`
[INFO] [stdout]   --> src/amqp.rs:56:13
[INFO] [stdout]    |
[INFO] [stdout] 56 |         let d: Delivery = todo!();
[INFO] [stdout]    |             ^ help: if this is intentional, prefix it with an underscore: `_d`
[INFO] [stdout] 
[INFO] [stdout] 
[INFO] [stdout] warning: unused variable: `r`
[INFO] [stdout]    --> src/amqp.rs:180:13
[INFO] [stdout]     |
[INFO] [stdout] 180 |         let r = self(t1, event).await;
[INFO] [stdout]     |             ^ help: if this is intentional, prefix it with an underscore: `_r`
[INFO] [stdout] 
[INFO] [stdout] 
[INFO] [stdout] warning: unused variable: `d`
[INFO] [stdout]    --> src/amqp.rs:208:23
[INFO] [stdout]     |
[INFO] [stdout] 208 | async fn test_handler(d: State<String>, event: TestEvent) {
[INFO] [stdout]     |                       ^ help: if this is intentional, prefix it with an underscore: `_d`
[INFO] [stdout] 
[INFO] [stdout] 
[INFO] [stdout] warning: unused variable: `event`
[INFO] [stdout]    --> src/amqp.rs:208:41
[INFO] [stdout]     |
[INFO] [stdout] 208 | async fn test_handler(d: State<String>, event: TestEvent) {
[INFO] [stdout]     |                                         ^^^^^ help: if this is intentional, prefix it with an underscore: `_event`
[INFO] [stdout] 
[INFO] [stdout] 
[INFO] [stdout] warning: unreachable statement
[INFO] [stdout]    --> src/amqp.rs:222:5
[INFO] [stdout]     |
[INFO] [stdout] 221 |     let c: Arc<Context> = todo!();
[INFO] [stdout]     |                           ------- any code following this expression is unreachable
[INFO] [stdout] 222 |     let d: Delivery = todo!();
[INFO] [stdout]     |     ^^^^^^^^^^^^^^^^^^^^^^^^^^ unreachable statement
[INFO] [stdout] 
[INFO] [stdout] 
[INFO] [stdout] warning: unused variable: `h`
[INFO] [stdout]    --> src/amqp.rs:216:30
[INFO] [stdout]     |
[INFO] [stdout] 216 | async fn spawn_handler<P, R>(h: impl AMQPHandler<P, R>)
[INFO] [stdout]     |                              ^ help: if this is intentional, prefix it with an underscore: `_h`
[INFO] [stdout] 
[INFO] [stdout] 
[INFO] [stdout] warning: unused variable: `c`
[INFO] [stdout]    --> src/amqp.rs:221:9
[INFO] [stdout]     |
[INFO] [stdout] 221 |     let c: Arc<Context> = todo!();
[INFO] [stdout]     |         ^ help: if this is intentional, prefix it with an underscore: `_c`
[INFO] [stdout] 
[INFO] [stdout] 
[INFO] [stdout] warning: unused variable: `d`
[INFO] [stdout]    --> src/amqp.rs:222:9
[INFO] [stdout]     |
[INFO] [stdout] 222 |     let d: Delivery = todo!();
[INFO] [stdout]     |         ^ help: if this is intentional, prefix it with an underscore: `_d`
[INFO] [stdout] 
[INFO] [stdout] 
[INFO] [stdout] warning: unreachable call
[INFO] [stdout]    --> src/amqp.rs:204:9
[INFO] [stdout]     |
[INFO] [stdout] 204 |         Ok(todo!())
[INFO] [stdout]     |         ^^ ------- any code following this expression is unreachable
[INFO] [stdout]     |         |
[INFO] [stdout]     |         unreachable call
[INFO] [stdout] 
[INFO] [stdout] 
[INFO] [stdout] warning: unused variable: `data`
[INFO] [stdout]    --> src/amqp.rs:203:15
[INFO] [stdout]     |
[INFO] [stdout] 203 |     fn decode(data: &[u8]) -> Result<Self, Infallible> {
[INFO] [stdout]     |               ^^^^ help: if this is intentional, prefix it with an underscore: `_data`
[INFO] [stdout] 
[INFO] [stdout] 
[INFO] [stdout] warning: struct `Publish` is never constructed
[INFO] [stdout]   --> src/amqp.rs:26:12
[INFO] [stdout]    |
[INFO] [stdout] 26 | pub struct Publish<E>(E);
[INFO] [stdout]    |            ^^^^^^^
[INFO] [stdout]    |
[INFO] [stdout]    = note: `#[warn(dead_code)]` on by default
[INFO] [stdout] 
[INFO] [stdout] 
[INFO] [stdout] warning: struct `Exchange` is never constructed
[INFO] [stdout]   --> src/amqp.rs:28:12
[INFO] [stdout]    |
[INFO] [stdout] 28 | pub struct Exchange(ShortString);
[INFO] [stdout]    |            ^^^^^^^^
[INFO] [stdout] 
[INFO] [stdout] 
[INFO] [stdout] warning: struct `ReplyTo` is never constructed
[INFO] [stdout]   --> src/amqp.rs:30:12
[INFO] [stdout]    |
[INFO] [stdout] 30 | pub struct ReplyTo<E>(E)
[INFO] [stdout]    |            ^^^^^^^
[INFO] [stdout] 
[INFO] [stdout] 
[INFO] [stdout] warning: struct `Streameroo` is never constructed
[INFO] [stdout]   --> src/amqp.rs:35:12
[INFO] [stdout]    |
[INFO] [stdout] 35 | pub struct Streameroo {
[INFO] [stdout]    |            ^^^^^^^^^^
[INFO] [stdout]    |
[INFO] [stdout]    = note: `Streameroo` has a derived impl for the trait `Clone`, but this is intentionally ignored during dead code analysis
[INFO] [stdout] 
[INFO] [stdout] 
[INFO] [stdout] warning: associated items `new` and `spawn_handler` are never used
[INFO] [stdout]   --> src/amqp.rs:40:12
[INFO] [stdout]    |
[INFO] [stdout] 39 | impl Streameroo {
[INFO] [stdout]    | --------------- associated items in this implementation
[INFO] [stdout] 40 |     pub fn new(channel: Channel) -> Self {
[INFO] [stdout]    |            ^^^
[INFO] [stdout] ...
[INFO] [stdout] 50 |     pub async fn spawn_handler<P, R>(&self, handler: impl AMQPHandler<P, R>)
[INFO] [stdout]    |                  ^^^^^^^^^^^^^
[INFO] [stdout] 
[INFO] [stdout] 
[INFO] [stdout] warning: method `insert` is never used
[INFO] [stdout]   --> src/amqp.rs:62:12
[INFO] [stdout]    |
[INFO] [stdout] 61 | impl Context {
[INFO] [stdout]    | ------------ method in this implementation
[INFO] [stdout] 62 |     pub fn insert<D: Any + Send + Sync>(&mut self, data: D) {
[INFO] [stdout]    |            ^^^^^^
[INFO] [stdout] 
[INFO] [stdout] 
[INFO] [stdout] warning: fields `delivery_tag`, `exchange`, `routing_key`, `redelivered`, `properties`, and `acker` are never read
[INFO] [stdout]   --> src/amqp.rs:82:5
[INFO] [stdout]    |
[INFO] [stdout] 79 | pub struct DeliveryContext {
[INFO] [stdout]    |            --------------- fields in this struct
[INFO] [stdout] ...
[INFO] [stdout] 82 |     delivery_tag: DeliveryTag,
[INFO] [stdout]    |     ^^^^^^^^^^^^
[INFO] [stdout] 83 |     exchange: ShortString,
[INFO] [stdout]    |     ^^^^^^^^
[INFO] [stdout] 84 |     routing_key: ShortString,
[INFO] [stdout]    |     ^^^^^^^^^^^
[INFO] [stdout] 85 |     redelivered: bool,
[INFO] [stdout]    |     ^^^^^^^^^^^
[INFO] [stdout] 86 |     properties: BasicProperties,
[INFO] [stdout]    |     ^^^^^^^^^^
[INFO] [stdout] 87 |     acker: Acker,
[INFO] [stdout]    |     ^^^^^
[INFO] [stdout] 
[INFO] [stdout] 
[INFO] [stdout] warning: method `into_inner` is never used
[INFO] [stdout]    --> src/amqp.rs:101:12
[INFO] [stdout]     |
[INFO] [stdout] 100 | impl<T> State<T> {
[INFO] [stdout]     | ---------------- method in this implementation
[INFO] [stdout] 101 |     pub fn into_inner(self) -> &'static T {
[INFO] [stdout]     |            ^^^^^^^^^^
[INFO] [stdout] 
[INFO] [stdout] 
[INFO] [stdout] warning: method `call` is never used
[INFO] [stdout]    --> src/amqp.rs:190:8
[INFO] [stdout]     |
[INFO] [stdout] 185 | pub trait AMQPHandler<P, R>
[INFO] [stdout]     |           ----------- method in this trait
[INFO] [stdout] ...
[INFO] [stdout] 190 |     fn call(
[INFO] [stdout]     |        ^^^^
[INFO] [stdout] 
[INFO] [stdout] 
[INFO] [stdout] warning: function `test_handler` is never used
[INFO] [stdout]    --> src/amqp.rs:208:10
[INFO] [stdout]     |
[INFO] [stdout] 208 | async fn test_handler(d: State<String>, event: TestEvent) {
[INFO] [stdout]     |          ^^^^^^^^^^^^
[INFO] [stdout] 
[INFO] [stdout] 
[INFO] [stdout] warning: function `spawn_handler` is never used
[INFO] [stdout]    --> src/amqp.rs:216:10
[INFO] [stdout]     |
[INFO] [stdout] 216 | async fn spawn_handler<P, R>(h: impl AMQPHandler<P, R>)
[INFO] [stdout]     |          ^^^^^^^^^^^^^
[INFO] [stdout] 
[INFO] [stdout] 
[INFO] [stdout] warning: method `encode` is never used
[INFO] [stdout]   --> src/event.rs:14:8
[INFO] [stdout]    |
[INFO] [stdout] 11 | pub trait Encode {
[INFO] [stdout]    |           ------ method in this trait
[INFO] [stdout] ...
[INFO] [stdout] 14 |     fn encode(&self) -> Result<Vec<u8>, Self::Error>;
[INFO] [stdout]    |        ^^^^^^
[INFO] [stdout] 
[INFO] [stdout] 
[INFO] [stderr]    Compiling streameroo v0.1.0 (/opt/rustwide/workdir)
[INFO] [stdout] warning: unused variable: `channel`
[INFO] [stdout]   --> tests/test_amqp.rs:11:9
[INFO] [stdout]    |
[INFO] [stdout] 11 |     let channel = connection.create_channel().await.unwrap();
[INFO] [stdout]    |         ^^^^^^^ help: if this is intentional, prefix it with an underscore: `_channel`
[INFO] [stdout]    |
[INFO] [stdout]    = note: `#[warn(unused_variables)]` on by default
[INFO] [stdout] 
[INFO] [stdout] 
[INFO] [stdout] warning: unreachable statement
[INFO] [stdout]   --> src/amqp.rs:56:9
[INFO] [stdout]    |
[INFO] [stdout] 55 |         let c: Arc<Context> = todo!();
[INFO] [stdout]    |                               ------- any code following this expression is unreachable
[INFO] [stdout] 56 |         let d: Delivery = todo!();
[INFO] [stdout]    |         ^^^^^^^^^^^^^^^^^^^^^^^^^^ unreachable statement
[INFO] [stdout]    |
[INFO] [stdout]    = note: `#[warn(unreachable_code)]` on by default
[INFO] [stdout] 
[INFO] [stdout] 
[INFO] [stdout] warning: unused variable: `handler`
[INFO] [stdout]   --> src/amqp.rs:50:45
[INFO] [stdout]    |
[INFO] [stdout] 50 |     pub async fn spawn_handler<P, R>(&self, handler: impl AMQPHandler<P, R>)
[INFO] [stdout]    |                                             ^^^^^^^ help: if this is intentional, prefix it with an underscore: `_handler`
[INFO] [stdout]    |
[INFO] [stdout]    = note: `#[warn(unused_variables)]` on by default
[INFO] [stdout] 
[INFO] [stdout] 
[INFO] [stdout] warning: unused variable: `c`
[INFO] [stdout]   --> src/amqp.rs:55:13
[INFO] [stdout]    |
[INFO] [stdout] 55 |         let c: Arc<Context> = todo!();
[INFO] [stdout]    |             ^ help: if this is intentional, prefix it with an underscore: `_c`
[INFO] [stdout] 
[INFO] [stdout] 
[INFO] [stdout] warning: unused variable: `d`
[INFO] [stdout]   --> src/amqp.rs:56:13
[INFO] [stdout]    |
[INFO] [stdout] 56 |         let d: Delivery = todo!();
[INFO] [stdout]    |             ^ help: if this is intentional, prefix it with an underscore: `_d`
[INFO] [stdout] 
[INFO] [stdout] 
[INFO] [stdout] warning: unused variable: `r`
[INFO] [stdout]    --> src/amqp.rs:180:13
[INFO] [stdout]     |
[INFO] [stdout] 180 |         let r = self(t1, event).await;
[INFO] [stdout]     |             ^ help: if this is intentional, prefix it with an underscore: `_r`
[INFO] [stdout] 
[INFO] [stdout] 
[INFO] [stdout] warning: unused variable: `d`
[INFO] [stdout]    --> src/amqp.rs:208:23
[INFO] [stdout]     |
[INFO] [stdout] 208 | async fn test_handler(d: State<String>, event: TestEvent) {
[INFO] [stdout]     |                       ^ help: if this is intentional, prefix it with an underscore: `_d`
[INFO] [stdout] 
[INFO] [stdout] 
[INFO] [stdout] warning: unused variable: `event`
[INFO] [stdout]    --> src/amqp.rs:208:41
[INFO] [stdout]     |
[INFO] [stdout] 208 | async fn test_handler(d: State<String>, event: TestEvent) {
[INFO] [stdout]     |                                         ^^^^^ help: if this is intentional, prefix it with an underscore: `_event`
[INFO] [stdout] 
[INFO] [stdout] 
[INFO] [stdout] warning: unreachable statement
[INFO] [stdout]    --> src/amqp.rs:222:5
[INFO] [stdout]     |
[INFO] [stdout] 221 |     let c: Arc<Context> = todo!();
[INFO] [stdout]     |                           ------- any code following this expression is unreachable
[INFO] [stdout] 222 |     let d: Delivery = todo!();
[INFO] [stdout]     |     ^^^^^^^^^^^^^^^^^^^^^^^^^^ unreachable statement
[INFO] [stdout] 
[INFO] [stdout] 
[INFO] [stdout] warning: unused variable: `h`
[INFO] [stdout]    --> src/amqp.rs:216:30
[INFO] [stdout]     |
[INFO] [stdout] 216 | async fn spawn_handler<P, R>(h: impl AMQPHandler<P, R>)
[INFO] [stdout]     |                              ^ help: if this is intentional, prefix it with an underscore: `_h`
[INFO] [stdout] 
[INFO] [stdout] 
[INFO] [stdout] warning: unused variable: `c`
[INFO] [stdout]    --> src/amqp.rs:221:9
[INFO] [stdout]     |
[INFO] [stdout] 221 |     let c: Arc<Context> = todo!();
[INFO] [stdout]     |         ^ help: if this is intentional, prefix it with an underscore: `_c`
[INFO] [stdout] 
[INFO] [stdout] 
[INFO] [stdout] warning: unused variable: `d`
[INFO] [stdout]    --> src/amqp.rs:222:9
[INFO] [stdout]     |
[INFO] [stdout] 222 |     let d: Delivery = todo!();
[INFO] [stdout]     |         ^ help: if this is intentional, prefix it with an underscore: `_d`
[INFO] [stdout] 
[INFO] [stdout] 
[INFO] [stdout] warning: unreachable call
[INFO] [stdout]    --> src/amqp.rs:204:9
[INFO] [stdout]     |
[INFO] [stdout] 204 |         Ok(todo!())
[INFO] [stdout]     |         ^^ ------- any code following this expression is unreachable
[INFO] [stdout]     |         |
[INFO] [stdout]     |         unreachable call
[INFO] [stdout] 
[INFO] [stdout] 
[INFO] [stdout] warning: unused variable: `data`
[INFO] [stdout]    --> src/amqp.rs:203:15
[INFO] [stdout]     |
[INFO] [stdout] 203 |     fn decode(data: &[u8]) -> Result<Self, Infallible> {
[INFO] [stdout]     |               ^^^^ help: if this is intentional, prefix it with an underscore: `_data`
[INFO] [stdout] 
[INFO] [stdout] 
[INFO] [stdout] warning: struct `Publish` is never constructed
[INFO] [stdout]   --> src/amqp.rs:26:12
[INFO] [stdout]    |
[INFO] [stdout] 26 | pub struct Publish<E>(E);
[INFO] [stdout]    |            ^^^^^^^
[INFO] [stdout]    |
[INFO] [stdout]    = note: `#[warn(dead_code)]` on by default
[INFO] [stdout] 
[INFO] [stdout] 
[INFO] [stdout] warning: struct `Exchange` is never constructed
[INFO] [stdout]   --> src/amqp.rs:28:12
[INFO] [stdout]    |
[INFO] [stdout] 28 | pub struct Exchange(ShortString);
[INFO] [stdout]    |            ^^^^^^^^
[INFO] [stdout] 
[INFO] [stdout] 
[INFO] [stdout] warning: struct `ReplyTo` is never constructed
[INFO] [stdout]   --> src/amqp.rs:30:12
[INFO] [stdout]    |
[INFO] [stdout] 30 | pub struct ReplyTo<E>(E)
[INFO] [stdout]    |            ^^^^^^^
[INFO] [stdout] 
[INFO] [stdout] 
[INFO] [stdout] warning: struct `Streameroo` is never constructed
[INFO] [stdout]   --> src/amqp.rs:35:12
[INFO] [stdout]    |
[INFO] [stdout] 35 | pub struct Streameroo {
[INFO] [stdout]    |            ^^^^^^^^^^
[INFO] [stdout]    |
[INFO] [stdout]    = note: `Streameroo` has a derived impl for the trait `Clone`, but this is intentionally ignored during dead code analysis
[INFO] [stdout] 
[INFO] [stdout] 
[INFO] [stdout] warning: associated items `new` and `spawn_handler` are never used
[INFO] [stdout]   --> src/amqp.rs:40:12
[INFO] [stdout]    |
[INFO] [stdout] 39 | impl Streameroo {
[INFO] [stdout]    | --------------- associated items in this implementation
[INFO] [stdout] 40 |     pub fn new(channel: Channel) -> Self {
[INFO] [stdout]    |            ^^^
[INFO] [stdout] ...
[INFO] [stdout] 50 |     pub async fn spawn_handler<P, R>(&self, handler: impl AMQPHandler<P, R>)
[INFO] [stdout]    |                  ^^^^^^^^^^^^^
[INFO] [stdout] 
[INFO] [stdout] 
[INFO] [stdout] warning: method `insert` is never used
[INFO] [stdout]   --> src/amqp.rs:62:12
[INFO] [stdout]    |
[INFO] [stdout] 61 | impl Context {
[INFO] [stdout]    | ------------ method in this implementation
[INFO] [stdout] 62 |     pub fn insert<D: Any + Send + Sync>(&mut self, data: D) {
[INFO] [stdout]    |            ^^^^^^
[INFO] [stdout] 
[INFO] [stdout] 
[INFO] [stdout] warning: fields `delivery_tag`, `exchange`, `routing_key`, `redelivered`, `properties`, and `acker` are never read
[INFO] [stdout]   --> src/amqp.rs:82:5
[INFO] [stdout]    |
[INFO] [stdout] 79 | pub struct DeliveryContext {
[INFO] [stdout]    |            --------------- fields in this struct
[INFO] [stdout] ...
[INFO] [stdout] 82 |     delivery_tag: DeliveryTag,
[INFO] [stdout]    |     ^^^^^^^^^^^^
[INFO] [stdout] 83 |     exchange: ShortString,
[INFO] [stdout]    |     ^^^^^^^^
[INFO] [stdout] 84 |     routing_key: ShortString,
[INFO] [stdout]    |     ^^^^^^^^^^^
[INFO] [stdout] 85 |     redelivered: bool,
[INFO] [stdout]    |     ^^^^^^^^^^^
[INFO] [stdout] 86 |     properties: BasicProperties,
[INFO] [stdout]    |     ^^^^^^^^^^
[INFO] [stdout] 87 |     acker: Acker,
[INFO] [stdout]    |     ^^^^^
[INFO] [stdout] 
[INFO] [stdout] 
[INFO] [stdout] warning: method `into_inner` is never used
[INFO] [stdout]    --> src/amqp.rs:101:12
[INFO] [stdout]     |
[INFO] [stdout] 100 | impl<T> State<T> {
[INFO] [stdout]     | ---------------- method in this implementation
[INFO] [stdout] 101 |     pub fn into_inner(self) -> &'static T {
[INFO] [stdout]     |            ^^^^^^^^^^
[INFO] [stdout] 
[INFO] [stdout] 
[INFO] [stdout] warning: method `encode` is never used
[INFO] [stdout]   --> src/event.rs:14:8
[INFO] [stdout]    |
[INFO] [stdout] 11 | pub trait Encode {
[INFO] [stdout]    |           ------ method in this trait
[INFO] [stdout] ...
[INFO] [stdout] 14 |     fn encode(&self) -> Result<Vec<u8>, Self::Error>;
[INFO] [stdout]    |        ^^^^^^
[INFO] [stdout] 
[INFO] [stdout] 
[INFO] [stderr]     Finished `test` profile [unoptimized + debuginfo] target(s) in 0.93s
[INFO] running `Command { std: "docker" "inspect" "a53df88888cc6fd73029ed0cc0dd3f9e2f85c7ff2d61f2030cb76fafad134401", kill_on_drop: false }`
[INFO] running `Command { std: "docker" "rm" "-f" "a53df88888cc6fd73029ed0cc0dd3f9e2f85c7ff2d61f2030cb76fafad134401", kill_on_drop: false }`
[INFO] [stdout] a53df88888cc6fd73029ed0cc0dd3f9e2f85c7ff2d61f2030cb76fafad134401
[INFO] running `Command { std: "docker" "create" "-v" "/var/lib/crater-agent-workspace/builds/worker-4-tc1/target:/opt/rustwide/target:rw,Z" "-v" "/var/lib/crater-agent-workspace/builds/worker-4-tc1/source:/opt/rustwide/workdir:ro,Z" "-v" "/var/lib/crater-agent-workspace/cargo-home:/opt/rustwide/cargo-home:ro,Z" "-v" "/var/lib/crater-agent-workspace/rustup-home:/opt/rustwide/rustup-home:ro,Z" "-e" "SOURCE_DIR=/opt/rustwide/workdir" "-e" "CARGO_TARGET_DIR=/opt/rustwide/target" "-e" "CARGO_INCREMENTAL=0" "-e" "RUST_BACKTRACE=full" "-e" "RUSTFLAGS=--cap-lints=forbid" "-e" "RUSTDOCFLAGS=--cap-lints=forbid" "-e" "CARGO_HOME=/opt/rustwide/cargo-home" "-e" "RUSTUP_HOME=/opt/rustwide/rustup-home" "-w" "/opt/rustwide/workdir" "-m" "1610612736" "--user" "0:0" "--network" "none" "ghcr.io/rust-lang/crates-build-env/linux@sha256:4a844ea9eb2546a2d2c7022eacef16ef2e8229c7fbb2c7d4d55a9ceca922f72d" "/opt/rustwide/cargo-home/bin/cargo" "+nightly-2024-10-28" "test" "--frozen", kill_on_drop: false }`
[INFO] [stdout] 8a2bcb9ef44588f990e2abeffc8e8442f91f2f9f52e1d5ea73ff7d668abeec90
[INFO] running `Command { std: "docker" "start" "-a" "8a2bcb9ef44588f990e2abeffc8e8442f91f2f9f52e1d5ea73ff7d668abeec90", kill_on_drop: false }`
[INFO] [stderr] warning: unreachable statement
[INFO] [stderr]   --> src/amqp.rs:56:9
[INFO] [stderr]    |
[INFO] [stderr] 55 |         let c: Arc<Context> = todo!();
[INFO] [stderr]    |                               ------- any code following this expression is unreachable
[INFO] [stderr] 56 |         let d: Delivery = todo!();
[INFO] [stderr]    |         ^^^^^^^^^^^^^^^^^^^^^^^^^^ unreachable statement
[INFO] [stderr]    |
[INFO] [stderr]    = note: `#[warn(unreachable_code)]` on by default
[INFO] [stderr] 
[INFO] [stderr] warning: unused variable: `handler`
[INFO] [stderr]   --> src/amqp.rs:50:45
[INFO] [stderr]    |
[INFO] [stderr] 50 |     pub async fn spawn_handler<P, R>(&self, handler: impl AMQPHandler<P, R>)
[INFO] [stderr]    |                                             ^^^^^^^ help: if this is intentional, prefix it with an underscore: `_handler`
[INFO] [stderr]    |
[INFO] [stderr]    = note: `#[warn(unused_variables)]` on by default
[INFO] [stderr] 
[INFO] [stderr] warning: unused variable: `c`
[INFO] [stderr]   --> src/amqp.rs:55:13
[INFO] [stderr]    |
[INFO] [stderr] 55 |         let c: Arc<Context> = todo!();
[INFO] [stderr]    |             ^ help: if this is intentional, prefix it with an underscore: `_c`
[INFO] [stderr] 
[INFO] [stderr] warning: unused variable: `d`
[INFO] [stderr]   --> src/amqp.rs:56:13
[INFO] [stderr]    |
[INFO] [stderr] 56 |         let d: Delivery = todo!();
[INFO] [stderr]    |             ^ help: if this is intentional, prefix it with an underscore: `_d`
[INFO] [stderr] 
[INFO] [stderr] warning: unused variable: `r`
[INFO] [stderr]    --> src/amqp.rs:180:13
[INFO] [stderr]     |
[INFO] [stderr] 180 |         let r = self(t1, event).await;
[INFO] [stderr]     |             ^ help: if this is intentional, prefix it with an underscore: `_r`
[INFO] [stderr] 
[INFO] [stderr] warning: unused variable: `d`
[INFO] [stderr]    --> src/amqp.rs:208:23
[INFO] [stderr]     |
[INFO] [stderr] 208 | async fn test_handler(d: State<String>, event: TestEvent) {
[INFO] [stderr]     |                       ^ help: if this is intentional, prefix it with an underscore: `_d`
[INFO] [stderr] 
[INFO] [stderr] warning: unused variable: `event`
[INFO] [stderr]    --> src/amqp.rs:208:41
[INFO] [stderr]     |
[INFO] [stderr] 208 | async fn test_handler(d: State<String>, event: TestEvent) {
[INFO] [stderr]     |                                         ^^^^^ help: if this is intentional, prefix it with an underscore: `_event`
[INFO] [stderr] 
[INFO] [stderr] warning: unreachable statement
[INFO] [stderr]    --> src/amqp.rs:222:5
[INFO] [stderr]     |
[INFO] [stderr] 221 |     let c: Arc<Context> = todo!();
[INFO] [stderr]     |                           ------- any code following this expression is unreachable
[INFO] [stderr] 222 |     let d: Delivery = todo!();
[INFO] [stderr]     |     ^^^^^^^^^^^^^^^^^^^^^^^^^^ unreachable statement
[INFO] [stderr] 
[INFO] [stderr] warning: unused variable: `h`
[INFO] [stderr]    --> src/amqp.rs:216:30
[INFO] [stderr]     |
[INFO] [stderr] 216 | async fn spawn_handler<P, R>(h: impl AMQPHandler<P, R>)
[INFO] [stderr]     |                              ^ help: if this is intentional, prefix it with an underscore: `_h`
[INFO] [stderr] 
[INFO] [stderr] warning: unused variable: `c`
[INFO] [stderr]    --> src/amqp.rs:221:9
[INFO] [stderr]     |
[INFO] [stderr] 221 |     let c: Arc<Context> = todo!();
[INFO] [stderr]     |         ^ help: if this is intentional, prefix it with an underscore: `_c`
[INFO] [stderr] 
[INFO] [stderr] warning: unused variable: `d`
[INFO] [stderr]    --> src/amqp.rs:222:9
[INFO] [stderr]     |
[INFO] [stderr] 222 |     let d: Delivery = todo!();
[INFO] [stderr]     |         ^ help: if this is intentional, prefix it with an underscore: `_d`
[INFO] [stderr] 
[INFO] [stderr] warning: unreachable call
[INFO] [stderr]    --> src/amqp.rs:204:9
[INFO] [stderr]     |
[INFO] [stderr] 204 |         Ok(todo!())
[INFO] [stderr]     |         ^^ ------- any code following this expression is unreachable
[INFO] [stderr]     |         |
[INFO] [stderr]     |         unreachable call
[INFO] [stderr] 
[INFO] [stderr] warning: unused variable: `data`
[INFO] [stderr]    --> src/amqp.rs:203:15
[INFO] [stderr]     |
[INFO] [stderr] 203 |     fn decode(data: &[u8]) -> Result<Self, Infallible> {
[INFO] [stderr]     |               ^^^^ help: if this is intentional, prefix it with an underscore: `_data`
[INFO] [stderr] 
[INFO] [stderr] warning: struct `Publish` is never constructed
[INFO] [stderr]   --> src/amqp.rs:26:12
[INFO] [stderr]    |
[INFO] [stderr] 26 | pub struct Publish<E>(E);
[INFO] [stderr]    |            ^^^^^^^
[INFO] [stderr]    |
[INFO] [stderr]    = note: `#[warn(dead_code)]` on by default
[INFO] [stderr] 
[INFO] [stderr] warning: struct `Exchange` is never constructed
[INFO] [stderr]   --> src/amqp.rs:28:12
[INFO] [stderr]    |
[INFO] [stderr] 28 | pub struct Exchange(ShortString);
[INFO] [stderr]    |            ^^^^^^^^
[INFO] [stderr] 
[INFO] [stderr] warning: struct `ReplyTo` is never constructed
[INFO] [stderr]   --> src/amqp.rs:30:12
[INFO] [stderr]    |
[INFO] [stderr] 30 | pub struct ReplyTo<E>(E)
[INFO] [stderr]    |            ^^^^^^^
[INFO] [stderr] 
[INFO] [stderr] warning: struct `Streameroo` is never constructed
[INFO] [stderr]   --> src/amqp.rs:35:12
[INFO] [stderr]    |
[INFO] [stderr] 35 | pub struct Streameroo {
[INFO] [stderr]    |            ^^^^^^^^^^
[INFO] [stderr]    |
[INFO] [stderr]    = note: `Streameroo` has a derived impl for the trait `Clone`, but this is intentionally ignored during dead code analysis
[INFO] [stderr] 
[INFO] [stderr] warning: associated items `new` and `spawn_handler` are never used
[INFO] [stderr]   --> src/amqp.rs:40:12
[INFO] [stderr]    |
[INFO] [stderr] 39 | impl Streameroo {
[INFO] [stderr]    | --------------- associated items in this implementation
[INFO] [stderr] 40 |     pub fn new(channel: Channel) -> Self {
[INFO] [stderr]    |            ^^^
[INFO] [stderr] ...
[INFO] [stderr] 50 |     pub async fn spawn_handler<P, R>(&self, handler: impl AMQPHandler<P, R>)
[INFO] [stderr]    |                  ^^^^^^^^^^^^^
[INFO] [stderr] 
[INFO] [stderr] warning: method `insert` is never used
[INFO] [stderr]   --> src/amqp.rs:62:12
[INFO] [stderr]    |
[INFO] [stderr] 61 | impl Context {
[INFO] [stderr]    | ------------ method in this implementation
[INFO] [stderr] 62 |     pub fn insert<D: Any + Send + Sync>(&mut self, data: D) {
[INFO] [stderr]    |            ^^^^^^
[INFO] [stderr] 
[INFO] [stderr] warning: fields `delivery_tag`, `exchange`, `routing_key`, `redelivered`, `properties`, and `acker` are never read
[INFO] [stderr]   --> src/amqp.rs:82:5
[INFO] [stderr]    |
[INFO] [stderr] 79 | pub struct DeliveryContext {
[INFO] [stderr]    |            --------------- fields in this struct
[INFO] [stderr] ...
[INFO] [stderr] 82 |     delivery_tag: DeliveryTag,
[INFO] [stderr]    |     ^^^^^^^^^^^^
[INFO] [stderr] 83 |     exchange: ShortString,
[INFO] [stderr]    |     ^^^^^^^^
[INFO] [stderr] 84 |     routing_key: ShortString,
[INFO] [stderr]    |     ^^^^^^^^^^^
[INFO] [stderr] 85 |     redelivered: bool,
[INFO] [stderr]    |     ^^^^^^^^^^^
[INFO] [stderr] 86 |     properties: BasicProperties,
[INFO] [stderr]    |     ^^^^^^^^^^
[INFO] [stderr] 87 |     acker: Acker,
[INFO] [stderr]    |     ^^^^^
[INFO] [stderr] 
[INFO] [stderr] warning: method `into_inner` is never used
[INFO] [stderr]    --> src/amqp.rs:101:12
[INFO] [stderr]     |
[INFO] [stderr] 100 | impl<T> State<T> {
[INFO] [stderr]     | ---------------- method in this implementation
[INFO] [stderr] 101 |     pub fn into_inner(self) -> &'static T {
[INFO] [stderr]     |            ^^^^^^^^^^
[INFO] [stderr] 
[INFO] [stderr] warning: method `call` is never used
[INFO] [stderr]    --> src/amqp.rs:190:8
[INFO] [stderr]     |
[INFO] [stderr] 185 | pub trait AMQPHandler<P, R>
[INFO] [stderr]     |           ----------- method in this trait
[INFO] [stderr] ...
[INFO] [stderr] 190 |     fn call(
[INFO] [stderr]     |        ^^^^
[INFO] [stderr] 
[INFO] [stderr] warning: function `test_handler` is never used
[INFO] [stderr]    --> src/amqp.rs:208:10
[INFO] [stderr]     |
[INFO] [stderr] 208 | async fn test_handler(d: State<String>, event: TestEvent) {
[INFO] [stderr]     |          ^^^^^^^^^^^^
[INFO] [stderr] 
[INFO] [stderr] warning: function `spawn_handler` is never used
[INFO] [stderr]    --> src/amqp.rs:216:10
[INFO] [stderr]     |
[INFO] [stderr] 216 | async fn spawn_handler<P, R>(h: impl AMQPHandler<P, R>)
[INFO] [stderr]     |          ^^^^^^^^^^^^^
[INFO] [stderr] 
[INFO] [stderr] warning: method `encode` is never used
[INFO] [stderr]   --> src/event.rs:14:8
[INFO] [stderr]    |
[INFO] [stderr] 11 | pub trait Encode {
[INFO] [stderr]    |           ------ method in this trait
[INFO] [stderr] ...
[INFO] [stderr] 14 |     fn encode(&self) -> Result<Vec<u8>, Self::Error>;
[INFO] [stderr]    |        ^^^^^^
[INFO] [stderr] 
[INFO] [stderr] warning: `streameroo` (lib) generated 25 warnings
[INFO] [stderr] warning: unused variable: `channel`
[INFO] [stderr]   --> tests/test_amqp.rs:11:9
[INFO] [stderr]    |
[INFO] [stderr] 11 |     let channel = connection.create_channel().await.unwrap();
[INFO] [stderr]    |         ^^^^^^^ help: if this is intentional, prefix it with an underscore: `_channel`
[INFO] [stderr]    |
[INFO] [stderr]    = note: `#[warn(unused_variables)]` on by default
[INFO] [stderr] 
[INFO] [stderr] warning: `streameroo` (test "test_amqp") generated 1 warning
[INFO] [stderr] warning: `streameroo` (lib test) generated 22 warnings (22 duplicates)
[INFO] [stderr]     Finished `test` profile [unoptimized + debuginfo] target(s) in 0.10s
[INFO] [stderr]      Running unittests src/lib.rs (/opt/rustwide/target/debug/deps/streameroo-cb633785aca60285)
[INFO] [stdout] 
[INFO] [stdout] running 1 test
[INFO] [stdout] test amqp::test::test_context ... FAILED
[INFO] [stdout] 
[INFO] [stdout] failures:
[INFO] [stdout] 
[INFO] [stdout] ---- amqp::test::test_context stdout ----
[INFO] [stdout] thread 'amqp::test::test_context' panicked at src/amqp.rs:221:27:
[INFO] [stdout] not yet implemented
[INFO] [stdout] stack backtrace:
[INFO] [stdout]    0:     0x62ff29dc2faa - std::backtrace_rs::backtrace::libunwind::trace::h207520d6e9873551
[INFO] [stdout]                                at /rustc/df4ca44d3fbc9301ee17f30f4d474e6ae4b05252/library/std/src/../../backtrace/src/backtrace/libunwind.rs:116:5
[INFO] [stdout]    1:     0x62ff29dc2faa - std::backtrace_rs::backtrace::trace_unsynchronized::h2ed7433f370e3eca
[INFO] [stdout]                                at /rustc/df4ca44d3fbc9301ee17f30f4d474e6ae4b05252/library/std/src/../../backtrace/src/backtrace/mod.rs:66:5
[INFO] [stdout]    2:     0x62ff29dc2faa - std::sys::backtrace::_print_fmt::h916fac51166b18d7
[INFO] [stdout]                                at /rustc/df4ca44d3fbc9301ee17f30f4d474e6ae4b05252/library/std/src/sys/backtrace.rs:66:9
[INFO] [stdout]    3:     0x62ff29dc2faa - <std::sys::backtrace::BacktraceLock::print::DisplayBacktrace as core::fmt::Display>::fmt::ha0a4c9b8ce3802e6
[INFO] [stdout]                                at /rustc/df4ca44d3fbc9301ee17f30f4d474e6ae4b05252/library/std/src/sys/backtrace.rs:39:26
[INFO] [stdout]    4:     0x62ff29de9973 - core::fmt::rt::Argument::fmt::h4cfc8587d52b3eb5
[INFO] [stdout]                                at /rustc/df4ca44d3fbc9301ee17f30f4d474e6ae4b05252/library/core/src/fmt/rt.rs:177:76
[INFO] [stdout]    5:     0x62ff29de9973 - core::fmt::write::h522cc39e5b36ae9f
[INFO] [stdout]                                at /rustc/df4ca44d3fbc9301ee17f30f4d474e6ae4b05252/library/core/src/fmt/mod.rs:1190:21
[INFO] [stdout]    6:     0x62ff29dbfa33 - std::io::Write::write_fmt::h7d3c26752da97734
[INFO] [stdout]                                at /rustc/df4ca44d3fbc9301ee17f30f4d474e6ae4b05252/library/std/src/io/mod.rs:1839:15
[INFO] [stdout]    7:     0x62ff29dc2df2 - std::sys::backtrace::BacktraceLock::print::h4b9e00b29e9c0942
[INFO] [stdout]                                at /rustc/df4ca44d3fbc9301ee17f30f4d474e6ae4b05252/library/std/src/sys/backtrace.rs:42:9
[INFO] [stdout]    8:     0x62ff29dc443a - std::panicking::default_hook::{{closure}}::hb59b88280d0324d9
[INFO] [stdout]                                at /rustc/df4ca44d3fbc9301ee17f30f4d474e6ae4b05252/library/std/src/panicking.rs:268:22
[INFO] [stdout]    9:     0x62ff29dc4244 - std::panicking::default_hook::he1dd496665be4a29
[INFO] [stdout]                                at /rustc/df4ca44d3fbc9301ee17f30f4d474e6ae4b05252/library/std/src/panicking.rs:292:9
[INFO] [stdout]   10:     0x62ff29cf8159 - <alloc::boxed::Box<F,A> as core::ops::function::Fn<Args>>::call::h4ff71de18744e1dc
[INFO] [stdout]                                at /rustc/df4ca44d3fbc9301ee17f30f4d474e6ae4b05252/library/alloc/src/boxed.rs:2468:9
[INFO] [stdout]   11:     0x62ff29cf8159 - test::test_main::{{closure}}::hcf7c055ce117aa81
[INFO] [stdout]                                at /rustc/df4ca44d3fbc9301ee17f30f4d474e6ae4b05252/library/test/src/lib.rs:133:21
[INFO] [stdout]   12:     0x62ff29dc4b38 - <alloc::boxed::Box<F,A> as core::ops::function::Fn<Args>>::call::h1d66c6bbd60c9692
[INFO] [stdout]                                at /rustc/df4ca44d3fbc9301ee17f30f4d474e6ae4b05252/library/alloc/src/boxed.rs:2468:9
[INFO] [stdout]   13:     0x62ff29dc4b38 - std::panicking::rust_panic_with_hook::h2ff17fe8f26dfcf8
[INFO] [stdout]                                at /rustc/df4ca44d3fbc9301ee17f30f4d474e6ae4b05252/library/std/src/panicking.rs:809:13
[INFO] [stdout]   14:     0x62ff29dc48c6 - std::panicking::begin_panic_handler::{{closure}}::h4fad77951c07e101
[INFO] [stdout]                                at /rustc/df4ca44d3fbc9301ee17f30f4d474e6ae4b05252/library/std/src/panicking.rs:667:13
[INFO] [stdout]   15:     0x62ff29dc3489 - std::sys::backtrace::__rust_end_short_backtrace::hb1a25b3da5d0ea08
[INFO] [stdout]                                at /rustc/df4ca44d3fbc9301ee17f30f4d474e6ae4b05252/library/std/src/sys/backtrace.rs:170:18
[INFO] [stdout]   16:     0x62ff29dc458c - rust_begin_unwind
[INFO] [stdout]                                at /rustc/df4ca44d3fbc9301ee17f30f4d474e6ae4b05252/library/std/src/panicking.rs:665:5
[INFO] [stdout]   17:     0x62ff29de8310 - core::panicking::panic_fmt::ha9db07b529f9b256
[INFO] [stdout]                                at /rustc/df4ca44d3fbc9301ee17f30f4d474e6ae4b05252/library/core/src/panicking.rs:75:14
[INFO] [stdout]   18:     0x62ff29de839c - core::panicking::panic::h993086813d94accc
[INFO] [stdout]                                at /rustc/df4ca44d3fbc9301ee17f30f4d474e6ae4b05252/library/core/src/panicking.rs:152:5
[INFO] [stdout]   19:     0x62ff29cbde35 - streameroo::amqp::spawn_handler::{{closure}}::h5d7bdff6a8a164a1
[INFO] [stdout]                                at /opt/rustwide/workdir/src/amqp.rs:221:27
[INFO] [stdout]   20:     0x62ff29cbe18a - streameroo::amqp::test::test_context::{{closure}}::hffe08ff257df29d9
[INFO] [stdout]                                at /opt/rustwide/workdir/src/amqp.rs:252:37
[INFO] [stdout]   21:     0x62ff29cbdd72 - <core::pin::Pin<P> as core::future::future::Future>::poll::he803099edec24a2e
[INFO] [stdout]                                at /rustc/df4ca44d3fbc9301ee17f30f4d474e6ae4b05252/library/core/src/future/future.rs:123:9
[INFO] [stdout]   22:     0x62ff29cbdd2d - <core::pin::Pin<P> as core::future::future::Future>::poll::hce83ae2439e07ec1
[INFO] [stdout]                                at /rustc/df4ca44d3fbc9301ee17f30f4d474e6ae4b05252/library/core/src/future/future.rs:123:9
[INFO] [stdout]   23:     0x62ff29cbda6f - tokio::runtime::scheduler::current_thread::CoreGuard::block_on::{{closure}}::{{closure}}::{{closure}}::ha736d4d035ec10eb
[INFO] [stdout]                                at /opt/rustwide/cargo-home/registry/src/index.crates.io-6f17d22bba15001f/tokio-1.40.0/src/runtime/scheduler/current_thread/mod.rs:696:57
[INFO] [stdout]   24:     0x62ff29cbd7f5 - tokio::runtime::coop::with_budget::h3dde13a8dcce6454
[INFO] [stdout]                                at /opt/rustwide/cargo-home/registry/src/index.crates.io-6f17d22bba15001f/tokio-1.40.0/src/runtime/coop.rs:107:5
[INFO] [stdout]   25:     0x62ff29cbd7f5 - tokio::runtime::coop::budget::hc0cb543dac51873b
[INFO] [stdout]                                at /opt/rustwide/cargo-home/registry/src/index.crates.io-6f17d22bba15001f/tokio-1.40.0/src/runtime/coop.rs:73:5
[INFO] [stdout]   26:     0x62ff29cbd7f5 - tokio::runtime::scheduler::current_thread::CoreGuard::block_on::{{closure}}::{{closure}}::h2fc91fb904a03138
[INFO] [stdout]                                at /opt/rustwide/cargo-home/registry/src/index.crates.io-6f17d22bba15001f/tokio-1.40.0/src/runtime/scheduler/current_thread/mod.rs:696:25
[INFO] [stdout]   27:     0x62ff29cbb300 - tokio::runtime::scheduler::current_thread::Context::enter::h901ab0037d837197
[INFO] [stdout]                                at /opt/rustwide/cargo-home/registry/src/index.crates.io-6f17d22bba15001f/tokio-1.40.0/src/runtime/scheduler/current_thread/mod.rs:423:19
[INFO] [stdout]   28:     0x62ff29cbd05e - tokio::runtime::scheduler::current_thread::CoreGuard::block_on::{{closure}}::h8b0a21989a13ca12
[INFO] [stdout]                                at /opt/rustwide/cargo-home/registry/src/index.crates.io-6f17d22bba15001f/tokio-1.40.0/src/runtime/scheduler/current_thread/mod.rs:695:36
[INFO] [stdout]   29:     0x62ff29cbc4b4 - tokio::runtime::scheduler::current_thread::CoreGuard::enter::{{closure}}::h3c7c9b0c36f963d6
[INFO] [stdout]                                at /opt/rustwide/cargo-home/registry/src/index.crates.io-6f17d22bba15001f/tokio-1.40.0/src/runtime/scheduler/current_thread/mod.rs:774:68
[INFO] [stdout]   30:     0x62ff29cb898b - tokio::runtime::context::scoped::Scoped<T>::set::hc7237b2f331af227
[INFO] [stdout]                                at /opt/rustwide/cargo-home/registry/src/index.crates.io-6f17d22bba15001f/tokio-1.40.0/src/runtime/context/scoped.rs:40:9
[INFO] [stdout]   31:     0x62ff29cb8539 - tokio::runtime::context::set_scheduler::{{closure}}::h6157c2efc182bbba
[INFO] [stdout]                                at /opt/rustwide/cargo-home/registry/src/index.crates.io-6f17d22bba15001f/tokio-1.40.0/src/runtime/context.rs:180:26
[INFO] [stdout]   32:     0x62ff29cb542d - std::thread::local::LocalKey<T>::try_with::h34a38c21765d06d9
[INFO] [stdout]                                at /rustc/df4ca44d3fbc9301ee17f30f4d474e6ae4b05252/library/std/src/thread/local.rs:283:12
[INFO] [stdout]   33:     0x62ff29cb50da - std::thread::local::LocalKey<T>::with::hbb050866da32650b
[INFO] [stdout]                                at /rustc/df4ca44d3fbc9301ee17f30f4d474e6ae4b05252/library/std/src/thread/local.rs:260:9
[INFO] [stdout]   34:     0x62ff29cb84ed - tokio::runtime::context::set_scheduler::hdaa51fa83a5a04aa
[INFO] [stdout]                                at /opt/rustwide/cargo-home/registry/src/index.crates.io-6f17d22bba15001f/tokio-1.40.0/src/runtime/context.rs:180:9
[INFO] [stdout]   35:     0x62ff29cbc260 - tokio::runtime::scheduler::current_thread::CoreGuard::enter::hea012b83c66339bf
[INFO] [stdout]                                at /opt/rustwide/cargo-home/registry/src/index.crates.io-6f17d22bba15001f/tokio-1.40.0/src/runtime/scheduler/current_thread/mod.rs:774:27
[INFO] [stdout]   36:     0x62ff29cbc4f3 - tokio::runtime::scheduler::current_thread::CoreGuard::block_on::h06664f17004598ac
[INFO] [stdout]                                at /opt/rustwide/cargo-home/registry/src/index.crates.io-6f17d22bba15001f/tokio-1.40.0/src/runtime/scheduler/current_thread/mod.rs:683:19
[INFO] [stdout]   37:     0x62ff29cba75f - tokio::runtime::scheduler::current_thread::CurrentThread::block_on::{{closure}}::hc36d0bac34564d80
[INFO] [stdout]                                at /opt/rustwide/cargo-home/registry/src/index.crates.io-6f17d22bba15001f/tokio-1.40.0/src/runtime/scheduler/current_thread/mod.rs:191:28
[INFO] [stdout]   38:     0x62ff29cb9066 - tokio::runtime::context::runtime::enter_runtime::hf923d22f04bbaa74
[INFO] [stdout]                                at /opt/rustwide/cargo-home/registry/src/index.crates.io-6f17d22bba15001f/tokio-1.40.0/src/runtime/context/runtime.rs:65:16
[INFO] [stdout]   39:     0x62ff29cb9fa1 - tokio::runtime::scheduler::current_thread::CurrentThread::block_on::h420f503283fbdbb2
[INFO] [stdout]                                at /opt/rustwide/cargo-home/registry/src/index.crates.io-6f17d22bba15001f/tokio-1.40.0/src/runtime/scheduler/current_thread/mod.rs:179:9
[INFO] [stdout]   40:     0x62ff29cb9afd - tokio::runtime::runtime::Runtime::block_on_inner::h333a3eec4e3fea8b
[INFO] [stdout]                                at /opt/rustwide/cargo-home/registry/src/index.crates.io-6f17d22bba15001f/tokio-1.40.0/src/runtime/runtime.rs:361:47
[INFO] [stdout]   41:     0x62ff29cb9d25 - tokio::runtime::runtime::Runtime::block_on::h37eea1a0fe157e8a
[INFO] [stdout]                                at /opt/rustwide/cargo-home/registry/src/index.crates.io-6f17d22bba15001f/tokio-1.40.0/src/runtime/runtime.rs:335:13
[INFO] [stdout]   42:     0x62ff29cbdfcb - streameroo::amqp::test::test_context::h0a3eb179149ecfee
[INFO] [stdout]                                at /opt/rustwide/workdir/src/amqp.rs:252:9
[INFO] [stdout]   43:     0x62ff29cbde97 - streameroo::amqp::test::test_context::{{closure}}::h429e40ae7ab6cb94
[INFO] [stdout]                                at /opt/rustwide/workdir/src/amqp.rs:251:28
[INFO] [stdout]   44:     0x62ff29cb61b6 - core::ops::function::FnOnce::call_once::h27a5d8499416834e
[INFO] [stdout]                                at /rustc/df4ca44d3fbc9301ee17f30f4d474e6ae4b05252/library/core/src/ops/function.rs:250:5
[INFO] [stdout]   45:     0x62ff29cfca2b - core::ops::function::FnOnce::call_once::h22c3ba5715e93f05
[INFO] [stdout]                                at /rustc/df4ca44d3fbc9301ee17f30f4d474e6ae4b05252/library/core/src/ops/function.rs:250:5
[INFO] [stdout]   46:     0x62ff29cfca2b - test::__rust_begin_short_backtrace::h8e82d8113d0da17f
[INFO] [stdout]                                at /rustc/df4ca44d3fbc9301ee17f30f4d474e6ae4b05252/library/test/src/lib.rs:621:18
[INFO] [stdout]   47:     0x62ff29cfc3a7 - test::run_test_in_process::{{closure}}::h33235f4f20b7b7c7
[INFO] [stdout]                                at /rustc/df4ca44d3fbc9301ee17f30f4d474e6ae4b05252/library/test/src/lib.rs:644:60
[INFO] [stdout]   48:     0x62ff29cfc3a7 - <core::panic::unwind_safe::AssertUnwindSafe<F> as core::ops::function::FnOnce<()>>::call_once::hb5043206310c586f
[INFO] [stdout]                                at /rustc/df4ca44d3fbc9301ee17f30f4d474e6ae4b05252/library/core/src/panic/unwind_safe.rs:272:9
[INFO] [stdout]   49:     0x62ff29cfc3a7 - std::panicking::try::do_call::h9ad4731a60ab23e2
[INFO] [stdout]                                at /rustc/df4ca44d3fbc9301ee17f30f4d474e6ae4b05252/library/std/src/panicking.rs:557:40
[INFO] [stdout]   50:     0x62ff29cfc3a7 - std::panicking::try::h3824d23db772a716
[INFO] [stdout]                                at /rustc/df4ca44d3fbc9301ee17f30f4d474e6ae4b05252/library/std/src/panicking.rs:520:19
[INFO] [stdout]   51:     0x62ff29cfc3a7 - std::panic::catch_unwind::h5afd514605fde46b
[INFO] [stdout]                                at /rustc/df4ca44d3fbc9301ee17f30f4d474e6ae4b05252/library/std/src/panic.rs:358:14
[INFO] [stdout]   52:     0x62ff29cfc3a7 - test::run_test_in_process::h0d5cbfa7067d1720
[INFO] [stdout]                                at /rustc/df4ca44d3fbc9301ee17f30f4d474e6ae4b05252/library/test/src/lib.rs:644:27
[INFO] [stdout]   53:     0x62ff29cfc3a7 - test::run_test::{{closure}}::h708eb8872708115d
[INFO] [stdout]                                at /rustc/df4ca44d3fbc9301ee17f30f4d474e6ae4b05252/library/test/src/lib.rs:565:43
[INFO] [stdout]   54:     0x62ff29cbfac4 - test::run_test::{{closure}}::h392c51cee94713ab
[INFO] [stdout]                                at /rustc/df4ca44d3fbc9301ee17f30f4d474e6ae4b05252/library/test/src/lib.rs:595:41
[INFO] [stdout]   55:     0x62ff29cbfac4 - std::sys::backtrace::__rust_begin_short_backtrace::h2f40290710935a8b
[INFO] [stdout]                                at /rustc/df4ca44d3fbc9301ee17f30f4d474e6ae4b05252/library/std/src/sys/backtrace.rs:154:18
[INFO] [stdout]   56:     0x62ff29cc326e - std::thread::Builder::spawn_unchecked_::{{closure}}::{{closure}}::h3fd968d89053a903
[INFO] [stdout]                                at /rustc/df4ca44d3fbc9301ee17f30f4d474e6ae4b05252/library/std/src/thread/mod.rs:541:17
[INFO] [stdout]   57:     0x62ff29cc326e - <core::panic::unwind_safe::AssertUnwindSafe<F> as core::ops::function::FnOnce<()>>::call_once::h743f637ba4229880
[INFO] [stdout]                                at /rustc/df4ca44d3fbc9301ee17f30f4d474e6ae4b05252/library/core/src/panic/unwind_safe.rs:272:9
[INFO] [stdout]   58:     0x62ff29cc326e - std::panicking::try::do_call::h07440897322525a6
[INFO] [stdout]                                at /rustc/df4ca44d3fbc9301ee17f30f4d474e6ae4b05252/library/std/src/panicking.rs:557:40
[INFO] [stdout]   59:     0x62ff29cc326e - std::panicking::try::he5a2e00188156637
[INFO] [stdout]                                at /rustc/df4ca44d3fbc9301ee17f30f4d474e6ae4b05252/library/std/src/panicking.rs:520:19
[INFO] [stdout]   60:     0x62ff29cc326e - std::panic::catch_unwind::hbaf3cae49b3c6433
[INFO] [stdout]                                at /rustc/df4ca44d3fbc9301ee17f30f4d474e6ae4b05252/library/std/src/panic.rs:358:14
[INFO] [stdout]   61:     0x62ff29cc326e - std::thread::Builder::spawn_unchecked_::{{closure}}::h8e141ea224820bce
[INFO] [stdout]                                at /rustc/df4ca44d3fbc9301ee17f30f4d474e6ae4b05252/library/std/src/thread/mod.rs:540:30
[INFO] [stdout]   62:     0x62ff29cc326e - core::ops::function::FnOnce::call_once{{vtable.shim}}::h90d312fedd7b8ea8
[INFO] [stdout]                                at /rustc/df4ca44d3fbc9301ee17f30f4d474e6ae4b05252/library/core/src/ops/function.rs:250:5
[INFO] [stdout]   63:     0x62ff29dc8bbb - <alloc::boxed::Box<F,A> as core::ops::function::FnOnce<Args>>::call_once::h69aa08ddb6adb8b6
[INFO] [stdout]                                at /rustc/df4ca44d3fbc9301ee17f30f4d474e6ae4b05252/library/alloc/src/boxed.rs:2454:9
[INFO] [stdout]   64:     0x62ff29dc8bbb - <alloc::boxed::Box<F,A> as core::ops::function::FnOnce<Args>>::call_once::h5aa36efdb79c806f
[INFO] [stdout]                                at /rustc/df4ca44d3fbc9301ee17f30f4d474e6ae4b05252/library/alloc/src/boxed.rs:2454:9
[INFO] [stdout]   65:     0x62ff29dc8bbb - std::sys::pal::unix::thread::Thread::new::thread_start::h6cd80a1b4be5158d
[INFO] [stdout]                                at /rustc/df4ca44d3fbc9301ee17f30f4d474e6ae4b05252/library/std/src/sys/pal/unix/thread.rs:105:17
[INFO] [stdout]   66:     0x7bad9e6eaac3 - <unknown>
[INFO] [stdout]   67:     0x7bad9e77ba04 - clone
[INFO] [stdout]   68:                0x0 - <unknown>
[INFO] [stdout] 
[INFO] [stdout] 
[INFO] [stdout] failures:
[INFO] [stdout]     amqp::test::test_context
[INFO] [stdout] 
[INFO] [stdout] test result: FAILED. 0 passed; 1 failed; 0 ignored; 0 measured; 0 filtered out; finished in 0.02s
[INFO] [stdout] 
[INFO] [stderr] error: test failed, to rerun pass `--lib`
[INFO] running `Command { std: "docker" "inspect" "8a2bcb9ef44588f990e2abeffc8e8442f91f2f9f52e1d5ea73ff7d668abeec90", kill_on_drop: false }`
[INFO] running `Command { std: "docker" "rm" "-f" "8a2bcb9ef44588f990e2abeffc8e8442f91f2f9f52e1d5ea73ff7d668abeec90", kill_on_drop: false }`
[INFO] [stdout] 8a2bcb9ef44588f990e2abeffc8e8442f91f2f9f52e1d5ea73ff7d668abeec90
