[INFO] cloning repository https://github.com/LonelyPale/sysinfo-cli
[INFO] running `Command { std: "git" "-c" "credential.helper=" "-c" "credential.helper=/workspace/cargo-home/bin/git-credential-null" "clone" "--bare" "https://github.com/LonelyPale/sysinfo-cli" "/workspace/cache/git-repos/https%3A%2F%2Fgithub.com%2FLonelyPale%2Fsysinfo-cli", kill_on_drop: false }`
[INFO] [stderr] Cloning into bare repository '/workspace/cache/git-repos/https%3A%2F%2Fgithub.com%2FLonelyPale%2Fsysinfo-cli'...
[INFO] running `Command { std: "git" "rev-parse" "HEAD", kill_on_drop: false }`
[INFO] [stdout] 0b8e48cabe8f88cfdc360ff7fccd610e1ca4ba5b
[INFO] testing LonelyPale/sysinfo-cli/0b8e48cabe8f88cfdc360ff7fccd610e1ca4ba5b against nightly-2024-10-28 for randomize-layout
[INFO] running `Command { std: "git" "clone" "/workspace/cache/git-repos/https%3A%2F%2Fgithub.com%2FLonelyPale%2Fsysinfo-cli" "/workspace/builds/worker-4-tc1/source", kill_on_drop: false }`
[INFO] [stderr] Cloning into '/workspace/builds/worker-4-tc1/source'...
[INFO] [stderr] done.
[INFO] validating manifest of git repo https://github.com/LonelyPale/sysinfo-cli on toolchain nightly-2024-10-28
[INFO] running `Command { std: CARGO_HOME="/workspace/cargo-home" RUSTUP_HOME="/workspace/rustup-home" "/workspace/cargo-home/bin/cargo" "+nightly-2024-10-28" "metadata" "--manifest-path" "Cargo.toml" "--no-deps", kill_on_drop: false }`
[INFO] started tweaking git repo https://github.com/LonelyPale/sysinfo-cli
[INFO] finished tweaking git repo https://github.com/LonelyPale/sysinfo-cli
[INFO] tweaked toml for git repo https://github.com/LonelyPale/sysinfo-cli written to /workspace/builds/worker-4-tc1/source/Cargo.toml
[INFO] crate git repo https://github.com/LonelyPale/sysinfo-cli already has a lockfile, it will not be regenerated
[INFO] running `Command { std: CARGO_HOME="/workspace/cargo-home" RUSTUP_HOME="/workspace/rustup-home" "/workspace/cargo-home/bin/cargo" "+nightly-2024-10-28" "fetch" "--manifest-path" "Cargo.toml", kill_on_drop: false }`
[INFO] [stderr] warning: unused manifest key: target.x86_64-unknown-linux-gnu.linker
[INFO] [stderr] warning: unused manifest key: target.x86_64-unknown-linux-musl.linker
[INFO] [stderr]     Updating git repository `https://github.com/colored-rs/colored`
[INFO] running `Command { std: "docker" "create" "-v" "/var/lib/crater-agent-workspace/builds/worker-4-tc1/target:/opt/rustwide/target:rw,Z" "-v" "/var/lib/crater-agent-workspace/builds/worker-4-tc1/source:/opt/rustwide/workdir:ro,Z" "-v" "/var/lib/crater-agent-workspace/cargo-home:/opt/rustwide/cargo-home:ro,Z" "-v" "/var/lib/crater-agent-workspace/rustup-home:/opt/rustwide/rustup-home:ro,Z" "-e" "SOURCE_DIR=/opt/rustwide/workdir" "-e" "CARGO_TARGET_DIR=/opt/rustwide/target" "-e" "CARGO_HOME=/opt/rustwide/cargo-home" "-e" "RUSTUP_HOME=/opt/rustwide/rustup-home" "-w" "/opt/rustwide/workdir" "-m" "1610612736" "--user" "0:0" "--network" "none" "ghcr.io/rust-lang/crates-build-env/linux@sha256:4a844ea9eb2546a2d2c7022eacef16ef2e8229c7fbb2c7d4d55a9ceca922f72d" "/opt/rustwide/cargo-home/bin/cargo" "+nightly-2024-10-28" "metadata" "--no-deps" "--format-version=1", kill_on_drop: false }`
[INFO] [stdout] b90f169ae43c9cb06d7ebd8ea0ad7e091c348705377ccde0e7e0f80aafd68b9d
[INFO] running `Command { std: "docker" "start" "-a" "b90f169ae43c9cb06d7ebd8ea0ad7e091c348705377ccde0e7e0f80aafd68b9d", kill_on_drop: false }`
[INFO] running `Command { std: "docker" "inspect" "b90f169ae43c9cb06d7ebd8ea0ad7e091c348705377ccde0e7e0f80aafd68b9d", kill_on_drop: false }`
[INFO] running `Command { std: "docker" "rm" "-f" "b90f169ae43c9cb06d7ebd8ea0ad7e091c348705377ccde0e7e0f80aafd68b9d", kill_on_drop: false }`
[INFO] [stdout] b90f169ae43c9cb06d7ebd8ea0ad7e091c348705377ccde0e7e0f80aafd68b9d
[INFO] running `Command { std: "docker" "create" "-v" "/var/lib/crater-agent-workspace/builds/worker-4-tc1/target:/opt/rustwide/target:rw,Z" "-v" "/var/lib/crater-agent-workspace/builds/worker-4-tc1/source:/opt/rustwide/workdir:ro,Z" "-v" "/var/lib/crater-agent-workspace/cargo-home:/opt/rustwide/cargo-home:ro,Z" "-v" "/var/lib/crater-agent-workspace/rustup-home:/opt/rustwide/rustup-home:ro,Z" "-e" "SOURCE_DIR=/opt/rustwide/workdir" "-e" "CARGO_TARGET_DIR=/opt/rustwide/target" "-e" "CARGO_INCREMENTAL=0" "-e" "RUST_BACKTRACE=full" "-e" "RUSTFLAGS=--cap-lints=forbid" "-e" "RUSTDOCFLAGS=--cap-lints=forbid" "-e" "CARGO_HOME=/opt/rustwide/cargo-home" "-e" "RUSTUP_HOME=/opt/rustwide/rustup-home" "-w" "/opt/rustwide/workdir" "-m" "1610612736" "--user" "0:0" "--network" "none" "ghcr.io/rust-lang/crates-build-env/linux@sha256:4a844ea9eb2546a2d2c7022eacef16ef2e8229c7fbb2c7d4d55a9ceca922f72d" "/opt/rustwide/cargo-home/bin/cargo" "+nightly-2024-10-28" "build" "--frozen" "--message-format=json", kill_on_drop: false }`
[INFO] [stdout] 126aa7b9bf4de68e8d23d5eb17d3c1ef81fc0b6fd92f5942da86eb0e1f499bc4
[INFO] running `Command { std: "docker" "start" "-a" "126aa7b9bf4de68e8d23d5eb17d3c1ef81fc0b6fd92f5942da86eb0e1f499bc4", kill_on_drop: false }`
[INFO] [stderr] warning: unused manifest key: target.x86_64-unknown-linux-gnu.linker
[INFO] [stderr] warning: unused manifest key: target.x86_64-unknown-linux-musl.linker
[INFO] [stderr]    Compiling crossbeam-utils v0.8.19
[INFO] [stderr]    Compiling proc-macro2 v1.0.76
[INFO] [stderr]    Compiling unicode-ident v1.0.12
[INFO] [stderr]    Compiling utf8parse v0.2.1
[INFO] [stderr]    Compiling rayon-core v1.12.1
[INFO] [stderr]    Compiling colorchoice v1.0.0
[INFO] [stderr]    Compiling anstyle v1.0.4
[INFO] [stderr]    Compiling libc v0.2.152
[INFO] [stderr]    Compiling anstyle-parse v0.2.3
[INFO] [stderr]    Compiling anstyle-query v1.0.2
[INFO] [stderr]    Compiling either v1.9.0
[INFO] [stderr]    Compiling strsim v0.10.0
[INFO] [stderr]    Compiling heck v0.4.1
[INFO] [stderr]    Compiling anstream v0.6.11
[INFO] [stderr]    Compiling clap_lex v0.6.0
[INFO] [stderr]    Compiling once_cell v1.19.0
[INFO] [stderr]    Compiling colored v2.1.0 (https://github.com/colored-rs/colored#bbe16cbe)
[INFO] [stderr]    Compiling clap_builder v4.4.18
[INFO] [stderr]    Compiling crossbeam-epoch v0.9.18
[INFO] [stderr]    Compiling quote v1.0.35
[INFO] [stderr]    Compiling crossbeam-deque v0.8.5
[INFO] [stderr]    Compiling syn v2.0.48
[INFO] [stderr]    Compiling rayon v1.8.1
[INFO] [stderr]    Compiling sysinfo v0.30.5
[INFO] [stderr]    Compiling clap_derive v4.4.7
[INFO] [stderr]    Compiling clap v4.4.18
[INFO] [stderr]    Compiling sysinfo-cli v0.1.1 (/opt/rustwide/workdir)
[INFO] [stdout] warning: unused imports: `CStr` and `CString`
[INFO] [stdout]  --> src/disk.rs:4:16
[INFO] [stdout]   |
[INFO] [stdout] 4 | use std::ffi::{CStr, CString};
[INFO] [stdout]   |                ^^^^  ^^^^^^^
[INFO] [stdout]   |
[INFO] [stdout]   = note: `#[warn(unused_imports)]` on by default
[INFO] [stdout] 
[INFO] [stdout] 
[INFO] [stdout] warning: multiple fields are never read
[INFO] [stdout]   --> src/disk.rs:25:9
[INFO] [stdout]    |
[INFO] [stdout] 23 | pub struct StatvfsResult {
[INFO] [stdout]    |            ------------- fields in this struct
[INFO] [stdout] 24 |     pub f_bsize: u64,
[INFO] [stdout] 25 |     pub f_frsize: u64,
[INFO] [stdout]    |         ^^^^^^^^
[INFO] [stdout] 26 |     pub f_blocks: u64,
[INFO] [stdout]    |         ^^^^^^^^
[INFO] [stdout] 27 |     pub f_bfree: u64,
[INFO] [stdout] 28 |     pub f_bavail: u64,
[INFO] [stdout]    |         ^^^^^^^^
[INFO] [stdout] 29 |     pub f_files: u64,
[INFO] [stdout]    |         ^^^^^^^
[INFO] [stdout] 30 |     pub f_ffree: u64,
[INFO] [stdout]    |         ^^^^^^^
[INFO] [stdout] 31 |     pub f_favail: u64,
[INFO] [stdout]    |         ^^^^^^^^
[INFO] [stdout] 32 |     pub f_fsid: u64,
[INFO] [stdout]    |         ^^^^^^
[INFO] [stdout] 33 |     pub f_flag: u64,
[INFO] [stdout]    |         ^^^^^^
[INFO] [stdout] 34 |     pub f_namemax: u64,
[INFO] [stdout]    |         ^^^^^^^^^
[INFO] [stdout]    |
[INFO] [stdout]    = note: `StatvfsResult` has a derived impl for the trait `Debug`, but this is intentionally ignored during dead code analysis
[INFO] [stdout]    = note: `#[warn(dead_code)]` on by default
[INFO] [stdout] 
[INFO] [stdout] 
[INFO] [stdout] warning: struct `DiskInfo` is never constructed
[INFO] [stdout]   --> src/sys_info.rs:16:12
[INFO] [stdout]    |
[INFO] [stdout] 16 | pub struct DiskInfo {
[INFO] [stdout]    |            ^^^^^^^^
[INFO] [stdout]    |
[INFO] [stdout]    = note: `DiskInfo` has a derived impl for the trait `Debug`, but this is intentionally ignored during dead code analysis
[INFO] [stdout] 
[INFO] [stdout] 
[INFO] [stdout] warning: fields `key`, `column_index`, `columns`, and `record` are never read
[INFO] [stdout]    --> src/table.rs:151:9
[INFO] [stdout]     |
[INFO] [stdout] 149 | pub struct RenderArgs<'a> {
[INFO] [stdout]     |            ---------- fields in this struct
[INFO] [stdout] 150 |     pub value: CombineString<'a>,
[INFO] [stdout] 151 |     pub key: &'a str,
[INFO] [stdout]     |         ^^^
[INFO] [stdout] 152 |     pub column_index: usize,
[INFO] [stdout]     |         ^^^^^^^^^^^^
[INFO] [stdout] 153 |     pub column: &'a Column,
[INFO] [stdout] 154 |     pub columns: &'a Vec<Column>,
[INFO] [stdout]     |         ^^^^^^^
[INFO] [stdout] 155 |     pub record_index: usize,
[INFO] [stdout] 156 |     pub record: &'a HashMap<String, String>,
[INFO] [stdout]     |         ^^^^^^
[INFO] [stdout] 
[INFO] [stdout] 
[INFO] [stdout] warning: variant `AsString` is never constructed
[INFO] [stdout]    --> src/table.rs:165:5
[INFO] [stdout]     |
[INFO] [stdout] 163 | pub enum CombineString<'a> {
[INFO] [stdout]     |          ------------- variant in this enum
[INFO] [stdout] 164 |     AsStr(&'a str),
[INFO] [stdout] 165 |     AsString(String),
[INFO] [stdout]     |     ^^^^^^^^
[INFO] [stdout]     |
[INFO] [stdout]     = note: `CombineString` has a derived impl for the trait `Debug`, but this is intentionally ignored during dead code analysis
[INFO] [stdout] 
[INFO] [stdout] 
[INFO] [stderr]     Finished `dev` profile [unoptimized + debuginfo] target(s) in 4.05s
[INFO] running `Command { std: "docker" "inspect" "126aa7b9bf4de68e8d23d5eb17d3c1ef81fc0b6fd92f5942da86eb0e1f499bc4", kill_on_drop: false }`
[INFO] running `Command { std: "docker" "rm" "-f" "126aa7b9bf4de68e8d23d5eb17d3c1ef81fc0b6fd92f5942da86eb0e1f499bc4", kill_on_drop: false }`
[INFO] [stdout] 126aa7b9bf4de68e8d23d5eb17d3c1ef81fc0b6fd92f5942da86eb0e1f499bc4
[INFO] running `Command { std: "docker" "create" "-v" "/var/lib/crater-agent-workspace/builds/worker-4-tc1/target:/opt/rustwide/target:rw,Z" "-v" "/var/lib/crater-agent-workspace/builds/worker-4-tc1/source:/opt/rustwide/workdir:ro,Z" "-v" "/var/lib/crater-agent-workspace/cargo-home:/opt/rustwide/cargo-home:ro,Z" "-v" "/var/lib/crater-agent-workspace/rustup-home:/opt/rustwide/rustup-home:ro,Z" "-e" "SOURCE_DIR=/opt/rustwide/workdir" "-e" "CARGO_TARGET_DIR=/opt/rustwide/target" "-e" "CARGO_INCREMENTAL=0" "-e" "RUST_BACKTRACE=full" "-e" "RUSTFLAGS=--cap-lints=forbid" "-e" "RUSTDOCFLAGS=--cap-lints=forbid" "-e" "CARGO_HOME=/opt/rustwide/cargo-home" "-e" "RUSTUP_HOME=/opt/rustwide/rustup-home" "-w" "/opt/rustwide/workdir" "-m" "1610612736" "--user" "0:0" "--network" "none" "ghcr.io/rust-lang/crates-build-env/linux@sha256:4a844ea9eb2546a2d2c7022eacef16ef2e8229c7fbb2c7d4d55a9ceca922f72d" "/opt/rustwide/cargo-home/bin/cargo" "+nightly-2024-10-28" "test" "--frozen" "--no-run" "--message-format=json", kill_on_drop: false }`
[INFO] [stdout] 892be82a1db4b94b6fec69dbca29c6a4992d47c777bc7636aa575f984b447678
[INFO] running `Command { std: "docker" "start" "-a" "892be82a1db4b94b6fec69dbca29c6a4992d47c777bc7636aa575f984b447678", kill_on_drop: false }`
[INFO] [stderr] warning: unused manifest key: target.x86_64-unknown-linux-gnu.linker
[INFO] [stderr] warning: unused manifest key: target.x86_64-unknown-linux-musl.linker
[INFO] [stderr]    Compiling sysinfo-cli v0.1.1 (/opt/rustwide/workdir)
[INFO] [stdout] warning: unused variable: `x_ptr`
[INFO] [stdout]    --> src/disk.rs:234:9
[INFO] [stdout]     |
[INFO] [stdout] 234 |     let x_ptr = x.as_ptr();
[INFO] [stdout]     |         ^^^^^ help: if this is intentional, prefix it with an underscore: `_x_ptr`
[INFO] [stdout]     |
[INFO] [stdout]     = note: `#[warn(unused_variables)]` on by default
[INFO] [stdout] 
[INFO] [stdout] 
[INFO] [stdout] warning: unused variable: `s_ptr`
[INFO] [stdout]    --> src/disk.rs:263:9
[INFO] [stdout]     |
[INFO] [stdout] 263 |     let s_ptr = s.as_ptr();
[INFO] [stdout]     |         ^^^^^ help: if this is intentional, prefix it with an underscore: `_s_ptr`
[INFO] [stdout] 
[INFO] [stdout] 
[INFO] [stdout] warning: unused variable: `s1`
[INFO] [stdout]    --> src/disk.rs:287:9
[INFO] [stdout]     |
[INFO] [stdout] 287 |     let s1 = "abc";
[INFO] [stdout]     |         ^^ help: if this is intentional, prefix it with an underscore: `_s1`
[INFO] [stdout] 
[INFO] [stdout] 
[INFO] [stdout] warning: multiple fields are never read
[INFO] [stdout]   --> src/disk.rs:25:9
[INFO] [stdout]    |
[INFO] [stdout] 23 | pub struct StatvfsResult {
[INFO] [stdout]    |            ------------- fields in this struct
[INFO] [stdout] 24 |     pub f_bsize: u64,
[INFO] [stdout] 25 |     pub f_frsize: u64,
[INFO] [stdout]    |         ^^^^^^^^
[INFO] [stdout] 26 |     pub f_blocks: u64,
[INFO] [stdout]    |         ^^^^^^^^
[INFO] [stdout] 27 |     pub f_bfree: u64,
[INFO] [stdout] 28 |     pub f_bavail: u64,
[INFO] [stdout]    |         ^^^^^^^^
[INFO] [stdout] 29 |     pub f_files: u64,
[INFO] [stdout]    |         ^^^^^^^
[INFO] [stdout] 30 |     pub f_ffree: u64,
[INFO] [stdout]    |         ^^^^^^^
[INFO] [stdout] 31 |     pub f_favail: u64,
[INFO] [stdout]    |         ^^^^^^^^
[INFO] [stdout] 32 |     pub f_fsid: u64,
[INFO] [stdout]    |         ^^^^^^
[INFO] [stdout] 33 |     pub f_flag: u64,
[INFO] [stdout]    |         ^^^^^^
[INFO] [stdout] 34 |     pub f_namemax: u64,
[INFO] [stdout]    |         ^^^^^^^^^
[INFO] [stdout]    |
[INFO] [stdout]    = note: `StatvfsResult` has a derived impl for the trait `Debug`, but this is intentionally ignored during dead code analysis
[INFO] [stdout]    = note: `#[warn(dead_code)]` on by default
[INFO] [stdout] 
[INFO] [stdout] 
[INFO] [stdout] warning: struct `DiskInfo` is never constructed
[INFO] [stdout]   --> src/sys_info.rs:16:12
[INFO] [stdout]    |
[INFO] [stdout] 16 | pub struct DiskInfo {
[INFO] [stdout]    |            ^^^^^^^^
[INFO] [stdout]    |
[INFO] [stdout]    = note: `DiskInfo` has a derived impl for the trait `Debug`, but this is intentionally ignored during dead code analysis
[INFO] [stdout] 
[INFO] [stdout] 
[INFO] [stdout] warning: fields `key`, `column_index`, `columns`, and `record` are never read
[INFO] [stdout]    --> src/table.rs:151:9
[INFO] [stdout]     |
[INFO] [stdout] 149 | pub struct RenderArgs<'a> {
[INFO] [stdout]     |            ---------- fields in this struct
[INFO] [stdout] 150 |     pub value: CombineString<'a>,
[INFO] [stdout] 151 |     pub key: &'a str,
[INFO] [stdout]     |         ^^^
[INFO] [stdout] 152 |     pub column_index: usize,
[INFO] [stdout]     |         ^^^^^^^^^^^^
[INFO] [stdout] 153 |     pub column: &'a Column,
[INFO] [stdout] 154 |     pub columns: &'a Vec<Column>,
[INFO] [stdout]     |         ^^^^^^^
[INFO] [stdout] 155 |     pub record_index: usize,
[INFO] [stdout] 156 |     pub record: &'a HashMap<String, String>,
[INFO] [stdout]     |         ^^^^^^
[INFO] [stdout] 
[INFO] [stdout] 
[INFO] [stdout] warning: variant `AsString` is never constructed
[INFO] [stdout]    --> src/table.rs:165:5
[INFO] [stdout]     |
[INFO] [stdout] 163 | pub enum CombineString<'a> {
[INFO] [stdout]     |          ------------- variant in this enum
[INFO] [stdout] 164 |     AsStr(&'a str),
[INFO] [stdout] 165 |     AsString(String),
[INFO] [stdout]     |     ^^^^^^^^
[INFO] [stdout]     |
[INFO] [stdout]     = note: `CombineString` has a derived impl for the trait `Debug`, but this is intentionally ignored during dead code analysis
[INFO] [stdout] 
[INFO] [stdout] 
[INFO] [stderr]     Finished `test` profile [unoptimized + debuginfo] target(s) in 0.46s
[INFO] running `Command { std: "docker" "inspect" "892be82a1db4b94b6fec69dbca29c6a4992d47c777bc7636aa575f984b447678", kill_on_drop: false }`
[INFO] running `Command { std: "docker" "rm" "-f" "892be82a1db4b94b6fec69dbca29c6a4992d47c777bc7636aa575f984b447678", kill_on_drop: false }`
[INFO] [stdout] 892be82a1db4b94b6fec69dbca29c6a4992d47c777bc7636aa575f984b447678
[INFO] running `Command { std: "docker" "create" "-v" "/var/lib/crater-agent-workspace/builds/worker-4-tc1/target:/opt/rustwide/target:rw,Z" "-v" "/var/lib/crater-agent-workspace/builds/worker-4-tc1/source:/opt/rustwide/workdir:ro,Z" "-v" "/var/lib/crater-agent-workspace/cargo-home:/opt/rustwide/cargo-home:ro,Z" "-v" "/var/lib/crater-agent-workspace/rustup-home:/opt/rustwide/rustup-home:ro,Z" "-e" "SOURCE_DIR=/opt/rustwide/workdir" "-e" "CARGO_TARGET_DIR=/opt/rustwide/target" "-e" "CARGO_INCREMENTAL=0" "-e" "RUST_BACKTRACE=full" "-e" "RUSTFLAGS=--cap-lints=forbid" "-e" "RUSTDOCFLAGS=--cap-lints=forbid" "-e" "CARGO_HOME=/opt/rustwide/cargo-home" "-e" "RUSTUP_HOME=/opt/rustwide/rustup-home" "-w" "/opt/rustwide/workdir" "-m" "1610612736" "--user" "0:0" "--network" "none" "ghcr.io/rust-lang/crates-build-env/linux@sha256:4a844ea9eb2546a2d2c7022eacef16ef2e8229c7fbb2c7d4d55a9ceca922f72d" "/opt/rustwide/cargo-home/bin/cargo" "+nightly-2024-10-28" "test" "--frozen", kill_on_drop: false }`
[INFO] [stdout] 32d7984eac905eba56f30ca9b4b8aaf56646f759834a556a87b291aa38e47179
[INFO] running `Command { std: "docker" "start" "-a" "32d7984eac905eba56f30ca9b4b8aaf56646f759834a556a87b291aa38e47179", kill_on_drop: false }`
[INFO] [stderr] warning: unused manifest key: target.x86_64-unknown-linux-gnu.linker
[INFO] [stderr] warning: unused manifest key: target.x86_64-unknown-linux-musl.linker
[INFO] [stderr] warning: unused variable: `x_ptr`
[INFO] [stderr]    --> src/disk.rs:234:9
[INFO] [stderr]     |
[INFO] [stderr] 234 |     let x_ptr = x.as_ptr();
[INFO] [stderr]     |         ^^^^^ help: if this is intentional, prefix it with an underscore: `_x_ptr`
[INFO] [stderr]     |
[INFO] [stderr]     = note: `#[warn(unused_variables)]` on by default
[INFO] [stderr] 
[INFO] [stderr] warning: unused variable: `s_ptr`
[INFO] [stderr]    --> src/disk.rs:263:9
[INFO] [stderr]     |
[INFO] [stderr] 263 |     let s_ptr = s.as_ptr();
[INFO] [stderr]     |         ^^^^^ help: if this is intentional, prefix it with an underscore: `_s_ptr`
[INFO] [stderr] 
[INFO] [stderr] warning: unused variable: `s1`
[INFO] [stderr]    --> src/disk.rs:287:9
[INFO] [stderr]     |
[INFO] [stderr] 287 |     let s1 = "abc";
[INFO] [stderr]     |         ^^ help: if this is intentional, prefix it with an underscore: `_s1`
[INFO] [stderr] 
[INFO] [stderr] warning: multiple fields are never read
[INFO] [stderr]   --> src/disk.rs:25:9
[INFO] [stderr]    |
[INFO] [stderr] 23 | pub struct StatvfsResult {
[INFO] [stderr]    |            ------------- fields in this struct
[INFO] [stderr] 24 |     pub f_bsize: u64,
[INFO] [stderr] 25 |     pub f_frsize: u64,
[INFO] [stderr]    |         ^^^^^^^^
[INFO] [stderr] 26 |     pub f_blocks: u64,
[INFO] [stderr]    |         ^^^^^^^^
[INFO] [stderr] 27 |     pub f_bfree: u64,
[INFO] [stderr] 28 |     pub f_bavail: u64,
[INFO] [stderr]    |         ^^^^^^^^
[INFO] [stderr] 29 |     pub f_files: u64,
[INFO] [stderr]    |         ^^^^^^^
[INFO] [stderr] 30 |     pub f_ffree: u64,
[INFO] [stderr]    |         ^^^^^^^
[INFO] [stderr] 31 |     pub f_favail: u64,
[INFO] [stderr]    |         ^^^^^^^^
[INFO] [stderr] 32 |     pub f_fsid: u64,
[INFO] [stderr]    |         ^^^^^^
[INFO] [stderr] 33 |     pub f_flag: u64,
[INFO] [stderr]    |         ^^^^^^
[INFO] [stderr] 34 |     pub f_namemax: u64,
[INFO] [stderr]    |         ^^^^^^^^^
[INFO] [stderr]    |
[INFO] [stderr]    = note: `StatvfsResult` has a derived impl for the trait `Debug`, but this is intentionally ignored during dead code analysis
[INFO] [stderr]    = note: `#[warn(dead_code)]` on by default
[INFO] [stderr] 
[INFO] [stderr] warning: struct `DiskInfo` is never constructed
[INFO] [stderr]   --> src/sys_info.rs:16:12
[INFO] [stderr]    |
[INFO] [stderr] 16 | pub struct DiskInfo {
[INFO] [stderr]    |            ^^^^^^^^
[INFO] [stderr]    |
[INFO] [stderr]    = note: `DiskInfo` has a derived impl for the trait `Debug`, but this is intentionally ignored during dead code analysis
[INFO] [stderr] 
[INFO] [stderr] warning: fields `key`, `column_index`, `columns`, and `record` are never read
[INFO] [stderr]    --> src/table.rs:151:9
[INFO] [stderr]     |
[INFO] [stderr] 149 | pub struct RenderArgs<'a> {
[INFO] [stderr]     |            ---------- fields in this struct
[INFO] [stderr] 150 |     pub value: CombineString<'a>,
[INFO] [stderr] 151 |     pub key: &'a str,
[INFO] [stderr]     |         ^^^
[INFO] [stderr] 152 |     pub column_index: usize,
[INFO] [stderr]     |         ^^^^^^^^^^^^
[INFO] [stderr] 153 |     pub column: &'a Column,
[INFO] [stderr] 154 |     pub columns: &'a Vec<Column>,
[INFO] [stderr]     |         ^^^^^^^
[INFO] [stderr] 155 |     pub record_index: usize,
[INFO] [stderr] 156 |     pub record: &'a HashMap<String, String>,
[INFO] [stderr]     |         ^^^^^^
[INFO] [stderr] 
[INFO] [stderr] warning: variant `AsString` is never constructed
[INFO] [stderr]    --> src/table.rs:165:5
[INFO] [stderr]     |
[INFO] [stderr] 163 | pub enum CombineString<'a> {
[INFO] [stderr]     |          ------------- variant in this enum
[INFO] [stderr] 164 |     AsStr(&'a str),
[INFO] [stderr] 165 |     AsString(String),
[INFO] [stderr]     |     ^^^^^^^^
[INFO] [stderr]     |
[INFO] [stderr]     = note: `CombineString` has a derived impl for the trait `Debug`, but this is intentionally ignored during dead code analysis
[INFO] [stderr] 
[INFO] [stderr] warning: `sysinfo-cli` (bin "sysinfo" test) generated 7 warnings
[INFO] [stderr]     Finished `test` profile [unoptimized + debuginfo] target(s) in 0.02s
[INFO] [stderr]      Running unittests src/main.rs (/opt/rustwide/target/debug/deps/sysinfo-33320c5b9227c5d2)
[INFO] [stdout] 
[INFO] [stdout] running 28 tests
[INFO] [stdout] test common::test ... ok
[INFO] [stdout] test common::test_block_size_parse ... ok
[INFO] [stdout] test disk::test_libc_printf ... ok
[INFO] [stdout] test disk::test_libc_printf_cs ... ok
[INFO] [stdout] test disk::test_path ... ok
[INFO] [stdout] test disk::test_ptr ... ok
[INFO] [stdout] test disk::test_ptr_err ... ok
[INFO] [stdout] test disk::test_ptr_err2 ... ok
[INFO] [stdout] test disk::test_ptr_ok ... ok
[INFO] [stdout] test disk::test_ptr_ok2 ... ok
[INFO] [stdout] test disk::test_ptr_slice ... ok
[INFO] [stdout] test disk::test_ptr_str ... ok
[INFO] [stdout] test disk::test_to_cpath ... ok
[INFO] [stdout] test sys_info::test_demo ... ok
[INFO] [stdout] test sys_info::test_print_system ... ok
[INFO] [stdout] test sys_info::test_type ... ok
[INFO] [stdout] test table::test ... ok
[INFO] [stdout] test table::test5 ... ok
[INFO] [stdout] test table::test_column ... ok
[INFO] [stdout] test table::test4 ... ok
[INFO] [stdout] test sys_info::test_print_memory ... ok
[INFO] [stdout] test table::test_combine_string ... ok
[INFO] [stdout] test sys_info::test_print_disk ... ok
[INFO] [stdout] test table::test_table ... ok
[INFO] [stdout] test disk::test ... ok
[INFO] [stdout] test table::test_hash_map ... FAILED
[INFO] [stdout] test sys_info::test_print_all ... ok
[INFO] [stdout] test sys_info::test_print_cpu ... ok
[INFO] [stdout] 
[INFO] [stdout] failures:
[INFO] [stdout] 
[INFO] [stdout] ---- table::test_hash_map stdout ----
[INFO] [stdout] thread 'table::test_hash_map' panicked at src/table.rs:273:20:
[INFO] [stdout] no entry found for key
[INFO] [stdout] stack backtrace:
[INFO] [stdout]    0:     0x650a374a06da - std::backtrace_rs::backtrace::libunwind::trace::h207520d6e9873551
[INFO] [stdout]                                at /rustc/df4ca44d3fbc9301ee17f30f4d474e6ae4b05252/library/std/src/../../backtrace/src/backtrace/libunwind.rs:116:5
[INFO] [stdout]    1:     0x650a374a06da - std::backtrace_rs::backtrace::trace_unsynchronized::h2ed7433f370e3eca
[INFO] [stdout]                                at /rustc/df4ca44d3fbc9301ee17f30f4d474e6ae4b05252/library/std/src/../../backtrace/src/backtrace/mod.rs:66:5
[INFO] [stdout]    2:     0x650a374a06da - std::sys::backtrace::_print_fmt::h916fac51166b18d7
[INFO] [stdout]                                at /rustc/df4ca44d3fbc9301ee17f30f4d474e6ae4b05252/library/std/src/sys/backtrace.rs:66:9
[INFO] [stdout]    3:     0x650a374a06da - <std::sys::backtrace::BacktraceLock::print::DisplayBacktrace as core::fmt::Display>::fmt::ha0a4c9b8ce3802e6
[INFO] [stdout]                                at /rustc/df4ca44d3fbc9301ee17f30f4d474e6ae4b05252/library/std/src/sys/backtrace.rs:39:26
[INFO] [stdout]    4:     0x650a374c9703 - core::fmt::rt::Argument::fmt::h4cfc8587d52b3eb5
[INFO] [stdout]                                at /rustc/df4ca44d3fbc9301ee17f30f4d474e6ae4b05252/library/core/src/fmt/rt.rs:177:76
[INFO] [stdout]    5:     0x650a374c9703 - core::fmt::write::h522cc39e5b36ae9f
[INFO] [stdout]                                at /rustc/df4ca44d3fbc9301ee17f30f4d474e6ae4b05252/library/core/src/fmt/mod.rs:1190:21
[INFO] [stdout]    6:     0x650a3749cf83 - std::io::Write::write_fmt::h7d3c26752da97734
[INFO] [stdout]                                at /rustc/df4ca44d3fbc9301ee17f30f4d474e6ae4b05252/library/std/src/io/mod.rs:1839:15
[INFO] [stdout]    7:     0x650a374a0522 - std::sys::backtrace::BacktraceLock::print::h4b9e00b29e9c0942
[INFO] [stdout]                                at /rustc/df4ca44d3fbc9301ee17f30f4d474e6ae4b05252/library/std/src/sys/backtrace.rs:42:9
[INFO] [stdout]    8:     0x650a374a1b6a - std::panicking::default_hook::{{closure}}::hb59b88280d0324d9
[INFO] [stdout]                                at /rustc/df4ca44d3fbc9301ee17f30f4d474e6ae4b05252/library/std/src/panicking.rs:268:22
[INFO] [stdout]    9:     0x650a374a1974 - std::panicking::default_hook::he1dd496665be4a29
[INFO] [stdout]                                at /rustc/df4ca44d3fbc9301ee17f30f4d474e6ae4b05252/library/std/src/panicking.rs:292:9
[INFO] [stdout]   10:     0x650a373d0969 - <alloc::boxed::Box<F,A> as core::ops::function::Fn<Args>>::call::h4ff71de18744e1dc
[INFO] [stdout]                                at /rustc/df4ca44d3fbc9301ee17f30f4d474e6ae4b05252/library/alloc/src/boxed.rs:2468:9
[INFO] [stdout]   11:     0x650a373d0969 - test::test_main::{{closure}}::hcf7c055ce117aa81
[INFO] [stdout]                                at /rustc/df4ca44d3fbc9301ee17f30f4d474e6ae4b05252/library/test/src/lib.rs:133:21
[INFO] [stdout]   12:     0x650a374a2268 - <alloc::boxed::Box<F,A> as core::ops::function::Fn<Args>>::call::h1d66c6bbd60c9692
[INFO] [stdout]                                at /rustc/df4ca44d3fbc9301ee17f30f4d474e6ae4b05252/library/alloc/src/boxed.rs:2468:9
[INFO] [stdout]   13:     0x650a374a2268 - std::panicking::rust_panic_with_hook::h2ff17fe8f26dfcf8
[INFO] [stdout]                                at /rustc/df4ca44d3fbc9301ee17f30f4d474e6ae4b05252/library/std/src/panicking.rs:809:13
[INFO] [stdout]   14:     0x650a374a202a - std::panicking::begin_panic_handler::{{closure}}::h4fad77951c07e101
[INFO] [stdout]                                at /rustc/df4ca44d3fbc9301ee17f30f4d474e6ae4b05252/library/std/src/panicking.rs:674:13
[INFO] [stdout]   15:     0x650a374a0bb9 - std::sys::backtrace::__rust_end_short_backtrace::hb1a25b3da5d0ea08
[INFO] [stdout]                                at /rustc/df4ca44d3fbc9301ee17f30f4d474e6ae4b05252/library/std/src/sys/backtrace.rs:170:18
[INFO] [stdout]   16:     0x650a374a1cbc - rust_begin_unwind
[INFO] [stdout]                                at /rustc/df4ca44d3fbc9301ee17f30f4d474e6ae4b05252/library/std/src/panicking.rs:665:5
[INFO] [stdout]   17:     0x650a374c79e0 - core::panicking::panic_fmt::ha9db07b529f9b256
[INFO] [stdout]                                at /rustc/df4ca44d3fbc9301ee17f30f4d474e6ae4b05252/library/core/src/panicking.rs:75:14
[INFO] [stdout]   18:     0x650a374c79bb - core::panicking::panic_display::h974ff3dec7c08c85
[INFO] [stdout]                                at /rustc/df4ca44d3fbc9301ee17f30f4d474e6ae4b05252/library/core/src/panicking.rs:273:5
[INFO] [stdout]   19:     0x650a374c79bb - core::option::expect_failed::h08d05c9ecb334afa
[INFO] [stdout]                                at /rustc/df4ca44d3fbc9301ee17f30f4d474e6ae4b05252/library/core/src/option.rs:2017:5
[INFO] [stdout]   20:     0x650a37381f87 - core::option::Option<T>::expect::h0c1c021eeef2d6ce
[INFO] [stdout]                                at /rustc/df4ca44d3fbc9301ee17f30f4d474e6ae4b05252/library/core/src/option.rs:932:21
[INFO] [stdout]   21:     0x650a37381f87 - <std::collections::hash::map::HashMap<K,V,S> as core::ops::index::Index<&Q>>::index::h09d9d5bc28503d07
[INFO] [stdout]                                at /rustc/df4ca44d3fbc9301ee17f30f4d474e6ae4b05252/library/std/src/collections/hash/map.rs:1374:23
[INFO] [stdout]   22:     0x650a3737f650 - sysinfo::table::test_hash_map::h705002a80c0fc6bc
[INFO] [stdout]                                at /opt/rustwide/workdir/src/table.rs:273:20
[INFO] [stdout]   23:     0x650a3737f607 - sysinfo::table::test_hash_map::{{closure}}::h89b182ef35fcf84d
[INFO] [stdout]                                at /opt/rustwide/workdir/src/table.rs:271:19
[INFO] [stdout]   24:     0x650a37383466 - core::ops::function::FnOnce::call_once::h08625760ee64199c
[INFO] [stdout]                                at /rustc/df4ca44d3fbc9301ee17f30f4d474e6ae4b05252/library/core/src/ops/function.rs:250:5
[INFO] [stdout]   25:     0x650a373d523b - core::ops::function::FnOnce::call_once::h22c3ba5715e93f05
[INFO] [stdout]                                at /rustc/df4ca44d3fbc9301ee17f30f4d474e6ae4b05252/library/core/src/ops/function.rs:250:5
[INFO] [stdout]   26:     0x650a373d523b - test::__rust_begin_short_backtrace::h8e82d8113d0da17f
[INFO] [stdout]                                at /rustc/df4ca44d3fbc9301ee17f30f4d474e6ae4b05252/library/test/src/lib.rs:621:18
[INFO] [stdout]   27:     0x650a373d4bb7 - test::run_test_in_process::{{closure}}::h33235f4f20b7b7c7
[INFO] [stdout]                                at /rustc/df4ca44d3fbc9301ee17f30f4d474e6ae4b05252/library/test/src/lib.rs:644:60
[INFO] [stdout]   28:     0x650a373d4bb7 - <core::panic::unwind_safe::AssertUnwindSafe<F> as core::ops::function::FnOnce<()>>::call_once::hb5043206310c586f
[INFO] [stdout]                                at /rustc/df4ca44d3fbc9301ee17f30f4d474e6ae4b05252/library/core/src/panic/unwind_safe.rs:272:9
[INFO] [stdout]   29:     0x650a373d4bb7 - std::panicking::try::do_call::h9ad4731a60ab23e2
[INFO] [stdout]                                at /rustc/df4ca44d3fbc9301ee17f30f4d474e6ae4b05252/library/std/src/panicking.rs:557:40
[INFO] [stdout]   30:     0x650a373d4bb7 - std::panicking::try::h3824d23db772a716
[INFO] [stdout]                                at /rustc/df4ca44d3fbc9301ee17f30f4d474e6ae4b05252/library/std/src/panicking.rs:520:19
[INFO] [stdout]   31:     0x650a373d4bb7 - std::panic::catch_unwind::h5afd514605fde46b
[INFO] [stdout]                                at /rustc/df4ca44d3fbc9301ee17f30f4d474e6ae4b05252/library/std/src/panic.rs:358:14
[INFO] [stdout]   32:     0x650a373d4bb7 - test::run_test_in_process::h0d5cbfa7067d1720
[INFO] [stdout]                                at /rustc/df4ca44d3fbc9301ee17f30f4d474e6ae4b05252/library/test/src/lib.rs:644:27
[INFO] [stdout]   33:     0x650a373d4bb7 - test::run_test::{{closure}}::h708eb8872708115d
[INFO] [stdout]                                at /rustc/df4ca44d3fbc9301ee17f30f4d474e6ae4b05252/library/test/src/lib.rs:565:43
[INFO] [stdout]   34:     0x650a373982d4 - test::run_test::{{closure}}::h392c51cee94713ab
[INFO] [stdout]                                at /rustc/df4ca44d3fbc9301ee17f30f4d474e6ae4b05252/library/test/src/lib.rs:595:41
[INFO] [stdout]   35:     0x650a373982d4 - std::sys::backtrace::__rust_begin_short_backtrace::h2f40290710935a8b
[INFO] [stdout]                                at /rustc/df4ca44d3fbc9301ee17f30f4d474e6ae4b05252/library/std/src/sys/backtrace.rs:154:18
[INFO] [stdout]   36:     0x650a3739ba7e - std::thread::Builder::spawn_unchecked_::{{closure}}::{{closure}}::h3fd968d89053a903
[INFO] [stdout]                                at /rustc/df4ca44d3fbc9301ee17f30f4d474e6ae4b05252/library/std/src/thread/mod.rs:541:17
[INFO] [stdout]   37:     0x650a3739ba7e - <core::panic::unwind_safe::AssertUnwindSafe<F> as core::ops::function::FnOnce<()>>::call_once::h743f637ba4229880
[INFO] [stdout]                                at /rustc/df4ca44d3fbc9301ee17f30f4d474e6ae4b05252/library/core/src/panic/unwind_safe.rs:272:9
[INFO] [stdout]   38:     0x650a3739ba7e - std::panicking::try::do_call::h07440897322525a6
[INFO] [stdout]                                at /rustc/df4ca44d3fbc9301ee17f30f4d474e6ae4b05252/library/std/src/panicking.rs:557:40
[INFO] [stdout]   39:     0x650a3739ba7e - std::panicking::try::he5a2e00188156637
[INFO] [stdout]                                at /rustc/df4ca44d3fbc9301ee17f30f4d474e6ae4b05252/library/std/src/panicking.rs:520:19
[INFO] [stdout]   40:     0x650a3739ba7e - std::panic::catch_unwind::hbaf3cae49b3c6433
[INFO] [stdout]                                at /rustc/df4ca44d3fbc9301ee17f30f4d474e6ae4b05252/library/std/src/panic.rs:358:14
[INFO] [stdout]   41:     0x650a3739ba7e - std::thread::Builder::spawn_unchecked_::{{closure}}::h8e141ea224820bce
[INFO] [stdout]                                at /rustc/df4ca44d3fbc9301ee17f30f4d474e6ae4b05252/library/std/src/thread/mod.rs:540:30
[INFO] [stdout]   42:     0x650a3739ba7e - core::ops::function::FnOnce::call_once{{vtable.shim}}::h90d312fedd7b8ea8
[INFO] [stdout]                                at /rustc/df4ca44d3fbc9301ee17f30f4d474e6ae4b05252/library/core/src/ops/function.rs:250:5
[INFO] [stdout]   43:     0x650a374a66eb - <alloc::boxed::Box<F,A> as core::ops::function::FnOnce<Args>>::call_once::h69aa08ddb6adb8b6
[INFO] [stdout]                                at /rustc/df4ca44d3fbc9301ee17f30f4d474e6ae4b05252/library/alloc/src/boxed.rs:2454:9
[INFO] [stdout]   44:     0x650a374a66eb - <alloc::boxed::Box<F,A> as core::ops::function::FnOnce<Args>>::call_once::h5aa36efdb79c806f
[INFO] [stdout]                                at /rustc/df4ca44d3fbc9301ee17f30f4d474e6ae4b05252/library/alloc/src/boxed.rs:2454:9
[INFO] [stdout]   45:     0x650a374a66eb - std::sys::pal::unix::thread::Thread::new::thread_start::h6cd80a1b4be5158d
[INFO] [stdout]                                at /rustc/df4ca44d3fbc9301ee17f30f4d474e6ae4b05252/library/std/src/sys/pal/unix/thread.rs:105:17
[INFO] [stdout]   46:     0x7ad2f116dac3 - <unknown>
[INFO] [stdout]   47:     0x7ad2f11fea04 - clone
[INFO] [stdout]   48:                0x0 - <unknown>
[INFO] [stdout] 
[INFO] [stdout] 
[INFO] [stdout] failures:
[INFO] [stdout]     table::test_hash_map
[INFO] [stdout] 
[INFO] [stdout] test result: FAILED. 27 passed; 1 failed; 0 ignored; 0 measured; 0 filtered out; finished in 0.20s
[INFO] [stdout] 
[INFO] [stdout] printf() => 整数：88，字符串：Hello, world
[INFO] [stdout] Hello, RustSomeboldxenllpixrmamkmovkUNDNameskipsmdcsmsormsokcbtkFNDwaitmcuudocrcsinrmscOTko <= truePATHTERMmsgrOTdNkentkprtkreskundkMSGkNXTkREScwinsnlqsmscxvpawindkcankrefkLFTritmmvpamainkclokoptkprvOTmaOTGCchartestrmdckhtskmsgkrfrkCRTich1krstksltrshms3ds -> sgr0OTNLkRITroottaskOTncOTdBsetfOTGLcifsUsedhelpUTugcud1kENDkPRTOTGUUse%Nonecrxmcolstoneprotsmulsetbmcufusb-shimCorenlabOTdCrmirkCMDsmgbbox1HOMEnameasdf
[INFO] [stdout] ! num=4 
[INFO] [stderr] error: test failed, to rerun pass `--bin sysinfo`
[INFO] running `Command { std: "docker" "inspect" "32d7984eac905eba56f30ca9b4b8aaf56646f759834a556a87b291aa38e47179", kill_on_drop: false }`
[INFO] running `Command { std: "docker" "rm" "-f" "32d7984eac905eba56f30ca9b4b8aaf56646f759834a556a87b291aa38e47179", kill_on_drop: false }`
[INFO] [stdout] 32d7984eac905eba56f30ca9b4b8aaf56646f759834a556a87b291aa38e47179
