[INFO] cloning repository https://github.com/Logta/life_game_wasm
[INFO] running `Command { std: "git" "-c" "credential.helper=" "-c" "credential.helper=/workspace/cargo-home/bin/git-credential-null" "clone" "--bare" "https://github.com/Logta/life_game_wasm" "/workspace/cache/git-repos/https%3A%2F%2Fgithub.com%2FLogta%2Flife_game_wasm", kill_on_drop: false }`
[INFO] [stderr] Cloning into bare repository '/workspace/cache/git-repos/https%3A%2F%2Fgithub.com%2FLogta%2Flife_game_wasm'...
[INFO] running `Command { std: "git" "rev-parse" "HEAD", kill_on_drop: false }`
[INFO] [stdout] 4eb2f580aecee9372973c8c1a6a6df7cb1cad064
[INFO] testing Logta/life_game_wasm/4eb2f580aecee9372973c8c1a6a6df7cb1cad064 against nightly-2024-10-28 for randomize-layout
[INFO] running `Command { std: "git" "clone" "/workspace/cache/git-repos/https%3A%2F%2Fgithub.com%2FLogta%2Flife_game_wasm" "/workspace/builds/worker-5-tc1/source", kill_on_drop: false }`
[INFO] [stderr] Cloning into '/workspace/builds/worker-5-tc1/source'...
[INFO] [stderr] done.
[INFO] validating manifest of git repo https://github.com/Logta/life_game_wasm on toolchain nightly-2024-10-28
[INFO] running `Command { std: CARGO_HOME="/workspace/cargo-home" RUSTUP_HOME="/workspace/rustup-home" "/workspace/cargo-home/bin/cargo" "+nightly-2024-10-28" "metadata" "--manifest-path" "Cargo.toml" "--no-deps", kill_on_drop: false }`
[INFO] started tweaking git repo https://github.com/Logta/life_game_wasm
[INFO] finished tweaking git repo https://github.com/Logta/life_game_wasm
[INFO] tweaked toml for git repo https://github.com/Logta/life_game_wasm written to /workspace/builds/worker-5-tc1/source/Cargo.toml
[INFO] crate git repo https://github.com/Logta/life_game_wasm already has a lockfile, it will not be regenerated
[INFO] running `Command { std: CARGO_HOME="/workspace/cargo-home" RUSTUP_HOME="/workspace/rustup-home" "/workspace/cargo-home/bin/cargo" "+nightly-2024-10-28" "fetch" "--manifest-path" "Cargo.toml", kill_on_drop: false }`
[INFO] [stderr] warning: Found `debug_assertions` in `target.'cfg(...)'.dependencies`. This value is not supported for selecting dependencies and will not work as expected. To learn more visit https://doc.rust-lang.org/cargo/reference/specifying-dependencies.html#platform-specific-dependencies
[INFO] running `Command { std: "docker" "create" "-v" "/var/lib/crater-agent-workspace/builds/worker-5-tc1/target:/opt/rustwide/target:rw,Z" "-v" "/var/lib/crater-agent-workspace/builds/worker-5-tc1/source:/opt/rustwide/workdir:ro,Z" "-v" "/var/lib/crater-agent-workspace/cargo-home:/opt/rustwide/cargo-home:ro,Z" "-v" "/var/lib/crater-agent-workspace/rustup-home:/opt/rustwide/rustup-home:ro,Z" "-e" "SOURCE_DIR=/opt/rustwide/workdir" "-e" "CARGO_TARGET_DIR=/opt/rustwide/target" "-e" "CARGO_HOME=/opt/rustwide/cargo-home" "-e" "RUSTUP_HOME=/opt/rustwide/rustup-home" "-w" "/opt/rustwide/workdir" "-m" "1610612736" "--user" "0:0" "--network" "none" "ghcr.io/rust-lang/crates-build-env/linux@sha256:4a844ea9eb2546a2d2c7022eacef16ef2e8229c7fbb2c7d4d55a9ceca922f72d" "/opt/rustwide/cargo-home/bin/cargo" "+nightly-2024-10-28" "metadata" "--no-deps" "--format-version=1", kill_on_drop: false }`
[INFO] [stdout] 810ffeac0bdf56ee71ad4506acf8a451bb9a883d5537ee9faed896317e07dcca
[INFO] running `Command { std: "docker" "start" "-a" "810ffeac0bdf56ee71ad4506acf8a451bb9a883d5537ee9faed896317e07dcca", kill_on_drop: false }`
[INFO] running `Command { std: "docker" "inspect" "810ffeac0bdf56ee71ad4506acf8a451bb9a883d5537ee9faed896317e07dcca", kill_on_drop: false }`
[INFO] running `Command { std: "docker" "rm" "-f" "810ffeac0bdf56ee71ad4506acf8a451bb9a883d5537ee9faed896317e07dcca", kill_on_drop: false }`
[INFO] [stdout] 810ffeac0bdf56ee71ad4506acf8a451bb9a883d5537ee9faed896317e07dcca
[INFO] running `Command { std: "docker" "create" "-v" "/var/lib/crater-agent-workspace/builds/worker-5-tc1/target:/opt/rustwide/target:rw,Z" "-v" "/var/lib/crater-agent-workspace/builds/worker-5-tc1/source:/opt/rustwide/workdir:ro,Z" "-v" "/var/lib/crater-agent-workspace/cargo-home:/opt/rustwide/cargo-home:ro,Z" "-v" "/var/lib/crater-agent-workspace/rustup-home:/opt/rustwide/rustup-home:ro,Z" "-e" "SOURCE_DIR=/opt/rustwide/workdir" "-e" "CARGO_TARGET_DIR=/opt/rustwide/target" "-e" "CARGO_INCREMENTAL=0" "-e" "RUST_BACKTRACE=full" "-e" "RUSTFLAGS=--cap-lints=forbid" "-e" "RUSTDOCFLAGS=--cap-lints=forbid" "-e" "CARGO_HOME=/opt/rustwide/cargo-home" "-e" "RUSTUP_HOME=/opt/rustwide/rustup-home" "-w" "/opt/rustwide/workdir" "-m" "1610612736" "--user" "0:0" "--network" "none" "ghcr.io/rust-lang/crates-build-env/linux@sha256:4a844ea9eb2546a2d2c7022eacef16ef2e8229c7fbb2c7d4d55a9ceca922f72d" "/opt/rustwide/cargo-home/bin/cargo" "+nightly-2024-10-28" "build" "--frozen" "--message-format=json", kill_on_drop: false }`
[INFO] [stdout] 12de87471afd66213a84e350e0a375e068f080c8b5276220a2886ee113a897df
[INFO] running `Command { std: "docker" "start" "-a" "12de87471afd66213a84e350e0a375e068f080c8b5276220a2886ee113a897df", kill_on_drop: false }`
[INFO] [stderr] warning: Found `debug_assertions` in `target.'cfg(...)'.dependencies`. This value is not supported for selecting dependencies and will not work as expected. To learn more visit https://doc.rust-lang.org/cargo/reference/specifying-dependencies.html#platform-specific-dependencies
[INFO] [stderr]    Compiling proc-macro2 v1.0.69
[INFO] [stderr]    Compiling unicode-ident v1.0.12
[INFO] [stderr]    Compiling autocfg v1.1.0
[INFO] [stderr]    Compiling wasm-bindgen-shared v0.2.88
[INFO] [stderr]    Compiling cfg-if v1.0.0
[INFO] [stderr]    Compiling log v0.4.20
[INFO] [stderr]    Compiling bumpalo v3.14.0
[INFO] [stderr]    Compiling once_cell v1.18.0
[INFO] [stderr]    Compiling futures-core v0.3.29
[INFO] [stderr]    Compiling wasm-bindgen v0.2.88
[INFO] [stderr]    Compiling futures-task v0.3.29
[INFO] [stderr]    Compiling futures-channel v0.3.29
[INFO] [stderr]    Compiling futures-sink v0.3.29
[INFO] [stderr]    Compiling libc v0.2.150
[INFO] [stderr]    Compiling futures-util v0.3.29
[INFO] [stderr]    Compiling parking_lot_core v0.8.6
[INFO] [stderr]    Compiling memchr v2.6.4
[INFO] [stderr]    Compiling pin-project-lite v0.2.13
[INFO] [stderr]    Compiling pin-utils v0.1.0
[INFO] [stderr]    Compiling futures-io v0.3.29
[INFO] [stderr]    Compiling instant v0.1.12
[INFO] [stderr]    Compiling scopeguard v1.2.0
[INFO] [stderr]    Compiling smallvec v1.11.2
[INFO] [stderr]    Compiling linked-hash-map v0.5.6
[INFO] [stderr]    Compiling slab v0.4.9
[INFO] [stderr]    Compiling lock_api v0.4.11
[INFO] [stderr]    Compiling yaml-rust v0.4.5
[INFO] [stderr]    Compiling quote v1.0.33
[INFO] [stderr]    Compiling syn v2.0.39
[INFO] [stderr]    Compiling parking_lot v0.11.2
[INFO] [stderr]    Compiling wasm-bindgen-backend v0.2.88
[INFO] [stderr]    Compiling futures-macro v0.3.29
[INFO] [stderr]    Compiling wasm-bindgen-macro-support v0.2.88
[INFO] [stderr]    Compiling wasm-bindgen-macro v0.2.88
[INFO] [stderr]    Compiling js-sys v0.3.65
[INFO] [stderr]    Compiling console_error_panic_hook v0.1.7
[INFO] [stderr]    Compiling futures-executor v0.3.29
[INFO] [stderr]    Compiling futures v0.3.29
[INFO] [stderr]    Compiling wasm-timer v0.2.5
[INFO] [stderr]    Compiling web-sys v0.3.65
[INFO] [stderr]    Compiling wasm-bindgen-futures v0.4.38
[INFO] [stderr]    Compiling rust-webpack-template v0.1.0 (/opt/rustwide/workdir)
[INFO] [stdout] warning: unused import: `crate::config::load_yaml`
[INFO] [stdout]  --> src/field.rs:1:5
[INFO] [stdout]   |
[INFO] [stdout] 1 | use crate::config::load_yaml;
[INFO] [stdout]   |     ^^^^^^^^^^^^^^^^^^^^^^^^
[INFO] [stdout]   |
[INFO] [stdout]   = note: `#[warn(unused_imports)]` on by default
[INFO] [stdout] 
[INFO] [stdout] 
[INFO] [stdout] warning: unused import: `crate::config::CONFIG_PATH`
[INFO] [stdout]  --> src/field.rs:3:5
[INFO] [stdout]   |
[INFO] [stdout] 3 | use crate::config::CONFIG_PATH;
[INFO] [stdout]   |     ^^^^^^^^^^^^^^^^^^^^^^^^^^
[INFO] [stdout] 
[INFO] [stdout] 
[INFO] [stdout] warning: unused import: `wasm_bindgen::JsCast`
[INFO] [stdout]   --> src/lib.rs:16:5
[INFO] [stdout]    |
[INFO] [stdout] 16 | use wasm_bindgen::JsCast;
[INFO] [stdout]    |     ^^^^^^^^^^^^^^^^^^^^
[INFO] [stdout] 
[INFO] [stdout] 
[INFO] [stdout] warning: unused variable: `p`
[INFO] [stdout]   --> src/lib.rs:35:9
[INFO] [stdout]    |
[INFO] [stdout] 35 |     let p = Player::init(standard_rule::StandardRule {});
[INFO] [stdout]    |         ^ help: if this is intentional, prefix it with an underscore: `_p`
[INFO] [stdout]    |
[INFO] [stdout]    = note: `#[warn(unused_variables)]` on by default
[INFO] [stdout] 
[INFO] [stdout] 
[INFO] [stdout] warning: unused variable: `table`
[INFO] [stdout]   --> src/lib.rs:61:9
[INFO] [stdout]    |
[INFO] [stdout] 61 |     let table = document.create_element("life-game-table").unwrap();
[INFO] [stdout]    |         ^^^^^ help: if this is intentional, prefix it with an underscore: `_table`
[INFO] [stdout] 
[INFO] [stdout] 
[INFO] [stdout] warning: unreachable pattern
[INFO] [stdout]   --> src/field.rs:30:13
[INFO] [stdout]    |
[INFO] [stdout] 30 |             _ => Color::White,
[INFO] [stdout]    |             ^ no value can reach this
[INFO] [stdout]    |
[INFO] [stdout] note: multiple earlier patterns match some of the same values
[INFO] [stdout]   --> src/field.rs:30:13
[INFO] [stdout]    |
[INFO] [stdout] 28 |             Color::White => Color::Black,
[INFO] [stdout]    |             ------------ matches some of the same values
[INFO] [stdout] 29 |             Color::Black => Color::White,
[INFO] [stdout]    |             ------------ matches some of the same values
[INFO] [stdout] 30 |             _ => Color::White,
[INFO] [stdout]    |             ^ collectively making this unreachable
[INFO] [stdout]    = note: `#[warn(unreachable_patterns)]` on by default
[INFO] [stdout] 
[INFO] [stdout] 
[INFO] [stdout] warning: unreachable pattern
[INFO] [stdout]   --> src/field.rs:40:13
[INFO] [stdout]    |
[INFO] [stdout] 40 |             _ => Color::White,
[INFO] [stdout]    |             ^ no value can reach this
[INFO] [stdout]    |
[INFO] [stdout] note: multiple earlier patterns match some of the same values
[INFO] [stdout]   --> src/field.rs:40:13
[INFO] [stdout]    |
[INFO] [stdout] 38 |             Color::White => Color::Black,
[INFO] [stdout]    |             ------------ matches some of the same values
[INFO] [stdout] 39 |             Color::Black => Color::White,
[INFO] [stdout]    |             ------------ matches some of the same values
[INFO] [stdout] 40 |             _ => Color::White,
[INFO] [stdout]    |             ^ collectively making this unreachable
[INFO] [stdout] 
[INFO] [stdout] 
[INFO] [stdout] warning: function `load_yaml` is never used
[INFO] [stdout]   --> src/config.rs:11:8
[INFO] [stdout]    |
[INFO] [stdout] 11 | pub fn load_yaml(path: &str) -> Vec<yaml_rust::Yaml> {
[INFO] [stdout]    |        ^^^^^^^^^
[INFO] [stdout]    |
[INFO] [stdout]    = note: `#[warn(dead_code)]` on by default
[INFO] [stdout] 
[INFO] [stdout] 
[INFO] [stdout] warning: constant `CONFIG_PATH` is never used
[INFO] [stdout]   --> src/config.rs:19:11
[INFO] [stdout]    |
[INFO] [stdout] 19 | pub const CONFIG_PATH: &str = "./src/config/config.yaml";
[INFO] [stdout]    |           ^^^^^^^^^^^
[INFO] [stdout] 
[INFO] [stdout] 
[INFO] [stdout] warning: fields `board`, `max_row`, and `max_column` are never read
[INFO] [stdout]  --> src/field.rs:7:9
[INFO] [stdout]   |
[INFO] [stdout] 6 | pub struct Field {
[INFO] [stdout]   |            ----- fields in this struct
[INFO] [stdout] 7 |     pub board: Vec<Vec<Color>>, // [y][x]
[INFO] [stdout]   |         ^^^^^
[INFO] [stdout] 8 |     pub max_row: u32,
[INFO] [stdout]   |         ^^^^^^^
[INFO] [stdout] 9 |     pub max_column: u32,
[INFO] [stdout]   |         ^^^^^^^^^^
[INFO] [stdout]   |
[INFO] [stdout]   = note: `Field` has derived impls for the traits `Clone` and `Debug`, but these are intentionally ignored during dead code analysis
[INFO] [stdout] 
[INFO] [stdout] 
[INFO] [stdout] warning: methods `invert_cell_state` and `play_cell` are never used
[INFO] [stdout]   --> src/field.rs:25:12
[INFO] [stdout]    |
[INFO] [stdout] 12 | impl Field {
[INFO] [stdout]    | ---------- methods in this implementation
[INFO] [stdout] ...
[INFO] [stdout] 25 |     pub fn invert_cell_state(mut self, x: usize, y: usize) -> Self {
[INFO] [stdout]    |            ^^^^^^^^^^^^^^^^^
[INFO] [stdout] ...
[INFO] [stdout] 35 |     pub fn play_cell(mut self, x: usize, y: usize) -> Self {
[INFO] [stdout]    |            ^^^^^^^^^
[INFO] [stdout] 
[INFO] [stdout] 
[INFO] [stdout] warning: fields `field` and `generation` are never read
[INFO] [stdout]  --> src/player.rs:7:9
[INFO] [stdout]   |
[INFO] [stdout] 6 | pub struct Player<R: rule_trait::Rule> {
[INFO] [stdout]   |            ------ fields in this struct
[INFO] [stdout] 7 |     pub field: Field,
[INFO] [stdout]   |         ^^^^^
[INFO] [stdout] 8 |     pub generation: u64,
[INFO] [stdout]   |         ^^^^^^^^^^
[INFO] [stdout]   |
[INFO] [stdout]   = note: `Player` has a derived impl for the trait `Debug`, but this is intentionally ignored during dead code analysis
[INFO] [stdout] 
[INFO] [stdout] 
[INFO] [stdout] warning: methods `invert`, `step`, and `play` are never used
[INFO] [stdout]   --> src/player.rs:21:12
[INFO] [stdout]    |
[INFO] [stdout] 12 | impl<R: rule_trait::Rule> Player<R> {
[INFO] [stdout]    | ----------------------------------- methods in this implementation
[INFO] [stdout] ...
[INFO] [stdout] 21 |     pub fn invert(mut self, x: usize, y: usize) -> Self {
[INFO] [stdout]    |            ^^^^^^
[INFO] [stdout] ...
[INFO] [stdout] 26 |     pub fn step(mut self) -> Self {
[INFO] [stdout]    |            ^^^^
[INFO] [stdout] ...
[INFO] [stdout] 57 |     pub fn play(mut self, generation: u64) -> Self {
[INFO] [stdout]    |            ^^^^
[INFO] [stdout] 
[INFO] [stdout] 
[INFO] [stdout] warning: associated functions `burth`, `stay`, and `target_cells` are never used
[INFO] [stdout]  --> src/rules/rule_trait.rs:4:8
[INFO] [stdout]   |
[INFO] [stdout] 3 | pub trait Rule {
[INFO] [stdout]   |           ---- associated functions in this trait
[INFO] [stdout] 4 |     fn burth(vec: Vec<Color>) -> bool;
[INFO] [stdout]   |        ^^^^^
[INFO] [stdout] 5 |     fn stay(vec: Vec<Color>) -> bool;
[INFO] [stdout]   |        ^^^^
[INFO] [stdout] 6 |     fn target_cells(x: usize, y: usize, max_rows: usize, max_columns: usize)
[INFO] [stdout]   |        ^^^^^^^^^^^^
[INFO] [stdout] 
[INFO] [stdout] 
[INFO] [stderr]     Finished `dev` profile [unoptimized + debuginfo] target(s) in 10.77s
[INFO] running `Command { std: "docker" "inspect" "12de87471afd66213a84e350e0a375e068f080c8b5276220a2886ee113a897df", kill_on_drop: false }`
[INFO] running `Command { std: "docker" "rm" "-f" "12de87471afd66213a84e350e0a375e068f080c8b5276220a2886ee113a897df", kill_on_drop: false }`
[INFO] [stdout] 12de87471afd66213a84e350e0a375e068f080c8b5276220a2886ee113a897df
[INFO] running `Command { std: "docker" "create" "-v" "/var/lib/crater-agent-workspace/builds/worker-5-tc1/target:/opt/rustwide/target:rw,Z" "-v" "/var/lib/crater-agent-workspace/builds/worker-5-tc1/source:/opt/rustwide/workdir:ro,Z" "-v" "/var/lib/crater-agent-workspace/cargo-home:/opt/rustwide/cargo-home:ro,Z" "-v" "/var/lib/crater-agent-workspace/rustup-home:/opt/rustwide/rustup-home:ro,Z" "-e" "SOURCE_DIR=/opt/rustwide/workdir" "-e" "CARGO_TARGET_DIR=/opt/rustwide/target" "-e" "CARGO_INCREMENTAL=0" "-e" "RUST_BACKTRACE=full" "-e" "RUSTFLAGS=--cap-lints=forbid" "-e" "RUSTDOCFLAGS=--cap-lints=forbid" "-e" "CARGO_HOME=/opt/rustwide/cargo-home" "-e" "RUSTUP_HOME=/opt/rustwide/rustup-home" "-w" "/opt/rustwide/workdir" "-m" "1610612736" "--user" "0:0" "--network" "none" "ghcr.io/rust-lang/crates-build-env/linux@sha256:4a844ea9eb2546a2d2c7022eacef16ef2e8229c7fbb2c7d4d55a9ceca922f72d" "/opt/rustwide/cargo-home/bin/cargo" "+nightly-2024-10-28" "test" "--frozen" "--no-run" "--message-format=json", kill_on_drop: false }`
[INFO] [stdout] 8e1fc59f28b022befb2fe071725487f07e101ea72d8384a59977921eec31a0d9
[INFO] running `Command { std: "docker" "start" "-a" "8e1fc59f28b022befb2fe071725487f07e101ea72d8384a59977921eec31a0d9", kill_on_drop: false }`
[INFO] [stderr] warning: Found `debug_assertions` in `target.'cfg(...)'.dependencies`. This value is not supported for selecting dependencies and will not work as expected. To learn more visit https://doc.rust-lang.org/cargo/reference/specifying-dependencies.html#platform-specific-dependencies
[INFO] [stderr]    Compiling scoped-tls v1.0.1
[INFO] [stderr]    Compiling wasm-bindgen-test-macro v0.3.38
[INFO] [stderr]    Compiling wasm-bindgen-test v0.3.38
[INFO] [stderr]    Compiling rust-webpack-template v0.1.0 (/opt/rustwide/workdir)
[INFO] [stdout] warning: unused import: `futures::prelude::*`
[INFO] [stdout]  --> tests/app.rs:1:5
[INFO] [stdout]   |
[INFO] [stdout] 1 | use futures::prelude::*;
[INFO] [stdout]   |     ^^^^^^^^^^^^^^^^^^^
[INFO] [stdout]   |
[INFO] [stdout]   = note: `#[warn(unused_imports)]` on by default
[INFO] [stdout] 
[INFO] [stdout] 
[INFO] [stdout] warning: unused import: `wasm_bindgen::JsValue`
[INFO] [stdout]  --> tests/app.rs:2:5
[INFO] [stdout]   |
[INFO] [stdout] 2 | use wasm_bindgen::JsValue;
[INFO] [stdout]   |     ^^^^^^^^^^^^^^^^^^^^^
[INFO] [stdout] 
[INFO] [stdout] 
[INFO] [stdout] warning: unused import: `wasm_bindgen_futures::JsFuture`
[INFO] [stdout]  --> tests/app.rs:3:5
[INFO] [stdout]   |
[INFO] [stdout] 3 | use wasm_bindgen_futures::JsFuture;
[INFO] [stdout]   |     ^^^^^^^^^^^^^^^^^^^^^^^^^^^^^^
[INFO] [stdout] 
[INFO] [stdout] 
[INFO] [stdout] warning: unused import: `wasm_bindgen::JsCast`
[INFO] [stdout]   --> src/lib.rs:16:5
[INFO] [stdout]    |
[INFO] [stdout] 16 | use wasm_bindgen::JsCast;
[INFO] [stdout]    |     ^^^^^^^^^^^^^^^^^^^^
[INFO] [stdout]    |
[INFO] [stdout]    = note: `#[warn(unused_imports)]` on by default
[INFO] [stdout] 
[INFO] [stdout] 
[INFO] [stdout] warning: unused variable: `p`
[INFO] [stdout]   --> src/lib.rs:35:9
[INFO] [stdout]    |
[INFO] [stdout] 35 |     let p = Player::init(standard_rule::StandardRule {});
[INFO] [stdout]    |         ^ help: if this is intentional, prefix it with an underscore: `_p`
[INFO] [stdout]    |
[INFO] [stdout]    = note: `#[warn(unused_variables)]` on by default
[INFO] [stdout] 
[INFO] [stdout] 
[INFO] [stdout] warning: unused variable: `table`
[INFO] [stdout]   --> src/lib.rs:61:9
[INFO] [stdout]    |
[INFO] [stdout] 61 |     let table = document.create_element("life-game-table").unwrap();
[INFO] [stdout]    |         ^^^^^ help: if this is intentional, prefix it with an underscore: `_table`
[INFO] [stdout] 
[INFO] [stdout] 
[INFO] [stdout] warning: unreachable pattern
[INFO] [stdout]   --> src/field.rs:30:13
[INFO] [stdout]    |
[INFO] [stdout] 30 |             _ => Color::White,
[INFO] [stdout]    |             ^ no value can reach this
[INFO] [stdout]    |
[INFO] [stdout] note: multiple earlier patterns match some of the same values
[INFO] [stdout]   --> src/field.rs:30:13
[INFO] [stdout]    |
[INFO] [stdout] 28 |             Color::White => Color::Black,
[INFO] [stdout]    |             ------------ matches some of the same values
[INFO] [stdout] 29 |             Color::Black => Color::White,
[INFO] [stdout]    |             ------------ matches some of the same values
[INFO] [stdout] 30 |             _ => Color::White,
[INFO] [stdout]    |             ^ collectively making this unreachable
[INFO] [stdout]    = note: `#[warn(unreachable_patterns)]` on by default
[INFO] [stdout] 
[INFO] [stdout] 
[INFO] [stdout] warning: unreachable pattern
[INFO] [stdout]   --> src/field.rs:40:13
[INFO] [stdout]    |
[INFO] [stdout] 40 |             _ => Color::White,
[INFO] [stdout]    |             ^ no value can reach this
[INFO] [stdout]    |
[INFO] [stdout] note: multiple earlier patterns match some of the same values
[INFO] [stdout]   --> src/field.rs:40:13
[INFO] [stdout]    |
[INFO] [stdout] 38 |             Color::White => Color::Black,
[INFO] [stdout]    |             ------------ matches some of the same values
[INFO] [stdout] 39 |             Color::Black => Color::White,
[INFO] [stdout]    |             ------------ matches some of the same values
[INFO] [stdout] 40 |             _ => Color::White,
[INFO] [stdout]    |             ^ collectively making this unreachable
[INFO] [stdout] 
[INFO] [stdout] 
[INFO] [stdout] warning: method `play_cell` is never used
[INFO] [stdout]   --> src/field.rs:35:12
[INFO] [stdout]    |
[INFO] [stdout] 12 | impl Field {
[INFO] [stdout]    | ---------- method in this implementation
[INFO] [stdout] ...
[INFO] [stdout] 35 |     pub fn play_cell(mut self, x: usize, y: usize) -> Self {
[INFO] [stdout]    |            ^^^^^^^^^
[INFO] [stdout]    |
[INFO] [stdout]    = note: `#[warn(dead_code)]` on by default
[INFO] [stdout] 
[INFO] [stdout] 
[INFO] [stderr]     Finished `test` profile [unoptimized + debuginfo] target(s) in 1.21s
[INFO] running `Command { std: "docker" "inspect" "8e1fc59f28b022befb2fe071725487f07e101ea72d8384a59977921eec31a0d9", kill_on_drop: false }`
[INFO] running `Command { std: "docker" "rm" "-f" "8e1fc59f28b022befb2fe071725487f07e101ea72d8384a59977921eec31a0d9", kill_on_drop: false }`
[INFO] [stdout] 8e1fc59f28b022befb2fe071725487f07e101ea72d8384a59977921eec31a0d9
[INFO] running `Command { std: "docker" "create" "-v" "/var/lib/crater-agent-workspace/builds/worker-5-tc1/target:/opt/rustwide/target:rw,Z" "-v" "/var/lib/crater-agent-workspace/builds/worker-5-tc1/source:/opt/rustwide/workdir:ro,Z" "-v" "/var/lib/crater-agent-workspace/cargo-home:/opt/rustwide/cargo-home:ro,Z" "-v" "/var/lib/crater-agent-workspace/rustup-home:/opt/rustwide/rustup-home:ro,Z" "-e" "SOURCE_DIR=/opt/rustwide/workdir" "-e" "CARGO_TARGET_DIR=/opt/rustwide/target" "-e" "CARGO_INCREMENTAL=0" "-e" "RUST_BACKTRACE=full" "-e" "RUSTFLAGS=--cap-lints=forbid" "-e" "RUSTDOCFLAGS=--cap-lints=forbid" "-e" "CARGO_HOME=/opt/rustwide/cargo-home" "-e" "RUSTUP_HOME=/opt/rustwide/rustup-home" "-w" "/opt/rustwide/workdir" "-m" "1610612736" "--user" "0:0" "--network" "none" "ghcr.io/rust-lang/crates-build-env/linux@sha256:4a844ea9eb2546a2d2c7022eacef16ef2e8229c7fbb2c7d4d55a9ceca922f72d" "/opt/rustwide/cargo-home/bin/cargo" "+nightly-2024-10-28" "test" "--frozen", kill_on_drop: false }`
[INFO] [stdout] 622056d02e41ee6c03a85bef4de6fb8a024b499080aa7d4094ec7bf34f535c89
[INFO] running `Command { std: "docker" "start" "-a" "622056d02e41ee6c03a85bef4de6fb8a024b499080aa7d4094ec7bf34f535c89", kill_on_drop: false }`
[INFO] [stderr] warning: Found `debug_assertions` in `target.'cfg(...)'.dependencies`. This value is not supported for selecting dependencies and will not work as expected. To learn more visit https://doc.rust-lang.org/cargo/reference/specifying-dependencies.html#platform-specific-dependencies
[INFO] [stderr] warning: unused import: `wasm_bindgen::JsCast`
[INFO] [stderr]   --> src/lib.rs:16:5
[INFO] [stderr]    |
[INFO] [stderr] 16 | use wasm_bindgen::JsCast;
[INFO] [stderr]    |     ^^^^^^^^^^^^^^^^^^^^
[INFO] [stderr]    |
[INFO] [stderr]    = note: `#[warn(unused_imports)]` on by default
[INFO] [stderr] 
[INFO] [stderr] warning: unused variable: `p`
[INFO] [stderr]   --> src/lib.rs:35:9
[INFO] [stderr]    |
[INFO] [stderr] 35 |     let p = Player::init(standard_rule::StandardRule {});
[INFO] [stderr]    |         ^ help: if this is intentional, prefix it with an underscore: `_p`
[INFO] [stderr]    |
[INFO] [stderr]    = note: `#[warn(unused_variables)]` on by default
[INFO] [stderr] 
[INFO] [stderr] warning: unused variable: `table`
[INFO] [stderr]   --> src/lib.rs:61:9
[INFO] [stderr]    |
[INFO] [stderr] 61 |     let table = document.create_element("life-game-table").unwrap();
[INFO] [stderr]    |         ^^^^^ help: if this is intentional, prefix it with an underscore: `_table`
[INFO] [stderr] 
[INFO] [stderr] warning: unreachable pattern
[INFO] [stderr]   --> src/field.rs:30:13
[INFO] [stderr]    |
[INFO] [stderr] 30 |             _ => Color::White,
[INFO] [stderr]    |             ^ no value can reach this
[INFO] [stderr]    |
[INFO] [stderr] note: multiple earlier patterns match some of the same values
[INFO] [stderr]   --> src/field.rs:30:13
[INFO] [stderr]    |
[INFO] [stderr] 28 |             Color::White => Color::Black,
[INFO] [stderr]    |             ------------ matches some of the same values
[INFO] [stderr] 29 |             Color::Black => Color::White,
[INFO] [stderr]    |             ------------ matches some of the same values
[INFO] [stderr] 30 |             _ => Color::White,
[INFO] [stderr]    |             ^ collectively making this unreachable
[INFO] [stderr]    = note: `#[warn(unreachable_patterns)]` on by default
[INFO] [stderr] 
[INFO] [stderr] warning: unreachable pattern
[INFO] [stderr]   --> src/field.rs:40:13
[INFO] [stderr]    |
[INFO] [stderr] 40 |             _ => Color::White,
[INFO] [stderr]    |             ^ no value can reach this
[INFO] [stderr]    |
[INFO] [stderr] note: multiple earlier patterns match some of the same values
[INFO] [stderr]   --> src/field.rs:40:13
[INFO] [stderr]    |
[INFO] [stderr] 38 |             Color::White => Color::Black,
[INFO] [stderr]    |             ------------ matches some of the same values
[INFO] [stderr] 39 |             Color::Black => Color::White,
[INFO] [stderr]    |             ------------ matches some of the same values
[INFO] [stderr] 40 |             _ => Color::White,
[INFO] [stderr]    |             ^ collectively making this unreachable
[INFO] [stderr] 
[INFO] [stderr] warning: method `play_cell` is never used
[INFO] [stderr]   --> src/field.rs:35:12
[INFO] [stderr]    |
[INFO] [stderr] 12 | impl Field {
[INFO] [stderr]    | ---------- method in this implementation
[INFO] [stderr] ...
[INFO] [stderr] 35 |     pub fn play_cell(mut self, x: usize, y: usize) -> Self {
[INFO] [stderr]    |            ^^^^^^^^^
[INFO] [stderr]    |
[INFO] [stderr]    = note: `#[warn(dead_code)]` on by default
[INFO] [stderr] 
[INFO] [stderr] warning: unused import: `futures::prelude::*`
[INFO] [stderr]  --> tests/app.rs:1:5
[INFO] [stderr]   |
[INFO] [stderr] 1 | use futures::prelude::*;
[INFO] [stderr]   |     ^^^^^^^^^^^^^^^^^^^
[INFO] [stderr]   |
[INFO] [stderr]   = note: `#[warn(unused_imports)]` on by default
[INFO] [stderr] 
[INFO] [stderr] warning: unused import: `wasm_bindgen::JsValue`
[INFO] [stderr]  --> tests/app.rs:2:5
[INFO] [stderr]   |
[INFO] [stderr] 2 | use wasm_bindgen::JsValue;
[INFO] [stderr]   |     ^^^^^^^^^^^^^^^^^^^^^
[INFO] [stderr] 
[INFO] [stderr] warning: unused import: `wasm_bindgen_futures::JsFuture`
[INFO] [stderr]  --> tests/app.rs:3:5
[INFO] [stderr]   |
[INFO] [stderr] 3 | use wasm_bindgen_futures::JsFuture;
[INFO] [stderr]   |     ^^^^^^^^^^^^^^^^^^^^^^^^^^^^^^
[INFO] [stderr] 
[INFO] [stderr] warning: `rust-webpack-template` (lib test) generated 6 warnings (run `cargo fix --lib -p rust-webpack-template --tests` to apply 1 suggestion)
[INFO] [stderr] warning: `rust-webpack-template` (test "app") generated 3 warnings (run `cargo fix --test "app"` to apply 3 suggestions)
[INFO] [stderr]     Finished `test` profile [unoptimized + debuginfo] target(s) in 0.06s
[INFO] [stderr]      Running unittests src/lib.rs (/opt/rustwide/target/debug/deps/rust_webpack_template-55ebe75e84c49c69)
[INFO] [stdout] 
[INFO] [stdout] running 7 tests
[INFO] [stdout] test config::test::test_config ... ok
[INFO] [stdout] test player::test::test_player ... ok
[INFO] [stdout] test creator::table_creator::test::test_target_cells ... ok
[INFO] [stdout] test rules::standard_rule::test::test_target_cells ... ok
[INFO] [stdout] test player::test::test_step ... ok
[INFO] [stdout] test field::test::test_field ... FAILED
[INFO] [stdout] test player::test::test_play ... ok
[INFO] [stdout] 
[INFO] [stdout] failures:
[INFO] [stdout] 
[INFO] [stdout] ---- field::test::test_field stdout ----
[INFO] [stdout] thread 'field::test::test_field' panicked at src/field.rs:59:9:
[INFO] [stdout] assertion `left == right` failed
[INFO] [stdout]   left: 100
[INFO] [stdout]  right: 20
[INFO] [stdout] stack backtrace:
[INFO] [stdout]    0:     0x5764c2fe961a - std::backtrace_rs::backtrace::libunwind::trace::h207520d6e9873551
[INFO] [stdout]                                at /rustc/df4ca44d3fbc9301ee17f30f4d474e6ae4b05252/library/std/src/../../backtrace/src/backtrace/libunwind.rs:116:5
[INFO] [stdout]    1:     0x5764c2fe961a - std::backtrace_rs::backtrace::trace_unsynchronized::h2ed7433f370e3eca
[INFO] [stdout]                                at /rustc/df4ca44d3fbc9301ee17f30f4d474e6ae4b05252/library/std/src/../../backtrace/src/backtrace/mod.rs:66:5
[INFO] [stdout]    2:     0x5764c2fe961a - std::sys::backtrace::_print_fmt::h916fac51166b18d7
[INFO] [stdout]                                at /rustc/df4ca44d3fbc9301ee17f30f4d474e6ae4b05252/library/std/src/sys/backtrace.rs:66:9
[INFO] [stdout]    3:     0x5764c2fe961a - <std::sys::backtrace::BacktraceLock::print::DisplayBacktrace as core::fmt::Display>::fmt::ha0a4c9b8ce3802e6
[INFO] [stdout]                                at /rustc/df4ca44d3fbc9301ee17f30f4d474e6ae4b05252/library/std/src/sys/backtrace.rs:39:26
[INFO] [stdout]    4:     0x5764c3011053 - core::fmt::rt::Argument::fmt::h4cfc8587d52b3eb5
[INFO] [stdout]                                at /rustc/df4ca44d3fbc9301ee17f30f4d474e6ae4b05252/library/core/src/fmt/rt.rs:177:76
[INFO] [stdout]    5:     0x5764c3011053 - core::fmt::write::h522cc39e5b36ae9f
[INFO] [stdout]                                at /rustc/df4ca44d3fbc9301ee17f30f4d474e6ae4b05252/library/core/src/fmt/mod.rs:1190:21
[INFO] [stdout]    6:     0x5764c2fe6283 - std::io::Write::write_fmt::h7d3c26752da97734
[INFO] [stdout]                                at /rustc/df4ca44d3fbc9301ee17f30f4d474e6ae4b05252/library/std/src/io/mod.rs:1839:15
[INFO] [stdout]    7:     0x5764c2fe9462 - std::sys::backtrace::BacktraceLock::print::h4b9e00b29e9c0942
[INFO] [stdout]                                at /rustc/df4ca44d3fbc9301ee17f30f4d474e6ae4b05252/library/std/src/sys/backtrace.rs:42:9
[INFO] [stdout]    8:     0x5764c2feaaaa - std::panicking::default_hook::{{closure}}::hb59b88280d0324d9
[INFO] [stdout]                                at /rustc/df4ca44d3fbc9301ee17f30f4d474e6ae4b05252/library/std/src/panicking.rs:268:22
[INFO] [stdout]    9:     0x5764c2fea8b4 - std::panicking::default_hook::he1dd496665be4a29
[INFO] [stdout]                                at /rustc/df4ca44d3fbc9301ee17f30f4d474e6ae4b05252/library/std/src/panicking.rs:292:9
[INFO] [stdout]   10:     0x5764c2f7b7b9 - <alloc::boxed::Box<F,A> as core::ops::function::Fn<Args>>::call::h4ff71de18744e1dc
[INFO] [stdout]                                at /rustc/df4ca44d3fbc9301ee17f30f4d474e6ae4b05252/library/alloc/src/boxed.rs:2468:9
[INFO] [stdout]   11:     0x5764c2f7b7b9 - test::test_main::{{closure}}::hcf7c055ce117aa81
[INFO] [stdout]                                at /rustc/df4ca44d3fbc9301ee17f30f4d474e6ae4b05252/library/test/src/lib.rs:133:21
[INFO] [stdout]   12:     0x5764c2feb1a8 - <alloc::boxed::Box<F,A> as core::ops::function::Fn<Args>>::call::h1d66c6bbd60c9692
[INFO] [stdout]                                at /rustc/df4ca44d3fbc9301ee17f30f4d474e6ae4b05252/library/alloc/src/boxed.rs:2468:9
[INFO] [stdout]   13:     0x5764c2feb1a8 - std::panicking::rust_panic_with_hook::h2ff17fe8f26dfcf8
[INFO] [stdout]                                at /rustc/df4ca44d3fbc9301ee17f30f4d474e6ae4b05252/library/std/src/panicking.rs:809:13
[INFO] [stdout]   14:     0x5764c2feaf6a - std::panicking::begin_panic_handler::{{closure}}::h4fad77951c07e101
[INFO] [stdout]                                at /rustc/df4ca44d3fbc9301ee17f30f4d474e6ae4b05252/library/std/src/panicking.rs:674:13
[INFO] [stdout]   15:     0x5764c2fe9af9 - std::sys::backtrace::__rust_end_short_backtrace::hb1a25b3da5d0ea08
[INFO] [stdout]                                at /rustc/df4ca44d3fbc9301ee17f30f4d474e6ae4b05252/library/std/src/sys/backtrace.rs:170:18
[INFO] [stdout]   16:     0x5764c2feabfc - rust_begin_unwind
[INFO] [stdout]                                at /rustc/df4ca44d3fbc9301ee17f30f4d474e6ae4b05252/library/std/src/panicking.rs:665:5
[INFO] [stdout]   17:     0x5764c300f790 - core::panicking::panic_fmt::ha9db07b529f9b256
[INFO] [stdout]                                at /rustc/df4ca44d3fbc9301ee17f30f4d474e6ae4b05252/library/core/src/panicking.rs:75:14
[INFO] [stdout]   18:     0x5764c300fb5b - core::panicking::assert_failed_inner::h04f38944d74a80a8
[INFO] [stdout]   19:     0x5764c2f861be - core::panicking::assert_failed::h65c5a6ffc4a0f6a7
[INFO] [stdout]                                at /rustc/df4ca44d3fbc9301ee17f30f4d474e6ae4b05252/library/core/src/panicking.rs:377:5
[INFO] [stdout]   20:     0x5764c2f3d074 - rust_webpack_template::field::test::test_field::h2bb8a10114cfb853
[INFO] [stdout]                                at /opt/rustwide/workdir/src/field.rs:59:9
[INFO] [stdout]   21:     0x5764c2f3cdd7 - rust_webpack_template::field::test::test_field::{{closure}}::he7ffa10bead1af5d
[INFO] [stdout]                                at /opt/rustwide/workdir/src/field.rs:51:20
[INFO] [stdout]   22:     0x5764c2f38446 - core::ops::function::FnOnce::call_once::hf2b92ca69dccada0
[INFO] [stdout]                                at /rustc/df4ca44d3fbc9301ee17f30f4d474e6ae4b05252/library/core/src/ops/function.rs:250:5
[INFO] [stdout]   23:     0x5764c2f8008b - core::ops::function::FnOnce::call_once::h22c3ba5715e93f05
[INFO] [stdout]                                at /rustc/df4ca44d3fbc9301ee17f30f4d474e6ae4b05252/library/core/src/ops/function.rs:250:5
[INFO] [stdout]   24:     0x5764c2f8008b - test::__rust_begin_short_backtrace::h8e82d8113d0da17f
[INFO] [stdout]                                at /rustc/df4ca44d3fbc9301ee17f30f4d474e6ae4b05252/library/test/src/lib.rs:621:18
[INFO] [stdout]   25:     0x5764c2f7fa07 - test::run_test_in_process::{{closure}}::h33235f4f20b7b7c7
[INFO] [stdout]                                at /rustc/df4ca44d3fbc9301ee17f30f4d474e6ae4b05252/library/test/src/lib.rs:644:60
[INFO] [stdout]   26:     0x5764c2f7fa07 - <core::panic::unwind_safe::AssertUnwindSafe<F> as core::ops::function::FnOnce<()>>::call_once::hb5043206310c586f
[INFO] [stdout]                                at /rustc/df4ca44d3fbc9301ee17f30f4d474e6ae4b05252/library/core/src/panic/unwind_safe.rs:272:9
[INFO] [stdout]   27:     0x5764c2f7fa07 - std::panicking::try::do_call::h9ad4731a60ab23e2
[INFO] [stdout]                                at /rustc/df4ca44d3fbc9301ee17f30f4d474e6ae4b05252/library/std/src/panicking.rs:557:40
[INFO] [stdout]   28:     0x5764c2f7fa07 - std::panicking::try::h3824d23db772a716
[INFO] [stdout]                                at /rustc/df4ca44d3fbc9301ee17f30f4d474e6ae4b05252/library/std/src/panicking.rs:520:19
[INFO] [stdout]   29:     0x5764c2f7fa07 - std::panic::catch_unwind::h5afd514605fde46b
[INFO] [stdout]                                at /rustc/df4ca44d3fbc9301ee17f30f4d474e6ae4b05252/library/std/src/panic.rs:358:14
[INFO] [stdout]   30:     0x5764c2f7fa07 - test::run_test_in_process::h0d5cbfa7067d1720
[INFO] [stdout]                                at /rustc/df4ca44d3fbc9301ee17f30f4d474e6ae4b05252/library/test/src/lib.rs:644:27
[INFO] [stdout]   31:     0x5764c2f7fa07 - test::run_test::{{closure}}::h708eb8872708115d
[INFO] [stdout]                                at /rustc/df4ca44d3fbc9301ee17f30f4d474e6ae4b05252/library/test/src/lib.rs:565:43
[INFO] [stdout]   32:     0x5764c2f43124 - test::run_test::{{closure}}::h392c51cee94713ab
[INFO] [stdout]                                at /rustc/df4ca44d3fbc9301ee17f30f4d474e6ae4b05252/library/test/src/lib.rs:595:41
[INFO] [stdout]   33:     0x5764c2f43124 - std::sys::backtrace::__rust_begin_short_backtrace::h2f40290710935a8b
[INFO] [stdout]                                at /rustc/df4ca44d3fbc9301ee17f30f4d474e6ae4b05252/library/std/src/sys/backtrace.rs:154:18
[INFO] [stdout]   34:     0x5764c2f468ce - std::thread::Builder::spawn_unchecked_::{{closure}}::{{closure}}::h3fd968d89053a903
[INFO] [stdout]                                at /rustc/df4ca44d3fbc9301ee17f30f4d474e6ae4b05252/library/std/src/thread/mod.rs:541:17
[INFO] [stdout]   35:     0x5764c2f468ce - <core::panic::unwind_safe::AssertUnwindSafe<F> as core::ops::function::FnOnce<()>>::call_once::h743f637ba4229880
[INFO] [stdout]                                at /rustc/df4ca44d3fbc9301ee17f30f4d474e6ae4b05252/library/core/src/panic/unwind_safe.rs:272:9
[INFO] [stdout]   36:     0x5764c2f468ce - std::panicking::try::do_call::h07440897322525a6
[INFO] [stdout]                                at /rustc/df4ca44d3fbc9301ee17f30f4d474e6ae4b05252/library/std/src/panicking.rs:557:40
[INFO] [stdout]   37:     0x5764c2f468ce - std::panicking::try::he5a2e00188156637
[INFO] [stdout]                                at /rustc/df4ca44d3fbc9301ee17f30f4d474e6ae4b05252/library/std/src/panicking.rs:520:19
[INFO] [stdout]   38:     0x5764c2f468ce - std::panic::catch_unwind::hbaf3cae49b3c6433
[INFO] [stdout]                                at /rustc/df4ca44d3fbc9301ee17f30f4d474e6ae4b05252/library/std/src/panic.rs:358:14
[INFO] [stdout]   39:     0x5764c2f468ce - std::thread::Builder::spawn_unchecked_::{{closure}}::h8e141ea224820bce
[INFO] [stdout]                                at /rustc/df4ca44d3fbc9301ee17f30f4d474e6ae4b05252/library/std/src/thread/mod.rs:540:30
[INFO] [stdout]   40:     0x5764c2f468ce - core::ops::function::FnOnce::call_once{{vtable.shim}}::h90d312fedd7b8ea8
[INFO] [stdout]                                at /rustc/df4ca44d3fbc9301ee17f30f4d474e6ae4b05252/library/core/src/ops/function.rs:250:5
[INFO] [stdout]   41:     0x5764c2feef9b - <alloc::boxed::Box<F,A> as core::ops::function::FnOnce<Args>>::call_once::h69aa08ddb6adb8b6
[INFO] [stdout]                                at /rustc/df4ca44d3fbc9301ee17f30f4d474e6ae4b05252/library/alloc/src/boxed.rs:2454:9
[INFO] [stdout]   42:     0x5764c2feef9b - <alloc::boxed::Box<F,A> as core::ops::function::FnOnce<Args>>::call_once::h5aa36efdb79c806f
[INFO] [stdout]                                at /rustc/df4ca44d3fbc9301ee17f30f4d474e6ae4b05252/library/alloc/src/boxed.rs:2454:9
[INFO] [stdout]   43:     0x5764c2feef9b - std::sys::pal::unix::thread::Thread::new::thread_start::h6cd80a1b4be5158d
[INFO] [stdout]                                at /rustc/df4ca44d3fbc9301ee17f30f4d474e6ae4b05252/library/std/src/sys/pal/unix/thread.rs:105:17
[INFO] [stdout]   44:     0x753b24a51ac3 - <unknown>
[INFO] [stdout]   45:     0x753b24ae2a04 - clone
[INFO] [stdout]   46:                0x0 - <unknown>
[INFO] [stdout] 
[INFO] [stdout] 
[INFO] [stdout] failures:
[INFO] [stdout]     field::test::test_field
[INFO] [stdout] 
[INFO] [stdout] test result: FAILED. 6 passed; 1 failed; 0 ignored; 0 measured; 0 filtered out; finished in 31.80s
[INFO] [stdout] 
[INFO] [stderr] error: test failed, to rerun pass `--lib`
[INFO] running `Command { std: "docker" "inspect" "622056d02e41ee6c03a85bef4de6fb8a024b499080aa7d4094ec7bf34f535c89", kill_on_drop: false }`
[INFO] running `Command { std: "docker" "rm" "-f" "622056d02e41ee6c03a85bef4de6fb8a024b499080aa7d4094ec7bf34f535c89", kill_on_drop: false }`
[INFO] [stdout] 622056d02e41ee6c03a85bef4de6fb8a024b499080aa7d4094ec7bf34f535c89
