[INFO] cloning repository https://github.com/Lhecg/Lhecg-labeled
[INFO] running `Command { std: "git" "-c" "credential.helper=" "-c" "credential.helper=/workspace/cargo-home/bin/git-credential-null" "clone" "--bare" "https://github.com/Lhecg/Lhecg-labeled" "/workspace/cache/git-repos/https%3A%2F%2Fgithub.com%2FLhecg%2FLhecg-labeled", kill_on_drop: false }`
[INFO] [stderr] Cloning into bare repository '/workspace/cache/git-repos/https%3A%2F%2Fgithub.com%2FLhecg%2FLhecg-labeled'...
[INFO] running `Command { std: "git" "rev-parse" "HEAD", kill_on_drop: false }`
[INFO] [stdout] c7a05691202c7bfa68681c369fda1499f02293d3
[INFO] testing Lhecg/Lhecg-labeled/c7a05691202c7bfa68681c369fda1499f02293d3 against nightly-2024-10-28+rustflags=-Zrandomize-layout for randomize-layout
[INFO] running `Command { std: "git" "clone" "/workspace/cache/git-repos/https%3A%2F%2Fgithub.com%2FLhecg%2FLhecg-labeled" "/workspace/builds/worker-7-tc2/source", kill_on_drop: false }`
[INFO] [stderr] Cloning into '/workspace/builds/worker-7-tc2/source'...
[INFO] [stderr] done.
[INFO] validating manifest of git repo https://github.com/Lhecg/Lhecg-labeled on toolchain nightly-2024-10-28
[INFO] running `Command { std: CARGO_HOME="/workspace/cargo-home" RUSTUP_HOME="/workspace/rustup-home" "/workspace/cargo-home/bin/cargo" "+nightly-2024-10-28" "metadata" "--manifest-path" "Cargo.toml" "--no-deps", kill_on_drop: false }`
[INFO] started tweaking git repo https://github.com/Lhecg/Lhecg-labeled
[INFO] finished tweaking git repo https://github.com/Lhecg/Lhecg-labeled
[INFO] tweaked toml for git repo https://github.com/Lhecg/Lhecg-labeled written to /workspace/builds/worker-7-tc2/source/Cargo.toml
[INFO] crate git repo https://github.com/Lhecg/Lhecg-labeled already has a lockfile, it will not be regenerated
[INFO] running `Command { std: CARGO_HOME="/workspace/cargo-home" RUSTUP_HOME="/workspace/rustup-home" "/workspace/cargo-home/bin/cargo" "+nightly-2024-10-28" "fetch" "--manifest-path" "Cargo.toml", kill_on_drop: false }`
[INFO] running `Command { std: "docker" "create" "-v" "/var/lib/crater-agent-workspace/builds/worker-7-tc2/target:/opt/rustwide/target:rw,Z" "-v" "/var/lib/crater-agent-workspace/builds/worker-7-tc2/source:/opt/rustwide/workdir:ro,Z" "-v" "/var/lib/crater-agent-workspace/cargo-home:/opt/rustwide/cargo-home:ro,Z" "-v" "/var/lib/crater-agent-workspace/rustup-home:/opt/rustwide/rustup-home:ro,Z" "-e" "SOURCE_DIR=/opt/rustwide/workdir" "-e" "CARGO_TARGET_DIR=/opt/rustwide/target" "-e" "CARGO_HOME=/opt/rustwide/cargo-home" "-e" "RUSTUP_HOME=/opt/rustwide/rustup-home" "-w" "/opt/rustwide/workdir" "-m" "1610612736" "--user" "0:0" "--network" "none" "ghcr.io/rust-lang/crates-build-env/linux@sha256:4a844ea9eb2546a2d2c7022eacef16ef2e8229c7fbb2c7d4d55a9ceca922f72d" "/opt/rustwide/cargo-home/bin/cargo" "+nightly-2024-10-28" "metadata" "--no-deps" "--format-version=1", kill_on_drop: false }`
[INFO] [stdout] 35b1c9832bb4a8839794693b5d3a584d25826e71493df33b94198a2cf7a9f31c
[INFO] running `Command { std: "docker" "start" "-a" "35b1c9832bb4a8839794693b5d3a584d25826e71493df33b94198a2cf7a9f31c", kill_on_drop: false }`
[INFO] running `Command { std: "docker" "inspect" "35b1c9832bb4a8839794693b5d3a584d25826e71493df33b94198a2cf7a9f31c", kill_on_drop: false }`
[INFO] running `Command { std: "docker" "rm" "-f" "35b1c9832bb4a8839794693b5d3a584d25826e71493df33b94198a2cf7a9f31c", kill_on_drop: false }`
[INFO] [stdout] 35b1c9832bb4a8839794693b5d3a584d25826e71493df33b94198a2cf7a9f31c
[INFO] running `Command { std: "docker" "create" "-v" "/var/lib/crater-agent-workspace/builds/worker-7-tc2/target:/opt/rustwide/target:rw,Z" "-v" "/var/lib/crater-agent-workspace/builds/worker-7-tc2/source:/opt/rustwide/workdir:ro,Z" "-v" "/var/lib/crater-agent-workspace/cargo-home:/opt/rustwide/cargo-home:ro,Z" "-v" "/var/lib/crater-agent-workspace/rustup-home:/opt/rustwide/rustup-home:ro,Z" "-e" "SOURCE_DIR=/opt/rustwide/workdir" "-e" "CARGO_TARGET_DIR=/opt/rustwide/target" "-e" "CARGO_INCREMENTAL=0" "-e" "RUST_BACKTRACE=full" "-e" "RUSTFLAGS=--cap-lints=forbid -Zrandomize-layout" "-e" "RUSTDOCFLAGS=--cap-lints=forbid" "-e" "CARGO_HOME=/opt/rustwide/cargo-home" "-e" "RUSTUP_HOME=/opt/rustwide/rustup-home" "-w" "/opt/rustwide/workdir" "-m" "1610612736" "--user" "0:0" "--network" "none" "ghcr.io/rust-lang/crates-build-env/linux@sha256:4a844ea9eb2546a2d2c7022eacef16ef2e8229c7fbb2c7d4d55a9ceca922f72d" "/opt/rustwide/cargo-home/bin/cargo" "+nightly-2024-10-28" "build" "--frozen" "--message-format=json", kill_on_drop: false }`
[INFO] [stdout] 33c26e902eef529ff0fb9e00ef3aac388898c5c73a255604cfdcf8ec1f6fec1e
[INFO] running `Command { std: "docker" "start" "-a" "33c26e902eef529ff0fb9e00ef3aac388898c5c73a255604cfdcf8ec1f6fec1e", kill_on_drop: false }`
[INFO] [stderr]    Compiling proc-macro2 v1.0.86
[INFO] [stderr]    Compiling unicode-ident v1.0.13
[INFO] [stderr]    Compiling autocfg v1.3.0
[INFO] [stderr]    Compiling libc v0.2.158
[INFO] [stderr]    Compiling byteorder v1.5.0
[INFO] [stderr]    Compiling rand_core v0.4.2
[INFO] [stderr]    Compiling serde v1.0.210
[INFO] [stderr]    Compiling libm v0.2.8
[INFO] [stderr]    Compiling spin v0.9.8
[INFO] [stderr]    Compiling num-bigint-dig v0.8.4
[INFO] [stderr]    Compiling log v0.4.22
[INFO] [stderr]    Compiling smallvec v1.13.2
[INFO] [stderr]    Compiling lazy_static v1.5.0
[INFO] [stderr]    Compiling rand_core v0.3.1
[INFO] [stderr]    Compiling num-traits v0.2.19
[INFO] [stderr]    Compiling num-bigint v0.2.6
[INFO] [stderr]    Compiling quote v1.0.37
[INFO] [stderr]    Compiling getrandom v0.2.15
[INFO] [stderr]    Compiling rand v0.5.6
[INFO] [stderr]    Compiling syn v2.0.77
[INFO] [stderr]    Compiling rand_core v0.6.4
[INFO] [stderr]    Compiling num-integer v0.1.46
[INFO] [stderr]    Compiling num-complex v0.4.6
[INFO] [stderr]    Compiling num-iter v0.1.45
[INFO] [stderr]    Compiling modinverse v0.1.1
[INFO] [stderr]    Compiling zerocopy-derive v0.7.35
[INFO] [stderr]    Compiling serde_derive v1.0.210
[INFO] [stderr]    Compiling zerocopy v0.7.35
[INFO] [stderr]    Compiling ppv-lite86 v0.2.20
[INFO] [stderr]    Compiling rand_chacha v0.3.1
[INFO] [stderr]    Compiling rand v0.8.5
[INFO] [stderr]    Compiling num-bigint v0.4.6
[INFO] [stderr]    Compiling num-rational v0.4.2
[INFO] [stderr]    Compiling num v0.4.3
[INFO] [stderr]    Compiling num-primes v0.2.1
[INFO] [stderr]    Compiling toml v0.5.11
[INFO] [stderr]    Compiling Fhscheme_Labeled v0.1.0 (/opt/rustwide/workdir)
[INFO] [stdout] warning: unused import: `std::path::Path`
[INFO] [stdout]  --> src/config.rs:2:5
[INFO] [stdout]   |
[INFO] [stdout] 2 | use std::path::Path;
[INFO] [stdout]   |     ^^^^^^^^^^^^^^^
[INFO] [stdout]   |
[INFO] [stdout]   = note: `#[warn(unused_imports)]` on by default
[INFO] [stdout] 
[INFO] [stdout] 
[INFO] [stdout] warning: unused import: `One`
[INFO] [stdout]  --> src/decryption.rs:3:29
[INFO] [stdout]   |
[INFO] [stdout] 3 | use num::{integer::Integer, One};
[INFO] [stdout]   |                             ^^^
[INFO] [stdout] 
[INFO] [stdout] 
[INFO] [stdout] warning: unused import: `num_traits::Pow`
[INFO] [stdout]  --> src/encryption.rs:3:5
[INFO] [stdout]   |
[INFO] [stdout] 3 | use num_traits::Pow;
[INFO] [stdout]   |     ^^^^^^^^^^^^^^^
[INFO] [stdout] 
[INFO] [stdout] 
[INFO] [stdout] warning: unused import: `num_traits::One`
[INFO] [stdout]  --> src/encryption.rs:6:5
[INFO] [stdout]   |
[INFO] [stdout] 6 | use num_traits::One;
[INFO] [stdout]   |     ^^^^^^^^^^^^^^^
[INFO] [stdout] 
[INFO] [stdout] 
[INFO] [stdout] warning: unused import: `num_traits::One`
[INFO] [stdout]  --> src/equalEvalPreprocess.rs:2:5
[INFO] [stdout]   |
[INFO] [stdout] 2 | use num_traits::One;
[INFO] [stdout]   |     ^^^^^^^^^^^^^^^
[INFO] [stdout] 
[INFO] [stdout] 
[INFO] [stdout] warning: unused import: `num_traits::One`
[INFO] [stdout]  --> src/equalizedevaluation.rs:2:5
[INFO] [stdout]   |
[INFO] [stdout] 2 | use num_traits::One;
[INFO] [stdout]   |     ^^^^^^^^^^^^^^^
[INFO] [stdout] 
[INFO] [stdout] 
[INFO] [stdout] warning: unused import: `num_bigint::BigInt`
[INFO] [stdout]  --> src/equalizer.rs:1:5
[INFO] [stdout]   |
[INFO] [stdout] 1 | use num_bigint::BigInt;
[INFO] [stdout]   |     ^^^^^^^^^^^^^^^^^^
[INFO] [stdout] 
[INFO] [stdout] 
[INFO] [stdout] warning: unused import: `One`
[INFO] [stdout]  --> src/preprocessing.rs:3:29
[INFO] [stdout]   |
[INFO] [stdout] 3 | use num::{integer::Integer, One};
[INFO] [stdout]   |                             ^^^
[INFO] [stdout] 
[INFO] [stdout] 
[INFO] [stdout] warning: unused import: `num_bigint::BigUint`
[INFO] [stdout]  --> src/preprocessing.rs:4:7
[INFO] [stdout]   |
[INFO] [stdout] 4 |   use num_bigint::BigUint;
[INFO] [stdout]   |       ^^^^^^^^^^^^^^^^^^^
[INFO] [stdout] 
[INFO] [stdout] 
[INFO] [stdout] warning: unused import: `std::error::Error`
[INFO] [stdout]  --> src/utility.rs:2:5
[INFO] [stdout]   |
[INFO] [stdout] 2 | use std::error::Error;
[INFO] [stdout]   |     ^^^^^^^^^^^^^^^^^
[INFO] [stdout] 
[INFO] [stdout] 
[INFO] [stdout] warning: unused import: `Read`
[INFO] [stdout]  --> src/utility.rs:3:43
[INFO] [stdout]   |
[INFO] [stdout] 3 | use std::io::{self, BufReader, BufWriter, Read, Write};
[INFO] [stdout]   |                                           ^^^^
[INFO] [stdout] 
[INFO] [stdout] 
[INFO] [stdout] warning: unused variable: `q`
[INFO] [stdout]   --> src/decryption.rs:10:62
[INFO] [stdout]    |
[INFO] [stdout] 10 |   pub fn decrypt_method_one(ciphertext: &BigInt, p: &BigUint,q: &BigUint,d_l_array:&[BigInt;10], t: &BigInt, l:usize) -> BigInt {
[INFO] [stdout]    |                                                              ^ help: if this is intentional, prefix it with an underscore: `_q`
[INFO] [stdout]    |
[INFO] [stdout]    = note: `#[warn(unused_variables)]` on by default
[INFO] [stdout] 
[INFO] [stdout] 
[INFO] [stdout] warning: unused variable: `b`
[INFO] [stdout]   --> src/decryption.rs:32:10
[INFO] [stdout]    |
[INFO] [stdout] 32 |      let b: BigInt = gcd_result.y;
[INFO] [stdout]    |          ^ help: if this is intentional, prefix it with an underscore: `_b`
[INFO] [stdout] 
[INFO] [stdout] 
[INFO] [stdout] warning: unused variable: `bits`
[INFO] [stdout]   --> src/encryption.rs:16:5
[INFO] [stdout]    |
[INFO] [stdout] 16 |     bits:usize
[INFO] [stdout]    |     ^^^^ help: if this is intentional, prefix it with an underscore: `_bits`
[INFO] [stdout] 
[INFO] [stdout] 
[INFO] [stdout] warning: variable does not need to be mutable
[INFO] [stdout]   --> src/encryption.rs:27:5
[INFO] [stdout]    |
[INFO] [stdout] 27 | let mut r=generate_random_range(&q);
[INFO] [stdout]    |     ----^
[INFO] [stdout]    |     |
[INFO] [stdout]    |     help: remove this `mut`
[INFO] [stdout]    |
[INFO] [stdout]    = note: `#[warn(unused_mut)]` on by default
[INFO] [stdout] 
[INFO] [stdout] 
[INFO] [stdout] warning: crate `Fhscheme_Labeled` should have a snake case name
[INFO] [stdout]   |
[INFO] [stdout]   = help: convert the identifier to snake case: `fhscheme_labeled`
[INFO] [stdout]   = note: `#[warn(non_snake_case)]` on by default
[INFO] [stdout] 
[INFO] [stdout] 
[INFO] [stdout] warning: module `equalEvalPreprocess` should have a snake case name
[INFO] [stdout]  --> src/lib.rs:4:9
[INFO] [stdout]   |
[INFO] [stdout] 4 | pub mod equalEvalPreprocess;
[INFO] [stdout]   |         ^^^^^^^^^^^^^^^^^^^ help: convert the identifier to snake case: `equal_eval_preprocess`
[INFO] [stdout] 
[INFO] [stdout] 
[INFO] [stdout] warning: module `multiThreadEvaluation` should have a snake case name
[INFO] [stdout]  --> src/lib.rs:9:9
[INFO] [stdout]   |
[INFO] [stdout] 9 | pub mod multiThreadEvaluation;
[INFO] [stdout]   |         ^^^^^^^^^^^^^^^^^^^^^ help: convert the identifier to snake case: `multi_thread_evaluation`
[INFO] [stdout] 
[INFO] [stdout] 
[INFO] [stdout] warning: variable `D_l` should have a snake case name
[INFO] [stdout]   --> src/decryption.rs:17:7
[INFO] [stdout]    |
[INFO] [stdout] 17 |   let D_l=&d_l_array[l];
[INFO] [stdout]    |       ^^^ help: convert the identifier to snake case: `d_l`
[INFO] [stdout] 
[INFO] [stdout] 
[INFO] [stdout] warning: variable `N` should have a snake case name
[INFO] [stdout]   --> src/decryption.rs:26:9
[INFO] [stdout]    |
[INFO] [stdout] 26 |     let N=&p*&q;
[INFO] [stdout]    |         ^ help: convert the identifier to snake case: `n`
[INFO] [stdout] 
[INFO] [stdout] 
[INFO] [stdout] warning: variable `D` should have a snake case name
[INFO] [stdout]   --> src/encryption.rs:14:5
[INFO] [stdout]    |
[INFO] [stdout] 14 |     D:&BigInt,
[INFO] [stdout]    |     ^ help: convert the identifier to snake case: `d`
[INFO] [stdout] 
[INFO] [stdout] 
[INFO] [stdout] warning: variable `N` should have a snake case name
[INFO] [stdout]   --> src/encryption.rs:15:5
[INFO] [stdout]    |
[INFO] [stdout] 15 |     N: &BigUint,
[INFO] [stdout]    |     ^ help: convert the identifier to snake case: `n`
[INFO] [stdout] 
[INFO] [stdout] 
[INFO] [stdout] warning: variable `N` should have a snake case name
[INFO] [stdout]   --> src/encryption.rs:23:9
[INFO] [stdout]    |
[INFO] [stdout] 23 |     let N = BigInt::from(N.clone());
[INFO] [stdout]    |         ^ help: convert the identifier to snake case: `n`
[INFO] [stdout] 
[INFO] [stdout] 
[INFO] [stdout] warning: variable `N` should have a snake case name
[INFO] [stdout]   --> src/preprocessing.rs:10:43
[INFO] [stdout]    |
[INFO] [stdout] 10 | pub fn save_encrypted_values(c1: &BigInt, N: &BigInt, filename: &str) -> io::Result<()> {
[INFO] [stdout]    |                                           ^ help: convert the identifier to snake case: `n`
[INFO] [stdout] 
[INFO] [stdout] 
[INFO] [stdout] warning: unused `Result` that must be used
[INFO] [stdout]   --> src/preprocessing.rs:15:9
[INFO] [stdout]    |
[INFO] [stdout] 15 |         writeln!(file,  "{}", ci);
[INFO] [stdout]    |         ^^^^^^^^^^^^^^^^^^^^^^^^^
[INFO] [stdout]    |
[INFO] [stdout]    = note: this `Result` may be an `Err` variant, which should be handled
[INFO] [stdout]    = note: `#[warn(unused_must_use)]` on by default
[INFO] [stdout]    = note: this warning originates in the macro `writeln` (in Nightly builds, run with -Z macro-backtrace for more info)
[INFO] [stdout] 
[INFO] [stdout] 
[INFO] [stdout] warning: variable `D` should have a snake case name
[INFO] [stdout]   --> src/preprocessing.rs:21:30
[INFO] [stdout]    |
[INFO] [stdout] 21 | pub fn generate_and_save_d_l(D: &BigInt, p: &BigInt,   filename: &str)-> io::Result<()> {
[INFO] [stdout]    |                              ^ help: convert the identifier to snake case: `d`
[INFO] [stdout] 
[INFO] [stdout] 
[INFO] [stdout] warning: variable `D_inv` should have a snake case name
[INFO] [stdout]   --> src/preprocessing.rs:25:10
[INFO] [stdout]    |
[INFO] [stdout] 25 |      let D_inv= mod_inverse(&D,&p);
[INFO] [stdout]    |          ^^^^^ help: convert the identifier to snake case: `d_inv`
[INFO] [stdout] 
[INFO] [stdout] 
[INFO] [stdout] warning: variable `D_l` should have a snake case name
[INFO] [stdout]   --> src/preprocessing.rs:30:13
[INFO] [stdout]    |
[INFO] [stdout] 30 |         let D_l = &D_inv.pow(k as u32) % p; //  
[INFO] [stdout]    |             ^^^ help: convert the identifier to snake case: `d_l`
[INFO] [stdout] 
[INFO] [stdout] 
[INFO] [stdout] warning: unused `Result` that must be used
[INFO] [stdout]   --> src/preprocessing.rs:31:9
[INFO] [stdout]    |
[INFO] [stdout] 31 |         writeln!(file,  "{}", D_l);
[INFO] [stdout]    |         ^^^^^^^^^^^^^^^^^^^^^^^^^^
[INFO] [stdout]    |
[INFO] [stdout]    = note: this `Result` may be an `Err` variant, which should be handled
[INFO] [stdout]    = note: this warning originates in the macro `writeln` (in Nightly builds, run with -Z macro-backtrace for more info)
[INFO] [stdout] 
[INFO] [stdout] 
[INFO] [stdout] warning: variable `N` should have a snake case name
[INFO] [stdout]   --> src/utility.rs:12:5
[INFO] [stdout]    |
[INFO] [stdout] 12 |     N: &BigUint,
[INFO] [stdout]    |     ^ help: convert the identifier to snake case: `n`
[INFO] [stdout] 
[INFO] [stdout] 
[INFO] [stdout] warning: variable `N` should have a snake case name
[INFO] [stdout]   --> src/utility.rs:43:9
[INFO] [stdout]    |
[INFO] [stdout] 43 |     let N = BigUint::from_str(n_str.trim()).unwrap();
[INFO] [stdout]    |         ^ help: convert the identifier to snake case: `n`
[INFO] [stdout] 
[INFO] [stdout] 
[INFO] [stdout] warning: unused import: `ToBigInt`
[INFO] [stdout]  --> src/main.rs:1:34
[INFO] [stdout]   |
[INFO] [stdout] 1 | use num_bigint::{BigInt, BigUint,ToBigInt};
[INFO] [stdout]   |                                  ^^^^^^^^
[INFO] [stdout]   |
[INFO] [stdout]   = note: `#[warn(unused_imports)]` on by default
[INFO] [stdout] 
[INFO] [stdout] 
[INFO] [stdout] warning: unused imports: `One` and `Zero`
[INFO] [stdout]  --> src/main.rs:3:18
[INFO] [stdout]   |
[INFO] [stdout] 3 | use num_traits::{One, Zero};
[INFO] [stdout]   |                  ^^^  ^^^^
[INFO] [stdout] 
[INFO] [stdout] 
[INFO] [stdout] warning: unused import: `Fhscheme_Labeled::encryption::encrypt`
[INFO] [stdout]  --> src/main.rs:4:5
[INFO] [stdout]   |
[INFO] [stdout] 4 | use Fhscheme_Labeled::encryption::encrypt;
[INFO] [stdout]   |     ^^^^^^^^^^^^^^^^^^^^^^^^^^^^^^^^^^^^^
[INFO] [stdout] 
[INFO] [stdout] 
[INFO] [stdout] warning: unused import: `std::str::FromStr`
[INFO] [stdout]  --> src/main.rs:5:5
[INFO] [stdout]   |
[INFO] [stdout] 5 | use std::str::FromStr;
[INFO] [stdout]   |     ^^^^^^^^^^^^^^^^^
[INFO] [stdout] 
[INFO] [stdout] 
[INFO] [stdout] warning: unused import: `Rng`
[INFO] [stdout]  --> src/main.rs:6:24
[INFO] [stdout]   |
[INFO] [stdout] 6 | use rand::{thread_rng, Rng};
[INFO] [stdout]   |                        ^^^
[INFO] [stdout] 
[INFO] [stdout] 
[INFO] [stdout] warning: unused import: `Fhscheme_Labeled::homomorphic`
[INFO] [stdout]   --> src/main.rs:13:5
[INFO] [stdout]    |
[INFO] [stdout] 13 | use Fhscheme_Labeled::homomorphic;
[INFO] [stdout]    |     ^^^^^^^^^^^^^^^^^^^^^^^^^^^^^
[INFO] [stdout] 
[INFO] [stdout] 
[INFO] [stdout] warning: unused import: `Fhscheme_Labeled::evaluation`
[INFO] [stdout]   --> src/main.rs:15:5
[INFO] [stdout]    |
[INFO] [stdout] 15 | use Fhscheme_Labeled::evaluation;
[INFO] [stdout]    |     ^^^^^^^^^^^^^^^^^^^^^^^^^^^^
[INFO] [stdout] 
[INFO] [stdout] 
[INFO] [stdout] warning: unused import: `crate::equalizer::equalizer`
[INFO] [stdout]   --> src/main.rs:17:5
[INFO] [stdout]    |
[INFO] [stdout] 17 | use crate::equalizer::equalizer;
[INFO] [stdout]    |     ^^^^^^^^^^^^^^^^^^^^^^^^^^^
[INFO] [stdout] 
[INFO] [stdout] 
[INFO] [stdout] warning: unused import: `std::path::Path`
[INFO] [stdout]   --> src/main.rs:18:5
[INFO] [stdout]    |
[INFO] [stdout] 18 | use std::path::Path;
[INFO] [stdout]    |     ^^^^^^^^^^^^^^^
[INFO] [stdout] 
[INFO] [stdout] 
[INFO] [stdout] warning: unused import: `std::collections::HashMap`
[INFO] [stdout]   --> src/main.rs:20:5
[INFO] [stdout]    |
[INFO] [stdout] 20 | use std::collections::HashMap;
[INFO] [stdout]    |     ^^^^^^^^^^^^^^^^^^^^^^^^^
[INFO] [stdout] 
[INFO] [stdout] 
[INFO] [stdout] warning: unused imports: `Polynomial` and `Term`
[INFO] [stdout]   --> src/main.rs:21:36
[INFO] [stdout]    |
[INFO] [stdout] 21 | use Fhscheme_Labeled::evaluation::{Polynomial,Term};  // Import the Polynomial module
[INFO] [stdout]    |                                    ^^^^^^^^^^ ^^^^
[INFO] [stdout] 
[INFO] [stdout] 
[INFO] [stdout] warning: unused variable: `l_1`
[INFO] [stdout]   --> src/main.rs:68:33
[INFO] [stdout]    |
[INFO] [stdout] 68 |             let (one_encrypted, l_1) = encryption::encrypt(&BigInt::from(1), &bigint_t, &params.rhu, &p, &q,&D, &N, params.bits);
[INFO] [stdout]    |                                 ^^^ help: if this is intentional, prefix it with an underscore: `_l_1`
[INFO] [stdout]    |
[INFO] [stdout]    = note: `#[warn(unused_variables)]` on by default
[INFO] [stdout] 
[INFO] [stdout] 
[INFO] [stdout] warning: variable `D` should have a snake case name
[INFO] [stdout]   --> src/main.rs:37:47
[INFO] [stdout]    |
[INFO] [stdout] 37 |             let (p, q,D, N) = if let Ok((p, q,D, N)) = utility::load_parameters_from_file(param_file) {
[INFO] [stdout]    |                                               ^ help: convert the identifier to snake case: `d`
[INFO] [stdout]    |
[INFO] [stdout]    = note: `#[warn(non_snake_case)]` on by default
[INFO] [stdout] 
[INFO] [stdout] 
[INFO] [stdout] warning: variable `N` should have a snake case name
[INFO] [stdout]   --> src/main.rs:37:50
[INFO] [stdout]    |
[INFO] [stdout] 37 |             let (p, q,D, N) = if let Ok((p, q,D, N)) = utility::load_parameters_from_file(param_file) {
[INFO] [stdout]    |                                                  ^ help: convert the identifier to snake case: `n`
[INFO] [stdout] 
[INFO] [stdout] 
[INFO] [stdout] warning: variable `start_KeyGen` should have a snake case name
[INFO] [stdout]   --> src/main.rs:42:21
[INFO] [stdout]    |
[INFO] [stdout] 42 |                 let start_KeyGen = Instant::now();
[INFO] [stdout]    |                     ^^^^^^^^^^^^ help: convert the identifier to snake case: `start_key_gen`
[INFO] [stdout] 
[INFO] [stdout] 
[INFO] [stdout] warning: variable `N` should have a snake case name
[INFO] [stdout]   --> src/main.rs:50:21
[INFO] [stdout]    |
[INFO] [stdout] 50 |                 let N = &p * &q;
[INFO] [stdout]    |                     ^ help: convert the identifier to snake case: `n`
[INFO] [stdout] 
[INFO] [stdout] 
[INFO] [stdout] warning: variable `D` should have a snake case name
[INFO] [stdout]   --> src/main.rs:53:21
[INFO] [stdout]    |
[INFO] [stdout] 53 |                 let D=   rng.gen_bigint_range(&BigInt::from(1),&(_p - BigInt::from(1)));
[INFO] [stdout]    |                     ^ help: convert the identifier to snake case: `d`
[INFO] [stdout] 
[INFO] [stdout] 
[INFO] [stdout] warning: variable `KeyGen_time` should have a snake case name
[INFO] [stdout]   --> src/main.rs:54:21
[INFO] [stdout]    |
[INFO] [stdout] 54 |                 let KeyGen_time = start_KeyGen.elapsed();
[INFO] [stdout]    |                     ^^^^^^^^^^^ help: convert the identifier to snake case: `key_gen_time`
[INFO] [stdout] 
[INFO] [stdout] 
[INFO] [stdout] warning: variable `D` should have a snake case name
[INFO] [stdout]   --> src/main.rs:37:23
[INFO] [stdout]    |
[INFO] [stdout] 37 |             let (p, q,D, N) = if let Ok((p, q,D, N)) = utility::load_parameters_from_file(param_file) {
[INFO] [stdout]    |                       ^ help: convert the identifier to snake case: `d`
[INFO] [stdout] 
[INFO] [stdout] 
[INFO] [stdout] warning: variable `N` should have a snake case name
[INFO] [stdout]   --> src/main.rs:37:26
[INFO] [stdout]    |
[INFO] [stdout] 37 |             let (p, q,D, N) = if let Ok((p, q,D, N)) = utility::load_parameters_from_file(param_file) {
[INFO] [stdout]    |                          ^ help: convert the identifier to snake case: `n`
[INFO] [stdout] 
[INFO] [stdout] 
[INFO] [stdout] warning: unused `Result` that must be used
[INFO] [stdout]   --> src/main.rs:70:13
[INFO] [stdout]    |
[INFO] [stdout] 70 |             preprocessing::save_encrypted_values(&one_encrypted, &modulus_n, encrypted_one_file);       
[INFO] [stdout]    |             ^^^^^^^^^^^^^^^^^^^^^^^^^^^^^^^^^^^^^^^^^^^^^^^^^^^^^^^^^^^^^^^^^^^^^^^^^^^^^^^^^^^^
[INFO] [stdout]    |
[INFO] [stdout]    = note: this `Result` may be an `Err` variant, which should be handled
[INFO] [stdout]    = note: `#[warn(unused_must_use)]` on by default
[INFO] [stdout] help: use `let _ = ...` to ignore the resulting value
[INFO] [stdout]    |
[INFO] [stdout] 70 |             let _ = preprocessing::save_encrypted_values(&one_encrypted, &modulus_n, encrypted_one_file);       
[INFO] [stdout]    |             +++++++
[INFO] [stdout] 
[INFO] [stdout] 
[INFO] [stderr]     Finished `dev` profile [unoptimized + debuginfo] target(s) in 12.82s
[INFO] running `Command { std: "docker" "inspect" "33c26e902eef529ff0fb9e00ef3aac388898c5c73a255604cfdcf8ec1f6fec1e", kill_on_drop: false }`
[INFO] running `Command { std: "docker" "rm" "-f" "33c26e902eef529ff0fb9e00ef3aac388898c5c73a255604cfdcf8ec1f6fec1e", kill_on_drop: false }`
[INFO] [stdout] 33c26e902eef529ff0fb9e00ef3aac388898c5c73a255604cfdcf8ec1f6fec1e
[INFO] running `Command { std: "docker" "create" "-v" "/var/lib/crater-agent-workspace/builds/worker-7-tc2/target:/opt/rustwide/target:rw,Z" "-v" "/var/lib/crater-agent-workspace/builds/worker-7-tc2/source:/opt/rustwide/workdir:ro,Z" "-v" "/var/lib/crater-agent-workspace/cargo-home:/opt/rustwide/cargo-home:ro,Z" "-v" "/var/lib/crater-agent-workspace/rustup-home:/opt/rustwide/rustup-home:ro,Z" "-e" "SOURCE_DIR=/opt/rustwide/workdir" "-e" "CARGO_TARGET_DIR=/opt/rustwide/target" "-e" "CARGO_INCREMENTAL=0" "-e" "RUST_BACKTRACE=full" "-e" "RUSTFLAGS=--cap-lints=forbid -Zrandomize-layout" "-e" "RUSTDOCFLAGS=--cap-lints=forbid" "-e" "CARGO_HOME=/opt/rustwide/cargo-home" "-e" "RUSTUP_HOME=/opt/rustwide/rustup-home" "-w" "/opt/rustwide/workdir" "-m" "1610612736" "--user" "0:0" "--network" "none" "ghcr.io/rust-lang/crates-build-env/linux@sha256:4a844ea9eb2546a2d2c7022eacef16ef2e8229c7fbb2c7d4d55a9ceca922f72d" "/opt/rustwide/cargo-home/bin/cargo" "+nightly-2024-10-28" "test" "--frozen" "--no-run" "--message-format=json", kill_on_drop: false }`
[INFO] [stdout] 415238220dfef9eaff320dba3170cb8f9faf58634f4c71319862075451b00a4a
[INFO] running `Command { std: "docker" "start" "-a" "415238220dfef9eaff320dba3170cb8f9faf58634f4c71319862075451b00a4a", kill_on_drop: false }`
[INFO] [stdout] warning: unused import: `std::path::Path`
[INFO] [stdout]  --> src/config.rs:2:5
[INFO] [stdout]   |
[INFO] [stdout] 2 | use std::path::Path;
[INFO] [stdout]   |     ^^^^^^^^^^^^^^^
[INFO] [stdout]   |
[INFO] [stdout]   = note: `#[warn(unused_imports)]` on by default
[INFO] [stdout] 
[INFO] [stdout] 
[INFO] [stdout] warning: unused import: `One`
[INFO] [stdout]  --> src/decryption.rs:3:29
[INFO] [stdout]   |
[INFO] [stdout] 3 | use num::{integer::Integer, One};
[INFO] [stdout]   |                             ^^^
[INFO] [stdout] 
[INFO] [stdout] 
[INFO] [stdout] warning: unused import: `num_traits::Pow`
[INFO] [stdout]  --> src/encryption.rs:3:5
[INFO] [stdout]   |
[INFO] [stdout] 3 | use num_traits::Pow;
[INFO] [stdout]   |     ^^^^^^^^^^^^^^^
[INFO] [stdout] 
[INFO] [stdout] 
[INFO] [stdout] warning: unused import: `num_traits::One`
[INFO] [stdout]  --> src/encryption.rs:6:5
[INFO] [stdout]   |
[INFO] [stdout] 6 | use num_traits::One;
[INFO] [stdout]   |     ^^^^^^^^^^^^^^^
[INFO] [stdout] 
[INFO] [stdout] 
[INFO] [stdout] warning: unused import: `num_traits::One`
[INFO] [stdout]  --> src/equalEvalPreprocess.rs:2:5
[INFO] [stdout]   |
[INFO] [stdout] 2 | use num_traits::One;
[INFO] [stdout]   |     ^^^^^^^^^^^^^^^
[INFO] [stdout] 
[INFO] [stdout] 
[INFO] [stdout] warning: unused import: `num_traits::One`
[INFO] [stdout]  --> src/equalizedevaluation.rs:2:5
[INFO] [stdout]   |
[INFO] [stdout] 2 | use num_traits::One;
[INFO] [stdout]   |     ^^^^^^^^^^^^^^^
[INFO] [stdout] 
[INFO] [stdout] 
[INFO] [stdout] warning: unused import: `num_bigint::BigInt`
[INFO] [stdout]  --> src/equalizer.rs:1:5
[INFO] [stdout]   |
[INFO] [stdout] 1 | use num_bigint::BigInt;
[INFO] [stdout]   |     ^^^^^^^^^^^^^^^^^^
[INFO] [stdout] 
[INFO] [stdout] 
[INFO] [stdout] warning: unused import: `One`
[INFO] [stdout]  --> src/preprocessing.rs:3:29
[INFO] [stdout]   |
[INFO] [stdout] 3 | use num::{integer::Integer, One};
[INFO] [stdout]   |                             ^^^
[INFO] [stdout] 
[INFO] [stdout] 
[INFO] [stdout] warning: unused import: `num_bigint::BigUint`
[INFO] [stdout]  --> src/preprocessing.rs:4:7
[INFO] [stdout]   |
[INFO] [stdout] 4 |   use num_bigint::BigUint;
[INFO] [stdout]   |       ^^^^^^^^^^^^^^^^^^^
[INFO] [stdout] 
[INFO] [stdout] 
[INFO] [stdout] warning: unused import: `std::error::Error`
[INFO] [stdout]  --> src/utility.rs:2:5
[INFO] [stdout]   |
[INFO] [stdout] 2 | use std::error::Error;
[INFO] [stdout]   |     ^^^^^^^^^^^^^^^^^
[INFO] [stdout] 
[INFO] [stdout] 
[INFO] [stdout] warning: unused import: `Read`
[INFO] [stdout]  --> src/utility.rs:3:43
[INFO] [stdout]   |
[INFO] [stdout] 3 | use std::io::{self, BufReader, BufWriter, Read, Write};
[INFO] [stdout]   |                                           ^^^^
[INFO] [stdout] 
[INFO] [stdout] 
[INFO] [stdout] warning: unused variable: `q`
[INFO] [stdout]   --> src/decryption.rs:10:62
[INFO] [stdout]    |
[INFO] [stdout] 10 |   pub fn decrypt_method_one(ciphertext: &BigInt, p: &BigUint,q: &BigUint,d_l_array:&[BigInt;10], t: &BigInt, l:usize) -> BigInt {
[INFO] [stdout]    |                                                              ^ help: if this is intentional, prefix it with an underscore: `_q`
[INFO] [stdout]    |
[INFO] [stdout]    = note: `#[warn(unused_variables)]` on by default
[INFO] [stdout] 
[INFO] [stdout] 
[INFO] [stdout] warning: unused variable: `b`
[INFO] [stdout]   --> src/decryption.rs:32:10
[INFO] [stdout]    |
[INFO] [stdout] 32 |      let b: BigInt = gcd_result.y;
[INFO] [stdout]    |          ^ help: if this is intentional, prefix it with an underscore: `_b`
[INFO] [stdout] 
[INFO] [stdout] 
[INFO] [stdout] warning: unused variable: `bits`
[INFO] [stdout]   --> src/encryption.rs:16:5
[INFO] [stdout]    |
[INFO] [stdout] 16 |     bits:usize
[INFO] [stdout]    |     ^^^^ help: if this is intentional, prefix it with an underscore: `_bits`
[INFO] [stdout] 
[INFO] [stdout] 
[INFO] [stdout] warning: variable does not need to be mutable
[INFO] [stdout]   --> src/encryption.rs:27:5
[INFO] [stdout]    |
[INFO] [stdout] 27 | let mut r=generate_random_range(&q);
[INFO] [stdout]    |     ----^
[INFO] [stdout]    |     |
[INFO] [stdout]    |     help: remove this `mut`
[INFO] [stdout]    |
[INFO] [stdout]    = note: `#[warn(unused_mut)]` on by default
[INFO] [stdout] 
[INFO] [stdout] 
[INFO] [stdout] warning: crate `Fhscheme_Labeled` should have a snake case name
[INFO] [stdout]   |
[INFO] [stdout]   = help: convert the identifier to snake case: `fhscheme_labeled`
[INFO] [stdout]   = note: `#[warn(non_snake_case)]` on by default
[INFO] [stdout] 
[INFO] [stdout] 
[INFO] [stdout] warning: module `equalEvalPreprocess` should have a snake case name
[INFO] [stdout]  --> src/lib.rs:4:9
[INFO] [stdout]   |
[INFO] [stdout] 4 | pub mod equalEvalPreprocess;
[INFO] [stdout]   |         ^^^^^^^^^^^^^^^^^^^ help: convert the identifier to snake case: `equal_eval_preprocess`
[INFO] [stdout] 
[INFO] [stdout] 
[INFO] [stdout] warning: module `multiThreadEvaluation` should have a snake case name
[INFO] [stdout]  --> src/lib.rs:9:9
[INFO] [stdout]   |
[INFO] [stdout] 9 | pub mod multiThreadEvaluation;
[INFO] [stdout]   |         ^^^^^^^^^^^^^^^^^^^^^ help: convert the identifier to snake case: `multi_thread_evaluation`
[INFO] [stdout] 
[INFO] [stdout] 
[INFO] [stdout] warning: variable `D_l` should have a snake case name
[INFO] [stdout]   --> src/decryption.rs:17:7
[INFO] [stdout]    |
[INFO] [stdout] 17 |   let D_l=&d_l_array[l];
[INFO] [stdout]    |       ^^^ help: convert the identifier to snake case: `d_l`
[INFO] [stdout] 
[INFO] [stdout] 
[INFO] [stdout] warning: variable `N` should have a snake case name
[INFO] [stdout]   --> src/decryption.rs:26:9
[INFO] [stdout]    |
[INFO] [stdout] 26 |     let N=&p*&q;
[INFO] [stdout]    |         ^ help: convert the identifier to snake case: `n`
[INFO] [stdout] 
[INFO] [stdout] 
[INFO] [stdout] warning: variable `D` should have a snake case name
[INFO] [stdout]   --> src/encryption.rs:14:5
[INFO] [stdout]    |
[INFO] [stdout] 14 |     D:&BigInt,
[INFO] [stdout]    |     ^ help: convert the identifier to snake case: `d`
[INFO] [stdout] 
[INFO] [stdout] 
[INFO] [stdout] warning: variable `N` should have a snake case name
[INFO] [stdout]   --> src/encryption.rs:15:5
[INFO] [stdout]    |
[INFO] [stdout] 15 |     N: &BigUint,
[INFO] [stdout]    |     ^ help: convert the identifier to snake case: `n`
[INFO] [stdout] 
[INFO] [stdout] 
[INFO] [stdout] warning: variable `N` should have a snake case name
[INFO] [stdout]   --> src/encryption.rs:23:9
[INFO] [stdout]    |
[INFO] [stdout] 23 |     let N = BigInt::from(N.clone());
[INFO] [stdout]    |         ^ help: convert the identifier to snake case: `n`
[INFO] [stdout] 
[INFO] [stdout] 
[INFO] [stdout] warning: variable `N` should have a snake case name
[INFO] [stdout]   --> src/preprocessing.rs:10:43
[INFO] [stdout]    |
[INFO] [stdout] 10 | pub fn save_encrypted_values(c1: &BigInt, N: &BigInt, filename: &str) -> io::Result<()> {
[INFO] [stdout]    |                                           ^ help: convert the identifier to snake case: `n`
[INFO] [stdout] 
[INFO] [stdout] 
[INFO] [stdout] warning: unused `Result` that must be used
[INFO] [stdout]   --> src/preprocessing.rs:15:9
[INFO] [stdout]    |
[INFO] [stdout] 15 |         writeln!(file,  "{}", ci);
[INFO] [stdout]    |         ^^^^^^^^^^^^^^^^^^^^^^^^^
[INFO] [stdout]    |
[INFO] [stdout]    = note: this `Result` may be an `Err` variant, which should be handled
[INFO] [stdout]    = note: `#[warn(unused_must_use)]` on by default
[INFO] [stdout]    = note: this warning originates in the macro `writeln` (in Nightly builds, run with -Z macro-backtrace for more info)
[INFO] [stdout] 
[INFO] [stdout] 
[INFO] [stdout] warning: variable `D` should have a snake case name
[INFO] [stdout]   --> src/preprocessing.rs:21:30
[INFO] [stdout]    |
[INFO] [stdout] 21 | pub fn generate_and_save_d_l(D: &BigInt, p: &BigInt,   filename: &str)-> io::Result<()> {
[INFO] [stdout]    |                              ^ help: convert the identifier to snake case: `d`
[INFO] [stdout] 
[INFO] [stdout] 
[INFO] [stdout] warning: variable `D_inv` should have a snake case name
[INFO] [stdout]   --> src/preprocessing.rs:25:10
[INFO] [stdout]    |
[INFO] [stdout] 25 |      let D_inv= mod_inverse(&D,&p);
[INFO] [stdout]    |          ^^^^^ help: convert the identifier to snake case: `d_inv`
[INFO] [stdout] 
[INFO] [stdout] 
[INFO] [stdout] warning: variable `D_l` should have a snake case name
[INFO] [stdout]   --> src/preprocessing.rs:30:13
[INFO] [stdout]    |
[INFO] [stdout] 30 |         let D_l = &D_inv.pow(k as u32) % p; //  
[INFO] [stdout]    |             ^^^ help: convert the identifier to snake case: `d_l`
[INFO] [stdout] 
[INFO] [stdout] 
[INFO] [stderr]    Compiling Fhscheme_Labeled v0.1.0 (/opt/rustwide/workdir)
[INFO] [stdout] warning: unused `Result` that must be used
[INFO] [stdout]   --> src/preprocessing.rs:31:9
[INFO] [stdout]    |
[INFO] [stdout] 31 |         writeln!(file,  "{}", D_l);
[INFO] [stdout]    |         ^^^^^^^^^^^^^^^^^^^^^^^^^^
[INFO] [stdout]    |
[INFO] [stdout]    = note: this `Result` may be an `Err` variant, which should be handled
[INFO] [stdout]    = note: this warning originates in the macro `writeln` (in Nightly builds, run with -Z macro-backtrace for more info)
[INFO] [stdout] 
[INFO] [stdout] 
[INFO] [stdout] warning: variable `N` should have a snake case name
[INFO] [stdout]   --> src/utility.rs:12:5
[INFO] [stdout]    |
[INFO] [stdout] 12 |     N: &BigUint,
[INFO] [stdout]    |     ^ help: convert the identifier to snake case: `n`
[INFO] [stdout] 
[INFO] [stdout] 
[INFO] [stdout] warning: variable `N` should have a snake case name
[INFO] [stdout]   --> src/utility.rs:43:9
[INFO] [stdout]    |
[INFO] [stdout] 43 |     let N = BigUint::from_str(n_str.trim()).unwrap();
[INFO] [stdout]    |         ^ help: convert the identifier to snake case: `n`
[INFO] [stdout] 
[INFO] [stdout] 
[INFO] [stdout] warning: unused import: `ToBigInt`
[INFO] [stdout]  --> src/main.rs:1:34
[INFO] [stdout]   |
[INFO] [stdout] 1 | use num_bigint::{BigInt, BigUint,ToBigInt};
[INFO] [stdout]   |                                  ^^^^^^^^
[INFO] [stdout]   |
[INFO] [stdout]   = note: `#[warn(unused_imports)]` on by default
[INFO] [stdout] 
[INFO] [stdout] 
[INFO] [stdout] warning: unused imports: `One` and `Zero`
[INFO] [stdout]  --> src/main.rs:3:18
[INFO] [stdout]   |
[INFO] [stdout] 3 | use num_traits::{One, Zero};
[INFO] [stdout]   |                  ^^^  ^^^^
[INFO] [stdout] 
[INFO] [stdout] 
[INFO] [stdout] warning: unused import: `Fhscheme_Labeled::encryption::encrypt`
[INFO] [stdout]  --> src/main.rs:4:5
[INFO] [stdout]   |
[INFO] [stdout] 4 | use Fhscheme_Labeled::encryption::encrypt;
[INFO] [stdout]   |     ^^^^^^^^^^^^^^^^^^^^^^^^^^^^^^^^^^^^^
[INFO] [stdout] 
[INFO] [stdout] 
[INFO] [stdout] warning: unused import: `std::str::FromStr`
[INFO] [stdout]  --> src/main.rs:5:5
[INFO] [stdout]   |
[INFO] [stdout] 5 | use std::str::FromStr;
[INFO] [stdout]   |     ^^^^^^^^^^^^^^^^^
[INFO] [stdout] 
[INFO] [stdout] 
[INFO] [stdout] warning: unused import: `Rng`
[INFO] [stdout]  --> src/main.rs:6:24
[INFO] [stdout]   |
[INFO] [stdout] 6 | use rand::{thread_rng, Rng};
[INFO] [stdout]   |                        ^^^
[INFO] [stdout] 
[INFO] [stdout] 
[INFO] [stdout] warning: unused import: `Fhscheme_Labeled::homomorphic`
[INFO] [stdout]   --> src/main.rs:13:5
[INFO] [stdout]    |
[INFO] [stdout] 13 | use Fhscheme_Labeled::homomorphic;
[INFO] [stdout]    |     ^^^^^^^^^^^^^^^^^^^^^^^^^^^^^
[INFO] [stdout] 
[INFO] [stdout] 
[INFO] [stdout] warning: unused import: `Fhscheme_Labeled::evaluation`
[INFO] [stdout]   --> src/main.rs:15:5
[INFO] [stdout]    |
[INFO] [stdout] 15 | use Fhscheme_Labeled::evaluation;
[INFO] [stdout]    |     ^^^^^^^^^^^^^^^^^^^^^^^^^^^^
[INFO] [stdout] 
[INFO] [stdout] 
[INFO] [stdout] warning: unused import: `crate::equalizer::equalizer`
[INFO] [stdout]   --> src/main.rs:17:5
[INFO] [stdout]    |
[INFO] [stdout] 17 | use crate::equalizer::equalizer;
[INFO] [stdout]    |     ^^^^^^^^^^^^^^^^^^^^^^^^^^^
[INFO] [stdout] 
[INFO] [stdout] 
[INFO] [stdout] warning: unused import: `std::path::Path`
[INFO] [stdout]   --> src/main.rs:18:5
[INFO] [stdout]    |
[INFO] [stdout] 18 | use std::path::Path;
[INFO] [stdout]    |     ^^^^^^^^^^^^^^^
[INFO] [stdout] 
[INFO] [stdout] 
[INFO] [stdout] warning: unused import: `std::collections::HashMap`
[INFO] [stdout]   --> src/main.rs:20:5
[INFO] [stdout]    |
[INFO] [stdout] 20 | use std::collections::HashMap;
[INFO] [stdout]    |     ^^^^^^^^^^^^^^^^^^^^^^^^^
[INFO] [stdout] 
[INFO] [stdout] 
[INFO] [stdout] warning: unused imports: `Polynomial` and `Term`
[INFO] [stdout]   --> src/main.rs:21:36
[INFO] [stdout]    |
[INFO] [stdout] 21 | use Fhscheme_Labeled::evaluation::{Polynomial,Term};  // Import the Polynomial module
[INFO] [stdout]    |                                    ^^^^^^^^^^ ^^^^
[INFO] [stdout] 
[INFO] [stdout] 
[INFO] [stdout] warning: unused variable: `l_1`
[INFO] [stdout]   --> src/main.rs:68:33
[INFO] [stdout]    |
[INFO] [stdout] 68 |             let (one_encrypted, l_1) = encryption::encrypt(&BigInt::from(1), &bigint_t, &params.rhu, &p, &q,&D, &N, params.bits);
[INFO] [stdout]    |                                 ^^^ help: if this is intentional, prefix it with an underscore: `_l_1`
[INFO] [stdout]    |
[INFO] [stdout]    = note: `#[warn(unused_variables)]` on by default
[INFO] [stdout] 
[INFO] [stdout] 
[INFO] [stdout] warning: variable `D` should have a snake case name
[INFO] [stdout]   --> src/main.rs:37:47
[INFO] [stdout]    |
[INFO] [stdout] 37 |             let (p, q,D, N) = if let Ok((p, q,D, N)) = utility::load_parameters_from_file(param_file) {
[INFO] [stdout]    |                                               ^ help: convert the identifier to snake case: `d`
[INFO] [stdout]    |
[INFO] [stdout]    = note: `#[warn(non_snake_case)]` on by default
[INFO] [stdout] 
[INFO] [stdout] 
[INFO] [stdout] warning: variable `N` should have a snake case name
[INFO] [stdout]   --> src/main.rs:37:50
[INFO] [stdout]    |
[INFO] [stdout] 37 |             let (p, q,D, N) = if let Ok((p, q,D, N)) = utility::load_parameters_from_file(param_file) {
[INFO] [stdout]    |                                                  ^ help: convert the identifier to snake case: `n`
[INFO] [stdout] 
[INFO] [stdout] 
[INFO] [stdout] warning: variable `start_KeyGen` should have a snake case name
[INFO] [stdout]   --> src/main.rs:42:21
[INFO] [stdout]    |
[INFO] [stdout] 42 |                 let start_KeyGen = Instant::now();
[INFO] [stdout]    |                     ^^^^^^^^^^^^ help: convert the identifier to snake case: `start_key_gen`
[INFO] [stdout] 
[INFO] [stdout] 
[INFO] [stdout] warning: variable `N` should have a snake case name
[INFO] [stdout]   --> src/main.rs:50:21
[INFO] [stdout]    |
[INFO] [stdout] 50 |                 let N = &p * &q;
[INFO] [stdout]    |                     ^ help: convert the identifier to snake case: `n`
[INFO] [stdout] 
[INFO] [stdout] 
[INFO] [stdout] warning: variable `D` should have a snake case name
[INFO] [stdout]   --> src/main.rs:53:21
[INFO] [stdout]    |
[INFO] [stdout] 53 |                 let D=   rng.gen_bigint_range(&BigInt::from(1),&(_p - BigInt::from(1)));
[INFO] [stdout]    |                     ^ help: convert the identifier to snake case: `d`
[INFO] [stdout] 
[INFO] [stdout] 
[INFO] [stdout] warning: variable `KeyGen_time` should have a snake case name
[INFO] [stdout]   --> src/main.rs:54:21
[INFO] [stdout]    |
[INFO] [stdout] 54 |                 let KeyGen_time = start_KeyGen.elapsed();
[INFO] [stdout]    |                     ^^^^^^^^^^^ help: convert the identifier to snake case: `key_gen_time`
[INFO] [stdout] 
[INFO] [stdout] 
[INFO] [stdout] warning: variable `D` should have a snake case name
[INFO] [stdout]   --> src/main.rs:37:23
[INFO] [stdout]    |
[INFO] [stdout] 37 |             let (p, q,D, N) = if let Ok((p, q,D, N)) = utility::load_parameters_from_file(param_file) {
[INFO] [stdout]    |                       ^ help: convert the identifier to snake case: `d`
[INFO] [stdout] 
[INFO] [stdout] 
[INFO] [stdout] warning: variable `N` should have a snake case name
[INFO] [stdout]   --> src/main.rs:37:26
[INFO] [stdout]    |
[INFO] [stdout] 37 |             let (p, q,D, N) = if let Ok((p, q,D, N)) = utility::load_parameters_from_file(param_file) {
[INFO] [stdout]    |                          ^ help: convert the identifier to snake case: `n`
[INFO] [stdout] 
[INFO] [stdout] 
[INFO] [stdout] warning: unused `Result` that must be used
[INFO] [stdout]   --> src/main.rs:70:13
[INFO] [stdout]    |
[INFO] [stdout] 70 |             preprocessing::save_encrypted_values(&one_encrypted, &modulus_n, encrypted_one_file);       
[INFO] [stdout]    |             ^^^^^^^^^^^^^^^^^^^^^^^^^^^^^^^^^^^^^^^^^^^^^^^^^^^^^^^^^^^^^^^^^^^^^^^^^^^^^^^^^^^^
[INFO] [stdout]    |
[INFO] [stdout]    = note: this `Result` may be an `Err` variant, which should be handled
[INFO] [stdout]    = note: `#[warn(unused_must_use)]` on by default
[INFO] [stdout] help: use `let _ = ...` to ignore the resulting value
[INFO] [stdout]    |
[INFO] [stdout] 70 |             let _ = preprocessing::save_encrypted_values(&one_encrypted, &modulus_n, encrypted_one_file);       
[INFO] [stdout]    |             +++++++
[INFO] [stdout] 
[INFO] [stdout] 
[INFO] [stdout] warning: unused import: `ToBigInt`
[INFO] [stdout]  --> src/main.rs:1:34
[INFO] [stdout]   |
[INFO] [stdout] 1 | use num_bigint::{BigInt, BigUint,ToBigInt};
[INFO] [stdout]   |                                  ^^^^^^^^
[INFO] [stdout]   |
[INFO] [stdout]   = note: `#[warn(unused_imports)]` on by default
[INFO] [stdout] 
[INFO] [stdout] 
[INFO] [stdout] warning: unused imports: `One` and `Zero`
[INFO] [stdout]  --> src/main.rs:3:18
[INFO] [stdout]   |
[INFO] [stdout] 3 | use num_traits::{One, Zero};
[INFO] [stdout]   |                  ^^^  ^^^^
[INFO] [stdout] 
[INFO] [stdout] 
[INFO] [stdout] warning: unused import: `ToBigInt`
[INFO] [stdout]  --> tests/Correctness.rs:2:35
[INFO] [stdout]   |
[INFO] [stdout] 2 | use num_bigint::{BigInt, BigUint, ToBigInt};
[INFO] [stdout]   |                                   ^^^^^^^^
[INFO] [stdout]   |
[INFO] [stdout]   = note: `#[warn(unused_imports)]` on by default
[INFO] [stdout] 
[INFO] [stdout] 
[INFO] [stdout] warning: unused import: `ToBigInt`
[INFO] [stdout]  --> tests/Timing.rs:2:35
[INFO] [stdout]   |
[INFO] [stdout] 2 | use num_bigint::{BigInt, BigUint, ToBigInt};
[INFO] [stdout]   |                                   ^^^^^^^^
[INFO] [stdout]   |
[INFO] [stdout]   = note: `#[warn(unused_imports)]` on by default
[INFO] [stdout] 
[INFO] [stdout] 
[INFO] [stdout] warning: unused imports: `One` and `Zero`
[INFO] [stdout]  --> tests/Correctness.rs:4:18
[INFO] [stdout]   |
[INFO] [stdout] 4 | use num_traits::{One, Zero};
[INFO] [stdout]   |                  ^^^  ^^^^
[INFO] [stdout] 
[INFO] [stdout] 
[INFO] [stdout] warning: unused import: `std::str::FromStr`
[INFO] [stdout]  --> tests/Correctness.rs:6:5
[INFO] [stdout]   |
[INFO] [stdout] 6 | use std::str::FromStr;
[INFO] [stdout]   |     ^^^^^^^^^^^^^^^^^
[INFO] [stdout] 
[INFO] [stdout] 
[INFO] [stdout] warning: unused imports: `One` and `Zero`
[INFO] [stdout]  --> tests/Timing.rs:4:18
[INFO] [stdout]   |
[INFO] [stdout] 4 | use num_traits::{One, Zero};
[INFO] [stdout]   |                  ^^^  ^^^^
[INFO] [stdout] 
[INFO] [stdout] 
[INFO] [stdout] warning: unused import: `std::str::FromStr`
[INFO] [stdout]  --> tests/Timing.rs:6:5
[INFO] [stdout]   |
[INFO] [stdout] 6 | use std::str::FromStr;
[INFO] [stdout]   |     ^^^^^^^^^^^^^^^^^
[INFO] [stdout] 
[INFO] [stdout] 
[INFO] [stdout] warning: unused imports: `Duration` and `Instant`
[INFO] [stdout]  --> tests/Correctness.rs:7:17
[INFO] [stdout]   |
[INFO] [stdout] 7 | use std::time::{Instant, Duration};
[INFO] [stdout]   |                 ^^^^^^^  ^^^^^^^^
[INFO] [stdout] 
[INFO] [stdout] 
[INFO] [stdout] warning: unused imports: `Polynomial as EqPPolynomial` and `Term as EqPTerm`
[INFO] [stdout]   --> tests/Timing.rs:11:45
[INFO] [stdout]    |
[INFO] [stdout] 11 | use Fhscheme_Labeled::equalEvalPreprocess::{Polynomial as EqPPolynomial, Term as EqPTerm};
[INFO] [stdout]    |                                             ^^^^^^^^^^^^^^^^^^^^^^^^^^^  ^^^^^^^^^^^^^^^
[INFO] [stdout] 
[INFO] [stdout] 
[INFO] [stdout] warning: unused imports: `Polynomial as EqPPolynomial` and `Term as EqPTerm`
[INFO] [stdout]   --> tests/Correctness.rs:11:45
[INFO] [stdout]    |
[INFO] [stdout] 11 | use Fhscheme_Labeled::equalEvalPreprocess::{Polynomial as EqPPolynomial, Term as EqPTerm};
[INFO] [stdout]    |                                             ^^^^^^^^^^^^^^^^^^^^^^^^^^^  ^^^^^^^^^^^^^^^
[INFO] [stdout] 
[INFO] [stdout] 
[INFO] [stdout] warning: unused imports: `Polynomial as EqPolynomial` and `Term as EqTerm`
[INFO] [stdout]   --> tests/Timing.rs:12:45
[INFO] [stdout]    |
[INFO] [stdout] 12 | use Fhscheme_Labeled::equalizedevaluation::{Polynomial as EqPolynomial, Term as EqTerm};
[INFO] [stdout]    |                                             ^^^^^^^^^^^^^^^^^^^^^^^^^^  ^^^^^^^^^^^^^^
[INFO] [stdout] 
[INFO] [stdout] 
[INFO] [stdout] warning: unused import: `Fhscheme_Labeled::equalizer::equalizer`
[INFO] [stdout]   --> tests/Timing.rs:13:5
[INFO] [stdout]    |
[INFO] [stdout] 13 | use Fhscheme_Labeled::equalizer::equalizer;
[INFO] [stdout]    |     ^^^^^^^^^^^^^^^^^^^^^^^^^^^^^^^^^^^^^^
[INFO] [stdout] 
[INFO] [stdout] 
[INFO] [stdout] warning: unused imports: `Polynomial as EqPolynomial` and `Term as EqTerm`
[INFO] [stdout]   --> tests/Correctness.rs:12:45
[INFO] [stdout]    |
[INFO] [stdout] 12 | use Fhscheme_Labeled::equalizedevaluation::{Polynomial as EqPolynomial, Term as EqTerm};
[INFO] [stdout]    |                                             ^^^^^^^^^^^^^^^^^^^^^^^^^^  ^^^^^^^^^^^^^^
[INFO] [stdout] 
[INFO] [stdout] 
[INFO] [stdout] warning: unused imports: `Polynomial` and `Term`
[INFO] [stdout]   --> tests/Timing.rs:14:36
[INFO] [stdout]    |
[INFO] [stdout] 14 | use Fhscheme_Labeled::evaluation::{Polynomial, Term};
[INFO] [stdout]    |                                    ^^^^^^^^^^  ^^^^
[INFO] [stdout] 
[INFO] [stdout] 
[INFO] [stdout] warning: unused import: `Fhscheme_Labeled::equalizer::equalizer`
[INFO] [stdout]   --> tests/Correctness.rs:13:5
[INFO] [stdout]    |
[INFO] [stdout] 13 | use Fhscheme_Labeled::equalizer::equalizer;
[INFO] [stdout]    |     ^^^^^^^^^^^^^^^^^^^^^^^^^^^^^^^^^^^^^^
[INFO] [stdout] 
[INFO] [stdout] 
[INFO] [stdout] warning: unused import: `num_traits::ToPrimitive`
[INFO] [stdout]   --> tests/Timing.rs:20:5
[INFO] [stdout]    |
[INFO] [stdout] 20 | use num_traits::ToPrimitive;
[INFO] [stdout]    |     ^^^^^^^^^^^^^^^^^^^^^^^
[INFO] [stdout] 
[INFO] [stdout] 
[INFO] [stdout] warning: unused imports: `Polynomial` and `Term`
[INFO] [stdout]   --> tests/Correctness.rs:14:36
[INFO] [stdout]    |
[INFO] [stdout] 14 | use Fhscheme_Labeled::evaluation::{Polynomial, Term};
[INFO] [stdout]    |                                    ^^^^^^^^^^  ^^^^
[INFO] [stdout] 
[INFO] [stdout] 
[INFO] [stdout] warning: unused import: `toml::value::Array`
[INFO] [stdout]   --> tests/Timing.rs:25:9
[INFO] [stdout]    |
[INFO] [stdout] 25 |     use toml::value::Array;
[INFO] [stdout]    |         ^^^^^^^^^^^^^^^^^^
[INFO] [stdout] 
[INFO] [stdout] 
[INFO] [stdout] warning: unused import: `toml::value::Array`
[INFO] [stdout]   --> tests/Correctness.rs:26:9
[INFO] [stdout]    |
[INFO] [stdout] 26 |     use toml::value::Array;
[INFO] [stdout]    |         ^^^^^^^^^^^^^^^^^^
[INFO] [stdout] 
[INFO] [stdout] 
[INFO] [stdout] warning: unused import: `Fhscheme_Labeled::encryption::encrypt`
[INFO] [stdout]  --> src/main.rs:4:5
[INFO] [stdout]   |
[INFO] [stdout] 4 | use Fhscheme_Labeled::encryption::encrypt;
[INFO] [stdout]   |     ^^^^^^^^^^^^^^^^^^^^^^^^^^^^^^^^^^^^^
[INFO] [stdout] 
[INFO] [stdout] 
[INFO] [stdout] warning: unused import: `std::str::FromStr`
[INFO] [stdout]  --> src/main.rs:5:5
[INFO] [stdout]   |
[INFO] [stdout] 5 | use std::str::FromStr;
[INFO] [stdout]   |     ^^^^^^^^^^^^^^^^^
[INFO] [stdout] 
[INFO] [stdout] 
[INFO] [stdout] warning: unused import: `Rng`
[INFO] [stdout]  --> src/main.rs:6:24
[INFO] [stdout]   |
[INFO] [stdout] 6 | use rand::{thread_rng, Rng};
[INFO] [stdout]   |                        ^^^
[INFO] [stdout] 
[INFO] [stdout] 
[INFO] [stdout] warning: unused import: `Fhscheme_Labeled::homomorphic`
[INFO] [stdout]   --> src/main.rs:13:5
[INFO] [stdout]    |
[INFO] [stdout] 13 | use Fhscheme_Labeled::homomorphic;
[INFO] [stdout]    |     ^^^^^^^^^^^^^^^^^^^^^^^^^^^^^
[INFO] [stdout] 
[INFO] [stdout] 
[INFO] [stdout] warning: unused import: `Fhscheme_Labeled::evaluation`
[INFO] [stdout]   --> src/main.rs:15:5
[INFO] [stdout]    |
[INFO] [stdout] 15 | use Fhscheme_Labeled::evaluation;
[INFO] [stdout]    |     ^^^^^^^^^^^^^^^^^^^^^^^^^^^^
[INFO] [stdout] 
[INFO] [stdout] 
[INFO] [stdout] warning: unused import: `crate::equalizer::equalizer`
[INFO] [stdout]   --> src/main.rs:17:5
[INFO] [stdout]    |
[INFO] [stdout] 17 | use crate::equalizer::equalizer;
[INFO] [stdout]    |     ^^^^^^^^^^^^^^^^^^^^^^^^^^^
[INFO] [stdout] 
[INFO] [stdout] 
[INFO] [stdout] warning: unused import: `std::path::Path`
[INFO] [stdout]   --> src/main.rs:18:5
[INFO] [stdout]    |
[INFO] [stdout] 18 | use std::path::Path;
[INFO] [stdout]    |     ^^^^^^^^^^^^^^^
[INFO] [stdout] 
[INFO] [stdout] 
[INFO] [stdout] warning: unused import: `std::collections::HashMap`
[INFO] [stdout]   --> src/main.rs:20:5
[INFO] [stdout]    |
[INFO] [stdout] 20 | use std::collections::HashMap;
[INFO] [stdout]    |     ^^^^^^^^^^^^^^^^^^^^^^^^^
[INFO] [stdout] 
[INFO] [stdout] 
[INFO] [stdout] warning: unused imports: `Polynomial` and `Term`
[INFO] [stdout]   --> src/main.rs:21:36
[INFO] [stdout]    |
[INFO] [stdout] 21 | use Fhscheme_Labeled::evaluation::{Polynomial,Term};  // Import the Polynomial module
[INFO] [stdout]    |                                    ^^^^^^^^^^ ^^^^
[INFO] [stdout] 
[INFO] [stdout] 
[INFO] [stdout] warning: unused import: `ToBigInt`
[INFO] [stdout]  --> tests/Polynomials.rs:2:35
[INFO] [stdout]   |
[INFO] [stdout] 2 | use num_bigint::{BigInt, BigUint, ToBigInt};
[INFO] [stdout]   |                                   ^^^^^^^^
[INFO] [stdout]   |
[INFO] [stdout]   = note: `#[warn(unused_imports)]` on by default
[INFO] [stdout] 
[INFO] [stdout] 
[INFO] [stdout] warning: unused import: `Zero`
[INFO] [stdout]  --> tests/Polynomials.rs:4:23
[INFO] [stdout]   |
[INFO] [stdout] 4 | use num_traits::{One, Zero};
[INFO] [stdout]   |                       ^^^^
[INFO] [stdout] 
[INFO] [stdout] 
[INFO] [stdout] warning: unused import: `std::str::FromStr`
[INFO] [stdout]  --> tests/Polynomials.rs:6:5
[INFO] [stdout]   |
[INFO] [stdout] 6 | use std::str::FromStr;
[INFO] [stdout]   |     ^^^^^^^^^^^^^^^^^
[INFO] [stdout] 
[INFO] [stdout] 
[INFO] [stdout] warning: unused import: `Duration`
[INFO] [stdout]  --> tests/Polynomials.rs:7:26
[INFO] [stdout]   |
[INFO] [stdout] 7 | use std::time::{Instant, Duration};
[INFO] [stdout]   |                          ^^^^^^^^
[INFO] [stdout] 
[INFO] [stdout] 
[INFO] [stdout] warning: unused imports: `Polynomial as EqPolynomial` and `Term as EqTerm`
[INFO] [stdout]   --> tests/Polynomials.rs:12:45
[INFO] [stdout]    |
[INFO] [stdout] 12 | use Fhscheme_Labeled::equalizedevaluation::{Polynomial as EqPolynomial, Term as EqTerm};
[INFO] [stdout]    |                                             ^^^^^^^^^^^^^^^^^^^^^^^^^^  ^^^^^^^^^^^^^^
[INFO] [stdout] 
[INFO] [stdout] 
[INFO] [stdout] warning: unused import: `Fhscheme_Labeled::equalizer::equalizer`
[INFO] [stdout]   --> tests/Polynomials.rs:13:5
[INFO] [stdout]    |
[INFO] [stdout] 13 | use Fhscheme_Labeled::equalizer::equalizer;
[INFO] [stdout]    |     ^^^^^^^^^^^^^^^^^^^^^^^^^^^^^^^^^^^^^^
[INFO] [stdout] 
[INFO] [stdout] 
[INFO] [stdout] warning: unused imports: `Polynomial` and `Term`
[INFO] [stdout]   --> tests/Polynomials.rs:14:36
[INFO] [stdout]    |
[INFO] [stdout] 14 | use Fhscheme_Labeled::evaluation::{Polynomial, Term};
[INFO] [stdout]    |                                    ^^^^^^^^^^  ^^^^
[INFO] [stdout] 
[INFO] [stdout] 
[INFO] [stdout] warning: unused import: `Fhscheme_Labeled::homomorphic`
[INFO] [stdout]   --> tests/Polynomials.rs:15:5
[INFO] [stdout]    |
[INFO] [stdout] 15 | use Fhscheme_Labeled::homomorphic;
[INFO] [stdout]    |     ^^^^^^^^^^^^^^^^^^^^^^^^^^^^^
[INFO] [stdout] 
[INFO] [stdout] 
[INFO] [stdout] warning: unused import: `num_traits::ToPrimitive`
[INFO] [stdout]   --> tests/Polynomials.rs:20:5
[INFO] [stdout]    |
[INFO] [stdout] 20 | use num_traits::ToPrimitive;
[INFO] [stdout]    |     ^^^^^^^^^^^^^^^^^^^^^^^
[INFO] [stdout] 
[INFO] [stdout] 
[INFO] [stdout] warning: unused import: `toml::value::Array`
[INFO] [stdout]   --> tests/Polynomials.rs:25:9
[INFO] [stdout]    |
[INFO] [stdout] 25 |     use toml::value::Array;
[INFO] [stdout]    |         ^^^^^^^^^^^^^^^^^^
[INFO] [stdout] 
[INFO] [stdout] 
[INFO] [stdout] warning: unused variable: `l_1`
[INFO] [stdout]   --> src/main.rs:68:33
[INFO] [stdout]    |
[INFO] [stdout] 68 |             let (one_encrypted, l_1) = encryption::encrypt(&BigInt::from(1), &bigint_t, &params.rhu, &p, &q,&D, &N, params.bits);
[INFO] [stdout]    |                                 ^^^ help: if this is intentional, prefix it with an underscore: `_l_1`
[INFO] [stdout]    |
[INFO] [stdout]    = note: `#[warn(unused_variables)]` on by default
[INFO] [stdout] 
[INFO] [stdout] 
[INFO] [stdout] warning: variable `D` should have a snake case name
[INFO] [stdout]   --> src/main.rs:37:47
[INFO] [stdout]    |
[INFO] [stdout] 37 |             let (p, q,D, N) = if let Ok((p, q,D, N)) = utility::load_parameters_from_file(param_file) {
[INFO] [stdout]    |                                               ^ help: convert the identifier to snake case: `d`
[INFO] [stdout]    |
[INFO] [stdout]    = note: `#[warn(non_snake_case)]` on by default
[INFO] [stdout] 
[INFO] [stdout] 
[INFO] [stdout] warning: unused import: `std::path::Path`
[INFO] [stdout]  --> src/config.rs:2:5
[INFO] [stdout]   |
[INFO] [stdout] 2 | use std::path::Path;
[INFO] [stdout]   |     ^^^^^^^^^^^^^^^
[INFO] [stdout]   |
[INFO] [stdout]   = note: `#[warn(unused_imports)]` on by default
[INFO] [stdout] 
[INFO] [stdout] 
[INFO] [stdout] warning: unused import: `One`
[INFO] [stdout]  --> src/decryption.rs:3:29
[INFO] [stdout]   |
[INFO] [stdout] 3 | use num::{integer::Integer, One};
[INFO] [stdout]   |                             ^^^
[INFO] [stdout] 
[INFO] [stdout] 
[INFO] [stdout] warning: variable `N` should have a snake case name
[INFO] [stdout]   --> src/main.rs:37:50
[INFO] [stdout]    |
[INFO] [stdout] 37 |             let (p, q,D, N) = if let Ok((p, q,D, N)) = utility::load_parameters_from_file(param_file) {
[INFO] [stdout]    |                                                  ^ help: convert the identifier to snake case: `n`
[INFO] [stdout] 
[INFO] [stdout] 
[INFO] [stdout] warning: variable `start_KeyGen` should have a snake case name
[INFO] [stdout]   --> src/main.rs:42:21
[INFO] [stdout]    |
[INFO] [stdout] 42 |                 let start_KeyGen = Instant::now();
[INFO] [stdout]    |                     ^^^^^^^^^^^^ help: convert the identifier to snake case: `start_key_gen`
[INFO] [stdout] 
[INFO] [stdout] 
[INFO] [stdout] warning: unused import: `num_traits::Pow`
[INFO] [stdout]  --> src/encryption.rs:3:5
[INFO] [stdout]   |
[INFO] [stdout] 3 | use num_traits::Pow;
[INFO] [stdout]   |     ^^^^^^^^^^^^^^^
[INFO] [stdout] 
[INFO] [stdout] 
[INFO] [stdout] warning: unused import: `num_traits::One`
[INFO] [stdout]  --> src/encryption.rs:6:5
[INFO] [stdout]   |
[INFO] [stdout] 6 | use num_traits::One;
[INFO] [stdout]   |     ^^^^^^^^^^^^^^^
[INFO] [stdout] 
[INFO] [stdout] 
[INFO] [stdout] warning: unused import: `num_traits::One`
[INFO] [stdout]  --> src/equalEvalPreprocess.rs:2:5
[INFO] [stdout]   |
[INFO] [stdout] 2 | use num_traits::One;
[INFO] [stdout]   |     ^^^^^^^^^^^^^^^
[INFO] [stdout] 
[INFO] [stdout] 
[INFO] [stdout] warning: unused import: `num_traits::One`
[INFO] [stdout]  --> src/equalizedevaluation.rs:2:5
[INFO] [stdout]   |
[INFO] [stdout] 2 | use num_traits::One;
[INFO] [stdout]   |     ^^^^^^^^^^^^^^^
[INFO] [stdout] 
[INFO] [stdout] 
[INFO] [stdout] warning: unused import: `num_bigint::BigInt`
[INFO] [stdout]  --> src/equalizer.rs:1:5
[INFO] [stdout]   |
[INFO] [stdout] 1 | use num_bigint::BigInt;
[INFO] [stdout]   |     ^^^^^^^^^^^^^^^^^^
[INFO] [stdout] 
[INFO] [stdout] 
[INFO] [stdout] warning: unused import: `One`
[INFO] [stdout]  --> src/preprocessing.rs:3:29
[INFO] [stdout]   |
[INFO] [stdout] 3 | use num::{integer::Integer, One};
[INFO] [stdout]   |                             ^^^
[INFO] [stdout] 
[INFO] [stdout] 
[INFO] [stdout] warning: unused import: `num_bigint::BigUint`
[INFO] [stdout]  --> src/preprocessing.rs:4:7
[INFO] [stdout]   |
[INFO] [stdout] 4 |   use num_bigint::BigUint;
[INFO] [stdout]   |       ^^^^^^^^^^^^^^^^^^^
[INFO] [stdout] 
[INFO] [stdout] 
[INFO] [stdout] warning: unused import: `std::error::Error`
[INFO] [stdout]  --> src/utility.rs:2:5
[INFO] [stdout]   |
[INFO] [stdout] 2 | use std::error::Error;
[INFO] [stdout]   |     ^^^^^^^^^^^^^^^^^
[INFO] [stdout] 
[INFO] [stdout] 
[INFO] [stdout] warning: unused import: `Read`
[INFO] [stdout]  --> src/utility.rs:3:43
[INFO] [stdout]   |
[INFO] [stdout] 3 | use std::io::{self, BufReader, BufWriter, Read, Write};
[INFO] [stdout]   |                                           ^^^^
[INFO] [stdout] 
[INFO] [stdout] 
[INFO] [stdout] warning: unused variable: `number`
[INFO] [stdout]   --> tests/Timing.rs:99:21
[INFO] [stdout]    |
[INFO] [stdout] 99 |                 for number in 1..=iterations {                                    
[INFO] [stdout]    |                     ^^^^^^ help: if this is intentional, prefix it with an underscore: `_number`
[INFO] [stdout]    |
[INFO] [stdout]    = note: `#[warn(unused_variables)]` on by default
[INFO] [stdout] 
[INFO] [stdout] 
[INFO] [stdout] warning: unused variable: `N`
[INFO] [stdout]    --> tests/Timing.rs:110:25
[INFO] [stdout]     |
[INFO] [stdout] 110 |                     let N = &p * &q;
[INFO] [stdout]     |                         ^ help: if this is intentional, prefix it with an underscore: `_N`
[INFO] [stdout] 
[INFO] [stdout] 
[INFO] [stdout] warning: unused variable: `d`
[INFO] [stdout]    --> tests/Timing.rs:117:25
[INFO] [stdout]     |
[INFO] [stdout] 117 |                     let d = rng.gen_bigint_range(&BigInt::from(0), &p_bigint);
[INFO] [stdout]     |                         ^ help: if this is intentional, prefix it with an underscore: `_d`
[INFO] [stdout] 
[INFO] [stdout] 
[INFO] [stdout] warning: unused variable: `number`
[INFO] [stdout]    --> tests/Timing.rs:153:13
[INFO] [stdout]     |
[INFO] [stdout] 153 |         for number in 1..=iterations {
[INFO] [stdout]     |             ^^^^^^ help: if this is intentional, prefix it with an underscore: `_number`
[INFO] [stdout] 
[INFO] [stdout] 
[INFO] [stdout] warning: structure field `N` should have a snake case name
[INFO] [stdout]   --> tests/Correctness.rs:34:9
[INFO] [stdout]    |
[INFO] [stdout] 34 |         N: BigUint,
[INFO] [stdout]    |         ^ help: convert the identifier to snake case: `n`
[INFO] [stdout]    |
[INFO] [stdout]    = note: `#[warn(non_snake_case)]` on by default
[INFO] [stdout] 
[INFO] [stdout] 
[INFO] [stdout] warning: variable `N` should have a snake case name
[INFO] [stdout]   --> tests/Correctness.rs:57:46
[INFO] [stdout]    |
[INFO] [stdout] 57 |         let (p, q,d, N) = if let Ok((p, q,d, N)) = utility::load_parameters_from_file(param_file) {
[INFO] [stdout]    |                                              ^ help: convert the identifier to snake case: `n`
[INFO] [stdout] 
[INFO] [stdout] 
[INFO] [stdout] warning: unused variable: `d_l_array`
[INFO] [stdout]    --> tests/Timing.rs:241:13
[INFO] [stdout]     |
[INFO] [stdout] 241 |         let d_l_array= utility::read_values_from_file(d_l_file);
[INFO] [stdout]     |             ^^^^^^^^^ help: if this is intentional, prefix it with an underscore: `_d_l_array`
[INFO] [stdout] 
[INFO] [stdout] 
[INFO] [stdout] warning: unused variable: `number`
[INFO] [stdout]    --> tests/Timing.rs:255:13
[INFO] [stdout]     |
[INFO] [stdout] 255 |         for number in 1..=iterations {
[INFO] [stdout]     |             ^^^^^^ help: if this is intentional, prefix it with an underscore: `_number`
[INFO] [stdout] 
[INFO] [stdout] 
[INFO] [stdout] warning: unused variable: `c_add`
[INFO] [stdout]    --> tests/Timing.rs:283:18
[INFO] [stdout]     |
[INFO] [stdout] 283 |             let (c_add, l_add) = homomorphic::homomorphic_add(&c1, &c2, &setup.N, l1);
[INFO] [stdout]     |                  ^^^^^ help: if this is intentional, prefix it with an underscore: `_c_add`
[INFO] [stdout] 
[INFO] [stdout] 
[INFO] [stdout] warning: unused variable: `l_add`
[INFO] [stdout]    --> tests/Timing.rs:283:25
[INFO] [stdout]     |
[INFO] [stdout] 283 |             let (c_add, l_add) = homomorphic::homomorphic_add(&c1, &c2, &setup.N, l1);
[INFO] [stdout]     |                         ^^^^^ help: if this is intentional, prefix it with an underscore: `_l_add`
[INFO] [stdout] 
[INFO] [stdout] 
[INFO] [stdout] warning: variable `N` should have a snake case name
[INFO] [stdout]   --> src/main.rs:50:21
[INFO] [stdout]    |
[INFO] [stdout] 50 |                 let N = &p * &q;
[INFO] [stdout]    |                     ^ help: convert the identifier to snake case: `n`
[INFO] [stdout] 
[INFO] [stdout] 
[INFO] [stdout] warning: unused variable: `c_mult`
[INFO] [stdout]    --> tests/Timing.rs:289:18
[INFO] [stdout]     |
[INFO] [stdout] 289 |             let (c_mult, l_mult) = homomorphic::homomorphic_mult(&c1, &c2, &setup.N, l1,l2);
[INFO] [stdout]     |                  ^^^^^^ help: if this is intentional, prefix it with an underscore: `_c_mult`
[INFO] [stdout] 
[INFO] [stdout] 
[INFO] [stdout] warning: unused variable: `l_mult`
[INFO] [stdout]    --> tests/Timing.rs:289:26
[INFO] [stdout]     |
[INFO] [stdout] 289 |             let (c_mult, l_mult) = homomorphic::homomorphic_mult(&c1, &c2, &setup.N, l1,l2);
[INFO] [stdout]     |                          ^^^^^^ help: if this is intentional, prefix it with an underscore: `_l_mult`
[INFO] [stdout] 
[INFO] [stdout] 
[INFO] [stdout] warning: variable `D` should have a snake case name
[INFO] [stdout]   --> src/main.rs:53:21
[INFO] [stdout]    |
[INFO] [stdout] 53 |                 let D=   rng.gen_bigint_range(&BigInt::from(1),&(_p - BigInt::from(1)));
[INFO] [stdout]    |                     ^ help: convert the identifier to snake case: `d`
[INFO] [stdout] 
[INFO] [stdout] 
[INFO] [stdout] warning: variable `KeyGen_time` should have a snake case name
[INFO] [stdout]   --> src/main.rs:54:21
[INFO] [stdout]    |
[INFO] [stdout] 54 |                 let KeyGen_time = start_KeyGen.elapsed();
[INFO] [stdout]    |                     ^^^^^^^^^^^ help: convert the identifier to snake case: `key_gen_time`
[INFO] [stdout] 
[INFO] [stdout] 
[INFO] [stdout] warning: variable `D` should have a snake case name
[INFO] [stdout]   --> src/main.rs:37:23
[INFO] [stdout]    |
[INFO] [stdout] 37 |             let (p, q,D, N) = if let Ok((p, q,D, N)) = utility::load_parameters_from_file(param_file) {
[INFO] [stdout]    |                       ^ help: convert the identifier to snake case: `d`
[INFO] [stdout] 
[INFO] [stdout] 
[INFO] [stdout] warning: variable `N` should have a snake case name
[INFO] [stdout]   --> src/main.rs:37:26
[INFO] [stdout]    |
[INFO] [stdout] 37 |             let (p, q,D, N) = if let Ok((p, q,D, N)) = utility::load_parameters_from_file(param_file) {
[INFO] [stdout]    |                          ^ help: convert the identifier to snake case: `n`
[INFO] [stdout] 
[INFO] [stdout] 
[INFO] [stdout] warning: unused variable: `l1`
[INFO] [stdout]    --> tests/Polynomials.rs:206:18
[INFO] [stdout]     |
[INFO] [stdout] 206 |         let (c1, l1) = encryption::encrypt(
[INFO] [stdout]     |                  ^^ help: if this is intentional, prefix it with an underscore: `_l1`
[INFO] [stdout]     |
[INFO] [stdout]     = note: `#[warn(unused_variables)]` on by default
[INFO] [stdout] 
[INFO] [stdout] 
[INFO] [stdout] warning: unused variable: `l2`
[INFO] [stdout]    --> tests/Polynomials.rs:216:18
[INFO] [stdout]     |
[INFO] [stdout] 216 |         let (c2, l2) = encryption::encrypt(
[INFO] [stdout]     |                  ^^ help: if this is intentional, prefix it with an underscore: `_l2`
[INFO] [stdout] 
[INFO] [stdout] 
[INFO] [stdout] warning: unused variable: `l3`
[INFO] [stdout]    --> tests/Polynomials.rs:226:19
[INFO] [stdout]     |
[INFO] [stdout] 226 |         let (c3 , l3)= encryption::encrypt(
[INFO] [stdout]     |                   ^^ help: if this is intentional, prefix it with an underscore: `_l3`
[INFO] [stdout] 
[INFO] [stdout] 
[INFO] [stdout] warning: unused variable: `l4`
[INFO] [stdout]    --> tests/Polynomials.rs:236:17
[INFO] [stdout]     |
[INFO] [stdout] 236 |         let (c4,l4) = encryption::encrypt(
[INFO] [stdout]     |                 ^^ help: if this is intentional, prefix it with an underscore: `_l4`
[INFO] [stdout] 
[INFO] [stdout] 
[INFO] [stdout] warning: unused variable: `l6`
[INFO] [stdout]    --> tests/Polynomials.rs:256:18
[INFO] [stdout]     |
[INFO] [stdout] 256 |         let (c6, l6) = encryption::encrypt(
[INFO] [stdout]     |                  ^^ help: if this is intentional, prefix it with an underscore: `_l6`
[INFO] [stdout] 
[INFO] [stdout] 
[INFO] [stdout] warning: unused variable: `l7`
[INFO] [stdout]    --> tests/Polynomials.rs:266:18
[INFO] [stdout]     |
[INFO] [stdout] 266 |         let (c7, l7) = encryption::encrypt(
[INFO] [stdout]     |                  ^^ help: if this is intentional, prefix it with an underscore: `_l7`
[INFO] [stdout] 
[INFO] [stdout] 
[INFO] [stdout] warning: unused variable: `l8`
[INFO] [stdout]    --> tests/Polynomials.rs:276:19
[INFO] [stdout]     |
[INFO] [stdout] 276 |         let ( c8, l8) = encryption::encrypt(
[INFO] [stdout]     |                   ^^ help: if this is intentional, prefix it with an underscore: `_l8`
[INFO] [stdout] 
[INFO] [stdout] 
[INFO] [stdout] warning: unused variable: `l9`
[INFO] [stdout]    --> tests/Polynomials.rs:286:18
[INFO] [stdout]     |
[INFO] [stdout] 286 |         let (c9, l9) = encryption::encrypt(
[INFO] [stdout]     |                  ^^ help: if this is intentional, prefix it with an underscore: `_l9`
[INFO] [stdout] 
[INFO] [stdout] 
[INFO] [stdout] warning: variable `N` should have a snake case name
[INFO] [stdout]   --> tests/Correctness.rs:69:17
[INFO] [stdout]    |
[INFO] [stdout] 69 |             let N = &p * &q;
[INFO] [stdout]    |                 ^ help: convert the identifier to snake case: `n`
[INFO] [stdout] 
[INFO] [stdout] 
[INFO] [stdout] warning: unused variable: `l10`
[INFO] [stdout]    --> tests/Polynomials.rs:296:19
[INFO] [stdout]     |
[INFO] [stdout] 296 |         let (c10, l10) = encryption::encrypt(
[INFO] [stdout]     |                   ^^^ help: if this is intentional, prefix it with an underscore: `_l10`
[INFO] [stdout] 
[INFO] [stdout] 
[INFO] [stdout] warning: variable `N` should have a snake case name
[INFO] [stdout]   --> tests/Correctness.rs:57:22
[INFO] [stdout]    |
[INFO] [stdout] 57 |         let (p, q,d, N) = if let Ok((p, q,d, N)) = utility::load_parameters_from_file(param_file) {
[INFO] [stdout]    |                      ^ help: convert the identifier to snake case: `n`
[INFO] [stdout] 
[INFO] [stdout] 
[INFO] [stdout] warning: unused variable: `start_eval_equalized`
[INFO] [stdout]    --> tests/Polynomials.rs:346:13
[INFO] [stdout]     |
[INFO] [stdout] 346 |         let start_eval_equalized = Instant::now();
[INFO] [stdout]     |             ^^^^^^^^^^^^^^^^^^^^ help: if this is intentional, prefix it with an underscore: `_start_eval_equalized`
[INFO] [stdout] 
[INFO] [stdout] 
[INFO] [stdout] warning: unused variable: `manual_res`
[INFO] [stdout]    --> tests/Polynomials.rs:372:13
[INFO] [stdout]     |
[INFO] [stdout] 372 | ...   let manual_res= &(c1 * c2 * c3 * c4 * c5   + &array[2]* BigInt::from(7) *c6 * c7 +  &array[1] * BigInt::from(5) * c8 * c9 * c10 ) %...
[INFO] [stdout]     |           ^^^^^^^^^^ help: if this is intentional, prefix it with an underscore: `_manual_res`
[INFO] [stdout] 
[INFO] [stdout] 
[INFO] [stdout] warning: structure field `N` should have a snake case name
[INFO] [stdout]   --> tests/Timing.rs:33:9
[INFO] [stdout]    |
[INFO] [stdout] 33 |         N: BigUint,
[INFO] [stdout]    |         ^ help: convert the identifier to snake case: `n`
[INFO] [stdout]    |
[INFO] [stdout]    = note: `#[warn(non_snake_case)]` on by default
[INFO] [stdout] 
[INFO] [stdout] 
[INFO] [stdout] warning: variable `N` should have a snake case name
[INFO] [stdout]   --> tests/Timing.rs:55:46
[INFO] [stdout]    |
[INFO] [stdout] 55 |         let (p, q,d, N) = if let Ok((p, q,d, N)) = utility::load_parameters_from_file(param_file) {
[INFO] [stdout]    |                                              ^ help: convert the identifier to snake case: `n`
[INFO] [stdout] 
[INFO] [stdout] 
[INFO] [stdout] warning: variable `N` should have a snake case name
[INFO] [stdout]   --> tests/Timing.rs:67:17
[INFO] [stdout]    |
[INFO] [stdout] 67 |             let N = &p * &q;
[INFO] [stdout]    |                 ^ help: convert the identifier to snake case: `n`
[INFO] [stdout] 
[INFO] [stdout] 
[INFO] [stdout] warning: variable `N` should have a snake case name
[INFO] [stdout]   --> tests/Timing.rs:55:22
[INFO] [stdout]    |
[INFO] [stdout] 55 |         let (p, q,d, N) = if let Ok((p, q,d, N)) = utility::load_parameters_from_file(param_file) {
[INFO] [stdout]    |                      ^ help: convert the identifier to snake case: `n`
[INFO] [stdout] 
[INFO] [stdout] 
[INFO] [stdout] warning: variable `N` should have a snake case name
[INFO] [stdout]    --> tests/Timing.rs:110:25
[INFO] [stdout]     |
[INFO] [stdout] 110 |                     let N = &p * &q;
[INFO] [stdout]     |                         ^ help: convert the identifier to snake case: `n`
[INFO] [stdout] 
[INFO] [stdout] 
[INFO] [stdout] warning: unused `Result` that must be used
[INFO] [stdout]   --> src/main.rs:70:13
[INFO] [stdout]    |
[INFO] [stdout] 70 |             preprocessing::save_encrypted_values(&one_encrypted, &modulus_n, encrypted_one_file);       
[INFO] [stdout]    |             ^^^^^^^^^^^^^^^^^^^^^^^^^^^^^^^^^^^^^^^^^^^^^^^^^^^^^^^^^^^^^^^^^^^^^^^^^^^^^^^^^^^^
[INFO] [stdout]    |
[INFO] [stdout]    = note: this `Result` may be an `Err` variant, which should be handled
[INFO] [stdout]    = note: `#[warn(unused_must_use)]` on by default
[INFO] [stdout] help: use `let _ = ...` to ignore the resulting value
[INFO] [stdout]    |
[INFO] [stdout] 70 |             let _ = preprocessing::save_encrypted_values(&one_encrypted, &modulus_n, encrypted_one_file);       
[INFO] [stdout]    |             +++++++
[INFO] [stdout] 
[INFO] [stdout] 
[INFO] [stdout] warning: structure field `N` should have a snake case name
[INFO] [stdout]   --> tests/Polynomials.rs:33:9
[INFO] [stdout]    |
[INFO] [stdout] 33 |         N: BigUint,
[INFO] [stdout]    |         ^ help: convert the identifier to snake case: `n`
[INFO] [stdout]    |
[INFO] [stdout]    = note: `#[warn(non_snake_case)]` on by default
[INFO] [stdout] 
[INFO] [stdout] 
[INFO] [stdout] warning: variable `N` should have a snake case name
[INFO] [stdout]   --> tests/Polynomials.rs:55:46
[INFO] [stdout]    |
[INFO] [stdout] 55 |         let (p, q,d, N) = if let Ok((p, q,d, N)) = utility::load_parameters_from_file(param_file) {
[INFO] [stdout]    |                                              ^ help: convert the identifier to snake case: `n`
[INFO] [stdout] 
[INFO] [stdout] 
[INFO] [stdout] warning: variable `N` should have a snake case name
[INFO] [stdout]   --> tests/Polynomials.rs:67:17
[INFO] [stdout]    |
[INFO] [stdout] 67 |             let N = &p * &q;
[INFO] [stdout]    |                 ^ help: convert the identifier to snake case: `n`
[INFO] [stdout] 
[INFO] [stdout] 
[INFO] [stdout] warning: variable `N` should have a snake case name
[INFO] [stdout]   --> tests/Polynomials.rs:55:22
[INFO] [stdout]    |
[INFO] [stdout] 55 |         let (p, q,d, N) = if let Ok((p, q,d, N)) = utility::load_parameters_from_file(param_file) {
[INFO] [stdout]    |                      ^ help: convert the identifier to snake case: `n`
[INFO] [stdout] 
[INFO] [stdout] 
[INFO] [stdout] warning: unused variable: `q`
[INFO] [stdout]   --> src/decryption.rs:10:62
[INFO] [stdout]    |
[INFO] [stdout] 10 |   pub fn decrypt_method_one(ciphertext: &BigInt, p: &BigUint,q: &BigUint,d_l_array:&[BigInt;10], t: &BigInt, l:usize) -> BigInt {
[INFO] [stdout]    |                                                              ^ help: if this is intentional, prefix it with an underscore: `_q`
[INFO] [stdout]    |
[INFO] [stdout]    = note: `#[warn(unused_variables)]` on by default
[INFO] [stdout] 
[INFO] [stdout] 
[INFO] [stdout] warning: unused variable: `b`
[INFO] [stdout]   --> src/decryption.rs:32:10
[INFO] [stdout]    |
[INFO] [stdout] 32 |      let b: BigInt = gcd_result.y;
[INFO] [stdout]    |          ^ help: if this is intentional, prefix it with an underscore: `_b`
[INFO] [stdout] 
[INFO] [stdout] 
[INFO] [stdout] warning: unused variable: `bits`
[INFO] [stdout]   --> src/encryption.rs:16:5
[INFO] [stdout]    |
[INFO] [stdout] 16 |     bits:usize
[INFO] [stdout]    |     ^^^^ help: if this is intentional, prefix it with an underscore: `_bits`
[INFO] [stdout] 
[INFO] [stdout] 
[INFO] [stdout] warning: variable does not need to be mutable
[INFO] [stdout]   --> src/encryption.rs:27:5
[INFO] [stdout]    |
[INFO] [stdout] 27 | let mut r=generate_random_range(&q);
[INFO] [stdout]    |     ----^
[INFO] [stdout]    |     |
[INFO] [stdout]    |     help: remove this `mut`
[INFO] [stdout]    |
[INFO] [stdout]    = note: `#[warn(unused_mut)]` on by default
[INFO] [stdout] 
[INFO] [stdout] 
[INFO] [stdout] warning: module `equalEvalPreprocess` should have a snake case name
[INFO] [stdout]  --> src/lib.rs:4:9
[INFO] [stdout]   |
[INFO] [stdout] 4 | pub mod equalEvalPreprocess;
[INFO] [stdout]   |         ^^^^^^^^^^^^^^^^^^^ help: convert the identifier to snake case: `equal_eval_preprocess`
[INFO] [stdout]   |
[INFO] [stdout]   = note: `#[warn(non_snake_case)]` on by default
[INFO] [stdout] 
[INFO] [stdout] 
[INFO] [stdout] warning: module `multiThreadEvaluation` should have a snake case name
[INFO] [stdout]  --> src/lib.rs:9:9
[INFO] [stdout]   |
[INFO] [stdout] 9 | pub mod multiThreadEvaluation;
[INFO] [stdout]   |         ^^^^^^^^^^^^^^^^^^^^^ help: convert the identifier to snake case: `multi_thread_evaluation`
[INFO] [stdout] 
[INFO] [stdout] 
[INFO] [stdout] warning: variable `D_l` should have a snake case name
[INFO] [stdout]   --> src/decryption.rs:17:7
[INFO] [stdout]    |
[INFO] [stdout] 17 |   let D_l=&d_l_array[l];
[INFO] [stdout]    |       ^^^ help: convert the identifier to snake case: `d_l`
[INFO] [stdout] 
[INFO] [stdout] 
[INFO] [stdout] warning: variable `N` should have a snake case name
[INFO] [stdout]   --> src/decryption.rs:26:9
[INFO] [stdout]    |
[INFO] [stdout] 26 |     let N=&p*&q;
[INFO] [stdout]    |         ^ help: convert the identifier to snake case: `n`
[INFO] [stdout] 
[INFO] [stdout] 
[INFO] [stdout] warning: variable `D` should have a snake case name
[INFO] [stdout]   --> src/encryption.rs:14:5
[INFO] [stdout]    |
[INFO] [stdout] 14 |     D:&BigInt,
[INFO] [stdout]    |     ^ help: convert the identifier to snake case: `d`
[INFO] [stdout] 
[INFO] [stdout] 
[INFO] [stdout] warning: variable `N` should have a snake case name
[INFO] [stdout]   --> src/encryption.rs:15:5
[INFO] [stdout]    |
[INFO] [stdout] 15 |     N: &BigUint,
[INFO] [stdout]    |     ^ help: convert the identifier to snake case: `n`
[INFO] [stdout] 
[INFO] [stdout] 
[INFO] [stdout] warning: variable `N` should have a snake case name
[INFO] [stdout]   --> src/encryption.rs:23:9
[INFO] [stdout]    |
[INFO] [stdout] 23 |     let N = BigInt::from(N.clone());
[INFO] [stdout]    |         ^ help: convert the identifier to snake case: `n`
[INFO] [stdout] 
[INFO] [stdout] 
[INFO] [stdout] warning: variable `N` should have a snake case name
[INFO] [stdout]   --> src/preprocessing.rs:10:43
[INFO] [stdout]    |
[INFO] [stdout] 10 | pub fn save_encrypted_values(c1: &BigInt, N: &BigInt, filename: &str) -> io::Result<()> {
[INFO] [stdout]    |                                           ^ help: convert the identifier to snake case: `n`
[INFO] [stdout] 
[INFO] [stdout] 
[INFO] [stdout] warning: unused `Result` that must be used
[INFO] [stdout]   --> src/preprocessing.rs:15:9
[INFO] [stdout]    |
[INFO] [stdout] 15 |         writeln!(file,  "{}", ci);
[INFO] [stdout]    |         ^^^^^^^^^^^^^^^^^^^^^^^^^
[INFO] [stdout]    |
[INFO] [stdout]    = note: this `Result` may be an `Err` variant, which should be handled
[INFO] [stdout]    = note: `#[warn(unused_must_use)]` on by default
[INFO] [stdout]    = note: this warning originates in the macro `writeln` (in Nightly builds, run with -Z macro-backtrace for more info)
[INFO] [stdout] 
[INFO] [stdout] 
[INFO] [stdout] warning: variable `D` should have a snake case name
[INFO] [stdout]   --> src/preprocessing.rs:21:30
[INFO] [stdout]    |
[INFO] [stdout] 21 | pub fn generate_and_save_d_l(D: &BigInt, p: &BigInt,   filename: &str)-> io::Result<()> {
[INFO] [stdout]    |                              ^ help: convert the identifier to snake case: `d`
[INFO] [stdout] 
[INFO] [stdout] 
[INFO] [stdout] warning: variable `D_inv` should have a snake case name
[INFO] [stdout]   --> src/preprocessing.rs:25:10
[INFO] [stdout]    |
[INFO] [stdout] 25 |      let D_inv= mod_inverse(&D,&p);
[INFO] [stdout]    |          ^^^^^ help: convert the identifier to snake case: `d_inv`
[INFO] [stdout] 
[INFO] [stdout] 
[INFO] [stdout] warning: variable `D_l` should have a snake case name
[INFO] [stdout]   --> src/preprocessing.rs:30:13
[INFO] [stdout]    |
[INFO] [stdout] 30 |         let D_l = &D_inv.pow(k as u32) % p; //  
[INFO] [stdout]    |             ^^^ help: convert the identifier to snake case: `d_l`
[INFO] [stdout] 
[INFO] [stdout] 
[INFO] [stdout] warning: unused `Result` that must be used
[INFO] [stdout]   --> src/preprocessing.rs:31:9
[INFO] [stdout]    |
[INFO] [stdout] 31 |         writeln!(file,  "{}", D_l);
[INFO] [stdout]    |         ^^^^^^^^^^^^^^^^^^^^^^^^^^
[INFO] [stdout]    |
[INFO] [stdout]    = note: this `Result` may be an `Err` variant, which should be handled
[INFO] [stdout]    = note: this warning originates in the macro `writeln` (in Nightly builds, run with -Z macro-backtrace for more info)
[INFO] [stdout] 
[INFO] [stdout] 
[INFO] [stdout] warning: variable `N` should have a snake case name
[INFO] [stdout]   --> src/utility.rs:12:5
[INFO] [stdout]    |
[INFO] [stdout] 12 |     N: &BigUint,
[INFO] [stdout]    |     ^ help: convert the identifier to snake case: `n`
[INFO] [stdout] 
[INFO] [stdout] 
[INFO] [stdout] warning: variable `N` should have a snake case name
[INFO] [stdout]   --> src/utility.rs:43:9
[INFO] [stdout]    |
[INFO] [stdout] 43 |     let N = BigUint::from_str(n_str.trim()).unwrap();
[INFO] [stdout]    |         ^ help: convert the identifier to snake case: `n`
[INFO] [stdout] 
[INFO] [stdout] 
[INFO] [stderr]     Finished `test` profile [unoptimized + debuginfo] target(s) in 0.54s
[INFO] running `Command { std: "docker" "inspect" "415238220dfef9eaff320dba3170cb8f9faf58634f4c71319862075451b00a4a", kill_on_drop: false }`
[INFO] running `Command { std: "docker" "rm" "-f" "415238220dfef9eaff320dba3170cb8f9faf58634f4c71319862075451b00a4a", kill_on_drop: false }`
[INFO] [stdout] 415238220dfef9eaff320dba3170cb8f9faf58634f4c71319862075451b00a4a
[INFO] running `Command { std: "docker" "create" "-v" "/var/lib/crater-agent-workspace/builds/worker-7-tc2/target:/opt/rustwide/target:rw,Z" "-v" "/var/lib/crater-agent-workspace/builds/worker-7-tc2/source:/opt/rustwide/workdir:ro,Z" "-v" "/var/lib/crater-agent-workspace/cargo-home:/opt/rustwide/cargo-home:ro,Z" "-v" "/var/lib/crater-agent-workspace/rustup-home:/opt/rustwide/rustup-home:ro,Z" "-e" "SOURCE_DIR=/opt/rustwide/workdir" "-e" "CARGO_TARGET_DIR=/opt/rustwide/target" "-e" "CARGO_INCREMENTAL=0" "-e" "RUST_BACKTRACE=full" "-e" "RUSTFLAGS=--cap-lints=forbid -Zrandomize-layout" "-e" "RUSTDOCFLAGS=--cap-lints=forbid" "-e" "CARGO_HOME=/opt/rustwide/cargo-home" "-e" "RUSTUP_HOME=/opt/rustwide/rustup-home" "-w" "/opt/rustwide/workdir" "-m" "1610612736" "--user" "0:0" "--network" "none" "ghcr.io/rust-lang/crates-build-env/linux@sha256:4a844ea9eb2546a2d2c7022eacef16ef2e8229c7fbb2c7d4d55a9ceca922f72d" "/opt/rustwide/cargo-home/bin/cargo" "+nightly-2024-10-28" "test" "--frozen", kill_on_drop: false }`
[INFO] [stdout] da3d79ff2f6126c39d3c9c80808266940897ab7bc328b4e57ac2b45292a2b932
[INFO] running `Command { std: "docker" "start" "-a" "da3d79ff2f6126c39d3c9c80808266940897ab7bc328b4e57ac2b45292a2b932", kill_on_drop: false }`
[INFO] [stderr] warning: unused import: `std::path::Path`
[INFO] [stderr]  --> src/config.rs:2:5
[INFO] [stderr]   |
[INFO] [stderr] 2 | use std::path::Path;
[INFO] [stderr]   |     ^^^^^^^^^^^^^^^
[INFO] [stderr]   |
[INFO] [stderr]   = note: `#[warn(unused_imports)]` on by default
[INFO] [stderr] 
[INFO] [stderr] warning: unused import: `One`
[INFO] [stderr]  --> src/decryption.rs:3:29
[INFO] [stderr]   |
[INFO] [stderr] 3 | use num::{integer::Integer, One};
[INFO] [stderr]   |                             ^^^
[INFO] [stderr] 
[INFO] [stderr] warning: unused import: `num_traits::Pow`
[INFO] [stderr]  --> src/encryption.rs:3:5
[INFO] [stderr]   |
[INFO] [stderr] 3 | use num_traits::Pow;
[INFO] [stderr]   |     ^^^^^^^^^^^^^^^
[INFO] [stderr] 
[INFO] [stderr] warning: unused import: `num_traits::One`
[INFO] [stderr]  --> src/encryption.rs:6:5
[INFO] [stderr]   |
[INFO] [stderr] 6 | use num_traits::One;
[INFO] [stderr]   |     ^^^^^^^^^^^^^^^
[INFO] [stderr] 
[INFO] [stderr] warning: unused import: `num_traits::One`
[INFO] [stderr]  --> src/equalEvalPreprocess.rs:2:5
[INFO] [stderr]   |
[INFO] [stderr] 2 | use num_traits::One;
[INFO] [stderr]   |     ^^^^^^^^^^^^^^^
[INFO] [stderr] 
[INFO] [stderr] warning: unused import: `num_traits::One`
[INFO] [stderr]  --> src/equalizedevaluation.rs:2:5
[INFO] [stderr]   |
[INFO] [stderr] 2 | use num_traits::One;
[INFO] [stderr]   |     ^^^^^^^^^^^^^^^
[INFO] [stderr] 
[INFO] [stderr] warning: unused import: `num_bigint::BigInt`
[INFO] [stderr]  --> src/equalizer.rs:1:5
[INFO] [stderr]   |
[INFO] [stderr] 1 | use num_bigint::BigInt;
[INFO] [stderr]   |     ^^^^^^^^^^^^^^^^^^
[INFO] [stderr] 
[INFO] [stderr] warning: unused import: `One`
[INFO] [stderr]  --> src/preprocessing.rs:3:29
[INFO] [stderr]   |
[INFO] [stderr] 3 | use num::{integer::Integer, One};
[INFO] [stderr]   |                             ^^^
[INFO] [stderr] 
[INFO] [stderr] warning: unused import: `num_bigint::BigUint`
[INFO] [stderr]  --> src/preprocessing.rs:4:7
[INFO] [stderr]   |
[INFO] [stderr] 4 |   use num_bigint::BigUint;
[INFO] [stderr]   |       ^^^^^^^^^^^^^^^^^^^
[INFO] [stderr] 
[INFO] [stderr] warning: unused import: `std::error::Error`
[INFO] [stderr]  --> src/utility.rs:2:5
[INFO] [stderr]   |
[INFO] [stderr] 2 | use std::error::Error;
[INFO] [stderr]   |     ^^^^^^^^^^^^^^^^^
[INFO] [stderr] 
[INFO] [stderr] warning: unused import: `Read`
[INFO] [stderr]  --> src/utility.rs:3:43
[INFO] [stderr]   |
[INFO] [stderr] 3 | use std::io::{self, BufReader, BufWriter, Read, Write};
[INFO] [stderr]   |                                           ^^^^
[INFO] [stderr] 
[INFO] [stderr] warning: unused variable: `q`
[INFO] [stderr]   --> src/decryption.rs:10:62
[INFO] [stderr]    |
[INFO] [stderr] 10 |   pub fn decrypt_method_one(ciphertext: &BigInt, p: &BigUint,q: &BigUint,d_l_array:&[BigInt;10], t: &BigInt, l:usize) -> BigInt {
[INFO] [stderr]    |                                                              ^ help: if this is intentional, prefix it with an underscore: `_q`
[INFO] [stderr]    |
[INFO] [stderr]    = note: `#[warn(unused_variables)]` on by default
[INFO] [stderr] 
[INFO] [stderr] warning: unused variable: `b`
[INFO] [stderr]   --> src/decryption.rs:32:10
[INFO] [stderr]    |
[INFO] [stderr] 32 |      let b: BigInt = gcd_result.y;
[INFO] [stderr]    |          ^ help: if this is intentional, prefix it with an underscore: `_b`
[INFO] [stderr] 
[INFO] [stderr] warning: unused variable: `bits`
[INFO] [stderr]   --> src/encryption.rs:16:5
[INFO] [stderr]    |
[INFO] [stderr] 16 |     bits:usize
[INFO] [stderr]    |     ^^^^ help: if this is intentional, prefix it with an underscore: `_bits`
[INFO] [stderr] 
[INFO] [stderr] warning: variable does not need to be mutable
[INFO] [stderr]   --> src/encryption.rs:27:5
[INFO] [stderr]    |
[INFO] [stderr] 27 | let mut r=generate_random_range(&q);
[INFO] [stderr]    |     ----^
[INFO] [stderr]    |     |
[INFO] [stderr]    |     help: remove this `mut`
[INFO] [stderr]    |
[INFO] [stderr]    = note: `#[warn(unused_mut)]` on by default
[INFO] [stderr] 
[INFO] [stderr] warning: crate `Fhscheme_Labeled` should have a snake case name
[INFO] [stderr]   |
[INFO] [stderr]   = help: convert the identifier to snake case: `fhscheme_labeled`
[INFO] [stderr]   = note: `#[warn(non_snake_case)]` on by default
[INFO] [stderr] 
[INFO] [stderr] warning: module `equalEvalPreprocess` should have a snake case name
[INFO] [stderr]  --> src/lib.rs:4:9
[INFO] [stderr]   |
[INFO] [stderr] 4 | pub mod equalEvalPreprocess;
[INFO] [stderr]   |         ^^^^^^^^^^^^^^^^^^^ help: convert the identifier to snake case: `equal_eval_preprocess`
[INFO] [stderr] 
[INFO] [stderr] warning: module `multiThreadEvaluation` should have a snake case name
[INFO] [stderr]  --> src/lib.rs:9:9
[INFO] [stderr]   |
[INFO] [stderr] 9 | pub mod multiThreadEvaluation;
[INFO] [stderr]   |         ^^^^^^^^^^^^^^^^^^^^^ help: convert the identifier to snake case: `multi_thread_evaluation`
[INFO] [stderr] 
[INFO] [stderr] warning: variable `D_l` should have a snake case name
[INFO] [stderr]   --> src/decryption.rs:17:7
[INFO] [stderr]    |
[INFO] [stderr] 17 |   let D_l=&d_l_array[l];
[INFO] [stderr]    |       ^^^ help: convert the identifier to snake case: `d_l`
[INFO] [stderr] 
[INFO] [stderr] warning: variable `N` should have a snake case name
[INFO] [stderr]   --> src/decryption.rs:26:9
[INFO] [stderr]    |
[INFO] [stderr] 26 |     let N=&p*&q;
[INFO] [stderr]    |         ^ help: convert the identifier to snake case: `n`
[INFO] [stderr] 
[INFO] [stderr] warning: variable `D` should have a snake case name
[INFO] [stderr]   --> src/encryption.rs:14:5
[INFO] [stderr]    |
[INFO] [stderr] 14 |     D:&BigInt,
[INFO] [stderr]    |     ^ help: convert the identifier to snake case: `d`
[INFO] [stderr] 
[INFO] [stderr] warning: variable `N` should have a snake case name
[INFO] [stderr]   --> src/encryption.rs:15:5
[INFO] [stderr]    |
[INFO] [stderr] 15 |     N: &BigUint,
[INFO] [stderr]    |     ^ help: convert the identifier to snake case: `n`
[INFO] [stderr] 
[INFO] [stderr] warning: variable `N` should have a snake case name
[INFO] [stderr]   --> src/encryption.rs:23:9
[INFO] [stderr]    |
[INFO] [stderr] 23 |     let N = BigInt::from(N.clone());
[INFO] [stderr]    |         ^ help: convert the identifier to snake case: `n`
[INFO] [stderr] 
[INFO] [stderr] warning: variable `N` should have a snake case name
[INFO] [stderr]   --> src/preprocessing.rs:10:43
[INFO] [stderr]    |
[INFO] [stderr] 10 | pub fn save_encrypted_values(c1: &BigInt, N: &BigInt, filename: &str) -> io::Result<()> {
[INFO] [stderr]    |                                           ^ help: convert the identifier to snake case: `n`
[INFO] [stderr] 
[INFO] [stderr] warning: unused `Result` that must be used
[INFO] [stderr]   --> src/preprocessing.rs:15:9
[INFO] [stderr]    |
[INFO] [stderr] 15 |         writeln!(file,  "{}", ci);
[INFO] [stderr]    |         ^^^^^^^^^^^^^^^^^^^^^^^^^
[INFO] [stderr]    |
[INFO] [stderr]    = note: this `Result` may be an `Err` variant, which should be handled
[INFO] [stderr]    = note: `#[warn(unused_must_use)]` on by default
[INFO] [stderr]    = note: this warning originates in the macro `writeln` (in Nightly builds, run with -Z macro-backtrace for more info)
[INFO] [stderr] 
[INFO] [stderr] warning: variable `D` should have a snake case name
[INFO] [stderr]   --> src/preprocessing.rs:21:30
[INFO] [stderr]    |
[INFO] [stderr] 21 | pub fn generate_and_save_d_l(D: &BigInt, p: &BigInt,   filename: &str)-> io::Result<()> {
[INFO] [stderr]    |                              ^ help: convert the identifier to snake case: `d`
[INFO] [stderr] 
[INFO] [stderr] warning: variable `D_inv` should have a snake case name
[INFO] [stderr]   --> src/preprocessing.rs:25:10
[INFO] [stderr]    |
[INFO] [stderr] 25 |      let D_inv= mod_inverse(&D,&p);
[INFO] [stderr]    |          ^^^^^ help: convert the identifier to snake case: `d_inv`
[INFO] [stderr] 
[INFO] [stderr] warning: variable `D_l` should have a snake case name
[INFO] [stderr]   --> src/preprocessing.rs:30:13
[INFO] [stderr]    |
[INFO] [stderr] 30 |         let D_l = &D_inv.pow(k as u32) % p; //  
[INFO] [stderr]    |             ^^^ help: convert the identifier to snake case: `d_l`
[INFO] [stderr] 
[INFO] [stderr] warning: unused `Result` that must be used
[INFO] [stderr]   --> src/preprocessing.rs:31:9
[INFO] [stderr]    |
[INFO] [stderr] 31 |         writeln!(file,  "{}", D_l);
[INFO] [stderr]    |         ^^^^^^^^^^^^^^^^^^^^^^^^^^
[INFO] [stderr]    |
[INFO] [stderr]    = note: this `Result` may be an `Err` variant, which should be handled
[INFO] [stderr]    = note: this warning originates in the macro `writeln` (in Nightly builds, run with -Z macro-backtrace for more info)
[INFO] [stderr] 
[INFO] [stderr] warning: variable `N` should have a snake case name
[INFO] [stderr]   --> src/utility.rs:12:5
[INFO] [stderr]    |
[INFO] [stderr] 12 |     N: &BigUint,
[INFO] [stderr]    |     ^ help: convert the identifier to snake case: `n`
[INFO] [stderr] 
[INFO] [stderr] warning: variable `N` should have a snake case name
[INFO] [stderr]   --> src/utility.rs:43:9
[INFO] [stderr]    |
[INFO] [stderr] 43 |     let N = BigUint::from_str(n_str.trim()).unwrap();
[INFO] [stderr]    |         ^ help: convert the identifier to snake case: `n`
[INFO] [stderr] 
[INFO] [stderr] warning: module `equalEvalPreprocess` should have a snake case name
[INFO] [stderr]  --> src/lib.rs:4:9
[INFO] [stderr]   |
[INFO] [stderr] 4 | pub mod equalEvalPreprocess;
[INFO] [stderr]   |         ^^^^^^^^^^^^^^^^^^^ help: convert the identifier to snake case: `equal_eval_preprocess`
[INFO] [stderr]   |
[INFO] [stderr]   = note: `#[warn(non_snake_case)]` on by default
[INFO] [stderr] 
[INFO] [stderr] warning: `Fhscheme_Labeled` (lib) generated 31 warnings (run `cargo fix --lib -p Fhscheme_Labeled` to apply 12 suggestions)
[INFO] [stderr] warning: `Fhscheme_Labeled` (lib test) generated 30 warnings (29 duplicates)
[INFO] [stderr] warning: unused import: `ToBigInt`
[INFO] [stderr]  --> src/main.rs:1:34
[INFO] [stderr]   |
[INFO] [stderr] 1 | use num_bigint::{BigInt, BigUint,ToBigInt};
[INFO] [stderr]   |                                  ^^^^^^^^
[INFO] [stderr]   |
[INFO] [stderr]   = note: `#[warn(unused_imports)]` on by default
[INFO] [stderr] 
[INFO] [stderr] warning: unused imports: `One` and `Zero`
[INFO] [stderr]  --> src/main.rs:3:18
[INFO] [stderr]   |
[INFO] [stderr] 3 | use num_traits::{One, Zero};
[INFO] [stderr]   |                  ^^^  ^^^^
[INFO] [stderr] 
[INFO] [stderr] warning: unused import: `Fhscheme_Labeled::encryption::encrypt`
[INFO] [stderr]  --> src/main.rs:4:5
[INFO] [stderr]   |
[INFO] [stderr] 4 | use Fhscheme_Labeled::encryption::encrypt;
[INFO] [stderr]   |     ^^^^^^^^^^^^^^^^^^^^^^^^^^^^^^^^^^^^^
[INFO] [stderr] 
[INFO] [stderr] warning: unused import: `std::str::FromStr`
[INFO] [stderr]  --> src/main.rs:5:5
[INFO] [stderr]   |
[INFO] [stderr] 5 | use std::str::FromStr;
[INFO] [stderr]   |     ^^^^^^^^^^^^^^^^^
[INFO] [stderr] 
[INFO] [stderr] warning: unused import: `Rng`
[INFO] [stderr]  --> src/main.rs:6:24
[INFO] [stderr]   |
[INFO] [stderr] 6 | use rand::{thread_rng, Rng};
[INFO] [stderr]   |                        ^^^
[INFO] [stderr] 
[INFO] [stderr] warning: unused import: `Fhscheme_Labeled::homomorphic`
[INFO] [stderr]   --> src/main.rs:13:5
[INFO] [stderr]    |
[INFO] [stderr] 13 | use Fhscheme_Labeled::homomorphic;
[INFO] [stderr]    |     ^^^^^^^^^^^^^^^^^^^^^^^^^^^^^
[INFO] [stderr] 
[INFO] [stderr] warning: unused import: `Fhscheme_Labeled::evaluation`
[INFO] [stderr]   --> src/main.rs:15:5
[INFO] [stderr]    |
[INFO] [stderr] 15 | use Fhscheme_Labeled::evaluation;
[INFO] [stderr]    |     ^^^^^^^^^^^^^^^^^^^^^^^^^^^^
[INFO] [stderr] 
[INFO] [stderr] warning: unused import: `crate::equalizer::equalizer`
[INFO] [stderr]   --> src/main.rs:17:5
[INFO] [stderr]    |
[INFO] [stderr] 17 | use crate::equalizer::equalizer;
[INFO] [stderr]    |     ^^^^^^^^^^^^^^^^^^^^^^^^^^^
[INFO] [stderr] 
[INFO] [stderr] warning: unused import: `std::path::Path`
[INFO] [stderr]   --> src/main.rs:18:5
[INFO] [stderr]    |
[INFO] [stderr] 18 | use std::path::Path;
[INFO] [stderr]    |     ^^^^^^^^^^^^^^^
[INFO] [stderr] 
[INFO] [stderr] warning: unused import: `std::collections::HashMap`
[INFO] [stderr]   --> src/main.rs:20:5
[INFO] [stderr]    |
[INFO] [stderr] 20 | use std::collections::HashMap;
[INFO] [stderr]    |     ^^^^^^^^^^^^^^^^^^^^^^^^^
[INFO] [stderr] 
[INFO] [stderr] warning: unused imports: `Polynomial` and `Term`
[INFO] [stderr]   --> src/main.rs:21:36
[INFO] [stderr]    |
[INFO] [stderr] 21 | use Fhscheme_Labeled::evaluation::{Polynomial,Term};  // Import the Polynomial module
[INFO] [stderr]    |                                    ^^^^^^^^^^ ^^^^
[INFO] [stderr] 
[INFO] [stderr] warning: unused variable: `l_1`
[INFO] [stderr]   --> src/main.rs:68:33
[INFO] [stderr]    |
[INFO] [stderr] 68 |             let (one_encrypted, l_1) = encryption::encrypt(&BigInt::from(1), &bigint_t, &params.rhu, &p, &q,&D, &N, params.bits);
[INFO] [stderr]    |                                 ^^^ help: if this is intentional, prefix it with an underscore: `_l_1`
[INFO] [stderr]    |
[INFO] [stderr]    = note: `#[warn(unused_variables)]` on by default
[INFO] [stderr] 
[INFO] [stderr] warning: variable `D` should have a snake case name
[INFO] [stderr]   --> src/main.rs:37:47
[INFO] [stderr]    |
[INFO] [stderr] 37 |             let (p, q,D, N) = if let Ok((p, q,D, N)) = utility::load_parameters_from_file(param_file) {
[INFO] [stderr]    |                                               ^ help: convert the identifier to snake case: `d`
[INFO] [stderr]    |
[INFO] [stderr]    = note: `#[warn(non_snake_case)]` on by default
[INFO] [stderr] 
[INFO] [stderr] warning: variable `N` should have a snake case name
[INFO] [stderr]   --> src/main.rs:37:50
[INFO] [stderr]    |
[INFO] [stderr] 37 |             let (p, q,D, N) = if let Ok((p, q,D, N)) = utility::load_parameters_from_file(param_file) {
[INFO] [stderr]    |                                                  ^ help: convert the identifier to snake case: `n`
[INFO] [stderr] 
[INFO] [stderr] warning: variable `start_KeyGen` should have a snake case name
[INFO] [stderr]   --> src/main.rs:42:21
[INFO] [stderr]    |
[INFO] [stderr] 42 |                 let start_KeyGen = Instant::now();
[INFO] [stderr]    |                     ^^^^^^^^^^^^ help: convert the identifier to snake case: `start_key_gen`
[INFO] [stderr] 
[INFO] [stderr] warning: variable `N` should have a snake case name
[INFO] [stderr]   --> src/main.rs:50:21
[INFO] [stderr]    |
[INFO] [stderr] 50 |                 let N = &p * &q;
[INFO] [stderr]    |                     ^ help: convert the identifier to snake case: `n`
[INFO] [stderr] 
[INFO] [stderr] warning: variable `D` should have a snake case name
[INFO] [stderr]   --> src/main.rs:53:21
[INFO] [stderr]    |
[INFO] [stderr] 53 |                 let D=   rng.gen_bigint_range(&BigInt::from(1),&(_p - BigInt::from(1)));
[INFO] [stderr]    |                     ^ help: convert the identifier to snake case: `d`
[INFO] [stderr] 
[INFO] [stderr] warning: variable `KeyGen_time` should have a snake case name
[INFO] [stderr]   --> src/main.rs:54:21
[INFO] [stderr]    |
[INFO] [stderr] 54 |                 let KeyGen_time = start_KeyGen.elapsed();
[INFO] [stderr]    |                     ^^^^^^^^^^^ help: convert the identifier to snake case: `key_gen_time`
[INFO] [stderr] 
[INFO] [stderr] warning: variable `D` should have a snake case name
[INFO] [stderr]   --> src/main.rs:37:23
[INFO] [stderr]    |
[INFO] [stderr] 37 |             let (p, q,D, N) = if let Ok((p, q,D, N)) = utility::load_parameters_from_file(param_file) {
[INFO] [stderr]    |                       ^ help: convert the identifier to snake case: `d`
[INFO] [stderr] 
[INFO] [stderr] warning: variable `N` should have a snake case name
[INFO] [stderr]   --> src/main.rs:37:26
[INFO] [stderr]    |
[INFO] [stderr] 37 |             let (p, q,D, N) = if let Ok((p, q,D, N)) = utility::load_parameters_from_file(param_file) {
[INFO] [stderr]    |                          ^ help: convert the identifier to snake case: `n`
[INFO] [stderr] 
[INFO] [stderr] warning: unused `Result` that must be used
[INFO] [stderr]   --> src/main.rs:70:13
[INFO] [stderr]    |
[INFO] [stderr] 70 |             preprocessing::save_encrypted_values(&one_encrypted, &modulus_n, encrypted_one_file);       
[INFO] [stderr]    |             ^^^^^^^^^^^^^^^^^^^^^^^^^^^^^^^^^^^^^^^^^^^^^^^^^^^^^^^^^^^^^^^^^^^^^^^^^^^^^^^^^^^^
[INFO] [stderr]    |
[INFO] [stderr]    = note: this `Result` may be an `Err` variant, which should be handled
[INFO] [stderr]    = note: `#[warn(unused_must_use)]` on by default
[INFO] [stderr] help: use `let _ = ...` to ignore the resulting value
[INFO] [stderr]    |
[INFO] [stderr] 70 |             let _ = preprocessing::save_encrypted_values(&one_encrypted, &modulus_n, encrypted_one_file);       
[INFO] [stderr]    |             +++++++
[INFO] [stderr] 
[INFO] [stderr] warning: unused import: `ToBigInt`
[INFO] [stderr]  --> tests/Timing.rs:2:35
[INFO] [stderr]   |
[INFO] [stderr] 2 | use num_bigint::{BigInt, BigUint, ToBigInt};
[INFO] [stderr]   |                                   ^^^^^^^^
[INFO] [stderr]   |
[INFO] [stderr]   = note: `#[warn(unused_imports)]` on by default
[INFO] [stderr] 
[INFO] [stderr] warning: unused imports: `One` and `Zero`
[INFO] [stderr]  --> tests/Timing.rs:4:18
[INFO] [stderr]   |
[INFO] [stderr] 4 | use num_traits::{One, Zero};
[INFO] [stderr]   |                  ^^^  ^^^^
[INFO] [stderr] 
[INFO] [stderr] warning: unused import: `std::str::FromStr`
[INFO] [stderr]  --> tests/Timing.rs:6:5
[INFO] [stderr]   |
[INFO] [stderr] 6 | use std::str::FromStr;
[INFO] [stderr]   |     ^^^^^^^^^^^^^^^^^
[INFO] [stderr] 
[INFO] [stderr] warning: unused imports: `Polynomial as EqPPolynomial` and `Term as EqPTerm`
[INFO] [stderr]   --> tests/Timing.rs:11:45
[INFO] [stderr]    |
[INFO] [stderr] 11 | use Fhscheme_Labeled::equalEvalPreprocess::{Polynomial as EqPPolynomial, Term as EqPTerm};
[INFO] [stderr]    |                                             ^^^^^^^^^^^^^^^^^^^^^^^^^^^  ^^^^^^^^^^^^^^^
[INFO] [stderr] 
[INFO] [stderr] warning: unused imports: `Polynomial as EqPolynomial` and `Term as EqTerm`
[INFO] [stderr]   --> tests/Timing.rs:12:45
[INFO] [stderr]    |
[INFO] [stderr] 12 | use Fhscheme_Labeled::equalizedevaluation::{Polynomial as EqPolynomial, Term as EqTerm};
[INFO] [stderr]    |                                             ^^^^^^^^^^^^^^^^^^^^^^^^^^  ^^^^^^^^^^^^^^
[INFO] [stderr] 
[INFO] [stderr] warning: unused import: `Fhscheme_Labeled::equalizer::equalizer`
[INFO] [stderr]   --> tests/Timing.rs:13:5
[INFO] [stderr]    |
[INFO] [stderr] 13 | use Fhscheme_Labeled::equalizer::equalizer;
[INFO] [stderr]    |     ^^^^^^^^^^^^^^^^^^^^^^^^^^^^^^^^^^^^^^
[INFO] [stderr] 
[INFO] [stderr] warning: unused imports: `Polynomial` and `Term`
[INFO] [stderr]   --> tests/Timing.rs:14:36
[INFO] [stderr]    |
[INFO] [stderr] 14 | use Fhscheme_Labeled::evaluation::{Polynomial, Term};
[INFO] [stderr]    |                                    ^^^^^^^^^^  ^^^^
[INFO] [stderr] 
[INFO] [stderr] warning: unused import: `num_traits::ToPrimitive`
[INFO] [stderr]   --> tests/Timing.rs:20:5
[INFO] [stderr]    |
[INFO] [stderr] 20 | use num_traits::ToPrimitive;
[INFO] [stderr]    |     ^^^^^^^^^^^^^^^^^^^^^^^
[INFO] [stderr] 
[INFO] [stderr] warning: unused import: `toml::value::Array`
[INFO] [stderr]   --> tests/Timing.rs:25:9
[INFO] [stderr]    |
[INFO] [stderr] 25 |     use toml::value::Array;
[INFO] [stderr]    |         ^^^^^^^^^^^^^^^^^^
[INFO] [stderr] 
[INFO] [stderr] warning: unused variable: `number`
[INFO] [stderr]   --> tests/Timing.rs:99:21
[INFO] [stderr]    |
[INFO] [stderr] 99 |                 for number in 1..=iterations {                                    
[INFO] [stderr]    |                     ^^^^^^ help: if this is intentional, prefix it with an underscore: `_number`
[INFO] [stderr]    |
[INFO] [stderr]    = note: `#[warn(unused_variables)]` on by default
[INFO] [stderr] 
[INFO] [stderr] warning: unused variable: `N`
[INFO] [stderr]    --> tests/Timing.rs:110:25
[INFO] [stderr]     |
[INFO] [stderr] 110 |                     let N = &p * &q;
[INFO] [stderr]     |                         ^ help: if this is intentional, prefix it with an underscore: `_N`
[INFO] [stderr] 
[INFO] [stderr] warning: unused variable: `d`
[INFO] [stderr]    --> tests/Timing.rs:117:25
[INFO] [stderr]     |
[INFO] [stderr] 117 |                     let d = rng.gen_bigint_range(&BigInt::from(0), &p_bigint);
[INFO] [stderr]     |                         ^ help: if this is intentional, prefix it with an underscore: `_d`
[INFO] [stderr] 
[INFO] [stderr] warning: unused variable: `number`
[INFO] [stderr]    --> tests/Timing.rs:153:13
[INFO] [stderr]     |
[INFO] [stderr] 153 |         for number in 1..=iterations {
[INFO] [stderr]     |             ^^^^^^ help: if this is intentional, prefix it with an underscore: `_number`
[INFO] [stderr] 
[INFO] [stderr] warning: unused variable: `d_l_array`
[INFO] [stderr]    --> tests/Timing.rs:241:13
[INFO] [stderr]     |
[INFO] [stderr] 241 |         let d_l_array= utility::read_values_from_file(d_l_file);
[INFO] [stderr]     |             ^^^^^^^^^ help: if this is intentional, prefix it with an underscore: `_d_l_array`
[INFO] [stderr] 
[INFO] [stderr] warning: unused variable: `number`
[INFO] [stderr]    --> tests/Timing.rs:255:13
[INFO] [stderr]     |
[INFO] [stderr] 255 |         for number in 1..=iterations {
[INFO] [stderr]     |             ^^^^^^ help: if this is intentional, prefix it with an underscore: `_number`
[INFO] [stderr] 
[INFO] [stderr] warning: unused variable: `c_add`
[INFO] [stderr]    --> tests/Timing.rs:283:18
[INFO] [stderr]     |
[INFO] [stderr] 283 |             let (c_add, l_add) = homomorphic::homomorphic_add(&c1, &c2, &setup.N, l1);
[INFO] [stderr]     |                  ^^^^^ help: if this is intentional, prefix it with an underscore: `_c_add`
[INFO] [stderr] 
[INFO] [stderr] warning: unused variable: `l_add`
[INFO] [stderr]    --> tests/Timing.rs:283:25
[INFO] [stderr]     |
[INFO] [stderr] 283 |             let (c_add, l_add) = homomorphic::homomorphic_add(&c1, &c2, &setup.N, l1);
[INFO] [stderr]     |                         ^^^^^ help: if this is intentional, prefix it with an underscore: `_l_add`
[INFO] [stderr] 
[INFO] [stderr] warning: unused variable: `c_mult`
[INFO] [stderr]    --> tests/Timing.rs:289:18
[INFO] [stderr]     |
[INFO] [stderr] 289 |             let (c_mult, l_mult) = homomorphic::homomorphic_mult(&c1, &c2, &setup.N, l1,l2);
[INFO] [stderr]     |                  ^^^^^^ help: if this is intentional, prefix it with an underscore: `_c_mult`
[INFO] [stderr] 
[INFO] [stderr] warning: unused variable: `l_mult`
[INFO] [stderr]    --> tests/Timing.rs:289:26
[INFO] [stderr]     |
[INFO] [stderr] 289 |             let (c_mult, l_mult) = homomorphic::homomorphic_mult(&c1, &c2, &setup.N, l1,l2);
[INFO] [stderr]     |                          ^^^^^^ help: if this is intentional, prefix it with an underscore: `_l_mult`
[INFO] [stderr] 
[INFO] [stderr] warning: structure field `N` should have a snake case name
[INFO] [stderr]   --> tests/Timing.rs:33:9
[INFO] [stderr]    |
[INFO] [stderr] 33 |         N: BigUint,
[INFO] [stderr]    |         ^ help: convert the identifier to snake case: `n`
[INFO] [stderr]    |
[INFO] [stderr]    = note: `#[warn(non_snake_case)]` on by default
[INFO] [stderr] 
[INFO] [stderr] warning: variable `N` should have a snake case name
[INFO] [stderr]   --> tests/Timing.rs:55:46
[INFO] [stderr]    |
[INFO] [stderr] 55 |         let (p, q,d, N) = if let Ok((p, q,d, N)) = utility::load_parameters_from_file(param_file) {
[INFO] [stderr]    |                                              ^ help: convert the identifier to snake case: `n`
[INFO] [stderr] 
[INFO] [stderr] warning: variable `N` should have a snake case name
[INFO] [stderr]   --> tests/Timing.rs:67:17
[INFO] [stderr]    |
[INFO] [stderr] 67 |             let N = &p * &q;
[INFO] [stderr]    |                 ^ help: convert the identifier to snake case: `n`
[INFO] [stderr] 
[INFO] [stderr] warning: variable `N` should have a snake case name
[INFO] [stderr]   --> tests/Timing.rs:55:22
[INFO] [stderr]    |
[INFO] [stderr] 55 |         let (p, q,d, N) = if let Ok((p, q,d, N)) = utility::load_parameters_from_file(param_file) {
[INFO] [stderr]    |                      ^ help: convert the identifier to snake case: `n`
[INFO] [stderr] 
[INFO] [stderr] warning: variable `N` should have a snake case name
[INFO] [stderr]    --> tests/Timing.rs:110:25
[INFO] [stderr]     |
[INFO] [stderr] 110 |                     let N = &p * &q;
[INFO] [stderr]     |                         ^ help: convert the identifier to snake case: `n`
[INFO] [stderr] 
[INFO] [stderr] warning: unused import: `ToBigInt`
[INFO] [stderr]  --> tests/Correctness.rs:2:35
[INFO] [stderr]   |
[INFO] [stderr] 2 | use num_bigint::{BigInt, BigUint, ToBigInt};
[INFO] [stderr]   |                                   ^^^^^^^^
[INFO] [stderr]   |
[INFO] [stderr]   = note: `#[warn(unused_imports)]` on by default
[INFO] [stderr] 
[INFO] [stderr] warning: unused imports: `One` and `Zero`
[INFO] [stderr]  --> tests/Correctness.rs:4:18
[INFO] [stderr]   |
[INFO] [stderr] 4 | use num_traits::{One, Zero};
[INFO] [stderr]   |                  ^^^  ^^^^
[INFO] [stderr] 
[INFO] [stderr] warning: unused import: `std::str::FromStr`
[INFO] [stderr]  --> tests/Correctness.rs:6:5
[INFO] [stderr]   |
[INFO] [stderr] 6 | use std::str::FromStr;
[INFO] [stderr]   |     ^^^^^^^^^^^^^^^^^
[INFO] [stderr] 
[INFO] [stderr] warning: unused imports: `Duration` and `Instant`
[INFO] [stderr]  --> tests/Correctness.rs:7:17
[INFO] [stderr]   |
[INFO] [stderr] 7 | use std::time::{Instant, Duration};
[INFO] [stderr]   |                 ^^^^^^^  ^^^^^^^^
[INFO] [stderr] 
[INFO] [stderr] warning: unused imports: `Polynomial as EqPPolynomial` and `Term as EqPTerm`
[INFO] [stderr]   --> tests/Correctness.rs:11:45
[INFO] [stderr]    |
[INFO] [stderr] 11 | use Fhscheme_Labeled::equalEvalPreprocess::{Polynomial as EqPPolynomial, Term as EqPTerm};
[INFO] [stderr]    |                                             ^^^^^^^^^^^^^^^^^^^^^^^^^^^  ^^^^^^^^^^^^^^^
[INFO] [stderr] 
[INFO] [stderr] warning: unused imports: `Polynomial as EqPolynomial` and `Term as EqTerm`
[INFO] [stderr]   --> tests/Correctness.rs:12:45
[INFO] [stderr]    |
[INFO] [stderr] 12 | use Fhscheme_Labeled::equalizedevaluation::{Polynomial as EqPolynomial, Term as EqTerm};
[INFO] [stderr]    |                                             ^^^^^^^^^^^^^^^^^^^^^^^^^^  ^^^^^^^^^^^^^^
[INFO] [stderr] 
[INFO] [stderr] warning: unused import: `Fhscheme_Labeled::equalizer::equalizer`
[INFO] [stderr]   --> tests/Correctness.rs:13:5
[INFO] [stderr]    |
[INFO] [stderr] 13 | use Fhscheme_Labeled::equalizer::equalizer;
[INFO] [stderr]    |     ^^^^^^^^^^^^^^^^^^^^^^^^^^^^^^^^^^^^^^
[INFO] [stderr] 
[INFO] [stderr] warning: unused imports: `Polynomial` and `Term`
[INFO] [stderr]   --> tests/Correctness.rs:14:36
[INFO] [stderr]    |
[INFO] [stderr] 14 | use Fhscheme_Labeled::evaluation::{Polynomial, Term};
[INFO] [stderr]    |                                    ^^^^^^^^^^  ^^^^
[INFO] [stderr] 
[INFO] [stderr] warning: unused import: `toml::value::Array`
[INFO] [stderr]   --> tests/Correctness.rs:26:9
[INFO] [stderr]    |
[INFO] [stderr] 26 |     use toml::value::Array;
[INFO] [stderr]    |         ^^^^^^^^^^^^^^^^^^
[INFO] [stderr] 
[INFO] [stderr] warning: structure field `N` should have a snake case name
[INFO] [stderr]   --> tests/Correctness.rs:34:9
[INFO] [stderr]    |
[INFO] [stderr] 34 |         N: BigUint,
[INFO] [stderr]    |         ^ help: convert the identifier to snake case: `n`
[INFO] [stderr]    |
[INFO] [stderr]    = note: `#[warn(non_snake_case)]` on by default
[INFO] [stderr] 
[INFO] [stderr] warning: variable `N` should have a snake case name
[INFO] [stderr]   --> tests/Correctness.rs:57:46
[INFO] [stderr]    |
[INFO] [stderr] 57 |         let (p, q,d, N) = if let Ok((p, q,d, N)) = utility::load_parameters_from_file(param_file) {
[INFO] [stderr]    |                                              ^ help: convert the identifier to snake case: `n`
[INFO] [stderr] 
[INFO] [stderr] warning: variable `N` should have a snake case name
[INFO] [stderr]   --> tests/Correctness.rs:69:17
[INFO] [stderr]    |
[INFO] [stderr] 69 |             let N = &p * &q;
[INFO] [stderr]    |                 ^ help: convert the identifier to snake case: `n`
[INFO] [stderr] 
[INFO] [stderr] warning: variable `N` should have a snake case name
[INFO] [stderr]   --> tests/Correctness.rs:57:22
[INFO] [stderr]    |
[INFO] [stderr] 57 |         let (p, q,d, N) = if let Ok((p, q,d, N)) = utility::load_parameters_from_file(param_file) {
[INFO] [stderr]    |                      ^ help: convert the identifier to snake case: `n`
[INFO] [stderr] 
[INFO] [stderr] warning: unused import: `ToBigInt`
[INFO] [stderr]  --> tests/Polynomials.rs:2:35
[INFO] [stderr]   |
[INFO] [stderr] 2 | use num_bigint::{BigInt, BigUint, ToBigInt};
[INFO] [stderr]   |                                   ^^^^^^^^
[INFO] [stderr]   |
[INFO] [stderr]   = note: `#[warn(unused_imports)]` on by default
[INFO] [stderr] 
[INFO] [stderr] warning: unused import: `Zero`
[INFO] [stderr]  --> tests/Polynomials.rs:4:23
[INFO] [stderr]   |
[INFO] [stderr] 4 | use num_traits::{One, Zero};
[INFO] [stderr]   |                       ^^^^
[INFO] [stderr] 
[INFO] [stderr] warning: unused import: `std::str::FromStr`
[INFO] [stderr]  --> tests/Polynomials.rs:6:5
[INFO] [stderr]   |
[INFO] [stderr] 6 | use std::str::FromStr;
[INFO] [stderr]   |     ^^^^^^^^^^^^^^^^^
[INFO] [stderr] 
[INFO] [stderr] warning: unused import: `Duration`
[INFO] [stderr]  --> tests/Polynomials.rs:7:26
[INFO] [stderr]   |
[INFO] [stderr] 7 | use std::time::{Instant, Duration};
[INFO] [stderr]   |                          ^^^^^^^^
[INFO] [stderr] 
[INFO] [stderr] warning: unused imports: `Polynomial as EqPolynomial` and `Term as EqTerm`
[INFO] [stderr]   --> tests/Polynomials.rs:12:45
[INFO] [stderr]    |
[INFO] [stderr] 12 | use Fhscheme_Labeled::equalizedevaluation::{Polynomial as EqPolynomial, Term as EqTerm};
[INFO] [stderr]    |                                             ^^^^^^^^^^^^^^^^^^^^^^^^^^  ^^^^^^^^^^^^^^
[INFO] [stderr] 
[INFO] [stderr] warning: unused import: `Fhscheme_Labeled::equalizer::equalizer`
[INFO] [stderr]   --> tests/Polynomials.rs:13:5
[INFO] [stderr]    |
[INFO] [stderr] 13 | use Fhscheme_Labeled::equalizer::equalizer;
[INFO] [stderr]    |     ^^^^^^^^^^^^^^^^^^^^^^^^^^^^^^^^^^^^^^
[INFO] [stderr] 
[INFO] [stderr] warning: unused imports: `Polynomial` and `Term`
[INFO] [stderr]   --> tests/Polynomials.rs:14:36
[INFO] [stderr]    |
[INFO] [stderr] 14 | use Fhscheme_Labeled::evaluation::{Polynomial, Term};
[INFO] [stderr]    |                                    ^^^^^^^^^^  ^^^^
[INFO] [stderr] 
[INFO] [stderr] warning: unused import: `Fhscheme_Labeled::homomorphic`
[INFO] [stderr]   --> tests/Polynomials.rs:15:5
[INFO] [stderr]    |
[INFO] [stderr] 15 | use Fhscheme_Labeled::homomorphic;
[INFO] [stderr]    |     ^^^^^^^^^^^^^^^^^^^^^^^^^^^^^
[INFO] [stderr] 
[INFO] [stderr] warning: unused import: `num_traits::ToPrimitive`
[INFO] [stderr]   --> tests/Polynomials.rs:20:5
[INFO] [stderr]    |
[INFO] [stderr] 20 | use num_traits::ToPrimitive;
[INFO] [stderr]    |     ^^^^^^^^^^^^^^^^^^^^^^^
[INFO] [stderr] 
[INFO] [stderr] warning: unused import: `toml::value::Array`
[INFO] [stderr]   --> tests/Polynomials.rs:25:9
[INFO] [stderr]    |
[INFO] [stderr] 25 |     use toml::value::Array;
[INFO] [stderr]    |         ^^^^^^^^^^^^^^^^^^
[INFO] [stderr] 
[INFO] [stderr] warning: unused variable: `l1`
[INFO] [stderr]    --> tests/Polynomials.rs:206:18
[INFO] [stderr]     |
[INFO] [stderr] 206 |         let (c1, l1) = encryption::encrypt(
[INFO] [stderr]     |                  ^^ help: if this is intentional, prefix it with an underscore: `_l1`
[INFO] [stderr]     |
[INFO] [stderr]     = note: `#[warn(unused_variables)]` on by default
[INFO] [stderr] 
[INFO] [stderr] warning: unused variable: `l2`
[INFO] [stderr]    --> tests/Polynomials.rs:216:18
[INFO] [stderr]     |
[INFO] [stderr] 216 |         let (c2, l2) = encryption::encrypt(
[INFO] [stderr]     |                  ^^ help: if this is intentional, prefix it with an underscore: `_l2`
[INFO] [stderr] 
[INFO] [stderr] warning: unused variable: `l3`
[INFO] [stderr]    --> tests/Polynomials.rs:226:19
[INFO] [stderr]     |
[INFO] [stderr] 226 |         let (c3 , l3)= encryption::encrypt(
[INFO] [stderr]     |                   ^^ help: if this is intentional, prefix it with an underscore: `_l3`
[INFO] [stderr] 
[INFO] [stderr] warning: unused variable: `l4`
[INFO] [stderr]    --> tests/Polynomials.rs:236:17
[INFO] [stderr]     |
[INFO] [stderr] 236 |         let (c4,l4) = encryption::encrypt(
[INFO] [stderr]     |                 ^^ help: if this is intentional, prefix it with an underscore: `_l4`
[INFO] [stderr] 
[INFO] [stderr] warning: unused variable: `l6`
[INFO] [stderr]    --> tests/Polynomials.rs:256:18
[INFO] [stderr]     |
[INFO] [stderr] 256 |         let (c6, l6) = encryption::encrypt(
[INFO] [stderr]     |                  ^^ help: if this is intentional, prefix it with an underscore: `_l6`
[INFO] [stderr] 
[INFO] [stderr] warning: unused variable: `l7`
[INFO] [stderr]    --> tests/Polynomials.rs:266:18
[INFO] [stderr]     |
[INFO] [stderr] 266 |         let (c7, l7) = encryption::encrypt(
[INFO] [stderr]     |                  ^^ help: if this is intentional, prefix it with an underscore: `_l7`
[INFO] [stderr] 
[INFO] [stderr] warning: unused variable: `l8`
[INFO] [stderr]    --> tests/Polynomials.rs:276:19
[INFO] [stderr]     |
[INFO] [stderr] 276 |         let ( c8, l8) = encryption::encrypt(
[INFO] [stderr]     |                   ^^ help: if this is intentional, prefix it with an underscore: `_l8`
[INFO] [stderr] 
[INFO] [stderr] warning: unused variable: `l9`
[INFO] [stderr]    --> tests/Polynomials.rs:286:18
[INFO] [stderr]     |
[INFO] [stderr] 286 |         let (c9, l9) = encryption::encrypt(
[INFO] [stderr]     |                  ^^ help: if this is intentional, prefix it with an underscore: `_l9`
[INFO] [stderr] 
[INFO] [stderr] warning: unused variable: `l10`
[INFO] [stderr]    --> tests/Polynomials.rs:296:19
[INFO] [stderr]     |
[INFO] [stderr] 296 |         let (c10, l10) = encryption::encrypt(
[INFO] [stderr]     |                   ^^^ help: if this is intentional, prefix it with an underscore: `_l10`
[INFO] [stderr] 
[INFO] [stderr] warning: unused variable: `start_eval_equalized`
[INFO] [stderr]    --> tests/Polynomials.rs:346:13
[INFO] [stderr]     |
[INFO] [stderr] 346 |         let start_eval_equalized = Instant::now();
[INFO] [stderr]     |             ^^^^^^^^^^^^^^^^^^^^ help: if this is intentional, prefix it with an underscore: `_start_eval_equalized`
[INFO] [stderr] 
[INFO] [stderr] warning: unused variable: `manual_res`
[INFO] [stderr]    --> tests/Polynomials.rs:372:13
[INFO] [stderr]     |
[INFO] [stderr] 372 | ...   let manual_res= &(c1 * c2 * c3 * c4 * c5   + &array[2]* BigInt::from(7) *c6 * c7 +  &array[1] * BigInt::from(5) * c8 * c9 * c10 ) %...
[INFO] [stderr]     |           ^^^^^^^^^^ help: if this is intentional, prefix it with an underscore: `_manual_res`
[INFO] [stderr] 
[INFO] [stderr] warning: structure field `N` should have a snake case name
[INFO] [stderr]   --> tests/Polynomials.rs:33:9
[INFO] [stderr]    |
[INFO] [stderr] 33 |         N: BigUint,
[INFO] [stderr]    |         ^ help: convert the identifier to snake case: `n`
[INFO] [stderr]    |
[INFO] [stderr]    = note: `#[warn(non_snake_case)]` on by default
[INFO] [stderr] 
[INFO] [stderr] warning: variable `N` should have a snake case name
[INFO] [stderr]   --> tests/Polynomials.rs:55:46
[INFO] [stderr]    |
[INFO] [stderr] 55 |         let (p, q,d, N) = if let Ok((p, q,d, N)) = utility::load_parameters_from_file(param_file) {
[INFO] [stderr]    |                                              ^ help: convert the identifier to snake case: `n`
[INFO] [stderr] 
[INFO] [stderr] warning: variable `N` should have a snake case name
[INFO] [stderr]   --> tests/Polynomials.rs:67:17
[INFO] [stderr]    |
[INFO] [stderr] 67 |             let N = &p * &q;
[INFO] [stderr]    |                 ^ help: convert the identifier to snake case: `n`
[INFO] [stderr] 
[INFO] [stderr] warning: variable `N` should have a snake case name
[INFO] [stderr]   --> tests/Polynomials.rs:55:22
[INFO] [stderr]    |
[INFO] [stderr] 55 |         let (p, q,d, N) = if let Ok((p, q,d, N)) = utility::load_parameters_from_file(param_file) {
[INFO] [stderr]    |                      ^ help: convert the identifier to snake case: `n`
[INFO] [stderr] 
[INFO] [stderr] warning: `Fhscheme_Labeled` (bin "Fhscheme_Labeled" test) generated 21 warnings (run `cargo fix --bin "Fhscheme_Labeled" --tests` to apply 11 suggestions)
[INFO] [stderr] warning: `Fhscheme_Labeled` (test "Timing") generated 24 warnings (run `cargo fix --test "Timing"` to apply 9 suggestions)
[INFO] [stderr] warning: `Fhscheme_Labeled` (bin "Fhscheme_Labeled") generated 21 warnings (21 duplicates)
[INFO] [stderr] warning: `Fhscheme_Labeled` (test "Correctness") generated 13 warnings (run `cargo fix --test "Correctness"` to apply 9 suggestions)
[INFO] [stderr] warning: `Fhscheme_Labeled` (test "Polynomials") generated 25 warnings (run `cargo fix --test "Polynomials"` to apply 10 suggestions)
[INFO] [stderr]     Finished `test` profile [unoptimized + debuginfo] target(s) in 0.06s
[INFO] [stderr]      Running unittests src/lib.rs (/opt/rustwide/target/debug/deps/Fhscheme_Labeled-53e09f97defc4182)
[INFO] [stdout] 
[INFO] [stdout] running 0 tests
[INFO] [stdout] 
[INFO] [stdout] test result: ok. 0 passed; 0 failed; 0 ignored; 0 measured; 0 filtered out; finished in 0.00s
[INFO] [stdout] 
[INFO] [stderr]      Running unittests src/main.rs (/opt/rustwide/target/debug/deps/Fhscheme_Labeled-8b90dda00fca1da7)
[INFO] [stdout] 
[INFO] [stdout] running 0 tests
[INFO] [stdout] 
[INFO] [stdout] test result: ok. 0 passed; 0 failed; 0 ignored; 0 measured; 0 filtered out; finished in 0.00s
[INFO] [stdout] 
[INFO] [stderr]      Running tests/Correctness.rs (/opt/rustwide/target/debug/deps/Correctness-fe0edec1c9156a74)
[INFO] [stdout] 
[INFO] [stdout] running 3 tests
[INFO] [stdout] test tests::enc_dec_correctness ... ok
[INFO] [stdout] test tests::add_mult_correctness ... ok
[INFO] [stdout] test tests::test_lemm2 has been running for over 60 seconds
[INFO] [stdout] test tests::test_lemm2 ... ok
[INFO] [stdout] 
[INFO] [stdout] test result: ok. 3 passed; 0 failed; 0 ignored; 0 measured; 0 filtered out; finished in 61.80s
[INFO] [stdout] 
[INFO] [stderr]      Running tests/Polynomials.rs (/opt/rustwide/target/debug/deps/Polynomials-402f48eb4d496578)
[INFO] [stdout] 
[INFO] [stdout] running 1 test
[INFO] [stdout] test tests::ten_variables_function_correctness ... FAILED
[INFO] [stdout] 
[INFO] [stdout] failures:
[INFO] [stdout] 
[INFO] [stdout] ---- tests::ten_variables_function_correctness stdout ----
[INFO] [stdout] Array is full. More values than expected.
[INFO] [stdout] ==============================================================
[INFO] [stdout] Testing the evaluation of c1*c2*c3*c4*c5 + 7c6*c7 + 5c8*c9*c10
[INFO] [stdout] ==============================================================
[INFO] [stdout] The t value is :4294967296
[INFO] [stdout] m1 from range z_t:1769946845
[INFO] [stdout] m2 from range z_t:283698032
[INFO] [stdout] m3 from range z_t:3218056780
[INFO] [stdout] m4 from range z_t:3712505033
[INFO] [stdout] m5 from range z_t:226659617
[INFO] [stdout] m6 from range z_t:1368298586
[INFO] [stdout] m7 from range z_t:2085954245
[INFO] [stdout] m8 from range z_t:900273850
[INFO] [stdout] m9 from range z_t:85085276
[INFO] [stdout] m10 from range z_t:44417051
[INFO] [stdout] i is 0 term is :Term { coefficient: 1, variables: {"c1": 1, "c2": 1, "c3": 1, "c4": 1, "c5": 1} }
[INFO] [stdout] i is 1 term is :Term { coefficient: 7, variables: {"c6": 1, "c7": 1} }
[INFO] [stdout] i is 2 term is :Term { coefficient: 5, variables: {"c9": 1, "c8": 1, "c10": 1} }
[INFO] [stdout] decrypted_eval_res is :530484982
[INFO] [stdout] thread 'tests::ten_variables_function_correctness' panicked at tests/Polynomials.rs:377:30:
[INFO] [stdout] attempt to multiply with overflow
[INFO] [stdout] stack backtrace:
[INFO] [stdout]    0:     0x59918a88eb4a - std::backtrace_rs::backtrace::libunwind::trace::h207520d6e9873551
[INFO] [stdout]                                at /rustc/df4ca44d3fbc9301ee17f30f4d474e6ae4b05252/library/std/src/../../backtrace/src/backtrace/libunwind.rs:116:5
[INFO] [stdout]    1:     0x59918a88eb4a - std::backtrace_rs::backtrace::trace_unsynchronized::h2ed7433f370e3eca
[INFO] [stdout]                                at /rustc/df4ca44d3fbc9301ee17f30f4d474e6ae4b05252/library/std/src/../../backtrace/src/backtrace/mod.rs:66:5
[INFO] [stdout]    2:     0x59918a88eb4a - std::sys::backtrace::_print_fmt::h916fac51166b18d7
[INFO] [stdout]                                at /rustc/df4ca44d3fbc9301ee17f30f4d474e6ae4b05252/library/std/src/sys/backtrace.rs:66:9
[INFO] [stdout]    3:     0x59918a88eb4a - <std::sys::backtrace::BacktraceLock::print::DisplayBacktrace as core::fmt::Display>::fmt::ha0a4c9b8ce3802e6
[INFO] [stdout]                                at /rustc/df4ca44d3fbc9301ee17f30f4d474e6ae4b05252/library/std/src/sys/backtrace.rs:39:26
[INFO] [stdout]    4:     0x59918a8b6a13 - core::fmt::rt::Argument::fmt::h4cfc8587d52b3eb5
[INFO] [stdout]                                at /rustc/df4ca44d3fbc9301ee17f30f4d474e6ae4b05252/library/core/src/fmt/rt.rs:177:76
[INFO] [stdout]    5:     0x59918a8b6a13 - core::fmt::write::h522cc39e5b36ae9f
[INFO] [stdout]                                at /rustc/df4ca44d3fbc9301ee17f30f4d474e6ae4b05252/library/core/src/fmt/mod.rs:1190:21
[INFO] [stdout]    6:     0x59918a88b7b3 - std::io::Write::write_fmt::h7d3c26752da97734
[INFO] [stdout]                                at /rustc/df4ca44d3fbc9301ee17f30f4d474e6ae4b05252/library/std/src/io/mod.rs:1839:15
[INFO] [stdout]    7:     0x59918a88e992 - std::sys::backtrace::BacktraceLock::print::h4b9e00b29e9c0942
[INFO] [stdout]                                at /rustc/df4ca44d3fbc9301ee17f30f4d474e6ae4b05252/library/std/src/sys/backtrace.rs:42:9
[INFO] [stdout]    8:     0x59918a88ffda - std::panicking::default_hook::{{closure}}::hb59b88280d0324d9
[INFO] [stdout]                                at /rustc/df4ca44d3fbc9301ee17f30f4d474e6ae4b05252/library/std/src/panicking.rs:268:22
[INFO] [stdout]    9:     0x59918a88fde4 - std::panicking::default_hook::he1dd496665be4a29
[INFO] [stdout]                                at /rustc/df4ca44d3fbc9301ee17f30f4d474e6ae4b05252/library/std/src/panicking.rs:292:9
[INFO] [stdout]   10:     0x59918a76ffa9 - <alloc::boxed::Box<F,A> as core::ops::function::Fn<Args>>::call::h4ff71de18744e1dc
[INFO] [stdout]                                at /rustc/df4ca44d3fbc9301ee17f30f4d474e6ae4b05252/library/alloc/src/boxed.rs:2468:9
[INFO] [stdout]   11:     0x59918a76ffa9 - test::test_main::{{closure}}::hcf7c055ce117aa81
[INFO] [stdout]                                at /rustc/df4ca44d3fbc9301ee17f30f4d474e6ae4b05252/library/test/src/lib.rs:133:21
[INFO] [stdout]   12:     0x59918a8906d8 - <alloc::boxed::Box<F,A> as core::ops::function::Fn<Args>>::call::h1d66c6bbd60c9692
[INFO] [stdout]                                at /rustc/df4ca44d3fbc9301ee17f30f4d474e6ae4b05252/library/alloc/src/boxed.rs:2468:9
[INFO] [stdout]   13:     0x59918a8906d8 - std::panicking::rust_panic_with_hook::h2ff17fe8f26dfcf8
[INFO] [stdout]                                at /rustc/df4ca44d3fbc9301ee17f30f4d474e6ae4b05252/library/std/src/panicking.rs:809:13
[INFO] [stdout]   14:     0x59918a890466 - std::panicking::begin_panic_handler::{{closure}}::h4fad77951c07e101
[INFO] [stdout]                                at /rustc/df4ca44d3fbc9301ee17f30f4d474e6ae4b05252/library/std/src/panicking.rs:667:13
[INFO] [stdout]   15:     0x59918a88f029 - std::sys::backtrace::__rust_end_short_backtrace::hb1a25b3da5d0ea08
[INFO] [stdout]                                at /rustc/df4ca44d3fbc9301ee17f30f4d474e6ae4b05252/library/std/src/sys/backtrace.rs:170:18
[INFO] [stdout]   16:     0x59918a89012c - rust_begin_unwind
[INFO] [stdout]                                at /rustc/df4ca44d3fbc9301ee17f30f4d474e6ae4b05252/library/std/src/panicking.rs:665:5
[INFO] [stdout]   17:     0x59918a8b5080 - core::panicking::panic_fmt::ha9db07b529f9b256
[INFO] [stdout]                                at /rustc/df4ca44d3fbc9301ee17f30f4d474e6ae4b05252/library/core/src/panicking.rs:75:14
[INFO] [stdout]   18:     0x59918a8bc6b7 - core::panicking::panic_const::panic_const_mul_overflow::h576146000f01e630
[INFO] [stdout]                                at /rustc/df4ca44d3fbc9301ee17f30f4d474e6ae4b05252/library/core/src/panicking.rs:186:21
[INFO] [stdout]   19:     0x59918a735a31 - Polynomials::tests::ten_variables_function_correctness::hf15631f66f442f0b
[INFO] [stdout]                                at /opt/rustwide/workdir/tests/Polynomials.rs:377:30
[INFO] [stdout]   20:     0x59918a732377 - Polynomials::tests::ten_variables_function_correctness::{{closure}}::he2b23411c4be69d1
[INFO] [stdout]                                at /opt/rustwide/workdir/tests/Polynomials.rs:172:44
[INFO] [stdout]   21:     0x59918a730356 - core::ops::function::FnOnce::call_once::hc0cf262bc5494f54
[INFO] [stdout]                                at /rustc/df4ca44d3fbc9301ee17f30f4d474e6ae4b05252/library/core/src/ops/function.rs:250:5
[INFO] [stdout]   22:     0x59918a77487b - core::ops::function::FnOnce::call_once::h22c3ba5715e93f05
[INFO] [stdout]                                at /rustc/df4ca44d3fbc9301ee17f30f4d474e6ae4b05252/library/core/src/ops/function.rs:250:5
[INFO] [stdout]   23:     0x59918a77487b - test::__rust_begin_short_backtrace::h8e82d8113d0da17f
[INFO] [stdout]                                at /rustc/df4ca44d3fbc9301ee17f30f4d474e6ae4b05252/library/test/src/lib.rs:621:18
[INFO] [stdout]   24:     0x59918a7741f7 - test::run_test_in_process::{{closure}}::h33235f4f20b7b7c7
[INFO] [stdout]                                at /rustc/df4ca44d3fbc9301ee17f30f4d474e6ae4b05252/library/test/src/lib.rs:644:60
[INFO] [stdout]   25:     0x59918a7741f7 - <core::panic::unwind_safe::AssertUnwindSafe<F> as core::ops::function::FnOnce<()>>::call_once::hb5043206310c586f
[INFO] [stdout]                                at /rustc/df4ca44d3fbc9301ee17f30f4d474e6ae4b05252/library/core/src/panic/unwind_safe.rs:272:9
[INFO] [stdout]   26:     0x59918a7741f7 - std::panicking::try::do_call::h9ad4731a60ab23e2
[INFO] [stdout]                                at /rustc/df4ca44d3fbc9301ee17f30f4d474e6ae4b05252/library/std/src/panicking.rs:557:40
[INFO] [stdout]   27:     0x59918a7741f7 - std::panicking::try::h3824d23db772a716
[INFO] [stdout]                                at /rustc/df4ca44d3fbc9301ee17f30f4d474e6ae4b05252/library/std/src/panicking.rs:520:19
[INFO] [stdout]   28:     0x59918a7741f7 - std::panic::catch_unwind::h5afd514605fde46b
[INFO] [stdout]                                at /rustc/df4ca44d3fbc9301ee17f30f4d474e6ae4b05252/library/std/src/panic.rs:358:14
[INFO] [stdout]   29:     0x59918a7741f7 - test::run_test_in_process::h0d5cbfa7067d1720
[INFO] [stdout]                                at /rustc/df4ca44d3fbc9301ee17f30f4d474e6ae4b05252/library/test/src/lib.rs:644:27
[INFO] [stdout]   30:     0x59918a7741f7 - test::run_test::{{closure}}::h708eb8872708115d
[INFO] [stdout]                                at /rustc/df4ca44d3fbc9301ee17f30f4d474e6ae4b05252/library/test/src/lib.rs:565:43
[INFO] [stdout]   31:     0x59918a737914 - test::run_test::{{closure}}::h392c51cee94713ab
[INFO] [stdout]                                at /rustc/df4ca44d3fbc9301ee17f30f4d474e6ae4b05252/library/test/src/lib.rs:595:41
[INFO] [stdout]   32:     0x59918a737914 - std::sys::backtrace::__rust_begin_short_backtrace::h2f40290710935a8b
[INFO] [stdout]                                at /rustc/df4ca44d3fbc9301ee17f30f4d474e6ae4b05252/library/std/src/sys/backtrace.rs:154:18
[INFO] [stdout]   33:     0x59918a73b0be - std::thread::Builder::spawn_unchecked_::{{closure}}::{{closure}}::h3fd968d89053a903
[INFO] [stdout]                                at /rustc/df4ca44d3fbc9301ee17f30f4d474e6ae4b05252/library/std/src/thread/mod.rs:541:17
[INFO] [stdout]   34:     0x59918a73b0be - <core::panic::unwind_safe::AssertUnwindSafe<F> as core::ops::function::FnOnce<()>>::call_once::h743f637ba4229880
[INFO] [stdout]                                at /rustc/df4ca44d3fbc9301ee17f30f4d474e6ae4b05252/library/core/src/panic/unwind_safe.rs:272:9
[INFO] [stdout]   35:     0x59918a73b0be - std::panicking::try::do_call::h07440897322525a6
[INFO] [stdout]                                at /rustc/df4ca44d3fbc9301ee17f30f4d474e6ae4b05252/library/std/src/panicking.rs:557:40
[INFO] [stdout]   36:     0x59918a73b0be - std::panicking::try::he5a2e00188156637
[INFO] [stdout]                                at /rustc/df4ca44d3fbc9301ee17f30f4d474e6ae4b05252/library/std/src/panicking.rs:520:19
[INFO] [stdout]   37:     0x59918a73b0be - std::panic::catch_unwind::hbaf3cae49b3c6433
[INFO] [stdout]                                at /rustc/df4ca44d3fbc9301ee17f30f4d474e6ae4b05252/library/std/src/panic.rs:358:14
[INFO] [stdout]   38:     0x59918a73b0be - std::thread::Builder::spawn_unchecked_::{{closure}}::h8e141ea224820bce
[INFO] [stdout]                                at /rustc/df4ca44d3fbc9301ee17f30f4d474e6ae4b05252/library/std/src/thread/mod.rs:540:30
[INFO] [stdout]   39:     0x59918a73b0be - core::ops::function::FnOnce::call_once{{vtable.shim}}::h90d312fedd7b8ea8
[INFO] [stdout]                                at /rustc/df4ca44d3fbc9301ee17f30f4d474e6ae4b05252/library/core/src/ops/function.rs:250:5
[INFO] [stdout]   40:     0x59918a8944db - <alloc::boxed::Box<F,A> as core::ops::function::FnOnce<Args>>::call_once::h69aa08ddb6adb8b6
[INFO] [stdout]                                at /rustc/df4ca44d3fbc9301ee17f30f4d474e6ae4b05252/library/alloc/src/boxed.rs:2454:9
[INFO] [stdout]   41:     0x59918a8944db - <alloc::boxed::Box<F,A> as core::ops::function::FnOnce<Args>>::call_once::h5aa36efdb79c806f
[INFO] [stdout]                                at /rustc/df4ca44d3fbc9301ee17f30f4d474e6ae4b05252/library/alloc/src/boxed.rs:2454:9
[INFO] [stdout]   42:     0x59918a8944db - std::sys::pal::unix::thread::Thread::new::thread_start::h6cd80a1b4be5158d
[INFO] [stdout]                                at /rustc/df4ca44d3fbc9301ee17f30f4d474e6ae4b05252/library/std/src/sys/pal/unix/thread.rs:105:17
[INFO] [stdout]   43:     0x7e0259c57ac3 - <unknown>
[INFO] [stdout]   44:     0x7e0259ce8a04 - clone
[INFO] [stdout]   45:                0x0 - <unknown>
[INFO] [stdout] 
[INFO] [stdout] 
[INFO] [stdout] failures:
[INFO] [stdout]     tests::ten_variables_function_correctness
[INFO] [stdout] 
[INFO] [stdout] test result: FAILED. 0 passed; 1 failed; 0 ignored; 0 measured; 0 filtered out; finished in 0.11s
[INFO] [stdout] 
[INFO] [stderr] error: test failed, to rerun pass `--test Polynomials`
[INFO] running `Command { std: "docker" "inspect" "da3d79ff2f6126c39d3c9c80808266940897ab7bc328b4e57ac2b45292a2b932", kill_on_drop: false }`
[INFO] running `Command { std: "docker" "rm" "-f" "da3d79ff2f6126c39d3c9c80808266940897ab7bc328b4e57ac2b45292a2b932", kill_on_drop: false }`
[INFO] [stdout] da3d79ff2f6126c39d3c9c80808266940897ab7bc328b4e57ac2b45292a2b932
