[INFO] cloning repository https://github.com/LeoMul/sir_lock
[INFO] running `Command { std: "git" "-c" "credential.helper=" "-c" "credential.helper=/workspace/cargo-home/bin/git-credential-null" "clone" "--bare" "https://github.com/LeoMul/sir_lock" "/workspace/cache/git-repos/https%3A%2F%2Fgithub.com%2FLeoMul%2Fsir_lock", kill_on_drop: false }`
[INFO] [stderr] Cloning into bare repository '/workspace/cache/git-repos/https%3A%2F%2Fgithub.com%2FLeoMul%2Fsir_lock'...
[INFO] running `Command { std: "git" "rev-parse" "HEAD", kill_on_drop: false }`
[INFO] [stdout] fb4900229aaabea200df9616db7c9f541c559c53
[INFO] testing LeoMul/sir_lock/fb4900229aaabea200df9616db7c9f541c559c53 against nightly-2024-10-28 for randomize-layout
[INFO] running `Command { std: "git" "clone" "/workspace/cache/git-repos/https%3A%2F%2Fgithub.com%2FLeoMul%2Fsir_lock" "/workspace/builds/worker-7-tc1/source", kill_on_drop: false }`
[INFO] [stderr] Cloning into '/workspace/builds/worker-7-tc1/source'...
[INFO] [stderr] done.
[INFO] validating manifest of git repo https://github.com/LeoMul/sir_lock on toolchain nightly-2024-10-28
[INFO] running `Command { std: CARGO_HOME="/workspace/cargo-home" RUSTUP_HOME="/workspace/rustup-home" "/workspace/cargo-home/bin/cargo" "+nightly-2024-10-28" "metadata" "--manifest-path" "Cargo.toml" "--no-deps", kill_on_drop: false }`
[INFO] started tweaking git repo https://github.com/LeoMul/sir_lock
[INFO] finished tweaking git repo https://github.com/LeoMul/sir_lock
[INFO] tweaked toml for git repo https://github.com/LeoMul/sir_lock written to /workspace/builds/worker-7-tc1/source/Cargo.toml
[INFO] crate git repo https://github.com/LeoMul/sir_lock already has a lockfile, it will not be regenerated
[INFO] running `Command { std: CARGO_HOME="/workspace/cargo-home" RUSTUP_HOME="/workspace/rustup-home" "/workspace/cargo-home/bin/cargo" "+nightly-2024-10-28" "fetch" "--manifest-path" "Cargo.toml", kill_on_drop: false }`
[INFO] [stderr]     Updating git repository `https://github.com/Pardoxa/net_ensembles.git`
[INFO] [stderr]     Updating git repository `https://github.com/Pardoxa/sampling.git`
[INFO] [stderr]  Downloading crates ...
[INFO] [stderr]   Downloaded easy-cast v0.4.4
[INFO] [stderr]   Downloaded average v0.13.1
[INFO] running `Command { std: "docker" "create" "-v" "/var/lib/crater-agent-workspace/builds/worker-7-tc1/target:/opt/rustwide/target:rw,Z" "-v" "/var/lib/crater-agent-workspace/builds/worker-7-tc1/source:/opt/rustwide/workdir:ro,Z" "-v" "/var/lib/crater-agent-workspace/cargo-home:/opt/rustwide/cargo-home:ro,Z" "-v" "/var/lib/crater-agent-workspace/rustup-home:/opt/rustwide/rustup-home:ro,Z" "-e" "SOURCE_DIR=/opt/rustwide/workdir" "-e" "CARGO_TARGET_DIR=/opt/rustwide/target" "-e" "CARGO_HOME=/opt/rustwide/cargo-home" "-e" "RUSTUP_HOME=/opt/rustwide/rustup-home" "-w" "/opt/rustwide/workdir" "-m" "1610612736" "--user" "0:0" "--network" "none" "ghcr.io/rust-lang/crates-build-env/linux@sha256:4a844ea9eb2546a2d2c7022eacef16ef2e8229c7fbb2c7d4d55a9ceca922f72d" "/opt/rustwide/cargo-home/bin/cargo" "+nightly-2024-10-28" "metadata" "--no-deps" "--format-version=1", kill_on_drop: false }`
[INFO] [stdout] a55645774f945b89bbc46700991f8e6f833e924630a47dbcd82c8e8d336f9cf1
[INFO] running `Command { std: "docker" "start" "-a" "a55645774f945b89bbc46700991f8e6f833e924630a47dbcd82c8e8d336f9cf1", kill_on_drop: false }`
[INFO] running `Command { std: "docker" "inspect" "a55645774f945b89bbc46700991f8e6f833e924630a47dbcd82c8e8d336f9cf1", kill_on_drop: false }`
[INFO] running `Command { std: "docker" "rm" "-f" "a55645774f945b89bbc46700991f8e6f833e924630a47dbcd82c8e8d336f9cf1", kill_on_drop: false }`
[INFO] [stdout] a55645774f945b89bbc46700991f8e6f833e924630a47dbcd82c8e8d336f9cf1
[INFO] running `Command { std: "docker" "create" "-v" "/var/lib/crater-agent-workspace/builds/worker-7-tc1/target:/opt/rustwide/target:rw,Z" "-v" "/var/lib/crater-agent-workspace/builds/worker-7-tc1/source:/opt/rustwide/workdir:ro,Z" "-v" "/var/lib/crater-agent-workspace/cargo-home:/opt/rustwide/cargo-home:ro,Z" "-v" "/var/lib/crater-agent-workspace/rustup-home:/opt/rustwide/rustup-home:ro,Z" "-e" "SOURCE_DIR=/opt/rustwide/workdir" "-e" "CARGO_TARGET_DIR=/opt/rustwide/target" "-e" "CARGO_INCREMENTAL=0" "-e" "RUST_BACKTRACE=full" "-e" "RUSTFLAGS=--cap-lints=forbid" "-e" "RUSTDOCFLAGS=--cap-lints=forbid" "-e" "CARGO_HOME=/opt/rustwide/cargo-home" "-e" "RUSTUP_HOME=/opt/rustwide/rustup-home" "-w" "/opt/rustwide/workdir" "-m" "1610612736" "--user" "0:0" "--network" "none" "ghcr.io/rust-lang/crates-build-env/linux@sha256:4a844ea9eb2546a2d2c7022eacef16ef2e8229c7fbb2c7d4d55a9ceca922f72d" "/opt/rustwide/cargo-home/bin/cargo" "+nightly-2024-10-28" "build" "--frozen" "--message-format=json", kill_on_drop: false }`
[INFO] [stdout] 3a1d1df7d38d323433533374c2d47a75764671b63cebd675df7e3ca7efd64b6a
[INFO] running `Command { std: "docker" "start" "-a" "3a1d1df7d38d323433533374c2d47a75764671b63cebd675df7e3ca7efd64b6a", kill_on_drop: false }`
[INFO] [stderr]    Compiling autocfg v1.1.0
[INFO] [stderr]    Compiling libc v0.2.126
[INFO] [stderr]    Compiling proc-macro2 v1.0.40
[INFO] [stderr]    Compiling cfg-if v1.0.0
[INFO] [stderr]    Compiling unicode-ident v1.0.1
[INFO] [stderr]    Compiling quote v1.0.20
[INFO] [stderr]    Compiling syn v1.0.98
[INFO] [stderr]    Compiling crossbeam-utils v0.8.10
[INFO] [stderr]    Compiling once_cell v1.12.0
[INFO] [stderr]    Compiling libm v0.2.2
[INFO] [stderr]    Compiling serde_derive v1.0.137
[INFO] [stderr]    Compiling version_check v0.9.4
[INFO] [stderr]    Compiling scopeguard v1.1.0
[INFO] [stderr]    Compiling memoffset v0.6.5
[INFO] [stderr]    Compiling num-traits v0.2.15
[INFO] [stderr]    Compiling crossbeam-epoch v0.9.9
[INFO] [stderr]    Compiling serde v1.0.137
[INFO] [stderr]    Compiling rayon-core v1.9.3
[INFO] [stderr]    Compiling proc-macro-error-attr v1.0.4
[INFO] [stderr]    Compiling crossbeam-channel v0.5.5
[INFO] [stderr]    Compiling getrandom v0.2.7
[INFO] [stderr]    Compiling rand_core v0.6.3
[INFO] [stderr]    Compiling crossbeam-deque v0.8.1
[INFO] [stderr]    Compiling num_cpus v1.13.1
[INFO] [stderr]    Compiling num-integer v0.1.45
[INFO] [stderr]    Compiling rayon v1.5.3
[INFO] [stderr]    Compiling ppv-lite86 v0.2.16
[INFO] [stderr]    Compiling unicode-width v0.1.9
[INFO] [stderr]    Compiling proc-macro-error v1.0.4
[INFO] [stderr]    Compiling unicode-segmentation v1.9.0
[INFO] [stderr]    Compiling either v1.6.1
[INFO] [stderr]    Compiling easy-cast v0.4.4
[INFO] [stderr]    Compiling rand_chacha v0.3.1
[INFO] [stderr]    Compiling strength_reduce v0.2.3
[INFO] [stderr]    Compiling rand v0.8.5
[INFO] [stderr]    Compiling regex-syntax v0.6.26
[INFO] [stderr]    Compiling float-ord v0.3.2
[INFO] [stderr]    Compiling transpose v0.2.1
[INFO] [stderr]    Compiling heck v0.3.3
[INFO] [stderr]    Compiling average v0.13.1
[INFO] [stderr]    Compiling textwrap v0.11.0
[INFO] [stderr]    Compiling terminal_size v0.1.17
[INFO] [stderr]    Compiling atty v0.2.14
[INFO] [stderr]    Compiling vec_map v0.8.2
[INFO] [stderr]    Compiling serde_json v1.0.81
[INFO] [stderr]    Compiling ansi_term v0.12.1
[INFO] [stderr]    Compiling strsim v0.8.0
[INFO] [stderr]    Compiling bitflags v1.3.2
[INFO] [stderr]    Compiling lazy_static v1.4.0
[INFO] [stderr]    Compiling itoa v1.0.2
[INFO] [stderr]    Compiling number_prefix v0.3.0
[INFO] [stderr]    Compiling clap v2.34.0
[INFO] [stderr]    Compiling ryu v1.0.10
[INFO] [stderr]    Compiling permutation v0.2.5
[INFO] [stderr]    Compiling rand_distr v0.4.3
[INFO] [stderr]    Compiling humantime v2.1.0
[INFO] [stderr]    Compiling regex v1.5.6
[INFO] [stderr]    Compiling console v0.15.0
[INFO] [stderr]    Compiling indicatif v0.15.0
[INFO] [stderr]    Compiling structopt-derive v0.4.18
[INFO] [stderr]    Compiling structopt v0.3.26
[INFO] [stderr]    Compiling sampling v0.2.0-alpha (https://github.com/Pardoxa/sampling.git?rev=5919e83829e9a46d53e3b3631fa7a30491299ba5#5919e838)
[INFO] [stderr]    Compiling bincode v1.3.3
[INFO] [stderr]    Compiling rand_pcg v0.3.1
[INFO] [stderr]    Compiling net_ensembles v0.6.0-alpha (https://github.com/Pardoxa/net_ensembles.git?rev=4111f7af28188351899101995e4a3374d7cc207b#4111f7af)
[INFO] [stderr]    Compiling sir_lock v0.3.3-beta (/opt/rustwide/workdir)
[INFO] [stdout] warning: unused import: `net_ensembles::sw_graph::SwContainer`
[INFO] [stdout]  --> src/sir_model/simple_prop.rs:3:5
[INFO] [stdout]   |
[INFO] [stdout] 3 | use net_ensembles::sw_graph::SwContainer;
[INFO] [stdout]   |     ^^^^^^^^^^^^^^^^^^^^^^^^^^^^^^^^^^^^
[INFO] [stdout]   |
[INFO] [stdout]   = note: `#[warn(unused_imports)]` on by default
[INFO] [stdout] 
[INFO] [stdout] 
[INFO] [stdout] warning: unused import: `GenericGraph`
[INFO] [stdout]  --> src/sir_model/simple_prop.rs:5:46
[INFO] [stdout]   |
[INFO] [stdout] 5 | use net_ensembles::{GraphIteratorsMut, rand, GenericGraph};
[INFO] [stdout]   |                                              ^^^^^^^^^^^^
[INFO] [stdout] 
[INFO] [stdout] 
[INFO] [stdout] warning: unexpected `cfg` condition value: `debug_assertions`
[INFO] [stdout]    --> src/sir_model/large_dev_model_ba.rs:303:23
[INFO] [stdout]     |
[INFO] [stdout] 303 |                 #[cfg(feature = "debug_assertions")]
[INFO] [stdout]     |                       ^^^^^^^^^^^^^^^^^^^^^^^^^^^^
[INFO] [stdout]     |
[INFO] [stdout]     = note: expected values for `feature` are: `ldprint`
[INFO] [stdout]     = help: consider adding `debug_assertions` as a feature in `Cargo.toml`
[INFO] [stdout]     = note: see <https://doc.rust-lang.org/nightly/rustc/check-cfg/cargo-specifics.html> for more information about checking conditional configuration
[INFO] [stdout]     = note: `#[warn(unexpected_cfgs)]` on by default
[INFO] [stdout] 
[INFO] [stdout] 
[INFO] [stdout] warning: ambiguous glob re-exports
[INFO] [stdout]   --> src/sir_model.rs:19:9
[INFO] [stdout]    |
[INFO] [stdout] 19 | pub use large_dev_model_ba::*;
[INFO] [stdout]    |         ^^^^^^^^^^^^^^^^^^^^^ the name `Measure` in the type namespace is first re-exported here
[INFO] [stdout] ...
[INFO] [stdout] 22 | pub use large_dev_model_sw::*;
[INFO] [stdout]    |         --------------------- but the name `Measure` in the type namespace is also re-exported here
[INFO] [stdout]    |
[INFO] [stdout]    = note: `#[warn(ambiguous_glob_reexports)]` on by default
[INFO] [stdout] 
[INFO] [stdout] 
[INFO] [stdout] warning: ambiguous glob re-exports
[INFO] [stdout]   --> src/sir_model.rs:19:9
[INFO] [stdout]    |
[INFO] [stdout] 19 | pub use large_dev_model_ba::*;
[INFO] [stdout]    |         ^^^^^^^^^^^^^^^^^^^^^ the name `LockdownIndicator` in the type namespace is first re-exported here
[INFO] [stdout] ...
[INFO] [stdout] 22 | pub use large_dev_model_sw::*;
[INFO] [stdout]    |         --------------------- but the name `LockdownIndicator` in the type namespace is also re-exported here
[INFO] [stdout] 
[INFO] [stdout] 
[INFO] [stdout] warning: unexpected `cfg` condition value: `debug_assertions`
[INFO] [stdout]    --> src/sir_model/large_dev_model_sw.rs:319:23
[INFO] [stdout]     |
[INFO] [stdout] 319 |                 #[cfg(feature = "debug_assertions")]
[INFO] [stdout]     |                       ^^^^^^^^^^^^^^^^^^^^^^^^^^^^
[INFO] [stdout]     |
[INFO] [stdout]     = note: expected values for `feature` are: `ldprint`
[INFO] [stdout]     = help: consider adding `debug_assertions` as a feature in `Cargo.toml`
[INFO] [stdout]     = note: see <https://doc.rust-lang.org/nightly/rustc/check-cfg/cargo-specifics.html> for more information about checking conditional configuration
[INFO] [stdout] 
[INFO] [stdout] 
[INFO] [stdout] warning: unused doc comment
[INFO] [stdout]     --> src/sir_model/large_dev_model_sw.rs:1279:17
[INFO] [stdout]      |
[INFO] [stdout] 1279 |                   /// 
[INFO] [stdout]      |                   ^^^^
[INFO] [stdout] ...
[INFO] [stdout] 1298 | /                 {
[INFO] [stdout] 1299 | |                     //println!("not lockdown markov move");
[INFO] [stdout] 1300 | |                     self.ld_model.m_steps(count, &mut self.markov_workaround);
[INFO] [stdout] ...    |
[INFO] [stdout] 1308 | |                     self.markov_workaround.clear();
[INFO] [stdout] 1309 | |                 }
[INFO] [stdout]      | |_________________- rustdoc does not generate documentation for expressions
[INFO] [stdout]      |
[INFO] [stdout]      = help: use `//` for a plain comment
[INFO] [stdout]      = note: `#[warn(unused_doc_comments)]` on by default
[INFO] [stdout] 
[INFO] [stdout] 
[INFO] [stdout] warning: unused import: `lockdown_methods::LockdownParameters`
[INFO] [stdout]   --> src/life_span_size_fitting_threshscan/execute.rs:24:57
[INFO] [stdout]    |
[INFO] [stdout] 24 | use crate::{ sir_model::small_world_options::SWOptions, lockdown_methods::LockdownParameters};
[INFO] [stdout]    |                                                         ^^^^^^^^^^^^^^^^^^^^^^^^^^^^^^^^^^^^
[INFO] [stdout] 
[INFO] [stdout] 
[INFO] [stdout] warning: unused variable: `post_locked_down_graph`
[INFO] [stdout]    --> src/sir_model/simple_prop.rs:435:13
[INFO] [stdout]     |
[INFO] [stdout] 435 |         let post_locked_down_graph = &mut self.transfer_sir_information(post_locked_down_graph);
[INFO] [stdout]     |             ^^^^^^^^^^^^^^^^^^^^^^ help: if this is intentional, prefix it with an underscore: `_post_locked_down_graph`
[INFO] [stdout]     |
[INFO] [stdout]     = note: `#[warn(unused_variables)]` on by default
[INFO] [stdout] 
[INFO] [stdout] 
[INFO] [stdout] warning: unused variable: `locked_down`
[INFO] [stdout]    --> src/scan_lambda/execute.rs:270:21
[INFO] [stdout]     |
[INFO] [stdout] 270 |                 let locked_down = &mut inner.1;
[INFO] [stdout]     |                     ^^^^^^^^^^^ help: if this is intentional, prefix it with an underscore: `_locked_down`
[INFO] [stdout] 
[INFO] [stdout] 
[INFO] [stdout] warning: unused variable: `lock`
[INFO] [stdout]   --> src/scan_lambda_gamma/execute.rs:38:9
[INFO] [stdout]    |
[INFO] [stdout] 38 |     let lock = LockdownParameters{
[INFO] [stdout]    |         ^^^^ help: if this is intentional, prefix it with an underscore: `_lock`
[INFO] [stdout] 
[INFO] [stdout] 
[INFO] [stdout] warning: unused variable: `lockgraph`
[INFO] [stdout]   --> src/critical_lambda/execute.rs:94:29
[INFO] [stdout]    |
[INFO] [stdout] 94 |                     let mut lockgraph = model.create_locked_down_network(lockparams);
[INFO] [stdout]    |                             ^^^^^^^^^ help: if this is intentional, prefix it with an underscore: `_lockgraph`
[INFO] [stdout] 
[INFO] [stdout] 
[INFO] [stdout] warning: variable does not need to be mutable
[INFO] [stdout]   --> src/critical_lambda/execute.rs:94:25
[INFO] [stdout]    |
[INFO] [stdout] 94 |                     let mut lockgraph = model.create_locked_down_network(lockparams);
[INFO] [stdout]    |                         ----^^^^^^^^^
[INFO] [stdout]    |                         |
[INFO] [stdout]    |                         help: remove this `mut`
[INFO] [stdout]    |
[INFO] [stdout]    = note: `#[warn(unused_mut)]` on by default
[INFO] [stdout] 
[INFO] [stdout] 
[INFO] [stdout] warning: unused variable: `locked_down`
[INFO] [stdout]   --> src/scan_lambda_lock_thresh/execute.rs:97:17
[INFO] [stdout]    |
[INFO] [stdout] 97 |             let locked_down = &mut inner.1;
[INFO] [stdout]    |                 ^^^^^^^^^^^ help: if this is intentional, prefix it with an underscore: `_locked_down`
[INFO] [stdout] 
[INFO] [stdout] 
[INFO] [stdout] warning: value assigned to `m` is never read
[INFO] [stdout]    --> src/simple_sampling/execute.rs:150:29
[INFO] [stdout]     |
[INFO] [stdout] 150 |                     let mut m = 0;
[INFO] [stdout]     |                             ^
[INFO] [stdout]     |
[INFO] [stdout]     = help: maybe it is overwritten before being read?
[INFO] [stdout]     = note: `#[warn(unused_assignments)]` on by default
[INFO] [stdout] 
[INFO] [stdout] 
[INFO] [stdout] warning: unused variable: `locked_down_graph`
[INFO] [stdout]    --> src/scan_gamma/execute.rs:150:21
[INFO] [stdout]     |
[INFO] [stdout] 150 |                 let locked_down_graph = &mut inner.1;
[INFO] [stdout]     |                     ^^^^^^^^^^^^^^^^^ help: if this is intentional, prefix it with an underscore: `_locked_down_graph`
[INFO] [stdout] 
[INFO] [stdout] 
[INFO] [stdout] warning: unused variable: `locked_down_graph`
[INFO] [stdout]    --> src/scan_gamma/execute.rs:247:21
[INFO] [stdout]     |
[INFO] [stdout] 247 |                 let locked_down_graph = &mut inner.1;
[INFO] [stdout]     |                     ^^^^^^^^^^^^^^^^^ help: if this is intentional, prefix it with an underscore: `_locked_down_graph`
[INFO] [stdout] 
[INFO] [stdout] 
[INFO] [stdout] warning: unused variable: `lockparams`
[INFO] [stdout]   --> src/scan_lock_params/execute.rs:47:9
[INFO] [stdout]    |
[INFO] [stdout] 47 |     let lockparams = LockdownParameters{
[INFO] [stdout]    |         ^^^^^^^^^^ help: if this is intentional, prefix it with an underscore: `_lockparams`
[INFO] [stdout] 
[INFO] [stdout] 
[INFO] [stdout] warning: unused variable: `lockgraph`
[INFO] [stdout]    --> src/scan_lock_params/execute.rs:115:29
[INFO] [stdout]     |
[INFO] [stdout] 115 |                     let mut lockgraph = model.create_locked_down_network(lockparams);
[INFO] [stdout]     |                             ^^^^^^^^^ help: if this is intentional, prefix it with an underscore: `_lockgraph`
[INFO] [stdout] 
[INFO] [stdout] 
[INFO] [stdout] warning: variable does not need to be mutable
[INFO] [stdout]    --> src/scan_lock_params/execute.rs:115:25
[INFO] [stdout]     |
[INFO] [stdout] 115 |                     let mut lockgraph = model.create_locked_down_network(lockparams);
[INFO] [stdout]     |                         ----^^^^^^^^^
[INFO] [stdout]     |                         |
[INFO] [stdout]     |                         help: remove this `mut`
[INFO] [stdout] 
[INFO] [stdout] 
[INFO] [stderr]     Finished `dev` profile [unoptimized + debuginfo] target(s) in 13.59s
[INFO] running `Command { std: "docker" "inspect" "3a1d1df7d38d323433533374c2d47a75764671b63cebd675df7e3ca7efd64b6a", kill_on_drop: false }`
[INFO] running `Command { std: "docker" "rm" "-f" "3a1d1df7d38d323433533374c2d47a75764671b63cebd675df7e3ca7efd64b6a", kill_on_drop: false }`
[INFO] [stdout] 3a1d1df7d38d323433533374c2d47a75764671b63cebd675df7e3ca7efd64b6a
[INFO] running `Command { std: "docker" "create" "-v" "/var/lib/crater-agent-workspace/builds/worker-7-tc1/target:/opt/rustwide/target:rw,Z" "-v" "/var/lib/crater-agent-workspace/builds/worker-7-tc1/source:/opt/rustwide/workdir:ro,Z" "-v" "/var/lib/crater-agent-workspace/cargo-home:/opt/rustwide/cargo-home:ro,Z" "-v" "/var/lib/crater-agent-workspace/rustup-home:/opt/rustwide/rustup-home:ro,Z" "-e" "SOURCE_DIR=/opt/rustwide/workdir" "-e" "CARGO_TARGET_DIR=/opt/rustwide/target" "-e" "CARGO_INCREMENTAL=0" "-e" "RUST_BACKTRACE=full" "-e" "RUSTFLAGS=--cap-lints=forbid" "-e" "RUSTDOCFLAGS=--cap-lints=forbid" "-e" "CARGO_HOME=/opt/rustwide/cargo-home" "-e" "RUSTUP_HOME=/opt/rustwide/rustup-home" "-w" "/opt/rustwide/workdir" "-m" "1610612736" "--user" "0:0" "--network" "none" "ghcr.io/rust-lang/crates-build-env/linux@sha256:4a844ea9eb2546a2d2c7022eacef16ef2e8229c7fbb2c7d4d55a9ceca922f72d" "/opt/rustwide/cargo-home/bin/cargo" "+nightly-2024-10-28" "test" "--frozen" "--no-run" "--message-format=json", kill_on_drop: false }`
[INFO] [stdout] 6ebe9e2c42a2e3d213053daa3ef5aa861acab984b35476484ccf997447b2473d
[INFO] running `Command { std: "docker" "start" "-a" "6ebe9e2c42a2e3d213053daa3ef5aa861acab984b35476484ccf997447b2473d", kill_on_drop: false }`
[INFO] [stderr]    Compiling sir_lock v0.3.3-beta (/opt/rustwide/workdir)
[INFO] [stdout] warning: unused import: `net_ensembles::sw_graph::SwContainer`
[INFO] [stdout]  --> src/sir_model/simple_prop.rs:3:5
[INFO] [stdout]   |
[INFO] [stdout] 3 | use net_ensembles::sw_graph::SwContainer;
[INFO] [stdout]   |     ^^^^^^^^^^^^^^^^^^^^^^^^^^^^^^^^^^^^
[INFO] [stdout]   |
[INFO] [stdout]   = note: `#[warn(unused_imports)]` on by default
[INFO] [stdout] 
[INFO] [stdout] 
[INFO] [stdout] warning: unused import: `GenericGraph`
[INFO] [stdout]  --> src/sir_model/simple_prop.rs:5:46
[INFO] [stdout]   |
[INFO] [stdout] 5 | use net_ensembles::{GraphIteratorsMut, rand, GenericGraph};
[INFO] [stdout]   |                                              ^^^^^^^^^^^^
[INFO] [stdout] 
[INFO] [stdout] 
[INFO] [stdout] warning: unexpected `cfg` condition value: `debug_assertions`
[INFO] [stdout]    --> src/sir_model/large_dev_model_ba.rs:303:23
[INFO] [stdout]     |
[INFO] [stdout] 303 |                 #[cfg(feature = "debug_assertions")]
[INFO] [stdout]     |                       ^^^^^^^^^^^^^^^^^^^^^^^^^^^^
[INFO] [stdout]     |
[INFO] [stdout]     = note: expected values for `feature` are: `ldprint`
[INFO] [stdout]     = help: consider adding `debug_assertions` as a feature in `Cargo.toml`
[INFO] [stdout]     = note: see <https://doc.rust-lang.org/nightly/rustc/check-cfg/cargo-specifics.html> for more information about checking conditional configuration
[INFO] [stdout]     = note: `#[warn(unexpected_cfgs)]` on by default
[INFO] [stdout] 
[INFO] [stdout] 
[INFO] [stdout] warning: ambiguous glob re-exports
[INFO] [stdout]   --> src/sir_model.rs:19:9
[INFO] [stdout]    |
[INFO] [stdout] 19 | pub use large_dev_model_ba::*;
[INFO] [stdout]    |         ^^^^^^^^^^^^^^^^^^^^^ the name `Measure` in the type namespace is first re-exported here
[INFO] [stdout] ...
[INFO] [stdout] 22 | pub use large_dev_model_sw::*;
[INFO] [stdout]    |         --------------------- but the name `Measure` in the type namespace is also re-exported here
[INFO] [stdout]    |
[INFO] [stdout]    = note: `#[warn(ambiguous_glob_reexports)]` on by default
[INFO] [stdout] 
[INFO] [stdout] 
[INFO] [stdout] warning: ambiguous glob re-exports
[INFO] [stdout]   --> src/sir_model.rs:19:9
[INFO] [stdout]    |
[INFO] [stdout] 19 | pub use large_dev_model_ba::*;
[INFO] [stdout]    |         ^^^^^^^^^^^^^^^^^^^^^ the name `LockdownIndicator` in the type namespace is first re-exported here
[INFO] [stdout] ...
[INFO] [stdout] 22 | pub use large_dev_model_sw::*;
[INFO] [stdout]    |         --------------------- but the name `LockdownIndicator` in the type namespace is also re-exported here
[INFO] [stdout] 
[INFO] [stdout] 
[INFO] [stdout] warning: unexpected `cfg` condition value: `debug_assertions`
[INFO] [stdout]    --> src/sir_model/large_dev_model_sw.rs:319:23
[INFO] [stdout]     |
[INFO] [stdout] 319 |                 #[cfg(feature = "debug_assertions")]
[INFO] [stdout]     |                       ^^^^^^^^^^^^^^^^^^^^^^^^^^^^
[INFO] [stdout]     |
[INFO] [stdout]     = note: expected values for `feature` are: `ldprint`
[INFO] [stdout]     = help: consider adding `debug_assertions` as a feature in `Cargo.toml`
[INFO] [stdout]     = note: see <https://doc.rust-lang.org/nightly/rustc/check-cfg/cargo-specifics.html> for more information about checking conditional configuration
[INFO] [stdout] 
[INFO] [stdout] 
[INFO] [stdout] warning: unused doc comment
[INFO] [stdout]     --> src/sir_model/large_dev_model_sw.rs:1279:17
[INFO] [stdout]      |
[INFO] [stdout] 1279 |                   /// 
[INFO] [stdout]      |                   ^^^^
[INFO] [stdout] ...
[INFO] [stdout] 1298 | /                 {
[INFO] [stdout] 1299 | |                     //println!("not lockdown markov move");
[INFO] [stdout] 1300 | |                     self.ld_model.m_steps(count, &mut self.markov_workaround);
[INFO] [stdout] ...    |
[INFO] [stdout] 1308 | |                     self.markov_workaround.clear();
[INFO] [stdout] 1309 | |                 }
[INFO] [stdout]      | |_________________- rustdoc does not generate documentation for expressions
[INFO] [stdout]      |
[INFO] [stdout]      = help: use `//` for a plain comment
[INFO] [stdout]      = note: `#[warn(unused_doc_comments)]` on by default
[INFO] [stdout] 
[INFO] [stdout] 
[INFO] [stdout] warning: unused import: `lockdown_methods::LockdownParameters`
[INFO] [stdout]   --> src/life_span_size_fitting_threshscan/execute.rs:24:57
[INFO] [stdout]    |
[INFO] [stdout] 24 | use crate::{ sir_model::small_world_options::SWOptions, lockdown_methods::LockdownParameters};
[INFO] [stdout]    |                                                         ^^^^^^^^^^^^^^^^^^^^^^^^^^^^^^^^^^^^
[INFO] [stdout] 
[INFO] [stdout] 
[INFO] [stdout] warning: unused variable: `post_locked_down_graph`
[INFO] [stdout]    --> src/sir_model/simple_prop.rs:435:13
[INFO] [stdout]     |
[INFO] [stdout] 435 |         let post_locked_down_graph = &mut self.transfer_sir_information(post_locked_down_graph);
[INFO] [stdout]     |             ^^^^^^^^^^^^^^^^^^^^^^ help: if this is intentional, prefix it with an underscore: `_post_locked_down_graph`
[INFO] [stdout]     |
[INFO] [stdout]     = note: `#[warn(unused_variables)]` on by default
[INFO] [stdout] 
[INFO] [stdout] 
[INFO] [stdout] warning: unused variable: `locked_down`
[INFO] [stdout]    --> src/scan_lambda/execute.rs:270:21
[INFO] [stdout]     |
[INFO] [stdout] 270 |                 let locked_down = &mut inner.1;
[INFO] [stdout]     |                     ^^^^^^^^^^^ help: if this is intentional, prefix it with an underscore: `_locked_down`
[INFO] [stdout] 
[INFO] [stdout] 
[INFO] [stdout] warning: unused variable: `lock`
[INFO] [stdout]   --> src/scan_lambda_gamma/execute.rs:38:9
[INFO] [stdout]    |
[INFO] [stdout] 38 |     let lock = LockdownParameters{
[INFO] [stdout]    |         ^^^^ help: if this is intentional, prefix it with an underscore: `_lock`
[INFO] [stdout] 
[INFO] [stdout] 
[INFO] [stdout] warning: unused variable: `lockgraph`
[INFO] [stdout]   --> src/critical_lambda/execute.rs:94:29
[INFO] [stdout]    |
[INFO] [stdout] 94 |                     let mut lockgraph = model.create_locked_down_network(lockparams);
[INFO] [stdout]    |                             ^^^^^^^^^ help: if this is intentional, prefix it with an underscore: `_lockgraph`
[INFO] [stdout] 
[INFO] [stdout] 
[INFO] [stdout] warning: variable does not need to be mutable
[INFO] [stdout]   --> src/critical_lambda/execute.rs:94:25
[INFO] [stdout]    |
[INFO] [stdout] 94 |                     let mut lockgraph = model.create_locked_down_network(lockparams);
[INFO] [stdout]    |                         ----^^^^^^^^^
[INFO] [stdout]    |                         |
[INFO] [stdout]    |                         help: remove this `mut`
[INFO] [stdout]    |
[INFO] [stdout]    = note: `#[warn(unused_mut)]` on by default
[INFO] [stdout] 
[INFO] [stdout] 
[INFO] [stdout] warning: unused variable: `locked_down`
[INFO] [stdout]   --> src/scan_lambda_lock_thresh/execute.rs:97:17
[INFO] [stdout]    |
[INFO] [stdout] 97 |             let locked_down = &mut inner.1;
[INFO] [stdout]    |                 ^^^^^^^^^^^ help: if this is intentional, prefix it with an underscore: `_locked_down`
[INFO] [stdout] 
[INFO] [stdout] 
[INFO] [stdout] warning: value assigned to `m` is never read
[INFO] [stdout]    --> src/simple_sampling/execute.rs:150:29
[INFO] [stdout]     |
[INFO] [stdout] 150 |                     let mut m = 0;
[INFO] [stdout]     |                             ^
[INFO] [stdout]     |
[INFO] [stdout]     = help: maybe it is overwritten before being read?
[INFO] [stdout]     = note: `#[warn(unused_assignments)]` on by default
[INFO] [stdout] 
[INFO] [stdout] 
[INFO] [stdout] warning: unused variable: `locked_down_graph`
[INFO] [stdout]    --> src/scan_gamma/execute.rs:150:21
[INFO] [stdout]     |
[INFO] [stdout] 150 |                 let locked_down_graph = &mut inner.1;
[INFO] [stdout]     |                     ^^^^^^^^^^^^^^^^^ help: if this is intentional, prefix it with an underscore: `_locked_down_graph`
[INFO] [stdout] 
[INFO] [stdout] 
[INFO] [stdout] warning: unused variable: `locked_down_graph`
[INFO] [stdout]    --> src/scan_gamma/execute.rs:247:21
[INFO] [stdout]     |
[INFO] [stdout] 247 |                 let locked_down_graph = &mut inner.1;
[INFO] [stdout]     |                     ^^^^^^^^^^^^^^^^^ help: if this is intentional, prefix it with an underscore: `_locked_down_graph`
[INFO] [stdout] 
[INFO] [stdout] 
[INFO] [stdout] warning: unused variable: `lockparams`
[INFO] [stdout]   --> src/scan_lock_params/execute.rs:47:9
[INFO] [stdout]    |
[INFO] [stdout] 47 |     let lockparams = LockdownParameters{
[INFO] [stdout]    |         ^^^^^^^^^^ help: if this is intentional, prefix it with an underscore: `_lockparams`
[INFO] [stdout] 
[INFO] [stdout] 
[INFO] [stdout] warning: unused variable: `lockgraph`
[INFO] [stdout]    --> src/scan_lock_params/execute.rs:115:29
[INFO] [stdout]     |
[INFO] [stdout] 115 |                     let mut lockgraph = model.create_locked_down_network(lockparams);
[INFO] [stdout]     |                             ^^^^^^^^^ help: if this is intentional, prefix it with an underscore: `_lockgraph`
[INFO] [stdout] 
[INFO] [stdout] 
[INFO] [stdout] warning: variable does not need to be mutable
[INFO] [stdout]    --> src/scan_lock_params/execute.rs:115:25
[INFO] [stdout]     |
[INFO] [stdout] 115 |                     let mut lockgraph = model.create_locked_down_network(lockparams);
[INFO] [stdout]     |                         ----^^^^^^^^^
[INFO] [stdout]     |                         |
[INFO] [stdout]     |                         help: remove this `mut`
[INFO] [stdout] 
[INFO] [stdout] 
[INFO] [stderr]     Finished `test` profile [unoptimized + debuginfo] target(s) in 1.96s
[INFO] running `Command { std: "docker" "inspect" "6ebe9e2c42a2e3d213053daa3ef5aa861acab984b35476484ccf997447b2473d", kill_on_drop: false }`
[INFO] running `Command { std: "docker" "rm" "-f" "6ebe9e2c42a2e3d213053daa3ef5aa861acab984b35476484ccf997447b2473d", kill_on_drop: false }`
[INFO] [stdout] 6ebe9e2c42a2e3d213053daa3ef5aa861acab984b35476484ccf997447b2473d
[INFO] running `Command { std: "docker" "create" "-v" "/var/lib/crater-agent-workspace/builds/worker-7-tc1/target:/opt/rustwide/target:rw,Z" "-v" "/var/lib/crater-agent-workspace/builds/worker-7-tc1/source:/opt/rustwide/workdir:ro,Z" "-v" "/var/lib/crater-agent-workspace/cargo-home:/opt/rustwide/cargo-home:ro,Z" "-v" "/var/lib/crater-agent-workspace/rustup-home:/opt/rustwide/rustup-home:ro,Z" "-e" "SOURCE_DIR=/opt/rustwide/workdir" "-e" "CARGO_TARGET_DIR=/opt/rustwide/target" "-e" "CARGO_INCREMENTAL=0" "-e" "RUST_BACKTRACE=full" "-e" "RUSTFLAGS=--cap-lints=forbid" "-e" "RUSTDOCFLAGS=--cap-lints=forbid" "-e" "CARGO_HOME=/opt/rustwide/cargo-home" "-e" "RUSTUP_HOME=/opt/rustwide/rustup-home" "-w" "/opt/rustwide/workdir" "-m" "1610612736" "--user" "0:0" "--network" "none" "ghcr.io/rust-lang/crates-build-env/linux@sha256:4a844ea9eb2546a2d2c7022eacef16ef2e8229c7fbb2c7d4d55a9ceca922f72d" "/opt/rustwide/cargo-home/bin/cargo" "+nightly-2024-10-28" "test" "--frozen", kill_on_drop: false }`
[INFO] [stdout] 9113fdf59658fe50e5c4f75feff28e0430dd4201343f363b586ce372930a3248
[INFO] running `Command { std: "docker" "start" "-a" "9113fdf59658fe50e5c4f75feff28e0430dd4201343f363b586ce372930a3248", kill_on_drop: false }`
[INFO] [stderr] warning: unused import: `net_ensembles::sw_graph::SwContainer`
[INFO] [stderr]  --> src/sir_model/simple_prop.rs:3:5
[INFO] [stderr]   |
[INFO] [stderr] 3 | use net_ensembles::sw_graph::SwContainer;
[INFO] [stderr]   |     ^^^^^^^^^^^^^^^^^^^^^^^^^^^^^^^^^^^^
[INFO] [stderr]   |
[INFO] [stderr]   = note: `#[warn(unused_imports)]` on by default
[INFO] [stderr] 
[INFO] [stderr] warning: unused import: `GenericGraph`
[INFO] [stderr]  --> src/sir_model/simple_prop.rs:5:46
[INFO] [stderr]   |
[INFO] [stderr] 5 | use net_ensembles::{GraphIteratorsMut, rand, GenericGraph};
[INFO] [stderr]   |                                              ^^^^^^^^^^^^
[INFO] [stderr] 
[INFO] [stderr] warning: unexpected `cfg` condition value: `debug_assertions`
[INFO] [stderr]    --> src/sir_model/large_dev_model_ba.rs:303:23
[INFO] [stderr]     |
[INFO] [stderr] 303 |                 #[cfg(feature = "debug_assertions")]
[INFO] [stderr]     |                       ^^^^^^^^^^^^^^^^^^^^^^^^^^^^
[INFO] [stderr]     |
[INFO] [stderr]     = note: expected values for `feature` are: `ldprint`
[INFO] [stderr]     = help: consider adding `debug_assertions` as a feature in `Cargo.toml`
[INFO] [stderr]     = note: see <https://doc.rust-lang.org/nightly/rustc/check-cfg/cargo-specifics.html> for more information about checking conditional configuration
[INFO] [stderr]     = note: `#[warn(unexpected_cfgs)]` on by default
[INFO] [stderr] 
[INFO] [stderr] warning: ambiguous glob re-exports
[INFO] [stderr]   --> src/sir_model.rs:19:9
[INFO] [stderr]    |
[INFO] [stderr] 19 | pub use large_dev_model_ba::*;
[INFO] [stderr]    |         ^^^^^^^^^^^^^^^^^^^^^ the name `Measure` in the type namespace is first re-exported here
[INFO] [stderr] ...
[INFO] [stderr] 22 | pub use large_dev_model_sw::*;
[INFO] [stderr]    |         --------------------- but the name `Measure` in the type namespace is also re-exported here
[INFO] [stderr]    |
[INFO] [stderr]    = note: `#[warn(ambiguous_glob_reexports)]` on by default
[INFO] [stderr] 
[INFO] [stderr] warning: ambiguous glob re-exports
[INFO] [stderr]   --> src/sir_model.rs:19:9
[INFO] [stderr]    |
[INFO] [stderr] 19 | pub use large_dev_model_ba::*;
[INFO] [stderr]    |         ^^^^^^^^^^^^^^^^^^^^^ the name `LockdownIndicator` in the type namespace is first re-exported here
[INFO] [stderr] ...
[INFO] [stderr] 22 | pub use large_dev_model_sw::*;
[INFO] [stderr]    |         --------------------- but the name `LockdownIndicator` in the type namespace is also re-exported here
[INFO] [stderr] 
[INFO] [stderr] warning: unexpected `cfg` condition value: `debug_assertions`
[INFO] [stderr]    --> src/sir_model/large_dev_model_sw.rs:319:23
[INFO] [stderr]     |
[INFO] [stderr] 319 |                 #[cfg(feature = "debug_assertions")]
[INFO] [stderr]     |                       ^^^^^^^^^^^^^^^^^^^^^^^^^^^^
[INFO] [stderr]     |
[INFO] [stderr]     = note: expected values for `feature` are: `ldprint`
[INFO] [stderr]     = help: consider adding `debug_assertions` as a feature in `Cargo.toml`
[INFO] [stderr]     = note: see <https://doc.rust-lang.org/nightly/rustc/check-cfg/cargo-specifics.html> for more information about checking conditional configuration
[INFO] [stderr] 
[INFO] [stderr] warning: unused doc comment
[INFO] [stderr]     --> src/sir_model/large_dev_model_sw.rs:1279:17
[INFO] [stderr]      |
[INFO] [stderr] 1279 |                   /// 
[INFO] [stderr]      |                   ^^^^
[INFO] [stderr] ...
[INFO] [stderr] 1298 | /                 {
[INFO] [stderr] 1299 | |                     //println!("not lockdown markov move");
[INFO] [stderr] 1300 | |                     self.ld_model.m_steps(count, &mut self.markov_workaround);
[INFO] [stderr] ...    |
[INFO] [stderr] 1308 | |                     self.markov_workaround.clear();
[INFO] [stderr] 1309 | |                 }
[INFO] [stderr]      | |_________________- rustdoc does not generate documentation for expressions
[INFO] [stderr]      |
[INFO] [stderr]      = help: use `//` for a plain comment
[INFO] [stderr]      = note: `#[warn(unused_doc_comments)]` on by default
[INFO] [stderr] 
[INFO] [stderr] warning: unused import: `lockdown_methods::LockdownParameters`
[INFO] [stderr]   --> src/life_span_size_fitting_threshscan/execute.rs:24:57
[INFO] [stderr]    |
[INFO] [stderr] 24 | use crate::{ sir_model::small_world_options::SWOptions, lockdown_methods::LockdownParameters};
[INFO] [stderr]    |                                                         ^^^^^^^^^^^^^^^^^^^^^^^^^^^^^^^^^^^^
[INFO] [stderr] 
[INFO] [stderr] warning: unused variable: `post_locked_down_graph`
[INFO] [stderr]    --> src/sir_model/simple_prop.rs:435:13
[INFO] [stderr]     |
[INFO] [stderr] 435 |         let post_locked_down_graph = &mut self.transfer_sir_information(post_locked_down_graph);
[INFO] [stderr]     |             ^^^^^^^^^^^^^^^^^^^^^^ help: if this is intentional, prefix it with an underscore: `_post_locked_down_graph`
[INFO] [stderr]     |
[INFO] [stderr]     = note: `#[warn(unused_variables)]` on by default
[INFO] [stderr] 
[INFO] [stderr] warning: unused variable: `locked_down`
[INFO] [stderr]    --> src/scan_lambda/execute.rs:270:21
[INFO] [stderr]     |
[INFO] [stderr] 270 |                 let locked_down = &mut inner.1;
[INFO] [stderr]     |                     ^^^^^^^^^^^ help: if this is intentional, prefix it with an underscore: `_locked_down`
[INFO] [stderr] 
[INFO] [stderr] warning: unused variable: `lock`
[INFO] [stderr]   --> src/scan_lambda_gamma/execute.rs:38:9
[INFO] [stderr]    |
[INFO] [stderr] 38 |     let lock = LockdownParameters{
[INFO] [stderr]    |         ^^^^ help: if this is intentional, prefix it with an underscore: `_lock`
[INFO] [stderr] 
[INFO] [stderr] warning: unused variable: `lockgraph`
[INFO] [stderr]   --> src/critical_lambda/execute.rs:94:29
[INFO] [stderr]    |
[INFO] [stderr] 94 |                     let mut lockgraph = model.create_locked_down_network(lockparams);
[INFO] [stderr]    |                             ^^^^^^^^^ help: if this is intentional, prefix it with an underscore: `_lockgraph`
[INFO] [stderr] 
[INFO] [stderr] warning: variable does not need to be mutable
[INFO] [stderr]   --> src/critical_lambda/execute.rs:94:25
[INFO] [stderr]    |
[INFO] [stderr] 94 |                     let mut lockgraph = model.create_locked_down_network(lockparams);
[INFO] [stderr]    |                         ----^^^^^^^^^
[INFO] [stderr]    |                         |
[INFO] [stderr]    |                         help: remove this `mut`
[INFO] [stderr]    |
[INFO] [stderr]    = note: `#[warn(unused_mut)]` on by default
[INFO] [stderr] 
[INFO] [stderr] warning: unused variable: `locked_down`
[INFO] [stderr]   --> src/scan_lambda_lock_thresh/execute.rs:97:17
[INFO] [stderr]    |
[INFO] [stderr] 97 |             let locked_down = &mut inner.1;
[INFO] [stderr]    |                 ^^^^^^^^^^^ help: if this is intentional, prefix it with an underscore: `_locked_down`
[INFO] [stderr] 
[INFO] [stderr] warning: value assigned to `m` is never read
[INFO] [stderr]    --> src/simple_sampling/execute.rs:150:29
[INFO] [stderr]     |
[INFO] [stderr] 150 |                     let mut m = 0;
[INFO] [stderr]     |                             ^
[INFO] [stderr]     |
[INFO] [stderr]     = help: maybe it is overwritten before being read?
[INFO] [stderr]     = note: `#[warn(unused_assignments)]` on by default
[INFO] [stderr] 
[INFO] [stderr] warning: unused variable: `locked_down_graph`
[INFO] [stderr]    --> src/scan_gamma/execute.rs:150:21
[INFO] [stderr]     |
[INFO] [stderr] 150 |                 let locked_down_graph = &mut inner.1;
[INFO] [stderr]     |                     ^^^^^^^^^^^^^^^^^ help: if this is intentional, prefix it with an underscore: `_locked_down_graph`
[INFO] [stderr] 
[INFO] [stderr] warning: unused variable: `locked_down_graph`
[INFO] [stderr]    --> src/scan_gamma/execute.rs:247:21
[INFO] [stderr]     |
[INFO] [stderr] 247 |                 let locked_down_graph = &mut inner.1;
[INFO] [stderr]     |                     ^^^^^^^^^^^^^^^^^ help: if this is intentional, prefix it with an underscore: `_locked_down_graph`
[INFO] [stderr] 
[INFO] [stderr] warning: unused variable: `lockparams`
[INFO] [stderr]   --> src/scan_lock_params/execute.rs:47:9
[INFO] [stderr]    |
[INFO] [stderr] 47 |     let lockparams = LockdownParameters{
[INFO] [stderr]    |         ^^^^^^^^^^ help: if this is intentional, prefix it with an underscore: `_lockparams`
[INFO] [stderr] 
[INFO] [stderr] warning: unused variable: `lockgraph`
[INFO] [stderr]    --> src/scan_lock_params/execute.rs:115:29
[INFO] [stderr]     |
[INFO] [stderr] 115 |                     let mut lockgraph = model.create_locked_down_network(lockparams);
[INFO] [stderr]     |                             ^^^^^^^^^ help: if this is intentional, prefix it with an underscore: `_lockgraph`
[INFO] [stderr] 
[INFO] [stderr] warning: variable does not need to be mutable
[INFO] [stderr]    --> src/scan_lock_params/execute.rs:115:25
[INFO] [stderr]     |
[INFO] [stderr] 115 |                     let mut lockgraph = model.create_locked_down_network(lockparams);
[INFO] [stderr]     |                         ----^^^^^^^^^
[INFO] [stderr]     |                         |
[INFO] [stderr]     |                         help: remove this `mut`
[INFO] [stderr] 
[INFO] [stderr] warning: `sir_lock` (bin "sir_lock" test) generated 20 warnings (run `cargo fix --bin "sir_lock" --tests` to apply 5 suggestions)
[INFO] [stderr]     Finished `test` profile [unoptimized + debuginfo] target(s) in 0.04s
[INFO] [stderr]      Running unittests src/main.rs (/opt/rustwide/target/debug/deps/sir_lock-293b1af5ea4150e1)
[INFO] [stdout] 
[INFO] [stdout] running 11 tests
[INFO] [stdout] test grid::grid_f64::testing::iter_test ... ok
[INFO] [stdout] test grid::grid_f64_usize::testing::iter_test ... ok
[INFO] [stdout] test grid::grid_range::grid_range_tests::inf_test ... ok
[INFO] [stdout] test grid::grid_range::grid_range_tests::nan_test ... ok
[INFO] [stdout] test grid::grid_range::grid_range_tests::nth_test ... ok
[INFO] [stdout] test grid::grid_range::grid_range_tests::range_test ... ok
[INFO] [stdout] test grid::grid_f64_map::grid_val_tests::writer ... FAILED
[INFO] [stdout] test grid::grid_f64_usize_map::grid_val_tests::writer ... FAILED
[INFO] [stdout] test grid::grid_range::grid_range_tests::random_range_tests ... FAILED
[INFO] [stdout] test sir_model::large_dev_model_sw::tests::markov_test ... ok
[INFO] [stdout] test sir_model::large_dev_model_ba::tests::markov_test ... ok
[INFO] [stdout] 
[INFO] [stdout] failures:
[INFO] [stdout] 
[INFO] [stdout] ---- grid::grid_f64_map::grid_val_tests::writer stdout ----
[INFO] [stdout] thread 'grid::grid_f64_map::grid_val_tests::writer' panicked at src/grid/grid_f64_map.rs:109:14:
[INFO] [stdout] called `Result::unwrap()` on an `Err` value: Os { code: 30, kind: ReadOnlyFilesystem, message: "Read-only file system" }
[INFO] [stdout] stack backtrace:
[INFO] [stdout]    0:     0x59c4ac74c98a - std::backtrace_rs::backtrace::libunwind::trace::h207520d6e9873551
[INFO] [stdout]                                at /rustc/df4ca44d3fbc9301ee17f30f4d474e6ae4b05252/library/std/src/../../backtrace/src/backtrace/libunwind.rs:116:5
[INFO] [stdout]    1:     0x59c4ac74c98a - std::backtrace_rs::backtrace::trace_unsynchronized::h2ed7433f370e3eca
[INFO] [stdout]                                at /rustc/df4ca44d3fbc9301ee17f30f4d474e6ae4b05252/library/std/src/../../backtrace/src/backtrace/mod.rs:66:5
[INFO] [stdout]    2:     0x59c4ac74c98a - std::sys::backtrace::_print_fmt::h916fac51166b18d7
[INFO] [stdout]                                at /rustc/df4ca44d3fbc9301ee17f30f4d474e6ae4b05252/library/std/src/sys/backtrace.rs:66:9
[INFO] [stdout]    3:     0x59c4ac74c98a - <std::sys::backtrace::BacktraceLock::print::DisplayBacktrace as core::fmt::Display>::fmt::ha0a4c9b8ce3802e6
[INFO] [stdout]                                at /rustc/df4ca44d3fbc9301ee17f30f4d474e6ae4b05252/library/std/src/sys/backtrace.rs:39:26
[INFO] [stdout]    4:     0x59c4ac773773 - core::fmt::rt::Argument::fmt::h4cfc8587d52b3eb5
[INFO] [stdout]                                at /rustc/df4ca44d3fbc9301ee17f30f4d474e6ae4b05252/library/core/src/fmt/rt.rs:177:76
[INFO] [stdout]    5:     0x59c4ac773773 - core::fmt::write::h522cc39e5b36ae9f
[INFO] [stdout]                                at /rustc/df4ca44d3fbc9301ee17f30f4d474e6ae4b05252/library/core/src/fmt/mod.rs:1190:21
[INFO] [stdout]    6:     0x59c4ac7495f3 - std::io::Write::write_fmt::h7d3c26752da97734
[INFO] [stdout]                                at /rustc/df4ca44d3fbc9301ee17f30f4d474e6ae4b05252/library/std/src/io/mod.rs:1839:15
[INFO] [stdout]    7:     0x59c4ac74c7d2 - std::sys::backtrace::BacktraceLock::print::h4b9e00b29e9c0942
[INFO] [stdout]                                at /rustc/df4ca44d3fbc9301ee17f30f4d474e6ae4b05252/library/std/src/sys/backtrace.rs:42:9
[INFO] [stdout]    8:     0x59c4ac74de1a - std::panicking::default_hook::{{closure}}::hb59b88280d0324d9
[INFO] [stdout]                                at /rustc/df4ca44d3fbc9301ee17f30f4d474e6ae4b05252/library/std/src/panicking.rs:268:22
[INFO] [stdout]    9:     0x59c4ac74dc24 - std::panicking::default_hook::he1dd496665be4a29
[INFO] [stdout]                                at /rustc/df4ca44d3fbc9301ee17f30f4d474e6ae4b05252/library/std/src/panicking.rs:292:9
[INFO] [stdout]   10:     0x59c4ac70b259 - <alloc::boxed::Box<F,A> as core::ops::function::Fn<Args>>::call::h4ff71de18744e1dc
[INFO] [stdout]                                at /rustc/df4ca44d3fbc9301ee17f30f4d474e6ae4b05252/library/alloc/src/boxed.rs:2468:9
[INFO] [stdout]   11:     0x59c4ac70b259 - test::test_main::{{closure}}::hcf7c055ce117aa81
[INFO] [stdout]                                at /rustc/df4ca44d3fbc9301ee17f30f4d474e6ae4b05252/library/test/src/lib.rs:133:21
[INFO] [stdout]   12:     0x59c4ac74e518 - <alloc::boxed::Box<F,A> as core::ops::function::Fn<Args>>::call::h1d66c6bbd60c9692
[INFO] [stdout]                                at /rustc/df4ca44d3fbc9301ee17f30f4d474e6ae4b05252/library/alloc/src/boxed.rs:2468:9
[INFO] [stdout]   13:     0x59c4ac74e518 - std::panicking::rust_panic_with_hook::h2ff17fe8f26dfcf8
[INFO] [stdout]                                at /rustc/df4ca44d3fbc9301ee17f30f4d474e6ae4b05252/library/std/src/panicking.rs:809:13
[INFO] [stdout]   14:     0x59c4ac74e2da - std::panicking::begin_panic_handler::{{closure}}::h4fad77951c07e101
[INFO] [stdout]                                at /rustc/df4ca44d3fbc9301ee17f30f4d474e6ae4b05252/library/std/src/panicking.rs:674:13
[INFO] [stdout]   15:     0x59c4ac74ce69 - std::sys::backtrace::__rust_end_short_backtrace::hb1a25b3da5d0ea08
[INFO] [stdout]                                at /rustc/df4ca44d3fbc9301ee17f30f4d474e6ae4b05252/library/std/src/sys/backtrace.rs:170:18
[INFO] [stdout]   16:     0x59c4ac74df6c - rust_begin_unwind
[INFO] [stdout]                                at /rustc/df4ca44d3fbc9301ee17f30f4d474e6ae4b05252/library/std/src/panicking.rs:665:5
[INFO] [stdout]   17:     0x59c4ac771ae0 - core::panicking::panic_fmt::ha9db07b529f9b256
[INFO] [stdout]                                at /rustc/df4ca44d3fbc9301ee17f30f4d474e6ae4b05252/library/core/src/panicking.rs:75:14
[INFO] [stdout]   18:     0x59c4ac771f26 - core::result::unwrap_failed::h5e8218e4d4338b8a
[INFO] [stdout]                                at /rustc/df4ca44d3fbc9301ee17f30f4d474e6ae4b05252/library/core/src/result.rs:1698:5
[INFO] [stdout]   19:     0x59c4ac6bb257 - core::result::Result<T,E>::unwrap::h47d340761b202bd6
[INFO] [stdout]                                at /rustc/df4ca44d3fbc9301ee17f30f4d474e6ae4b05252/library/core/src/result.rs:1103:23
[INFO] [stdout]   20:     0x59c4ac6bb257 - sir_lock::grid::grid_f64_map::grid_val_tests::writer::h92e95fa61bff2637
[INFO] [stdout]                                at /opt/rustwide/workdir/src/grid/grid_f64_map.rs:108:20
[INFO] [stdout]   21:     0x59c4ac6bb1d7 - sir_lock::grid::grid_f64_map::grid_val_tests::writer::{{closure}}::hb5a0350a7685e316
[INFO] [stdout]                                at /opt/rustwide/workdir/src/grid/grid_f64_map.rs:106:16
[INFO] [stdout]   22:     0x59c4ac6b4506 - core::ops::function::FnOnce::call_once::hace7357a88e95439
[INFO] [stdout]                                at /rustc/df4ca44d3fbc9301ee17f30f4d474e6ae4b05252/library/core/src/ops/function.rs:250:5
[INFO] [stdout]   23:     0x59c4ac70fb2b - core::ops::function::FnOnce::call_once::h22c3ba5715e93f05
[INFO] [stdout]                                at /rustc/df4ca44d3fbc9301ee17f30f4d474e6ae4b05252/library/core/src/ops/function.rs:250:5
[INFO] [stdout]   24:     0x59c4ac70fb2b - test::__rust_begin_short_backtrace::h8e82d8113d0da17f
[INFO] [stdout]                                at /rustc/df4ca44d3fbc9301ee17f30f4d474e6ae4b05252/library/test/src/lib.rs:621:18
[INFO] [stdout]   25:     0x59c4ac70f4a7 - test::run_test_in_process::{{closure}}::h33235f4f20b7b7c7
[INFO] [stdout]                                at /rustc/df4ca44d3fbc9301ee17f30f4d474e6ae4b05252/library/test/src/lib.rs:644:60
[INFO] [stdout]   26:     0x59c4ac70f4a7 - <core::panic::unwind_safe::AssertUnwindSafe<F> as core::ops::function::FnOnce<()>>::call_once::hb5043206310c586f
[INFO] [stdout]                                at /rustc/df4ca44d3fbc9301ee17f30f4d474e6ae4b05252/library/core/src/panic/unwind_safe.rs:272:9
[INFO] [stdout]   27:     0x59c4ac70f4a7 - std::panicking::try::do_call::h9ad4731a60ab23e2
[INFO] [stdout]                                at /rustc/df4ca44d3fbc9301ee17f30f4d474e6ae4b05252/library/std/src/panicking.rs:557:40
[INFO] [stdout]   28:     0x59c4ac70f4a7 - std::panicking::try::h3824d23db772a716
[INFO] [stdout]                                at /rustc/df4ca44d3fbc9301ee17f30f4d474e6ae4b05252/library/std/src/panicking.rs:520:19
[INFO] [stdout]   29:     0x59c4ac70f4a7 - std::panic::catch_unwind::h5afd514605fde46b
[INFO] [stdout]                                at /rustc/df4ca44d3fbc9301ee17f30f4d474e6ae4b05252/library/std/src/panic.rs:358:14
[INFO] [stdout]   30:     0x59c4ac70f4a7 - test::run_test_in_process::h0d5cbfa7067d1720
[INFO] [stdout]                                at /rustc/df4ca44d3fbc9301ee17f30f4d474e6ae4b05252/library/test/src/lib.rs:644:27
[INFO] [stdout]   31:     0x59c4ac70f4a7 - test::run_test::{{closure}}::h708eb8872708115d
[INFO] [stdout]                                at /rustc/df4ca44d3fbc9301ee17f30f4d474e6ae4b05252/library/test/src/lib.rs:565:43
[INFO] [stdout]   32:     0x59c4ac6d2bc4 - test::run_test::{{closure}}::h392c51cee94713ab
[INFO] [stdout]                                at /rustc/df4ca44d3fbc9301ee17f30f4d474e6ae4b05252/library/test/src/lib.rs:595:41
[INFO] [stdout]   33:     0x59c4ac6d2bc4 - std::sys::backtrace::__rust_begin_short_backtrace::h2f40290710935a8b
[INFO] [stdout]                                at /rustc/df4ca44d3fbc9301ee17f30f4d474e6ae4b05252/library/std/src/sys/backtrace.rs:154:18
[INFO] [stdout]   34:     0x59c4ac6d636e - std::thread::Builder::spawn_unchecked_::{{closure}}::{{closure}}::h3fd968d89053a903
[INFO] [stdout]                                at /rustc/df4ca44d3fbc9301ee17f30f4d474e6ae4b05252/library/std/src/thread/mod.rs:541:17
[INFO] [stdout]   35:     0x59c4ac6d636e - <core::panic::unwind_safe::AssertUnwindSafe<F> as core::ops::function::FnOnce<()>>::call_once::h743f637ba4229880
[INFO] [stdout]                                at /rustc/df4ca44d3fbc9301ee17f30f4d474e6ae4b05252/library/core/src/panic/unwind_safe.rs:272:9
[INFO] [stdout]   36:     0x59c4ac6d636e - std::panicking::try::do_call::h07440897322525a6
[INFO] [stdout]                                at /rustc/df4ca44d3fbc9301ee17f30f4d474e6ae4b05252/library/std/src/panicking.rs:557:40
[INFO] [stdout]   37:     0x59c4ac6d636e - std::panicking::try::he5a2e00188156637
[INFO] [stdout]                                at /rustc/df4ca44d3fbc9301ee17f30f4d474e6ae4b05252/library/std/src/panicking.rs:520:19
[INFO] [stdout]   38:     0x59c4ac6d636e - std::panic::catch_unwind::hbaf3cae49b3c6433
[INFO] [stdout]                                at /rustc/df4ca44d3fbc9301ee17f30f4d474e6ae4b05252/library/std/src/panic.rs:358:14
[INFO] [stdout]   39:     0x59c4ac6d636e - std::thread::Builder::spawn_unchecked_::{{closure}}::h8e141ea224820bce
[INFO] [stdout]                                at /rustc/df4ca44d3fbc9301ee17f30f4d474e6ae4b05252/library/std/src/thread/mod.rs:540:30
[INFO] [stdout]   40:     0x59c4ac6d636e - core::ops::function::FnOnce::call_once{{vtable.shim}}::h90d312fedd7b8ea8
[INFO] [stdout]                                at /rustc/df4ca44d3fbc9301ee17f30f4d474e6ae4b05252/library/core/src/ops/function.rs:250:5
[INFO] [stdout]   41:     0x59c4ac75231b - <alloc::boxed::Box<F,A> as core::ops::function::FnOnce<Args>>::call_once::h69aa08ddb6adb8b6
[INFO] [stdout]                                at /rustc/df4ca44d3fbc9301ee17f30f4d474e6ae4b05252/library/alloc/src/boxed.rs:2454:9
[INFO] [stdout]   42:     0x59c4ac75231b - <alloc::boxed::Box<F,A> as core::ops::function::FnOnce<Args>>::call_once::h5aa36efdb79c806f
[INFO] [stdout]                                at /rustc/df4ca44d3fbc9301ee17f30f4d474e6ae4b05252/library/alloc/src/boxed.rs:2454:9
[INFO] [stdout]   43:     0x59c4ac75231b - std::sys::pal::unix::thread::Thread::new::thread_start::h6cd80a1b4be5158d
[INFO] [stdout]                                at /rustc/df4ca44d3fbc9301ee17f30f4d474e6ae4b05252/library/std/src/sys/pal/unix/thread.rs:105:17
[INFO] [stdout]   44:     0x77a3454d4ac3 - <unknown>
[INFO] [stdout]   45:     0x77a345565a04 - clone
[INFO] [stdout]   46:                0x0 - <unknown>
[INFO] [stdout] 
[INFO] [stdout] ---- grid::grid_f64_usize_map::grid_val_tests::writer stdout ----
[INFO] [stdout] thread 'grid::grid_f64_usize_map::grid_val_tests::writer' panicked at src/grid/grid_f64_usize_map.rs:98:14:
[INFO] [stdout] called `Result::unwrap()` on an `Err` value: Os { code: 30, kind: ReadOnlyFilesystem, message: "Read-only file system" }
[INFO] [stdout] stack backtrace:
[INFO] [stdout]    0:     0x59c4ac74c98a - std::backtrace_rs::backtrace::libunwind::trace::h207520d6e9873551
[INFO] [stdout]                                at /rustc/df4ca44d3fbc9301ee17f30f4d474e6ae4b05252/library/std/src/../../backtrace/src/backtrace/libunwind.rs:116:5
[INFO] [stdout]    1:     0x59c4ac74c98a - std::backtrace_rs::backtrace::trace_unsynchronized::h2ed7433f370e3eca
[INFO] [stdout]                                at /rustc/df4ca44d3fbc9301ee17f30f4d474e6ae4b05252/library/std/src/../../backtrace/src/backtrace/mod.rs:66:5
[INFO] [stdout]    2:     0x59c4ac74c98a - std::sys::backtrace::_print_fmt::h916fac51166b18d7
[INFO] [stdout]                                at /rustc/df4ca44d3fbc9301ee17f30f4d474e6ae4b05252/library/std/src/sys/backtrace.rs:66:9
[INFO] [stdout]    3:     0x59c4ac74c98a - <std::sys::backtrace::BacktraceLock::print::DisplayBacktrace as core::fmt::Display>::fmt::ha0a4c9b8ce3802e6
[INFO] [stdout]                                at /rustc/df4ca44d3fbc9301ee17f30f4d474e6ae4b05252/library/std/src/sys/backtrace.rs:39:26
[INFO] [stdout]    4:     0x59c4ac773773 - core::fmt::rt::Argument::fmt::h4cfc8587d52b3eb5
[INFO] [stdout]                                at /rustc/df4ca44d3fbc9301ee17f30f4d474e6ae4b05252/library/core/src/fmt/rt.rs:177:76
[INFO] [stdout]    5:     0x59c4ac773773 - core::fmt::write::h522cc39e5b36ae9f
[INFO] [stdout]                                at /rustc/df4ca44d3fbc9301ee17f30f4d474e6ae4b05252/library/core/src/fmt/mod.rs:1190:21
[INFO] [stdout]    6:     0x59c4ac7495f3 - std::io::Write::write_fmt::h7d3c26752da97734
[INFO] [stdout]                                at /rustc/df4ca44d3fbc9301ee17f30f4d474e6ae4b05252/library/std/src/io/mod.rs:1839:15
[INFO] [stdout]    7:     0x59c4ac74c7d2 - std::sys::backtrace::BacktraceLock::print::h4b9e00b29e9c0942
[INFO] [stdout]                                at /rustc/df4ca44d3fbc9301ee17f30f4d474e6ae4b05252/library/std/src/sys/backtrace.rs:42:9
[INFO] [stdout]    8:     0x59c4ac74de1a - std::panicking::default_hook::{{closure}}::hb59b88280d0324d9
[INFO] [stdout]                                at /rustc/df4ca44d3fbc9301ee17f30f4d474e6ae4b05252/library/std/src/panicking.rs:268:22
[INFO] [stdout]    9:     0x59c4ac74dc24 - std::panicking::default_hook::he1dd496665be4a29
[INFO] [stdout]                                at /rustc/df4ca44d3fbc9301ee17f30f4d474e6ae4b05252/library/std/src/panicking.rs:292:9
[INFO] [stdout]   10:     0x59c4ac70b259 - <alloc::boxed::Box<F,A> as core::ops::function::Fn<Args>>::call::h4ff71de18744e1dc
[INFO] [stdout]                                at /rustc/df4ca44d3fbc9301ee17f30f4d474e6ae4b05252/library/alloc/src/boxed.rs:2468:9
[INFO] [stdout]   11:     0x59c4ac70b259 - test::test_main::{{closure}}::hcf7c055ce117aa81
[INFO] [stdout]                                at /rustc/df4ca44d3fbc9301ee17f30f4d474e6ae4b05252/library/test/src/lib.rs:133:21
[INFO] [stdout]   12:     0x59c4ac74e518 - <alloc::boxed::Box<F,A> as core::ops::function::Fn<Args>>::call::h1d66c6bbd60c9692
[INFO] [stdout]                                at /rustc/df4ca44d3fbc9301ee17f30f4d474e6ae4b05252/library/alloc/src/boxed.rs:2468:9
[INFO] [stdout]   13:     0x59c4ac74e518 - std::panicking::rust_panic_with_hook::h2ff17fe8f26dfcf8
[INFO] [stdout]                                at /rustc/df4ca44d3fbc9301ee17f30f4d474e6ae4b05252/library/std/src/panicking.rs:809:13
[INFO] [stdout]   14:     0x59c4ac74e2da - std::panicking::begin_panic_handler::{{closure}}::h4fad77951c07e101
[INFO] [stdout]                                at /rustc/df4ca44d3fbc9301ee17f30f4d474e6ae4b05252/library/std/src/panicking.rs:674:13
[INFO] [stdout]   15:     0x59c4ac74ce69 - std::sys::backtrace::__rust_end_short_backtrace::hb1a25b3da5d0ea08
[INFO] [stdout]                                at /rustc/df4ca44d3fbc9301ee17f30f4d474e6ae4b05252/library/std/src/sys/backtrace.rs:170:18
[INFO] [stdout]   16:     0x59c4ac74df6c - rust_begin_unwind
[INFO] [stdout]                                at /rustc/df4ca44d3fbc9301ee17f30f4d474e6ae4b05252/library/std/src/panicking.rs:665:5
[INFO] [stdout]   17:     0x59c4ac771ae0 - core::panicking::panic_fmt::ha9db07b529f9b256
[INFO] [stdout]                                at /rustc/df4ca44d3fbc9301ee17f30f4d474e6ae4b05252/library/core/src/panicking.rs:75:14
[INFO] [stdout]   18:     0x59c4ac771f26 - core::result::unwrap_failed::h5e8218e4d4338b8a
[INFO] [stdout]                                at /rustc/df4ca44d3fbc9301ee17f30f4d474e6ae4b05252/library/core/src/result.rs:1698:5
[INFO] [stdout]   19:     0x59c4ac6caca7 - core::result::Result<T,E>::unwrap::h47d340761b202bd6
[INFO] [stdout]                                at /rustc/df4ca44d3fbc9301ee17f30f4d474e6ae4b05252/library/core/src/result.rs:1103:23
[INFO] [stdout]   20:     0x59c4ac6caca7 - sir_lock::grid::grid_f64_usize_map::grid_val_tests::writer::h340c5333ff1cf85d
[INFO] [stdout]                                at /opt/rustwide/workdir/src/grid/grid_f64_usize_map.rs:97:20
[INFO] [stdout]   21:     0x59c4ac6cac27 - sir_lock::grid::grid_f64_usize_map::grid_val_tests::writer::{{closure}}::h42d60b777d186349
[INFO] [stdout]                                at /opt/rustwide/workdir/src/grid/grid_f64_usize_map.rs:95:16
[INFO] [stdout]   22:     0x59c4ac6b43c6 - core::ops::function::FnOnce::call_once::h39c44eb8c6181c7c
[INFO] [stdout]                                at /rustc/df4ca44d3fbc9301ee17f30f4d474e6ae4b05252/library/core/src/ops/function.rs:250:5
[INFO] [stdout]   23:     0x59c4ac70fb2b - core::ops::function::FnOnce::call_once::h22c3ba5715e93f05
[INFO] [stdout]                                at /rustc/df4ca44d3fbc9301ee17f30f4d474e6ae4b05252/library/core/src/ops/function.rs:250:5
[INFO] [stdout]   24:     0x59c4ac70fb2b - test::__rust_begin_short_backtrace::h8e82d8113d0da17f
[INFO] [stdout]                                at /rustc/df4ca44d3fbc9301ee17f30f4d474e6ae4b05252/library/test/src/lib.rs:621:18
[INFO] [stdout]   25:     0x59c4ac70f4a7 - test::run_test_in_process::{{closure}}::h33235f4f20b7b7c7
[INFO] [stdout]                                at /rustc/df4ca44d3fbc9301ee17f30f4d474e6ae4b05252/library/test/src/lib.rs:644:60
[INFO] [stdout]   26:     0x59c4ac70f4a7 - <core::panic::unwind_safe::AssertUnwindSafe<F> as core::ops::function::FnOnce<()>>::call_once::hb5043206310c586f
[INFO] [stdout]                                at /rustc/df4ca44d3fbc9301ee17f30f4d474e6ae4b05252/library/core/src/panic/unwind_safe.rs:272:9
[INFO] [stdout]   27:     0x59c4ac70f4a7 - std::panicking::try::do_call::h9ad4731a60ab23e2
[INFO] [stdout]                                at /rustc/df4ca44d3fbc9301ee17f30f4d474e6ae4b05252/library/std/src/panicking.rs:557:40
[INFO] [stdout]   28:     0x59c4ac70f4a7 - std::panicking::try::h3824d23db772a716
[INFO] [stdout]                                at /rustc/df4ca44d3fbc9301ee17f30f4d474e6ae4b05252/library/std/src/panicking.rs:520:19
[INFO] [stdout]   29:     0x59c4ac70f4a7 - std::panic::catch_unwind::h5afd514605fde46b
[INFO] [stdout]                                at /rustc/df4ca44d3fbc9301ee17f30f4d474e6ae4b05252/library/std/src/panic.rs:358:14
[INFO] [stdout]   30:     0x59c4ac70f4a7 - test::run_test_in_process::h0d5cbfa7067d1720
[INFO] [stdout]                                at /rustc/df4ca44d3fbc9301ee17f30f4d474e6ae4b05252/library/test/src/lib.rs:644:27
[INFO] [stdout]   31:     0x59c4ac70f4a7 - test::run_test::{{closure}}::h708eb8872708115d
[INFO] [stdout]                                at /rustc/df4ca44d3fbc9301ee17f30f4d474e6ae4b05252/library/test/src/lib.rs:565:43
[INFO] [stdout]   32:     0x59c4ac6d2bc4 - test::run_test::{{closure}}::h392c51cee94713ab
[INFO] [stdout]                                at /rustc/df4ca44d3fbc9301ee17f30f4d474e6ae4b05252/library/test/src/lib.rs:595:41
[INFO] [stdout]   33:     0x59c4ac6d2bc4 - std::sys::backtrace::__rust_begin_short_backtrace::h2f40290710935a8b
[INFO] [stdout]                                at /rustc/df4ca44d3fbc9301ee17f30f4d474e6ae4b05252/library/std/src/sys/backtrace.rs:154:18
[INFO] [stdout]   34:     0x59c4ac6d636e - std::thread::Builder::spawn_unchecked_::{{closure}}::{{closure}}::h3fd968d89053a903
[INFO] [stdout]                                at /rustc/df4ca44d3fbc9301ee17f30f4d474e6ae4b05252/library/std/src/thread/mod.rs:541:17
[INFO] [stdout]   35:     0x59c4ac6d636e - <core::panic::unwind_safe::AssertUnwindSafe<F> as core::ops::function::FnOnce<()>>::call_once::h743f637ba4229880
[INFO] [stdout]                                at /rustc/df4ca44d3fbc9301ee17f30f4d474e6ae4b05252/library/core/src/panic/unwind_safe.rs:272:9
[INFO] [stdout]   36:     0x59c4ac6d636e - std::panicking::try::do_call::h07440897322525a6
[INFO] [stdout]                                at /rustc/df4ca44d3fbc9301ee17f30f4d474e6ae4b05252/library/std/src/panicking.rs:557:40
[INFO] [stdout]   37:     0x59c4ac6d636e - std::panicking::try::he5a2e00188156637
[INFO] [stdout]                                at /rustc/df4ca44d3fbc9301ee17f30f4d474e6ae4b05252/library/std/src/panicking.rs:520:19
[INFO] [stdout]   38:     0x59c4ac6d636e - std::panic::catch_unwind::hbaf3cae49b3c6433
[INFO] [stdout]                                at /rustc/df4ca44d3fbc9301ee17f30f4d474e6ae4b05252/library/std/src/panic.rs:358:14
[INFO] [stdout]   39:     0x59c4ac6d636e - std::thread::Builder::spawn_unchecked_::{{closure}}::h8e141ea224820bce
[INFO] [stdout]                                at /rustc/df4ca44d3fbc9301ee17f30f4d474e6ae4b05252/library/std/src/thread/mod.rs:540:30
[INFO] [stdout]   40:     0x59c4ac6d636e - core::ops::function::FnOnce::call_once{{vtable.shim}}::h90d312fedd7b8ea8
[INFO] [stdout]                                at /rustc/df4ca44d3fbc9301ee17f30f4d474e6ae4b05252/library/core/src/ops/function.rs:250:5
[INFO] [stdout]   41:     0x59c4ac75231b - <alloc::boxed::Box<F,A> as core::ops::function::FnOnce<Args>>::call_once::h69aa08ddb6adb8b6
[INFO] [stdout]                                at /rustc/df4ca44d3fbc9301ee17f30f4d474e6ae4b05252/library/alloc/src/boxed.rs:2454:9
[INFO] [stdout]   42:     0x59c4ac75231b - <alloc::boxed::Box<F,A> as core::ops::function::FnOnce<Args>>::call_once::h5aa36efdb79c806f
[INFO] [stdout]                                at /rustc/df4ca44d3fbc9301ee17f30f4d474e6ae4b05252/library/alloc/src/boxed.rs:2454:9
[INFO] [stdout]   43:     0x59c4ac75231b - std::sys::pal::unix::thread::Thread::new::thread_start::h6cd80a1b4be5158d
[INFO] [stdout]                                at /rustc/df4ca44d3fbc9301ee17f30f4d474e6ae4b05252/library/std/src/sys/pal/unix/thread.rs:105:17
[INFO] [stdout]   44:     0x77a3454d4ac3 - <unknown>
[INFO] [stdout]   45:     0x77a345565a04 - clone
[INFO] [stdout]   46:                0x0 - <unknown>
[INFO] [stdout] 
[INFO] [stdout] ---- grid::grid_range::grid_range_tests::random_range_tests stdout ----
[INFO] [stdout] thread 'grid::grid_range::grid_range_tests::random_range_tests' panicked at /opt/rustwide/cargo-home/registry/src/index.crates.io-6f17d22bba15001f/rand-0.8.5/src/distributions/uniform.rs:999:1:
[INFO] [stdout] Uniform::new_inclusive: range overflow
[INFO] [stdout] stack backtrace:
[INFO] [stdout]    0:     0x59c4ac74c98a - std::backtrace_rs::backtrace::libunwind::trace::h207520d6e9873551
[INFO] [stdout]                                at /rustc/df4ca44d3fbc9301ee17f30f4d474e6ae4b05252/library/std/src/../../backtrace/src/backtrace/libunwind.rs:116:5
[INFO] [stdout]    1:     0x59c4ac74c98a - std::backtrace_rs::backtrace::trace_unsynchronized::h2ed7433f370e3eca
[INFO] [stdout]                                at /rustc/df4ca44d3fbc9301ee17f30f4d474e6ae4b05252/library/std/src/../../backtrace/src/backtrace/mod.rs:66:5
[INFO] [stdout]    2:     0x59c4ac74c98a - std::sys::backtrace::_print_fmt::h916fac51166b18d7
[INFO] [stdout]                                at /rustc/df4ca44d3fbc9301ee17f30f4d474e6ae4b05252/library/std/src/sys/backtrace.rs:66:9
[INFO] [stdout]    3:     0x59c4ac74c98a - <std::sys::backtrace::BacktraceLock::print::DisplayBacktrace as core::fmt::Display>::fmt::ha0a4c9b8ce3802e6
[INFO] [stdout]                                at /rustc/df4ca44d3fbc9301ee17f30f4d474e6ae4b05252/library/std/src/sys/backtrace.rs:39:26
[INFO] [stdout]    4:     0x59c4ac773773 - core::fmt::rt::Argument::fmt::h4cfc8587d52b3eb5
[INFO] [stdout]                                at /rustc/df4ca44d3fbc9301ee17f30f4d474e6ae4b05252/library/core/src/fmt/rt.rs:177:76
[INFO] [stdout]    5:     0x59c4ac773773 - core::fmt::write::h522cc39e5b36ae9f
[INFO] [stdout]                                at /rustc/df4ca44d3fbc9301ee17f30f4d474e6ae4b05252/library/core/src/fmt/mod.rs:1190:21
[INFO] [stdout]    6:     0x59c4ac7495f3 - std::io::Write::write_fmt::h7d3c26752da97734
[INFO] [stdout]                                at /rustc/df4ca44d3fbc9301ee17f30f4d474e6ae4b05252/library/std/src/io/mod.rs:1839:15
[INFO] [stdout]    7:     0x59c4ac74c7d2 - std::sys::backtrace::BacktraceLock::print::h4b9e00b29e9c0942
[INFO] [stdout]                                at /rustc/df4ca44d3fbc9301ee17f30f4d474e6ae4b05252/library/std/src/sys/backtrace.rs:42:9
[INFO] [stdout]    8:     0x59c4ac74de1a - std::panicking::default_hook::{{closure}}::hb59b88280d0324d9
[INFO] [stdout]                                at /rustc/df4ca44d3fbc9301ee17f30f4d474e6ae4b05252/library/std/src/panicking.rs:268:22
[INFO] [stdout]    9:     0x59c4ac74dc24 - std::panicking::default_hook::he1dd496665be4a29
[INFO] [stdout]                                at /rustc/df4ca44d3fbc9301ee17f30f4d474e6ae4b05252/library/std/src/panicking.rs:292:9
[INFO] [stdout]   10:     0x59c4ac70b259 - <alloc::boxed::Box<F,A> as core::ops::function::Fn<Args>>::call::h4ff71de18744e1dc
[INFO] [stdout]                                at /rustc/df4ca44d3fbc9301ee17f30f4d474e6ae4b05252/library/alloc/src/boxed.rs:2468:9
[INFO] [stdout]   11:     0x59c4ac70b259 - test::test_main::{{closure}}::hcf7c055ce117aa81
[INFO] [stdout]                                at /rustc/df4ca44d3fbc9301ee17f30f4d474e6ae4b05252/library/test/src/lib.rs:133:21
[INFO] [stdout]   12:     0x59c4ac74e518 - <alloc::boxed::Box<F,A> as core::ops::function::Fn<Args>>::call::h1d66c6bbd60c9692
[INFO] [stdout]                                at /rustc/df4ca44d3fbc9301ee17f30f4d474e6ae4b05252/library/alloc/src/boxed.rs:2468:9
[INFO] [stdout]   13:     0x59c4ac74e518 - std::panicking::rust_panic_with_hook::h2ff17fe8f26dfcf8
[INFO] [stdout]                                at /rustc/df4ca44d3fbc9301ee17f30f4d474e6ae4b05252/library/std/src/panicking.rs:809:13
[INFO] [stdout]   14:     0x59c4ac74e2a6 - std::panicking::begin_panic_handler::{{closure}}::h4fad77951c07e101
[INFO] [stdout]                                at /rustc/df4ca44d3fbc9301ee17f30f4d474e6ae4b05252/library/std/src/panicking.rs:667:13
[INFO] [stdout]   15:     0x59c4ac74ce69 - std::sys::backtrace::__rust_end_short_backtrace::hb1a25b3da5d0ea08
[INFO] [stdout]                                at /rustc/df4ca44d3fbc9301ee17f30f4d474e6ae4b05252/library/std/src/sys/backtrace.rs:170:18
[INFO] [stdout]   16:     0x59c4ac74df6c - rust_begin_unwind
[INFO] [stdout]                                at /rustc/df4ca44d3fbc9301ee17f30f4d474e6ae4b05252/library/std/src/panicking.rs:665:5
[INFO] [stdout]   17:     0x59c4ac771ae0 - core::panicking::panic_fmt::ha9db07b529f9b256
[INFO] [stdout]                                at /rustc/df4ca44d3fbc9301ee17f30f4d474e6ae4b05252/library/core/src/panicking.rs:75:14
[INFO] [stdout]   18:     0x59c4ac771b6c - core::panicking::panic::h993086813d94accc
[INFO] [stdout]                                at /rustc/df4ca44d3fbc9301ee17f30f4d474e6ae4b05252/library/core/src/panicking.rs:152:5
[INFO] [stdout]   19:     0x59c4ac6c48d8 - <rand::distributions::uniform::UniformFloat<f64> as rand::distributions::uniform::UniformSampler>::new_inclusive::h9565d0e362f8cb7c
[INFO] [stdout]                                at /opt/rustwide/cargo-home/registry/src/index.crates.io-6f17d22bba15001f/rand-0.8.5/src/distributions/uniform.rs:885:17
[INFO] [stdout]   20:     0x59c4ac6c7f95 - rand::distributions::uniform::Uniform<X>::new_inclusive::h4f496ea747d06224
[INFO] [stdout]                                at /opt/rustwide/cargo-home/registry/src/index.crates.io-6f17d22bba15001f/rand-0.8.5/src/distributions/uniform.rs:199:17
[INFO] [stdout]   21:     0x59c4ac6cfe45 - sir_lock::grid::grid_range::grid_range_tests::random_range_tests::hd7caabedb9dd5e3b
[INFO] [stdout]                                at /opt/rustwide/workdir/src/grid/grid_range.rs:255:24
[INFO] [stdout]   22:     0x59c4ac6cfd27 - sir_lock::grid::grid_range::grid_range_tests::random_range_tests::{{closure}}::ha020cdb88162df11
[INFO] [stdout]                                at /opt/rustwide/workdir/src/grid/grid_range.rs:251:28
[INFO] [stdout]   23:     0x59c4ac6b4476 - core::ops::function::FnOnce::call_once::ha42cad61b2b1328f
[INFO] [stdout]                                at /rustc/df4ca44d3fbc9301ee17f30f4d474e6ae4b05252/library/core/src/ops/function.rs:250:5
[INFO] [stdout]   24:     0x59c4ac70fb2b - core::ops::function::FnOnce::call_once::h22c3ba5715e93f05
[INFO] [stdout]                                at /rustc/df4ca44d3fbc9301ee17f30f4d474e6ae4b05252/library/core/src/ops/function.rs:250:5
[INFO] [stdout]   25:     0x59c4ac70fb2b - test::__rust_begin_short_backtrace::h8e82d8113d0da17f
[INFO] [stdout]                                at /rustc/df4ca44d3fbc9301ee17f30f4d474e6ae4b05252/library/test/src/lib.rs:621:18
[INFO] [stdout]   26:     0x59c4ac70f4a7 - test::run_test_in_process::{{closure}}::h33235f4f20b7b7c7
[INFO] [stdout]                                at /rustc/df4ca44d3fbc9301ee17f30f4d474e6ae4b05252/library/test/src/lib.rs:644:60
[INFO] [stdout]   27:     0x59c4ac70f4a7 - <core::panic::unwind_safe::AssertUnwindSafe<F> as core::ops::function::FnOnce<()>>::call_once::hb5043206310c586f
[INFO] [stdout]                                at /rustc/df4ca44d3fbc9301ee17f30f4d474e6ae4b05252/library/core/src/panic/unwind_safe.rs:272:9
[INFO] [stdout]   28:     0x59c4ac70f4a7 - std::panicking::try::do_call::h9ad4731a60ab23e2
[INFO] [stdout]                                at /rustc/df4ca44d3fbc9301ee17f30f4d474e6ae4b05252/library/std/src/panicking.rs:557:40
[INFO] [stdout]   29:     0x59c4ac70f4a7 - std::panicking::try::h3824d23db772a716
[INFO] [stdout]                                at /rustc/df4ca44d3fbc9301ee17f30f4d474e6ae4b05252/library/std/src/panicking.rs:520:19
[INFO] [stdout]   30:     0x59c4ac70f4a7 - std::panic::catch_unwind::h5afd514605fde46b
[INFO] [stdout]                                at /rustc/df4ca44d3fbc9301ee17f30f4d474e6ae4b05252/library/std/src/panic.rs:358:14
[INFO] [stdout]   31:     0x59c4ac70f4a7 - test::run_test_in_process::h0d5cbfa7067d1720
[INFO] [stdout]                                at /rustc/df4ca44d3fbc9301ee17f30f4d474e6ae4b05252/library/test/src/lib.rs:644:27
[INFO] [stdout]   32:     0x59c4ac70f4a7 - test::run_test::{{closure}}::h708eb8872708115d
[INFO] [stdout]                                at /rustc/df4ca44d3fbc9301ee17f30f4d474e6ae4b05252/library/test/src/lib.rs:565:43
[INFO] [stdout]   33:     0x59c4ac6d2bc4 - test::run_test::{{closure}}::h392c51cee94713ab
[INFO] [stdout]                                at /rustc/df4ca44d3fbc9301ee17f30f4d474e6ae4b05252/library/test/src/lib.rs:595:41
[INFO] [stdout]   34:     0x59c4ac6d2bc4 - std::sys::backtrace::__rust_begin_short_backtrace::h2f40290710935a8b
[INFO] [stdout]                                at /rustc/df4ca44d3fbc9301ee17f30f4d474e6ae4b05252/library/std/src/sys/backtrace.rs:154:18
[INFO] [stdout]   35:     0x59c4ac6d636e - std::thread::Builder::spawn_unchecked_::{{closure}}::{{closure}}::h3fd968d89053a903
[INFO] [stdout]                                at /rustc/df4ca44d3fbc9301ee17f30f4d474e6ae4b05252/library/std/src/thread/mod.rs:541:17
[INFO] [stdout]   36:     0x59c4ac6d636e - <core::panic::unwind_safe::AssertUnwindSafe<F> as core::ops::function::FnOnce<()>>::call_once::h743f637ba4229880
[INFO] [stdout]                                at /rustc/df4ca44d3fbc9301ee17f30f4d474e6ae4b05252/library/core/src/panic/unwind_safe.rs:272:9
[INFO] [stdout]   37:     0x59c4ac6d636e - std::panicking::try::do_call::h07440897322525a6
[INFO] [stdout]                                at /rustc/df4ca44d3fbc9301ee17f30f4d474e6ae4b05252/library/std/src/panicking.rs:557:40
[INFO] [stdout]   38:     0x59c4ac6d636e - std::panicking::try::he5a2e00188156637
[INFO] [stdout]                                at /rustc/df4ca44d3fbc9301ee17f30f4d474e6ae4b05252/library/std/src/panicking.rs:520:19
[INFO] [stdout]   39:     0x59c4ac6d636e - std::panic::catch_unwind::hbaf3cae49b3c6433
[INFO] [stdout]                                at /rustc/df4ca44d3fbc9301ee17f30f4d474e6ae4b05252/library/std/src/panic.rs:358:14
[INFO] [stdout]   40:     0x59c4ac6d636e - std::thread::Builder::spawn_unchecked_::{{closure}}::h8e141ea224820bce
[INFO] [stdout]                                at /rustc/df4ca44d3fbc9301ee17f30f4d474e6ae4b05252/library/std/src/thread/mod.rs:540:30
[INFO] [stdout]   41:     0x59c4ac6d636e - core::ops::function::FnOnce::call_once{{vtable.shim}}::h90d312fedd7b8ea8
[INFO] [stdout]                                at /rustc/df4ca44d3fbc9301ee17f30f4d474e6ae4b05252/library/core/src/ops/function.rs:250:5
[INFO] [stdout]   42:     0x59c4ac75231b - <alloc::boxed::Box<F,A> as core::ops::function::FnOnce<Args>>::call_once::h69aa08ddb6adb8b6
[INFO] [stdout]                                at /rustc/df4ca44d3fbc9301ee17f30f4d474e6ae4b05252/library/alloc/src/boxed.rs:2454:9
[INFO] [stdout]   43:     0x59c4ac75231b - <alloc::boxed::Box<F,A> as core::ops::function::FnOnce<Args>>::call_once::h5aa36efdb79c806f
[INFO] [stdout]                                at /rustc/df4ca44d3fbc9301ee17f30f4d474e6ae4b05252/library/alloc/src/boxed.rs:2454:9
[INFO] [stdout]   44:     0x59c4ac75231b - std::sys::pal::unix::thread::Thread::new::thread_start::h6cd80a1b4be5158d
[INFO] [stdout]                                at /rustc/df4ca44d3fbc9301ee17f30f4d474e6ae4b05252/library/std/src/sys/pal/unix/thread.rs:105:17
[INFO] [stdout]   45:     0x77a3454d4ac3 - <unknown>
[INFO] [stdout]   46:     0x77a345565a04 - clone
[INFO] [stdout]   47:                0x0 - <unknown>
[INFO] [stdout] 
[INFO] [stdout] 
[INFO] [stdout] failures:
[INFO] [stdout]     grid::grid_f64_map::grid_val_tests::writer
[INFO] [stdout]     grid::grid_f64_usize_map::grid_val_tests::writer
[INFO] [stdout]     grid::grid_range::grid_range_tests::random_range_tests
[INFO] [stdout] 
[INFO] [stdout] test result: FAILED. 8 passed; 3 failed; 0 ignored; 0 measured; 0 filtered out; finished in 1.89s
[INFO] [stdout] 
[INFO] [stderr] error: test failed, to rerun pass `--bin sir_lock`
[INFO] running `Command { std: "docker" "inspect" "9113fdf59658fe50e5c4f75feff28e0430dd4201343f363b586ce372930a3248", kill_on_drop: false }`
[INFO] running `Command { std: "docker" "rm" "-f" "9113fdf59658fe50e5c4f75feff28e0430dd4201343f363b586ce372930a3248", kill_on_drop: false }`
[INFO] [stdout] 9113fdf59658fe50e5c4f75feff28e0430dd4201343f363b586ce372930a3248
