[INFO] cloning repository https://github.com/L1AN0/bincode-grpc
[INFO] running `Command { std: "git" "-c" "credential.helper=" "-c" "credential.helper=/workspace/cargo-home/bin/git-credential-null" "clone" "--bare" "https://github.com/L1AN0/bincode-grpc" "/workspace/cache/git-repos/https%3A%2F%2Fgithub.com%2FL1AN0%2Fbincode-grpc", kill_on_drop: false }`
[INFO] [stderr] Cloning into bare repository '/workspace/cache/git-repos/https%3A%2F%2Fgithub.com%2FL1AN0%2Fbincode-grpc'...
[INFO] running `Command { std: "git" "rev-parse" "HEAD", kill_on_drop: false }`
[INFO] [stdout] 900f8df7c503a17981bd566a62c3835e7886797e
[INFO] testing L1AN0/bincode-grpc/900f8df7c503a17981bd566a62c3835e7886797e against nightly-2024-10-28+rustflags=-Zrandomize-layout for randomize-layout
[INFO] running `Command { std: "git" "clone" "/workspace/cache/git-repos/https%3A%2F%2Fgithub.com%2FL1AN0%2Fbincode-grpc" "/workspace/builds/worker-3-tc2/source", kill_on_drop: false }`
[INFO] [stderr] Cloning into '/workspace/builds/worker-3-tc2/source'...
[INFO] [stderr] done.
[INFO] validating manifest of git repo https://github.com/L1AN0/bincode-grpc on toolchain nightly-2024-10-28
[INFO] running `Command { std: CARGO_HOME="/workspace/cargo-home" RUSTUP_HOME="/workspace/rustup-home" "/workspace/cargo-home/bin/cargo" "+nightly-2024-10-28" "metadata" "--manifest-path" "Cargo.toml" "--no-deps", kill_on_drop: false }`
[INFO] started tweaking git repo https://github.com/L1AN0/bincode-grpc
[INFO] finished tweaking git repo https://github.com/L1AN0/bincode-grpc
[INFO] tweaked toml for git repo https://github.com/L1AN0/bincode-grpc written to /workspace/builds/worker-3-tc2/source/Cargo.toml
[INFO] crate git repo https://github.com/L1AN0/bincode-grpc already has a lockfile, it will not be regenerated
[INFO] running `Command { std: CARGO_HOME="/workspace/cargo-home" RUSTUP_HOME="/workspace/rustup-home" "/workspace/cargo-home/bin/cargo" "+nightly-2024-10-28" "fetch" "--manifest-path" "Cargo.toml", kill_on_drop: false }`
[INFO] running `Command { std: "docker" "create" "-v" "/var/lib/crater-agent-workspace/builds/worker-3-tc2/target:/opt/rustwide/target:rw,Z" "-v" "/var/lib/crater-agent-workspace/builds/worker-3-tc2/source:/opt/rustwide/workdir:ro,Z" "-v" "/var/lib/crater-agent-workspace/cargo-home:/opt/rustwide/cargo-home:ro,Z" "-v" "/var/lib/crater-agent-workspace/rustup-home:/opt/rustwide/rustup-home:ro,Z" "-e" "SOURCE_DIR=/opt/rustwide/workdir" "-e" "CARGO_TARGET_DIR=/opt/rustwide/target" "-e" "CARGO_HOME=/opt/rustwide/cargo-home" "-e" "RUSTUP_HOME=/opt/rustwide/rustup-home" "-w" "/opt/rustwide/workdir" "-m" "1610612736" "--user" "0:0" "--network" "none" "ghcr.io/rust-lang/crates-build-env/linux@sha256:4a844ea9eb2546a2d2c7022eacef16ef2e8229c7fbb2c7d4d55a9ceca922f72d" "/opt/rustwide/cargo-home/bin/cargo" "+nightly-2024-10-28" "metadata" "--no-deps" "--format-version=1", kill_on_drop: false }`
[INFO] [stdout] 422421963a1528c5fabbc829a3397ada7a074ac3ded50eaa2f2843c38a529b62
[INFO] running `Command { std: "docker" "start" "-a" "422421963a1528c5fabbc829a3397ada7a074ac3ded50eaa2f2843c38a529b62", kill_on_drop: false }`
[INFO] running `Command { std: "docker" "inspect" "422421963a1528c5fabbc829a3397ada7a074ac3ded50eaa2f2843c38a529b62", kill_on_drop: false }`
[INFO] running `Command { std: "docker" "rm" "-f" "422421963a1528c5fabbc829a3397ada7a074ac3ded50eaa2f2843c38a529b62", kill_on_drop: false }`
[INFO] [stdout] 422421963a1528c5fabbc829a3397ada7a074ac3ded50eaa2f2843c38a529b62
[INFO] running `Command { std: "docker" "create" "-v" "/var/lib/crater-agent-workspace/builds/worker-3-tc2/target:/opt/rustwide/target:rw,Z" "-v" "/var/lib/crater-agent-workspace/builds/worker-3-tc2/source:/opt/rustwide/workdir:ro,Z" "-v" "/var/lib/crater-agent-workspace/cargo-home:/opt/rustwide/cargo-home:ro,Z" "-v" "/var/lib/crater-agent-workspace/rustup-home:/opt/rustwide/rustup-home:ro,Z" "-e" "SOURCE_DIR=/opt/rustwide/workdir" "-e" "CARGO_TARGET_DIR=/opt/rustwide/target" "-e" "CARGO_INCREMENTAL=0" "-e" "RUST_BACKTRACE=full" "-e" "RUSTFLAGS=--cap-lints=forbid -Zrandomize-layout" "-e" "RUSTDOCFLAGS=--cap-lints=forbid" "-e" "CARGO_HOME=/opt/rustwide/cargo-home" "-e" "RUSTUP_HOME=/opt/rustwide/rustup-home" "-w" "/opt/rustwide/workdir" "-m" "1610612736" "--user" "0:0" "--network" "none" "ghcr.io/rust-lang/crates-build-env/linux@sha256:4a844ea9eb2546a2d2c7022eacef16ef2e8229c7fbb2c7d4d55a9ceca922f72d" "/opt/rustwide/cargo-home/bin/cargo" "+nightly-2024-10-28" "build" "--frozen" "--message-format=json", kill_on_drop: false }`
[INFO] [stdout] a04a5bc27eea1f9aa6f0bd8c5a4c57e8c0cfeb9469e392f4c2142c97f4378d7b
[INFO] running `Command { std: "docker" "start" "-a" "a04a5bc27eea1f9aa6f0bd8c5a4c57e8c0cfeb9469e392f4c2142c97f4378d7b", kill_on_drop: false }`
[INFO] [stderr]    Compiling proc-macro2 v1.0.19
[INFO] [stderr]    Compiling syn v1.0.38
[INFO] [stderr]    Compiling memchr v2.3.3
[INFO] [stderr]    Compiling cc v1.0.59
[INFO] [stderr]    Compiling libc v0.2.76
[INFO] [stderr]    Compiling version_check v0.1.5
[INFO] [stderr]    Compiling glob v0.3.0
[INFO] [stderr]    Compiling pin-project-internal v0.4.23
[INFO] [stderr]    Compiling pkg-config v0.3.18
[INFO] [stderr]    Compiling nom v4.2.3
[INFO] [stderr]    Compiling serde_derive v1.0.115
[INFO] [stderr]    Compiling bitflags v1.2.1
[INFO] [stderr]    Compiling clang-sys v0.28.1
[INFO] [stderr]    Compiling aho-corasick v0.7.13
[INFO] [stderr]    Compiling thread_local v1.0.1
[INFO] [stderr]    Compiling regex-syntax v0.6.18
[INFO] [stderr]    Compiling serde v1.0.115
[INFO] [stderr]    Compiling quote v1.0.7
[INFO] [stderr]    Compiling bindgen v0.51.1
[INFO] [stderr]    Compiling proc-macro-nested v0.1.6
[INFO] [stderr]    Compiling libloading v0.5.2
[INFO] [stderr]    Compiling libz-sys v1.1.0
[INFO] [stderr]    Compiling proc-macro-hack v0.5.18
[INFO] [stderr]    Compiling once_cell v1.4.1
[INFO] [stderr]    Compiling cexpr v0.3.6
[INFO] [stderr]    Compiling futures-sink v0.3.5
[INFO] [stderr]    Compiling rustc-hash v1.1.0
[INFO] [stderr]    Compiling shlex v0.1.1
[INFO] [stderr]    Compiling same-file v1.0.6
[INFO] [stderr]    Compiling futures-core v0.3.5
[INFO] [stderr]    Compiling peeking_take_while v0.1.2
[INFO] [stderr]    Compiling walkdir v2.3.1
[INFO] [stderr]    Compiling futures-channel v0.3.5
[INFO] [stderr]    Compiling futures-task v0.3.5
[INFO] [stderr]    Compiling cmake v0.1.44
[INFO] [stderr]    Compiling futures-io v0.3.5
[INFO] [stderr]    Compiling protobuf v2.17.0
[INFO] [stderr]    Compiling log v0.4.11
[INFO] [stderr]    Compiling byteorder v1.3.4
[INFO] [stderr]    Compiling smallvec v1.4.2
[INFO] [stderr]    Compiling lock_api v0.3.4
[INFO] [stderr]    Compiling parking_lot_core v0.7.2
[INFO] [stderr]    Compiling unicode-segmentation v1.6.0
[INFO] [stderr]    Compiling parking_lot v0.10.2
[INFO] [stderr]    Compiling regex v1.3.9
[INFO] [stderr]    Compiling heck v0.3.1
[INFO] [stderr]    Compiling tracing-core v0.1.14
[INFO] [stderr]    Compiling futures-macro v0.3.5
[INFO] [stderr]    Compiling tracing-attributes v0.1.11
[INFO] [stderr]    Compiling tracing v0.1.19
[INFO] [stderr]    Compiling pin-project v0.4.23
[INFO] [stderr]    Compiling futures-util v0.3.5
[INFO] [stderr]    Compiling grpcio-sys v0.6.0
[INFO] [stderr]    Compiling futures-executor v0.3.5
[INFO] [stderr]    Compiling futures v0.3.5
[INFO] [stderr]    Compiling toml v0.5.6
[INFO] [stderr]    Compiling bincode v1.3.1
[INFO] [stderr]    Compiling proc-macro-crate v0.1.5
[INFO] [stderr]    Compiling bincode-grpc-macro v0.7.2 (/opt/rustwide/workdir/bincode-grpc-macro)
[INFO] [stdout] warning: method `original_method` is never used
[INFO] [stdout]    --> bincode-grpc-macro/src/lib.rs:292:8
[INFO] [stdout]     |
[INFO] [stdout] 276 | impl RpcMethod {
[INFO] [stdout]     | -------------- method in this implementation
[INFO] [stdout] ...
[INFO] [stdout] 292 |     fn original_method(&self) -> TokenStream2 {
[INFO] [stdout]     |        ^^^^^^^^^^^^^^^
[INFO] [stdout]     |
[INFO] [stdout]     = note: `#[warn(dead_code)]` on by default
[INFO] [stdout] 
[INFO] [stdout] 
[INFO] [stderr]    Compiling grpcio v0.6.0
[INFO] [stderr]    Compiling bincode-grpc v0.7.2 (/opt/rustwide/workdir/bincode-grpc)
[INFO] [stdout] warning: unused import: `BufReader`
[INFO] [stdout]   --> bincode-grpc/src/lib.rs:11:19
[INFO] [stdout]    |
[INFO] [stdout] 11 |     use std::io::{BufReader, Read};
[INFO] [stdout]    |                   ^^^^^^^^^
[INFO] [stdout]    |
[INFO] [stdout]    = note: `#[warn(unused_imports)]` on by default
[INFO] [stdout] 
[INFO] [stdout] 
[INFO] [stdout] warning: the feature `type_name_of_val` has been stable since 1.76.0 and no longer requires an attribute to enable
[INFO] [stdout]  --> bincode-grpc/src/lib.rs:1:12
[INFO] [stdout]   |
[INFO] [stdout] 1 | #![feature(type_name_of_val)]
[INFO] [stdout]   |            ^^^^^^^^^^^^^^^^
[INFO] [stdout]   |
[INFO] [stdout]   = note: `#[warn(stable_features)]` on by default
[INFO] [stdout] 
[INFO] [stdout] 
[INFO] [stderr]    Compiling example-service v0.1.0 (/opt/rustwide/workdir/example-service)
[INFO] [stdout] warning: unused variable: `input`
[INFO] [stdout]   --> example-service/src/main.rs:22:31
[INFO] [stdout]    |
[INFO] [stdout] 22 |     fn rpc_method1(&mut self, input: Input) -> Output {
[INFO] [stdout]    |                               ^^^^^ help: if this is intentional, prefix it with an underscore: `_input`
[INFO] [stdout]    |
[INFO] [stdout]    = note: `#[warn(unused_variables)]` on by default
[INFO] [stdout] 
[INFO] [stdout] 
[INFO] [stdout] warning: unused variable: `input`
[INFO] [stdout]   --> example-service/src/main.rs:26:31
[INFO] [stdout]    |
[INFO] [stdout] 26 |     fn rpc_method2(&mut self, input: Input) -> Output {
[INFO] [stdout]    |                               ^^^^^ help: if this is intentional, prefix it with an underscore: `_input`
[INFO] [stdout] 
[INFO] [stdout] 
[INFO] [stdout] warning: unused variable: `forward_id`
[INFO] [stdout]   --> example-service/src/main.rs:30:31
[INFO] [stdout]    |
[INFO] [stdout] 30 |     fn rpc_method3(&mut self, forward_id: u64, forward_only: bool) -> Result<Output, ()> { Ok(Output {}) }
[INFO] [stdout]    |                               ^^^^^^^^^^ help: if this is intentional, prefix it with an underscore: `_forward_id`
[INFO] [stdout] 
[INFO] [stdout] 
[INFO] [stdout] warning: unused variable: `forward_only`
[INFO] [stdout]   --> example-service/src/main.rs:30:48
[INFO] [stdout]    |
[INFO] [stdout] 30 |     fn rpc_method3(&mut self, forward_id: u64, forward_only: bool) -> Result<Output, ()> { Ok(Output {}) }
[INFO] [stdout]    |                                                ^^^^^^^^^^^^ help: if this is intentional, prefix it with an underscore: `_forward_only`
[INFO] [stdout] 
[INFO] [stdout] 
[INFO] [stdout] warning: method `rpc_method4` is never used
[INFO] [stdout]   --> example-service/src/main.rs:68:8
[INFO] [stdout]    |
[INFO] [stdout] 66 | #[bincode_grpc::server]
[INFO] [stdout]    | ----------------------- method in this implementation
[INFO] [stdout] 67 | impl TestService3 for TestServer {
[INFO] [stdout] 68 |     fn rpc_method4(&mut self) -> Output {
[INFO] [stdout]    |        ^^^^^^^^^^^
[INFO] [stdout]    |
[INFO] [stdout]    = note: `#[warn(dead_code)]` on by default
[INFO] [stdout] 
[INFO] [stdout] 
[INFO] [stderr]     Finished `dev` profile [unoptimized + debuginfo] target(s) in 1m 01s
[INFO] [stderr] warning: the following packages contain code that will be rejected by a future version of Rust: bindgen v0.51.1, cexpr v0.3.6, nom v4.2.3, protobuf v2.17.0
[INFO] [stderr] note: to see what the problems were, use the option `--future-incompat-report`, or run `cargo report future-incompatibilities --id 1`
[INFO] running `Command { std: "docker" "inspect" "a04a5bc27eea1f9aa6f0bd8c5a4c57e8c0cfeb9469e392f4c2142c97f4378d7b", kill_on_drop: false }`
[INFO] running `Command { std: "docker" "rm" "-f" "a04a5bc27eea1f9aa6f0bd8c5a4c57e8c0cfeb9469e392f4c2142c97f4378d7b", kill_on_drop: false }`
[INFO] [stdout] a04a5bc27eea1f9aa6f0bd8c5a4c57e8c0cfeb9469e392f4c2142c97f4378d7b
[INFO] running `Command { std: "docker" "create" "-v" "/var/lib/crater-agent-workspace/builds/worker-3-tc2/target:/opt/rustwide/target:rw,Z" "-v" "/var/lib/crater-agent-workspace/builds/worker-3-tc2/source:/opt/rustwide/workdir:ro,Z" "-v" "/var/lib/crater-agent-workspace/cargo-home:/opt/rustwide/cargo-home:ro,Z" "-v" "/var/lib/crater-agent-workspace/rustup-home:/opt/rustwide/rustup-home:ro,Z" "-e" "SOURCE_DIR=/opt/rustwide/workdir" "-e" "CARGO_TARGET_DIR=/opt/rustwide/target" "-e" "CARGO_INCREMENTAL=0" "-e" "RUST_BACKTRACE=full" "-e" "RUSTFLAGS=--cap-lints=forbid -Zrandomize-layout" "-e" "RUSTDOCFLAGS=--cap-lints=forbid" "-e" "CARGO_HOME=/opt/rustwide/cargo-home" "-e" "RUSTUP_HOME=/opt/rustwide/rustup-home" "-w" "/opt/rustwide/workdir" "-m" "1610612736" "--user" "0:0" "--network" "none" "ghcr.io/rust-lang/crates-build-env/linux@sha256:4a844ea9eb2546a2d2c7022eacef16ef2e8229c7fbb2c7d4d55a9ceca922f72d" "/opt/rustwide/cargo-home/bin/cargo" "+nightly-2024-10-28" "test" "--frozen" "--no-run" "--message-format=json", kill_on_drop: false }`
[INFO] [stdout] 16eed91f783d0c3b2e350b68b6faf773bd01fad3d4b10e8538a83a8cf18e1323
[INFO] running `Command { std: "docker" "start" "-a" "16eed91f783d0c3b2e350b68b6faf773bd01fad3d4b10e8538a83a8cf18e1323", kill_on_drop: false }`
[INFO] [stderr]    Compiling bincode-grpc-macro v0.7.2 (/opt/rustwide/workdir/bincode-grpc-macro)
[INFO] [stdout] warning: method `original_method` is never used
[INFO] [stdout]    --> bincode-grpc-macro/src/lib.rs:292:8
[INFO] [stdout]     |
[INFO] [stdout] 276 | impl RpcMethod {
[INFO] [stdout]     | -------------- method in this implementation
[INFO] [stdout] ...
[INFO] [stdout] 292 |     fn original_method(&self) -> TokenStream2 {
[INFO] [stdout]     |        ^^^^^^^^^^^^^^^
[INFO] [stdout]     |
[INFO] [stdout]     = note: `#[warn(dead_code)]` on by default
[INFO] [stdout] 
[INFO] [stdout] 
[INFO] [stdout] warning: method `original_method` is never used
[INFO] [stdout]    --> bincode-grpc-macro/src/lib.rs:292:8
[INFO] [stdout]     |
[INFO] [stdout] 276 | impl RpcMethod {
[INFO] [stdout]     | -------------- method in this implementation
[INFO] [stdout] ...
[INFO] [stdout] 292 |     fn original_method(&self) -> TokenStream2 {
[INFO] [stdout]     |        ^^^^^^^^^^^^^^^
[INFO] [stdout]     |
[INFO] [stdout]     = note: `#[warn(dead_code)]` on by default
[INFO] [stdout] 
[INFO] [stdout] 
[INFO] [stderr]    Compiling bincode-grpc v0.7.2 (/opt/rustwide/workdir/bincode-grpc)
[INFO] [stdout] warning: unused import: `BufReader`
[INFO] [stdout]   --> bincode-grpc/src/lib.rs:11:19
[INFO] [stdout]    |
[INFO] [stdout] 11 |     use std::io::{BufReader, Read};
[INFO] [stdout]    |                   ^^^^^^^^^
[INFO] [stdout]    |
[INFO] [stdout]    = note: `#[warn(unused_imports)]` on by default
[INFO] [stdout] 
[INFO] [stdout] 
[INFO] [stdout] warning: unused import: `BufReader`
[INFO] [stdout]   --> bincode-grpc/src/lib.rs:11:19
[INFO] [stdout]    |
[INFO] [stdout] 11 |     use std::io::{BufReader, Read};
[INFO] [stdout]    |                   ^^^^^^^^^
[INFO] [stdout]    |
[INFO] [stdout]    = note: `#[warn(unused_imports)]` on by default
[INFO] [stdout] 
[INFO] [stdout] 
[INFO] [stdout] warning: the feature `type_name_of_val` has been stable since 1.76.0 and no longer requires an attribute to enable
[INFO] [stdout]  --> bincode-grpc/src/lib.rs:1:12
[INFO] [stdout]   |
[INFO] [stdout] 1 | #![feature(type_name_of_val)]
[INFO] [stdout]   |            ^^^^^^^^^^^^^^^^
[INFO] [stdout]   |
[INFO] [stdout]   = note: `#[warn(stable_features)]` on by default
[INFO] [stdout] 
[INFO] [stdout] 
[INFO] [stdout] warning: the feature `type_name_of_val` has been stable since 1.76.0 and no longer requires an attribute to enable
[INFO] [stdout]  --> bincode-grpc/src/lib.rs:1:12
[INFO] [stdout]   |
[INFO] [stdout] 1 | #![feature(type_name_of_val)]
[INFO] [stdout]   |            ^^^^^^^^^^^^^^^^
[INFO] [stdout]   |
[INFO] [stdout]   = note: `#[warn(stable_features)]` on by default
[INFO] [stdout] 
[INFO] [stdout] 
[INFO] [stderr]    Compiling example-service v0.1.0 (/opt/rustwide/workdir/example-service)
[INFO] [stdout] warning: unused variable: `input`
[INFO] [stdout]   --> example-service/src/main.rs:22:31
[INFO] [stdout]    |
[INFO] [stdout] 22 |     fn rpc_method1(&mut self, input: Input) -> Output {
[INFO] [stdout]    |                               ^^^^^ help: if this is intentional, prefix it with an underscore: `_input`
[INFO] [stdout]    |
[INFO] [stdout]    = note: `#[warn(unused_variables)]` on by default
[INFO] [stdout] 
[INFO] [stdout] 
[INFO] [stdout] warning: unused variable: `input`
[INFO] [stdout]   --> example-service/src/main.rs:26:31
[INFO] [stdout]    |
[INFO] [stdout] 26 |     fn rpc_method2(&mut self, input: Input) -> Output {
[INFO] [stdout]    |                               ^^^^^ help: if this is intentional, prefix it with an underscore: `_input`
[INFO] [stdout] 
[INFO] [stdout] 
[INFO] [stdout] warning: unused variable: `forward_id`
[INFO] [stdout]   --> example-service/src/main.rs:30:31
[INFO] [stdout]    |
[INFO] [stdout] 30 |     fn rpc_method3(&mut self, forward_id: u64, forward_only: bool) -> Result<Output, ()> { Ok(Output {}) }
[INFO] [stdout]    |                               ^^^^^^^^^^ help: if this is intentional, prefix it with an underscore: `_forward_id`
[INFO] [stdout] 
[INFO] [stdout] 
[INFO] [stdout] warning: unused variable: `forward_only`
[INFO] [stdout]   --> example-service/src/main.rs:30:48
[INFO] [stdout]    |
[INFO] [stdout] 30 |     fn rpc_method3(&mut self, forward_id: u64, forward_only: bool) -> Result<Output, ()> { Ok(Output {}) }
[INFO] [stdout]    |                                                ^^^^^^^^^^^^ help: if this is intentional, prefix it with an underscore: `_forward_only`
[INFO] [stdout] 
[INFO] [stdout] 
[INFO] [stdout] warning: method `rpc_method4` is never used
[INFO] [stdout]   --> example-service/src/main.rs:68:8
[INFO] [stdout]    |
[INFO] [stdout] 66 | #[bincode_grpc::server]
[INFO] [stdout]    | ----------------------- method in this implementation
[INFO] [stdout] 67 | impl TestService3 for TestServer {
[INFO] [stdout] 68 |     fn rpc_method4(&mut self) -> Output {
[INFO] [stdout]    |        ^^^^^^^^^^^
[INFO] [stdout]    |
[INFO] [stdout]    = note: `#[warn(dead_code)]` on by default
[INFO] [stdout] 
[INFO] [stdout] 
[INFO] [stderr]     Finished `test` profile [unoptimized + debuginfo] target(s) in 0.92s
[INFO] [stderr] warning: the following packages contain code that will be rejected by a future version of Rust: bindgen v0.51.1, cexpr v0.3.6, nom v4.2.3, protobuf v2.17.0
[INFO] [stderr] note: to see what the problems were, use the option `--future-incompat-report`, or run `cargo report future-incompatibilities --id 1`
[INFO] running `Command { std: "docker" "inspect" "16eed91f783d0c3b2e350b68b6faf773bd01fad3d4b10e8538a83a8cf18e1323", kill_on_drop: false }`
[INFO] running `Command { std: "docker" "rm" "-f" "16eed91f783d0c3b2e350b68b6faf773bd01fad3d4b10e8538a83a8cf18e1323", kill_on_drop: false }`
[INFO] [stdout] 16eed91f783d0c3b2e350b68b6faf773bd01fad3d4b10e8538a83a8cf18e1323
[INFO] running `Command { std: "docker" "create" "-v" "/var/lib/crater-agent-workspace/builds/worker-3-tc2/target:/opt/rustwide/target:rw,Z" "-v" "/var/lib/crater-agent-workspace/builds/worker-3-tc2/source:/opt/rustwide/workdir:ro,Z" "-v" "/var/lib/crater-agent-workspace/cargo-home:/opt/rustwide/cargo-home:ro,Z" "-v" "/var/lib/crater-agent-workspace/rustup-home:/opt/rustwide/rustup-home:ro,Z" "-e" "SOURCE_DIR=/opt/rustwide/workdir" "-e" "CARGO_TARGET_DIR=/opt/rustwide/target" "-e" "CARGO_INCREMENTAL=0" "-e" "RUST_BACKTRACE=full" "-e" "RUSTFLAGS=--cap-lints=forbid -Zrandomize-layout" "-e" "RUSTDOCFLAGS=--cap-lints=forbid" "-e" "CARGO_HOME=/opt/rustwide/cargo-home" "-e" "RUSTUP_HOME=/opt/rustwide/rustup-home" "-w" "/opt/rustwide/workdir" "-m" "1610612736" "--user" "0:0" "--network" "none" "ghcr.io/rust-lang/crates-build-env/linux@sha256:4a844ea9eb2546a2d2c7022eacef16ef2e8229c7fbb2c7d4d55a9ceca922f72d" "/opt/rustwide/cargo-home/bin/cargo" "+nightly-2024-10-28" "test" "--frozen", kill_on_drop: false }`
[INFO] [stdout] 1339546b9571f48eb31391a5e0cc4c130c3132c005d1223176080e1a3ccbb0c9
[INFO] running `Command { std: "docker" "start" "-a" "1339546b9571f48eb31391a5e0cc4c130c3132c005d1223176080e1a3ccbb0c9", kill_on_drop: false }`
[INFO] [stderr] warning: method `original_method` is never used
[INFO] [stderr]    --> bincode-grpc-macro/src/lib.rs:292:8
[INFO] [stderr]     |
[INFO] [stderr] 276 | impl RpcMethod {
[INFO] [stderr]     | -------------- method in this implementation
[INFO] [stderr] ...
[INFO] [stderr] 292 |     fn original_method(&self) -> TokenStream2 {
[INFO] [stderr]     |        ^^^^^^^^^^^^^^^
[INFO] [stderr]     |
[INFO] [stderr]     = note: `#[warn(dead_code)]` on by default
[INFO] [stderr] 
[INFO] [stderr] warning: `bincode-grpc-macro` (lib) generated 1 warning
[INFO] [stderr] warning: `bincode-grpc-macro` (lib test) generated 1 warning (1 duplicate)
[INFO] [stderr] warning: unused import: `BufReader`
[INFO] [stderr]   --> bincode-grpc/src/lib.rs:11:19
[INFO] [stderr]    |
[INFO] [stderr] 11 |     use std::io::{BufReader, Read};
[INFO] [stderr]    |                   ^^^^^^^^^
[INFO] [stderr]    |
[INFO] [stderr]    = note: `#[warn(unused_imports)]` on by default
[INFO] [stderr] 
[INFO] [stderr] warning: the feature `type_name_of_val` has been stable since 1.76.0 and no longer requires an attribute to enable
[INFO] [stderr]  --> bincode-grpc/src/lib.rs:1:12
[INFO] [stderr]   |
[INFO] [stderr] 1 | #![feature(type_name_of_val)]
[INFO] [stderr]   |            ^^^^^^^^^^^^^^^^
[INFO] [stderr]   |
[INFO] [stderr]   = note: `#[warn(stable_features)]` on by default
[INFO] [stderr] 
[INFO] [stderr] warning: `bincode-grpc` (lib) generated 2 warnings (run `cargo fix --lib -p bincode-grpc` to apply 1 suggestion)
[INFO] [stderr] warning: `bincode-grpc` (lib test) generated 2 warnings (2 duplicates)
[INFO] [stderr] warning: unused variable: `input`
[INFO] [stderr]   --> example-service/src/main.rs:22:31
[INFO] [stderr]    |
[INFO] [stderr] 22 |     fn rpc_method1(&mut self, input: Input) -> Output {
[INFO] [stderr]    |                               ^^^^^ help: if this is intentional, prefix it with an underscore: `_input`
[INFO] [stderr]    |
[INFO] [stderr]    = note: `#[warn(unused_variables)]` on by default
[INFO] [stderr] 
[INFO] [stderr] warning: unused variable: `input`
[INFO] [stderr]   --> example-service/src/main.rs:26:31
[INFO] [stderr]    |
[INFO] [stderr] 26 |     fn rpc_method2(&mut self, input: Input) -> Output {
[INFO] [stderr]    |                               ^^^^^ help: if this is intentional, prefix it with an underscore: `_input`
[INFO] [stderr] 
[INFO] [stderr] warning: unused variable: `forward_id`
[INFO] [stderr]   --> example-service/src/main.rs:30:31
[INFO] [stderr]    |
[INFO] [stderr] 30 |     fn rpc_method3(&mut self, forward_id: u64, forward_only: bool) -> Result<Output, ()> { Ok(Output {}) }
[INFO] [stderr]    |                               ^^^^^^^^^^ help: if this is intentional, prefix it with an underscore: `_forward_id`
[INFO] [stderr] 
[INFO] [stderr] warning: unused variable: `forward_only`
[INFO] [stderr]   --> example-service/src/main.rs:30:48
[INFO] [stderr]    |
[INFO] [stderr] 30 |     fn rpc_method3(&mut self, forward_id: u64, forward_only: bool) -> Result<Output, ()> { Ok(Output {}) }
[INFO] [stderr]    |                                                ^^^^^^^^^^^^ help: if this is intentional, prefix it with an underscore: `_forward_only`
[INFO] [stderr] 
[INFO] [stderr] warning: method `rpc_method4` is never used
[INFO] [stderr]   --> example-service/src/main.rs:68:8
[INFO] [stderr]    |
[INFO] [stderr] 66 | #[bincode_grpc::server]
[INFO] [stderr]    | ----------------------- method in this implementation
[INFO] [stderr] 67 | impl TestService3 for TestServer {
[INFO] [stderr] 68 |     fn rpc_method4(&mut self) -> Output {
[INFO] [stderr]    |        ^^^^^^^^^^^
[INFO] [stderr]    |
[INFO] [stderr]    = note: `#[warn(dead_code)]` on by default
[INFO] [stderr] 
[INFO] [stderr] warning: `example-service` (bin "example-service" test) generated 5 warnings
[INFO] [stderr]     Finished `test` profile [unoptimized + debuginfo] target(s) in 0.04s
[INFO] [stderr] warning: the following packages contain code that will be rejected by a future version of Rust: bindgen v0.51.1, cexpr v0.3.6, nom v4.2.3, protobuf v2.17.0
[INFO] [stderr] note: to see what the problems were, use the option `--future-incompat-report`, or run `cargo report future-incompatibilities --id 1`
[INFO] [stderr]      Running unittests src/lib.rs (/opt/rustwide/target/debug/deps/bincode_grpc-293a671f9b4b21f2)
[INFO] [stdout] 
[INFO] [stdout] running 0 tests
[INFO] [stdout] 
[INFO] [stdout] test result: ok. 0 passed; 0 failed; 0 ignored; 0 measured; 0 filtered out; finished in 0.00s
[INFO] [stdout] 
[INFO] [stderr]      Running unittests src/lib.rs (/opt/rustwide/target/debug/deps/bincode_grpc_macro-86228d8717375cd5)
[INFO] [stdout] 
[INFO] [stdout] running 0 tests
[INFO] [stdout] 
[INFO] [stdout] test result: ok. 0 passed; 0 failed; 0 ignored; 0 measured; 0 filtered out; finished in 0.00s
[INFO] [stdout] 
[INFO] [stderr]      Running unittests src/main.rs (/opt/rustwide/target/debug/deps/example_service-5cfacf43bfe387ae)
[INFO] [stdout] 
[INFO] [stdout] running 0 tests
[INFO] [stdout] 
[INFO] [stdout] test result: ok. 0 passed; 0 failed; 0 ignored; 0 measured; 0 filtered out; finished in 0.00s
[INFO] [stdout] 
[INFO] [stderr]    Doc-tests bincode_grpc
[INFO] [stdout] 
[INFO] [stdout] running 0 tests
[INFO] [stdout] 
[INFO] [stdout] test result: ok. 0 passed; 0 failed; 0 ignored; 0 measured; 0 filtered out; finished in 0.00s
[INFO] [stdout] 
[INFO] [stderr]    Doc-tests bincode_grpc_macro
[INFO] [stdout] 
[INFO] [stdout] running 9 tests
[INFO] [stdout] test bincode-grpc-macro/src/lib.rs - Service (line 22) ... FAILED
[INFO] [stdout] test bincode-grpc-macro/src/lib.rs - Service (line 30) ... FAILED
[INFO] [stdout] test bincode-grpc-macro/src/lib.rs - RpcMethod (line 214) ... FAILED
[INFO] [stdout] test bincode-grpc-macro/src/lib.rs - Service (line 16) ... FAILED
[INFO] [stdout] test bincode-grpc-macro/src/lib.rs - Service (line 10) ... FAILED
[INFO] [stdout] test bincode-grpc-macro/src/lib.rs - server (line 430) ... FAILED
[INFO] [stdout] test bincode-grpc-macro/src/lib.rs - RpcMethod (line 222) ... FAILED
[INFO] [stdout] test bincode-grpc-macro/src/lib.rs - RpcMethod (line 198) ... FAILED
[INFO] [stdout] test bincode-grpc-macro/src/lib.rs - server (line 443) ... FAILED
[INFO] [stdout] 
[INFO] [stdout] failures:
[INFO] [stdout] 
[INFO] [stdout] ---- bincode-grpc-macro/src/lib.rs - Service (line 22) stdout ----
[INFO] [stdout] error: non-item in item list
[INFO] [stdout]  --> bincode-grpc-macro/src/lib.rs:25:5
[INFO] [stdout]   |
[INFO] [stdout] 4 | pub trait Greeter {
[INFO] [stdout]   |                   - item list starts here
[INFO] [stdout] 5 |     ...
[INFO] [stdout]   |     ^^^ non-item starts here
[INFO] [stdout] 6 | }
[INFO] [stdout]   | - item list ends here
[INFO] [stdout] 
[INFO] [stdout] error: cannot find attribute `service` in this scope
[INFO] [stdout]  --> bincode-grpc-macro/src/lib.rs:23:3
[INFO] [stdout]   |
[INFO] [stdout] 3 | #[service]
[INFO] [stdout]   |   ^^^^^^^
[INFO] [stdout]   |
[INFO] [stdout] help: consider importing this attribute macro
[INFO] [stdout]   |
[INFO] [stdout] 2 + use bincode_grpc_macro::service;
[INFO] [stdout]   |
[INFO] [stdout] 
[INFO] [stdout] error: aborting due to 2 previous errors
[INFO] [stdout] 
[INFO] [stdout] Couldn't compile the test.
[INFO] [stdout] ---- bincode-grpc-macro/src/lib.rs - Service (line 30) stdout ----
[INFO] [stdout] error[E0433]: failed to resolve: could not find `bincode_grpc` in the list of imported crates
[INFO] [stdout]  --> bincode-grpc-macro/src/lib.rs:31:71
[INFO] [stdout]   |
[INFO] [stdout] 3 | pub fn create_greeter<S: Greeter + Send + Clone + 'static>(s: S) -> ::bincode_grpc::grpcio::Service {
[INFO] [stdout]   |                                                                       ^^^^^^^^^^^^ could not find `bincode_grpc` in the list of imported crates
[INFO] [stdout] 
[INFO] [stdout] error[E0433]: failed to resolve: could not find `bincode_grpc` in the list of imported crates
[INFO] [stdout]  --> bincode-grpc-macro/src/lib.rs:32:25
[INFO] [stdout]   |
[INFO] [stdout] 4 |     let mut builder = ::bincode_grpc::grpcio::ServiceBuilder::new();
[INFO] [stdout]   |                         ^^^^^^^^^^^^ could not find `bincode_grpc` in the list of imported crates
[INFO] [stdout] 
[INFO] [stdout] error[E0405]: cannot find trait `Greeter` in this scope
[INFO] [stdout]  --> bincode-grpc-macro/src/lib.rs:31:26
[INFO] [stdout]   |
[INFO] [stdout] 3 | pub fn create_greeter<S: Greeter + Send + Clone + 'static>(s: S) -> ::bincode_grpc::grpcio::Service {
[INFO] [stdout]   |                          ^^^^^^^ not found in this scope
[INFO] [stdout] 
[INFO] [stdout] error[E0425]: cannot find value `METHOD_GREETER_SAY_HELLO` in this scope
[INFO] [stdout]  --> bincode-grpc-macro/src/lib.rs:34:42
[INFO] [stdout]   |
[INFO] [stdout] 6 |     builder = builder.add_unary_handler(&METHOD_GREETER_SAY_HELLO, move |ctx, req, resp| {
[INFO] [stdout]   |                                          ^^^^^^^^^^^^^^^^^^^^^^^^ not found in this scope
[INFO] [stdout] 
[INFO] [stdout] error: aborting due to 4 previous errors
[INFO] [stdout] 
[INFO] [stdout] Some errors have detailed explanations: E0405, E0425, E0433.
[INFO] [stdout] For more information about an error, try `rustc --explain E0405`.
[INFO] [stdout] Couldn't compile the test.
[INFO] [stdout] ---- bincode-grpc-macro/src/lib.rs - RpcMethod (line 214) stdout ----
[INFO] [stdout] error: free function without a body
[INFO] [stdout]  --> bincode-grpc-macro/src/lib.rs:215:1
[INFO] [stdout]   |
[INFO] [stdout] 3 | / fn say_hello(
[INFO] [stdout] 4 | |         &self,
[INFO] [stdout] 5 | |         arg1: HelloRequest,
[INFO] [stdout] 6 | |     ) -> HelloReply;
[INFO] [stdout]   | |                    ^ help: provide a definition for the function: `{ <body> }`
[INFO] [stdout]   | |____________________|
[INFO] [stdout]   |
[INFO] [stdout] 
[INFO] [stdout] error: `self` parameter is only allowed in associated functions
[INFO] [stdout]  --> bincode-grpc-macro/src/lib.rs:216:9
[INFO] [stdout]   |
[INFO] [stdout] 4 |         &self,
[INFO] [stdout]   |         ^^^^^ not semantically valid as function parameter
[INFO] [stdout]   |
[INFO] [stdout]   = note: associated functions are those in `impl` or `trait` definitions
[INFO] [stdout] 
[INFO] [stdout] error[E0412]: cannot find type `HelloRequest` in this scope
[INFO] [stdout]  --> bincode-grpc-macro/src/lib.rs:217:15
[INFO] [stdout]   |
[INFO] [stdout] 5 |         arg1: HelloRequest,
[INFO] [stdout]   |               ^^^^^^^^^^^^ not found in this scope
[INFO] [stdout] 
[INFO] [stdout] error[E0412]: cannot find type `HelloReply` in this scope
[INFO] [stdout]  --> bincode-grpc-macro/src/lib.rs:218:10
[INFO] [stdout]   |
[INFO] [stdout] 6 |     ) -> HelloReply;
[INFO] [stdout]   |          ^^^^^^^^^^ not found in this scope
[INFO] [stdout] 
[INFO] [stdout] error: aborting due to 4 previous errors
[INFO] [stdout] 
[INFO] [stdout] For more information about this error, try `rustc --explain E0412`.
[INFO] [stdout] Couldn't compile the test.
[INFO] [stdout] ---- bincode-grpc-macro/src/lib.rs - Service (line 16) stdout ----
[INFO] [stdout] error: cannot find derive macro `Serialize` in this scope
[INFO] [stdout]  --> bincode-grpc-macro/src/lib.rs:17:10
[INFO] [stdout]   |
[INFO] [stdout] 3 | #[derive(Serialize, Deserialize, Default, Debug)]
[INFO] [stdout]   |          ^^^^^^^^^
[INFO] [stdout] 
[INFO] [stdout] error: cannot find derive macro `Deserialize` in this scope
[INFO] [stdout]  --> bincode-grpc-macro/src/lib.rs:17:21
[INFO] [stdout]   |
[INFO] [stdout] 3 | #[derive(Serialize, Deserialize, Default, Debug)]
[INFO] [stdout]   |                     ^^^^^^^^^^^
[INFO] [stdout] 
[INFO] [stdout] error: aborting due to 2 previous errors
[INFO] [stdout] 
[INFO] [stdout] Couldn't compile the test.
[INFO] [stdout] ---- bincode-grpc-macro/src/lib.rs - Service (line 10) stdout ----
[INFO] [stdout] error: cannot find derive macro `Serialize` in this scope
[INFO] [stdout]  --> bincode-grpc-macro/src/lib.rs:11:10
[INFO] [stdout]   |
[INFO] [stdout] 3 | #[derive(Serialize, Deserialize, Default, Debug)]
[INFO] [stdout]   |          ^^^^^^^^^
[INFO] [stdout] 
[INFO] [stdout] error: cannot find derive macro `Deserialize` in this scope
[INFO] [stdout]  --> bincode-grpc-macro/src/lib.rs:11:21
[INFO] [stdout]   |
[INFO] [stdout] 3 | #[derive(Serialize, Deserialize, Default, Debug)]
[INFO] [stdout]   |                     ^^^^^^^^^^^
[INFO] [stdout] 
[INFO] [stdout] error: aborting due to 2 previous errors
[INFO] [stdout] 
[INFO] [stdout] Couldn't compile the test.
[INFO] [stdout] ---- bincode-grpc-macro/src/lib.rs - server (line 430) stdout ----
[INFO] [stdout] error: cannot find attribute `server` in this scope
[INFO] [stdout]  --> bincode-grpc-macro/src/lib.rs:433:3
[INFO] [stdout]   |
[INFO] [stdout] 5 | #[server]
[INFO] [stdout]   |   ^^^^^^
[INFO] [stdout]   |
[INFO] [stdout] help: consider importing this attribute macro
[INFO] [stdout]   |
[INFO] [stdout] 2 + use bincode_grpc_macro::server;
[INFO] [stdout]   |
[INFO] [stdout] 
[INFO] [stdout] error[E0405]: cannot find trait `Greeter` in this scope
[INFO] [stdout]  --> bincode-grpc-macro/src/lib.rs:434:6
[INFO] [stdout]   |
[INFO] [stdout] 6 | impl Greeter for GreeterServer {
[INFO] [stdout]   |      ^^^^^^^ not found in this scope
[INFO] [stdout] 
[INFO] [stdout] error[E0412]: cannot find type `HelloRequest` in this scope
[INFO] [stdout]  --> bincode-grpc-macro/src/lib.rs:435:34
[INFO] [stdout]   |
[INFO] [stdout] 7 |     fn say_hello(&mut self, req: HelloRequest) -> HelloReply {
[INFO] [stdout]   |                                  ^^^^^^^^^^^^ not found in this scope
[INFO] [stdout] 
[INFO] [stdout] error[E0412]: cannot find type `HelloReply` in this scope
[INFO] [stdout]  --> bincode-grpc-macro/src/lib.rs:435:51
[INFO] [stdout]   |
[INFO] [stdout] 7 |     fn say_hello(&mut self, req: HelloRequest) -> HelloReply {
[INFO] [stdout]   |                                                   ^^^^^^^^^^ not found in this scope
[INFO] [stdout] 
[INFO] [stdout] error[E0433]: failed to resolve: use of undeclared type `HelloReply`
[INFO] [stdout]  --> bincode-grpc-macro/src/lib.rs:436:9
[INFO] [stdout]   |
[INFO] [stdout] 8 |         HelloReply::default()
[INFO] [stdout]   |         ^^^^^^^^^^ use of undeclared type `HelloReply`
[INFO] [stdout] 
[INFO] [stdout] error: aborting due to 5 previous errors
[INFO] [stdout] 
[INFO] [stdout] Some errors have detailed explanations: E0405, E0412, E0433.
[INFO] [stdout] For more information about an error, try `rustc --explain E0405`.
[INFO] [stdout] Couldn't compile the test.
[INFO] [stdout] ---- bincode-grpc-macro/src/lib.rs - RpcMethod (line 222) stdout ----
[INFO] [stdout] error: free function without a body
[INFO] [stdout]  --> bincode-grpc-macro/src/lib.rs:223:1
[INFO] [stdout]   |
[INFO] [stdout] 3 | / fn say_hello_grpc(
[INFO] [stdout] 4 | |         &mut self,
[INFO] [stdout] 5 | |         ctx: ::bincode_grpc::grpcio::RpcContext,
[INFO] [stdout] 6 | |         req: (HelloRequest, ), // the tuple is used for the case where the original trait method has multiple arguments
[INFO] [stdout] 7 | |         sink: ::bincode_grpc::grpcio::UnarySink<HelloReply>,
[INFO] [stdout] 8 | |     );
[INFO] [stdout]   | |      ^ help: provide a definition for the function: `{ <body> }`
[INFO] [stdout]   | |______|
[INFO] [stdout]   |
[INFO] [stdout] 
[INFO] [stdout] error: `self` parameter is only allowed in associated functions
[INFO] [stdout]  --> bincode-grpc-macro/src/lib.rs:224:9
[INFO] [stdout]   |
[INFO] [stdout] 4 |         &mut self,
[INFO] [stdout]   |         ^^^^^^^^^ not semantically valid as function parameter
[INFO] [stdout]   |
[INFO] [stdout]   = note: associated functions are those in `impl` or `trait` definitions
[INFO] [stdout] 
[INFO] [stdout] error[E0433]: failed to resolve: could not find `bincode_grpc` in the list of imported crates
[INFO] [stdout]  --> bincode-grpc-macro/src/lib.rs:225:16
[INFO] [stdout]   |
[INFO] [stdout] 5 |         ctx: ::bincode_grpc::grpcio::RpcContext,
[INFO] [stdout]   |                ^^^^^^^^^^^^ could not find `bincode_grpc` in the list of imported crates
[INFO] [stdout] 
[INFO] [stdout] error[E0433]: failed to resolve: could not find `bincode_grpc` in the list of imported crates
[INFO] [stdout]  --> bincode-grpc-macro/src/lib.rs:227:17
[INFO] [stdout]   |
[INFO] [stdout] 7 |         sink: ::bincode_grpc::grpcio::UnarySink<HelloReply>,
[INFO] [stdout]   |                 ^^^^^^^^^^^^ could not find `bincode_grpc` in the list of imported crates
[INFO] [stdout] 
[INFO] [stdout] error[E0412]: cannot find type `HelloRequest` in this scope
[INFO] [stdout]  --> bincode-grpc-macro/src/lib.rs:226:15
[INFO] [stdout]   |
[INFO] [stdout] 6 |         req: (HelloRequest, ), // the tuple is used for the case where the original trait method has multiple arguments
[INFO] [stdout]   |               ^^^^^^^^^^^^ not found in this scope
[INFO] [stdout] 
[INFO] [stdout] error[E0412]: cannot find type `HelloReply` in this scope
[INFO] [stdout]  --> bincode-grpc-macro/src/lib.rs:227:49
[INFO] [stdout]   |
[INFO] [stdout] 7 |         sink: ::bincode_grpc::grpcio::UnarySink<HelloReply>,
[INFO] [stdout]   |                                                 ^^^^^^^^^^ not found in this scope
[INFO] [stdout]   |
[INFO] [stdout] help: you might be missing a type parameter
[INFO] [stdout]   |
[INFO] [stdout] 3 | fn say_hello_grpc<HelloReply>(
[INFO] [stdout]   |                  ++++++++++++
[INFO] [stdout] 
[INFO] [stdout] error: aborting due to 6 previous errors
[INFO] [stdout] 
[INFO] [stdout] Some errors have detailed explanations: E0412, E0433.
[INFO] [stdout] For more information about an error, try `rustc --explain E0412`.
[INFO] [stdout] Couldn't compile the test.
[INFO] [stdout] ---- bincode-grpc-macro/src/lib.rs - RpcMethod (line 198) stdout ----
[INFO] [stdout] error[E0412]: cannot find type `HelloRequest` in this scope
[INFO] [stdout]  --> bincode-grpc-macro/src/lib.rs:199:52
[INFO] [stdout]   |
[INFO] [stdout] 3 | pub const METHOD_GREETER_SAY_HELLO: grpcio::Method<HelloRequest, HelloReply> = grpcio::Method {
[INFO] [stdout]   |                                                    ^^^^^^^^^^^^ not found in this scope
[INFO] [stdout]   |
[INFO] [stdout] help: you might be missing a type parameter
[INFO] [stdout]   |
[INFO] [stdout] 3 | pub const METHOD_GREETER_SAY_HELLO<HelloRequest>: grpcio::Method<HelloRequest, HelloReply> = grpcio::Method {
[INFO] [stdout]   |                                   ++++++++++++++
[INFO] [stdout] 
[INFO] [stdout] error[E0412]: cannot find type `HelloReply` in this scope
[INFO] [stdout]  --> bincode-grpc-macro/src/lib.rs:199:66
[INFO] [stdout]   |
[INFO] [stdout] 3 | pub const METHOD_GREETER_SAY_HELLO: grpcio::Method<HelloRequest, HelloReply> = grpcio::Method {
[INFO] [stdout]   |                                                                  ^^^^^^^^^^ not found in this scope
[INFO] [stdout]   |
[INFO] [stdout] help: you might be missing a type parameter
[INFO] [stdout]   |
[INFO] [stdout] 3 | pub const METHOD_GREETER_SAY_HELLO<HelloReply>: grpcio::Method<HelloRequest, HelloReply> = grpcio::Method {
[INFO] [stdout]   |                                   ++++++++++++
[INFO] [stdout] 
[INFO] [stdout] error[E0422]: cannot find struct, variant or union type `Marshaller` in this scope
[INFO] [stdout]  --> bincode-grpc-macro/src/lib.rs:202:14
[INFO] [stdout]   |
[INFO] [stdout] 6 |     req_mar: Marshaller {
[INFO] [stdout]   |              ^^^^^^^^^^ not found in this scope
[INFO] [stdout] 
[INFO] [stdout] error[E0422]: cannot find struct, variant or union type `Marshaller` in this scope
[INFO] [stdout]   --> bincode-grpc-macro/src/lib.rs:206:15
[INFO] [stdout]    |
[INFO] [stdout] 10 |     resp_mar: Marshaller {
[INFO] [stdout]    |               ^^^^^^^^^^ not found in this scope
[INFO] [stdout] 
[INFO] [stdout] error[E0433]: failed to resolve: use of undeclared type `MethodType`
[INFO] [stdout]  --> bincode-grpc-macro/src/lib.rs:200:9
[INFO] [stdout]   |
[INFO] [stdout] 4 |     ty: MethodType::Unary,
[INFO] [stdout]   |         ^^^^^^^^^^ use of undeclared type `MethodType`
[INFO] [stdout] 
[INFO] [stdout] error[E0433]: failed to resolve: use of undeclared crate or module `grpcio`
[INFO] [stdout]  --> bincode-grpc-macro/src/lib.rs:203:14
[INFO] [stdout]   |
[INFO] [stdout] 7 |         ser: grpcio::bi_ser,
[INFO] [stdout]   |              ^^^^^^ use of undeclared crate or module `grpcio`
[INFO] [stdout] 
[INFO] [stdout] error[E0433]: failed to resolve: use of undeclared crate or module `grpcio`
[INFO] [stdout]  --> bincode-grpc-macro/src/lib.rs:204:13
[INFO] [stdout]   |
[INFO] [stdout] 8 |         de: grpcio::bi_de,
[INFO] [stdout]   |             ^^^^^^ use of undeclared crate or module `grpcio`
[INFO] [stdout] 
[INFO] [stdout] error[E0433]: failed to resolve: use of undeclared crate or module `grpcio`
[INFO] [stdout]   --> bincode-grpc-macro/src/lib.rs:207:14
[INFO] [stdout]    |
[INFO] [stdout] 11 |         ser: grpcio::bi_ser,
[INFO] [stdout]    |              ^^^^^^ use of undeclared crate or module `grpcio`
[INFO] [stdout] 
[INFO] [stdout] error[E0433]: failed to resolve: use of undeclared crate or module `grpcio`
[INFO] [stdout]   --> bincode-grpc-macro/src/lib.rs:208:13
[INFO] [stdout]    |
[INFO] [stdout] 12 |         de: grpcio::bi_de,
[INFO] [stdout]    |             ^^^^^^ use of undeclared crate or module `grpcio`
[INFO] [stdout] 
[INFO] [stdout] error[E0433]: failed to resolve: use of undeclared crate or module `grpcio`
[INFO] [stdout]  --> bincode-grpc-macro/src/lib.rs:199:37
[INFO] [stdout]   |
[INFO] [stdout] 3 | pub const METHOD_GREETER_SAY_HELLO: grpcio::Method<HelloRequest, HelloReply> = grpcio::Method {
[INFO] [stdout]   |                                     ^^^^^^ use of undeclared crate or module `grpcio`
[INFO] [stdout] 
[INFO] [stdout] error[E0433]: failed to resolve: use of undeclared crate or module `grpcio`
[INFO] [stdout]  --> bincode-grpc-macro/src/lib.rs:199:80
[INFO] [stdout]   |
[INFO] [stdout] 3 | pub const METHOD_GREETER_SAY_HELLO: grpcio::Method<HelloRequest, HelloReply> = grpcio::Method {
[INFO] [stdout]   |                                                                                ^^^^^^ use of undeclared crate or module `grpcio`
[INFO] [stdout] 
[INFO] [stdout] error: aborting due to 11 previous errors
[INFO] [stdout] 
[INFO] [stdout] Some errors have detailed explanations: E0412, E0422, E0433.
[INFO] [stdout] For more information about an error, try `rustc --explain E0412`.
[INFO] [stdout] Couldn't compile the test.
[INFO] [stdout] ---- bincode-grpc-macro/src/lib.rs - server (line 443) stdout ----
[INFO] [stdout] error: cannot find macro `error` in this scope
[INFO] [stdout]   --> bincode-grpc-macro/src/lib.rs:453:31
[INFO] [stdout]    |
[INFO] [stdout] 12 |             .map_err(move |e| error!("failed to reply {:?}: {:?}", req, e))
[INFO] [stdout]    |                               ^^^^^
[INFO] [stdout] 
[INFO] [stdout] error[E0405]: cannot find trait `Greeter` in this scope
[INFO] [stdout]  --> bincode-grpc-macro/src/lib.rs:444:6
[INFO] [stdout]   |
[INFO] [stdout] 3 | impl Greeter for GreeterServer {
[INFO] [stdout]   |      ^^^^^^^ not found in this scope
[INFO] [stdout] 
[INFO] [stdout] error[E0412]: cannot find type `GreeterServer` in this scope
[INFO] [stdout]  --> bincode-grpc-macro/src/lib.rs:444:18
[INFO] [stdout]   |
[INFO] [stdout] 3 | impl Greeter for GreeterServer {
[INFO] [stdout]   |                  ^^^^^^^^^^^^^ not found in this scope
[INFO] [stdout] 
[INFO] [stdout] error[E0412]: cannot find type `HelloRequest` in this scope
[INFO] [stdout]  --> bincode-grpc-macro/src/lib.rs:445:34
[INFO] [stdout]   |
[INFO] [stdout] 4 |     fn say_hello(&mut self, req: HelloRequest) -> HelloReply {
[INFO] [stdout]   |                                  ^^^^^^^^^^^^ not found in this scope
[INFO] [stdout] 
[INFO] [stdout] error[E0412]: cannot find type `HelloReply` in this scope
[INFO] [stdout]  --> bincode-grpc-macro/src/lib.rs:445:51
[INFO] [stdout]   |
[INFO] [stdout] 4 |     fn say_hello(&mut self, req: HelloRequest) -> HelloReply {
[INFO] [stdout]   |                                                   ^^^^^^^^^^ not found in this scope
[INFO] [stdout] 
[INFO] [stdout] error[E0412]: cannot find type `RpcContext` in this scope
[INFO] [stdout]  --> bincode-grpc-macro/src/lib.rs:449:39
[INFO] [stdout]   |
[INFO] [stdout] 8 |     fn say_hello_grpc(&mut self, ctx: RpcContext<'_>, req: (HelloRequest,), sink: UnarySink<HelloReply>) {
[INFO] [stdout]   |                                       ^^^^^^^^^^ not found in this scope
[INFO] [stdout] 
[INFO] [stdout] error[E0412]: cannot find type `HelloRequest` in this scope
[INFO] [stdout]  --> bincode-grpc-macro/src/lib.rs:449:61
[INFO] [stdout]   |
[INFO] [stdout] 8 |     fn say_hello_grpc(&mut self, ctx: RpcContext<'_>, req: (HelloRequest,), sink: UnarySink<HelloReply>) {
[INFO] [stdout]   |                                                             ^^^^^^^^^^^^ not found in this scope
[INFO] [stdout] 
[INFO] [stdout] error[E0412]: cannot find type `UnarySink` in this scope
[INFO] [stdout]  --> bincode-grpc-macro/src/lib.rs:449:83
[INFO] [stdout]   |
[INFO] [stdout] 8 |     fn say_hello_grpc(&mut self, ctx: RpcContext<'_>, req: (HelloRequest,), sink: UnarySink<HelloReply>) {
[INFO] [stdout]   |                                                                                   ^^^^^^^^^ not found in this scope
[INFO] [stdout] 
[INFO] [stdout] error[E0412]: cannot find type `HelloReply` in this scope
[INFO] [stdout]  --> bincode-grpc-macro/src/lib.rs:449:93
[INFO] [stdout]   |
[INFO] [stdout] 8 |     fn say_hello_grpc(&mut self, ctx: RpcContext<'_>, req: (HelloRequest,), sink: UnarySink<HelloReply>) {
[INFO] [stdout]   |                                                                                             ^^^^^^^^^^ not found in this scope
[INFO] [stdout]   |
[INFO] [stdout] help: you might be missing a type parameter
[INFO] [stdout]   |
[INFO] [stdout] 3 | impl<HelloReply> Greeter for GreeterServer {
[INFO] [stdout]   |     ++++++++++++
[INFO] [stdout] 
[INFO] [stdout] error[E0433]: failed to resolve: use of undeclared type `HelloReply`
[INFO] [stdout]  --> bincode-grpc-macro/src/lib.rs:446:9
[INFO] [stdout]   |
[INFO] [stdout] 5 |         HelloReply::default()
[INFO] [stdout]   |         ^^^^^^^^^^ use of undeclared type `HelloReply`
[INFO] [stdout] 
[INFO] [stdout] error: aborting due to 10 previous errors
[INFO] [stdout] 
[INFO] [stdout] Some errors have detailed explanations: E0405, E0412, E0433.
[INFO] [stdout] For more information about an error, try `rustc --explain E0405`.
[INFO] [stdout] Couldn't compile the test.
[INFO] [stdout] 
[INFO] [stdout] failures:
[INFO] [stdout]     bincode-grpc-macro/src/lib.rs - RpcMethod (line 198)
[INFO] [stdout]     bincode-grpc-macro/src/lib.rs - RpcMethod (line 214)
[INFO] [stdout]     bincode-grpc-macro/src/lib.rs - RpcMethod (line 222)
[INFO] [stdout]     bincode-grpc-macro/src/lib.rs - Service (line 10)
[INFO] [stdout]     bincode-grpc-macro/src/lib.rs - Service (line 16)
[INFO] [stdout]     bincode-grpc-macro/src/lib.rs - Service (line 22)
[INFO] [stdout]     bincode-grpc-macro/src/lib.rs - Service (line 30)
[INFO] [stdout]     bincode-grpc-macro/src/lib.rs - server (line 430)
[INFO] [stdout]     bincode-grpc-macro/src/lib.rs - server (line 443)
[INFO] [stdout] 
[INFO] [stdout] test result: FAILED. 0 passed; 9 failed; 0 ignored; 0 measured; 0 filtered out; finished in 0.11s
[INFO] [stdout] 
[INFO] [stderr] error: doctest failed, to rerun pass `-p bincode-grpc-macro --doc`
[INFO] running `Command { std: "docker" "inspect" "1339546b9571f48eb31391a5e0cc4c130c3132c005d1223176080e1a3ccbb0c9", kill_on_drop: false }`
[INFO] running `Command { std: "docker" "rm" "-f" "1339546b9571f48eb31391a5e0cc4c130c3132c005d1223176080e1a3ccbb0c9", kill_on_drop: false }`
[INFO] [stdout] 1339546b9571f48eb31391a5e0cc4c130c3132c005d1223176080e1a3ccbb0c9
