[INFO] cloning repository https://github.com/KomodoPlatform/sia-rust
[INFO] running `Command { std: "git" "-c" "credential.helper=" "-c" "credential.helper=/workspace/cargo-home/bin/git-credential-null" "clone" "--bare" "https://github.com/KomodoPlatform/sia-rust" "/workspace/cache/git-repos/https%3A%2F%2Fgithub.com%2FKomodoPlatform%2Fsia-rust", kill_on_drop: false }`
[INFO] [stderr] Cloning into bare repository '/workspace/cache/git-repos/https%3A%2F%2Fgithub.com%2FKomodoPlatform%2Fsia-rust'...
[INFO] running `Command { std: "git" "rev-parse" "HEAD", kill_on_drop: false }`
[INFO] [stdout] ce321bb1b365aed6f8e3bdbf52af25d9d1c9dfbe
[INFO] testing KomodoPlatform/sia-rust/ce321bb1b365aed6f8e3bdbf52af25d9d1c9dfbe against nightly-2024-10-28 for randomize-layout
[INFO] running `Command { std: "git" "clone" "/workspace/cache/git-repos/https%3A%2F%2Fgithub.com%2FKomodoPlatform%2Fsia-rust" "/workspace/builds/worker-4-tc1/source", kill_on_drop: false }`
[INFO] [stderr] Cloning into '/workspace/builds/worker-4-tc1/source'...
[INFO] [stderr] done.
[INFO] validating manifest of git repo https://github.com/KomodoPlatform/sia-rust on toolchain nightly-2024-10-28
[INFO] running `Command { std: CARGO_HOME="/workspace/cargo-home" RUSTUP_HOME="/workspace/rustup-home" "/workspace/cargo-home/bin/cargo" "+nightly-2024-10-28" "metadata" "--manifest-path" "Cargo.toml" "--no-deps", kill_on_drop: false }`
[INFO] removed /workspace/builds/worker-4-tc1/source/rust-toolchain.toml
[INFO] started tweaking git repo https://github.com/KomodoPlatform/sia-rust
[INFO] finished tweaking git repo https://github.com/KomodoPlatform/sia-rust
[INFO] tweaked toml for git repo https://github.com/KomodoPlatform/sia-rust written to /workspace/builds/worker-4-tc1/source/Cargo.toml
[INFO] crate git repo https://github.com/KomodoPlatform/sia-rust already has a lockfile, it will not be regenerated
[INFO] running `Command { std: CARGO_HOME="/workspace/cargo-home" RUSTUP_HOME="/workspace/rustup-home" "/workspace/cargo-home/bin/cargo" "+nightly-2024-10-28" "fetch" "--manifest-path" "Cargo.toml", kill_on_drop: false }`
[INFO] [stderr]  Downloading crates ...
[INFO] [stderr]   Downloaded wasm-bindgen-test-macro v0.3.13
[INFO] [stderr]   Downloaded serde-wasm-bindgen v0.4.3
[INFO] [stderr]   Downloaded wasm-bindgen-test v0.3.13
[INFO] [stderr]   Downloaded cxx-build v1.0.62
[INFO] running `Command { std: "docker" "create" "-v" "/var/lib/crater-agent-workspace/builds/worker-4-tc1/target:/opt/rustwide/target:rw,Z" "-v" "/var/lib/crater-agent-workspace/builds/worker-4-tc1/source:/opt/rustwide/workdir:ro,Z" "-v" "/var/lib/crater-agent-workspace/cargo-home:/opt/rustwide/cargo-home:ro,Z" "-v" "/var/lib/crater-agent-workspace/rustup-home:/opt/rustwide/rustup-home:ro,Z" "-e" "SOURCE_DIR=/opt/rustwide/workdir" "-e" "CARGO_TARGET_DIR=/opt/rustwide/target" "-e" "CARGO_HOME=/opt/rustwide/cargo-home" "-e" "RUSTUP_HOME=/opt/rustwide/rustup-home" "-w" "/opt/rustwide/workdir" "-m" "1610612736" "--user" "0:0" "--network" "none" "ghcr.io/rust-lang/crates-build-env/linux@sha256:4a844ea9eb2546a2d2c7022eacef16ef2e8229c7fbb2c7d4d55a9ceca922f72d" "/opt/rustwide/cargo-home/bin/cargo" "+nightly-2024-10-28" "metadata" "--no-deps" "--format-version=1", kill_on_drop: false }`
[INFO] [stdout] 91e30828137e4f7cd05a218d3ad2402443d0ee24efd3cdf7398076745a94cd3d
[INFO] running `Command { std: "docker" "start" "-a" "91e30828137e4f7cd05a218d3ad2402443d0ee24efd3cdf7398076745a94cd3d", kill_on_drop: false }`
[INFO] running `Command { std: "docker" "inspect" "91e30828137e4f7cd05a218d3ad2402443d0ee24efd3cdf7398076745a94cd3d", kill_on_drop: false }`
[INFO] running `Command { std: "docker" "rm" "-f" "91e30828137e4f7cd05a218d3ad2402443d0ee24efd3cdf7398076745a94cd3d", kill_on_drop: false }`
[INFO] [stdout] 91e30828137e4f7cd05a218d3ad2402443d0ee24efd3cdf7398076745a94cd3d
[INFO] running `Command { std: "docker" "create" "-v" "/var/lib/crater-agent-workspace/builds/worker-4-tc1/target:/opt/rustwide/target:rw,Z" "-v" "/var/lib/crater-agent-workspace/builds/worker-4-tc1/source:/opt/rustwide/workdir:ro,Z" "-v" "/var/lib/crater-agent-workspace/cargo-home:/opt/rustwide/cargo-home:ro,Z" "-v" "/var/lib/crater-agent-workspace/rustup-home:/opt/rustwide/rustup-home:ro,Z" "-e" "SOURCE_DIR=/opt/rustwide/workdir" "-e" "CARGO_TARGET_DIR=/opt/rustwide/target" "-e" "CARGO_INCREMENTAL=0" "-e" "RUST_BACKTRACE=full" "-e" "RUSTFLAGS=--cap-lints=forbid" "-e" "RUSTDOCFLAGS=--cap-lints=forbid" "-e" "CARGO_HOME=/opt/rustwide/cargo-home" "-e" "RUSTUP_HOME=/opt/rustwide/rustup-home" "-w" "/opt/rustwide/workdir" "-m" "1610612736" "--user" "0:0" "--network" "none" "ghcr.io/rust-lang/crates-build-env/linux@sha256:4a844ea9eb2546a2d2c7022eacef16ef2e8229c7fbb2c7d4d55a9ceca922f72d" "/opt/rustwide/cargo-home/bin/cargo" "+nightly-2024-10-28" "build" "--frozen" "--message-format=json", kill_on_drop: false }`
[INFO] [stdout] 49274e5ff808769bae68da41bfc242be740f01a3e514c1ba6fd55284bb00cfc4
[INFO] running `Command { std: "docker" "start" "-a" "49274e5ff808769bae68da41bfc242be740f01a3e514c1ba6fd55284bb00cfc4", kill_on_drop: false }`
[INFO] [stderr]    Compiling proc-macro2 v1.0.69
[INFO] [stderr]    Compiling unicode-ident v1.0.0
[INFO] [stderr]    Compiling autocfg v1.1.0
[INFO] [stderr]    Compiling libc v0.2.150
[INFO] [stderr]    Compiling once_cell v1.18.0
[INFO] [stderr]    Compiling version_check v0.9.4
[INFO] [stderr]    Compiling cfg-if v1.0.0
[INFO] [stderr]    Compiling cc v1.0.74
[INFO] [stderr]    Compiling log v0.4.19
[INFO] [stderr]    Compiling serde v1.0.189
[INFO] [stderr]    Compiling pin-project-lite v0.2.9
[INFO] [stderr]    Compiling futures-core v0.3.28
[INFO] [stderr]    Compiling bytes v1.4.0
[INFO] [stderr]    Compiling typenum v1.15.0
[INFO] [stderr]    Compiling tokio v1.28.2
[INFO] [stderr]    Compiling itoa v1.0.10
[INFO] [stderr]    Compiling untrusted v0.7.1
[INFO] [stderr]    Compiling syn v1.0.95
[INFO] [stderr]    Compiling memchr v2.5.0
[INFO] [stderr]    Compiling spin v0.5.2
[INFO] [stderr]    Compiling generic-array v0.14.7
[INFO] [stderr]    Compiling slab v0.4.8
[INFO] [stderr]    Compiling quote v1.0.33
[INFO] [stderr]    Compiling futures-channel v0.3.28
[INFO] [stderr]    Compiling getrandom v0.1.14
[INFO] [stderr]    Compiling futures-sink v0.3.28
[INFO] [stderr]    Compiling socket2 v0.4.9
[INFO] [stderr]    Compiling mio v0.8.6
[INFO] [stderr]    Compiling syn v2.0.38
[INFO] [stderr]    Compiling futures-task v0.3.28
[INFO] [stderr]    Compiling ryu v1.0.5
[INFO] [stderr]    Compiling ring v0.16.20
[INFO] [stderr]    Compiling tracing-core v0.1.31
[INFO] [stderr]    Compiling fnv v1.0.7
[INFO] [stderr]    Compiling cfg-if v0.1.10
[INFO] [stderr]    Compiling futures-util v0.3.28
[INFO] [stderr]    Compiling matches v0.1.8
[INFO] [stderr]    Compiling http v0.2.12
[INFO] [stderr]    Compiling pin-utils v0.1.0
[INFO] [stderr]    Compiling tinyvec_macros v0.1.0
[INFO] [stderr]    Compiling rustls v0.20.4
[INFO] [stderr]    Compiling httparse v1.8.0
[INFO] [stderr]    Compiling hashbrown v0.14.3
[INFO] [stderr]    Compiling futures-io v0.3.28
[INFO] [stderr]    Compiling unicode-xid v0.2.0
[INFO] [stderr]    Compiling equivalent v1.0.1
[INFO] [stderr]    Compiling tinyvec v1.6.0
[INFO] [stderr]    Compiling rand_core v0.5.1
[INFO] [stderr]    Compiling indexmap v1.9.3
[INFO] [stderr]    Compiling num-traits v0.2.15
[INFO] [stderr]    Compiling percent-encoding v2.1.0
[INFO] [stderr]    Compiling try-lock v0.2.2
[INFO] [stderr]    Compiling radium v0.5.3
[INFO] [stderr]    Compiling form_urlencoded v1.0.1
[INFO] [stderr]    Compiling indexmap v2.2.3
[INFO] [stderr]    Compiling want v0.3.0
[INFO] [stderr]    Compiling http-body v0.4.5
[INFO] [stderr]    Compiling digest v0.9.0
[INFO] [stderr]    Compiling unicode-normalization v0.1.19
[INFO] [stderr]    Compiling unicode-bidi v0.3.4
[INFO] [stderr]    Compiling num-integer v0.1.43
[INFO] [stderr]    Compiling lexical-core v0.7.6
[INFO] [stderr]    Compiling httpdate v1.0.1
[INFO] [stderr]    Compiling tower-service v0.3.2
[INFO] [stderr]    Compiling ppv-lite86 v0.2.8
[INFO] [stderr]    Compiling arrayvec v0.5.1
[INFO] [stderr]    Compiling hashbrown v0.12.1
[INFO] [stderr]    Compiling serde_json v1.0.79
[INFO] [stderr]    Compiling encoding_rs v0.8.28
[INFO] [stderr]    Compiling rand_chacha v0.2.2
[INFO] [stderr]    Compiling idna v0.2.3
[INFO] [stderr]    Compiling block-buffer v0.9.0
[INFO] [stderr]    Compiling nom v6.1.2
[INFO] [stderr]    Compiling byteorder v1.4.3
[INFO] [stderr]    Compiling tap v1.0.1
[INFO] [stderr]    Compiling webpki v0.22.0
[INFO] [stderr]    Compiling sct v0.7.0
[INFO] [stderr]    Compiling synstructure v0.12.4
[INFO] [stderr]    Compiling thiserror v1.0.40
[INFO] [stderr]    Compiling signature v1.4.0
[INFO] [stderr]    Compiling bitflags v1.3.2
[INFO] [stderr]    Compiling cpufeatures v0.2.11
[INFO] [stderr]    Compiling funty v1.1.0
[INFO] [stderr]    Compiling opaque-debug v0.3.0
[INFO] [stderr]    Compiling wyz v0.2.0
[INFO] [stderr]    Compiling base64 v0.13.0
[INFO] [stderr]    Compiling subtle v2.4.0
[INFO] [stderr]    Compiling static_assertions v1.1.0
[INFO] [stderr]    Compiling async-trait v0.1.76
[INFO] [stderr]    Compiling bitvec v0.19.5
[INFO] [stderr]    Compiling rustls-pemfile v0.2.1
[INFO] [stderr]    Compiling sha2 v0.9.9
[INFO] [stderr]    Compiling webpki-roots v0.22.3
[INFO] [stderr]    Compiling rand v0.7.3
[INFO] [stderr]    Compiling time v0.1.43
[INFO] [stderr]    Compiling arrayref v0.3.6
[INFO] [stderr]    Compiling ipnet v2.7.2
[INFO] [stderr]    Compiling iana-time-zone v0.1.53
[INFO] [stderr]    Compiling constant_time_eq v0.1.5
[INFO] [stderr]    Compiling lazy_static v1.4.0
[INFO] [stderr]    Compiling mime v0.3.16
[INFO] [stderr]    Compiling blake2b_simd v0.5.10
[INFO] [stderr]    Compiling zeroize_derive v1.3.2
[INFO] [stderr]    Compiling serde_derive v1.0.189
[INFO] [stderr]    Compiling tokio-macros v2.1.0
[INFO] [stderr]    Compiling tracing-attributes v0.1.26
[INFO] [stderr]    Compiling futures-macro v0.3.28
[INFO] [stderr]    Compiling zeroize v1.7.0
[INFO] [stderr]    Compiling curve25519-dalek v3.2.0
[INFO] [stderr]    Compiling thiserror-impl v1.0.40
[INFO] [stderr]    Compiling tracing v0.1.37
[INFO] [stderr]    Compiling derive_more v0.99.11
[INFO] [stderr]    Compiling rustc-hex v2.1.0
[INFO] [stderr]    Compiling base64 v0.21.7
[INFO] [stderr]    Compiling hex v0.4.3
[INFO] [stderr]    Compiling tokio-util v0.7.2
[INFO] [stderr]    Compiling tokio-rustls v0.23.2
[INFO] [stderr]    Compiling h2 v0.3.24
[INFO] [stderr]    Compiling serde_bytes v0.11.5
[INFO] [stderr]    Compiling serde_urlencoded v0.7.1
[INFO] [stderr]    Compiling url v2.2.2
[INFO] [stderr]    Compiling ed25519 v1.5.2
[INFO] [stderr]    Compiling chrono v0.4.23
[INFO] [stderr]    Compiling ed25519-dalek v1.0.1
[INFO] [stderr]    Compiling hyper v0.14.26
[INFO] [stderr]    Compiling hyper-rustls v0.23.0
[INFO] [stderr]    Compiling reqwest v0.11.9
[INFO] [stderr]    Compiling sia-rust v0.1.0 (/opt/rustwide/workdir)
[INFO] [stderr]     Finished `dev` profile [unoptimized + debuginfo] target(s) in 16.90s
[INFO] [stderr] warning: the following packages contain code that will be rejected by a future version of Rust: nom v6.1.2
[INFO] [stderr] note: to see what the problems were, use the option `--future-incompat-report`, or run `cargo report future-incompatibilities --id 1`
[INFO] running `Command { std: "docker" "inspect" "49274e5ff808769bae68da41bfc242be740f01a3e514c1ba6fd55284bb00cfc4", kill_on_drop: false }`
[INFO] running `Command { std: "docker" "rm" "-f" "49274e5ff808769bae68da41bfc242be740f01a3e514c1ba6fd55284bb00cfc4", kill_on_drop: false }`
[INFO] [stdout] 49274e5ff808769bae68da41bfc242be740f01a3e514c1ba6fd55284bb00cfc4
[INFO] running `Command { std: "docker" "create" "-v" "/var/lib/crater-agent-workspace/builds/worker-4-tc1/target:/opt/rustwide/target:rw,Z" "-v" "/var/lib/crater-agent-workspace/builds/worker-4-tc1/source:/opt/rustwide/workdir:ro,Z" "-v" "/var/lib/crater-agent-workspace/cargo-home:/opt/rustwide/cargo-home:ro,Z" "-v" "/var/lib/crater-agent-workspace/rustup-home:/opt/rustwide/rustup-home:ro,Z" "-e" "SOURCE_DIR=/opt/rustwide/workdir" "-e" "CARGO_TARGET_DIR=/opt/rustwide/target" "-e" "CARGO_INCREMENTAL=0" "-e" "RUST_BACKTRACE=full" "-e" "RUSTFLAGS=--cap-lints=forbid" "-e" "RUSTDOCFLAGS=--cap-lints=forbid" "-e" "CARGO_HOME=/opt/rustwide/cargo-home" "-e" "RUSTUP_HOME=/opt/rustwide/rustup-home" "-w" "/opt/rustwide/workdir" "-m" "1610612736" "--user" "0:0" "--network" "none" "ghcr.io/rust-lang/crates-build-env/linux@sha256:4a844ea9eb2546a2d2c7022eacef16ef2e8229c7fbb2c7d4d55a9ceca922f72d" "/opt/rustwide/cargo-home/bin/cargo" "+nightly-2024-10-28" "test" "--frozen" "--no-run" "--message-format=json", kill_on_drop: false }`
[INFO] [stdout] 6387ca75612f0f4f0b6114a6d85669af046a1be3a25636bd878cccb00e9a0e72
[INFO] running `Command { std: "docker" "start" "-a" "6387ca75612f0f4f0b6114a6d85669af046a1be3a25636bd878cccb00e9a0e72", kill_on_drop: false }`
[INFO] [stderr]    Compiling sia-rust v0.1.0 (/opt/rustwide/workdir)
[INFO] [stderr]     Finished `test` profile [unoptimized + debuginfo] target(s) in 2.96s
[INFO] [stderr] warning: the following packages contain code that will be rejected by a future version of Rust: nom v6.1.2
[INFO] [stderr] note: to see what the problems were, use the option `--future-incompat-report`, or run `cargo report future-incompatibilities --id 1`
[INFO] running `Command { std: "docker" "inspect" "6387ca75612f0f4f0b6114a6d85669af046a1be3a25636bd878cccb00e9a0e72", kill_on_drop: false }`
[INFO] running `Command { std: "docker" "rm" "-f" "6387ca75612f0f4f0b6114a6d85669af046a1be3a25636bd878cccb00e9a0e72", kill_on_drop: false }`
[INFO] [stdout] 6387ca75612f0f4f0b6114a6d85669af046a1be3a25636bd878cccb00e9a0e72
[INFO] running `Command { std: "docker" "create" "-v" "/var/lib/crater-agent-workspace/builds/worker-4-tc1/target:/opt/rustwide/target:rw,Z" "-v" "/var/lib/crater-agent-workspace/builds/worker-4-tc1/source:/opt/rustwide/workdir:ro,Z" "-v" "/var/lib/crater-agent-workspace/cargo-home:/opt/rustwide/cargo-home:ro,Z" "-v" "/var/lib/crater-agent-workspace/rustup-home:/opt/rustwide/rustup-home:ro,Z" "-e" "SOURCE_DIR=/opt/rustwide/workdir" "-e" "CARGO_TARGET_DIR=/opt/rustwide/target" "-e" "CARGO_INCREMENTAL=0" "-e" "RUST_BACKTRACE=full" "-e" "RUSTFLAGS=--cap-lints=forbid" "-e" "RUSTDOCFLAGS=--cap-lints=forbid" "-e" "CARGO_HOME=/opt/rustwide/cargo-home" "-e" "RUSTUP_HOME=/opt/rustwide/rustup-home" "-w" "/opt/rustwide/workdir" "-m" "1610612736" "--user" "0:0" "--network" "none" "ghcr.io/rust-lang/crates-build-env/linux@sha256:4a844ea9eb2546a2d2c7022eacef16ef2e8229c7fbb2c7d4d55a9ceca922f72d" "/opt/rustwide/cargo-home/bin/cargo" "+nightly-2024-10-28" "test" "--frozen", kill_on_drop: false }`
[INFO] [stdout] 29d448f44072ef68a33ed7f86fb798e7818c5835df5e2f7bc8b31efdea8f5cf8
[INFO] running `Command { std: "docker" "start" "-a" "29d448f44072ef68a33ed7f86fb798e7818c5835df5e2f7bc8b31efdea8f5cf8", kill_on_drop: false }`
[INFO] [stderr]     Finished `test` profile [unoptimized + debuginfo] target(s) in 0.09s
[INFO] [stderr] warning: the following packages contain code that will be rejected by a future version of Rust: nom v6.1.2
[INFO] [stderr] note: to see what the problems were, use the option `--future-incompat-report`, or run `cargo report future-incompatibilities --id 1`
[INFO] [stderr]      Running unittests src/lib.rs (/opt/rustwide/target/debug/deps/sia_rust-db6fece13bfe1313)
[INFO] [stdout] 
[INFO] [stdout] running 115 tests
[INFO] [stdout] test blake2b_internal::test::test_accumulator_root_default ... ok
[INFO] [stdout] test blake2b_internal::test::test_accumulator_new ... ok
[INFO] [stdout] test blake2b_internal::test::test_accumulator_add_leaf_standard_unlock_hash ... ok
[INFO] [stdout] test blake2b_internal::test::test_accumulator_root ... ok
[INFO] [stdout] test blake2b_internal::test::test_hash_blake2b_pair ... ok
[INFO] [stdout] test blake2b_internal::test::test_hash_blake2b_single ... ok
[INFO] [stdout] test blake2b_internal::test::test_accumulator_add_leaf_2of2_multisig_unlock_hash ... ok
[INFO] [stdout] test blake2b_internal::test::test_accumulator_add_leaf_1of2_multisig_unlock_hash ... ok
[INFO] [stdout] test blake2b_internal::test::test_public_key_leaf ... ok
[INFO] [stdout] test blake2b_internal::test::test_sigs_required_leaf ... ok
[INFO] [stdout] test blake2b_internal::test::test_standard_unlock_hash ... ok
[INFO] [stdout] test blake2b_internal::test::test_timelock_leaf ... ok
[INFO] [stdout] test encoding::test::test_encoder_complex ... ok
[INFO] [stdout] test encoding::test::test_encoder_default_hash ... ok
[INFO] [stdout] test encoding::test::test_encoder_reset ... ok
[INFO] [stdout] test encoding::test::test_encoder_write_bool ... ok
[INFO] [stdout] test encoding::test::test_encoder_write_bytes ... ok
[INFO] [stdout] test encoding::test::test_encoder_write_distiguisher ... ok
[INFO] [stdout] test encoding::test::test_encoder_write_u64 ... ok
[INFO] [stdout] test encoding::test::test_encoder_write_u8 ... ok
[INFO] [stdout] test tests::encoding::test::test_spend_policy_encode_after ... ok
[INFO] [stdout] test tests::encoding::test::test_spend_policy_encode_above ... ok
[INFO] [stdout] test tests::encoding::test::test_spend_policy_encode_hash ... ok
[INFO] [stdout] test tests::encoding::test::test_public_key_encode ... ok
[INFO] [stdout] test tests::encoding::test::test_spend_policy_encode_pubkey ... ok
[INFO] [stdout] test tests::encoding::test::test_spend_policy_encode_threshold ... ok
[INFO] [stdout] test tests::encoding::test::test_unlock_condition_encode ... ok
[INFO] [stdout] test tests::serde::test::test_serde_event_v2_contract_resolution_expiration ... ignored
[INFO] [stdout] test tests::encoding::test::test_spend_policy_encode_unlock_condition ... ok
[INFO] [stdout] test tests::encoding::test::test_unlock_condition_unlock_hash_1of2_multisig ... ok
[INFO] [stdout] test tests::serde::test::test_serde_address ... ok
[INFO] [stdout] test tests::encoding::test::test_unlock_condition_unlock_hash_standard ... ok
[INFO] [stdout] test tests::encoding::test::test_unlock_condition_unlock_hash_2of2_multisig ... ok
[INFO] [stdout] test tests::serde::test::test_serde_sia_hash ... ok
[INFO] [stdout] test tests::serde::test::test_serde_siacoin_element ... ok
[INFO] [stdout] test tests::serde::test::test_serde_state_element ... ok
[INFO] [stdout] test tests::serde::test::test_serde_siacoin_element_null_merkle_proof ... ok
[INFO] [stdout] test tests::serde::test::test_serde_event_v2_contract_resolution_storage_proof ... ok
[INFO] [stdout] test tests::serde::test::test_serde_unlock_key ... ok
[INFO] [stdout] test tests::serde::test::test_serde_siacoin_output ... ok
[INFO] [stdout] test tests::serde::test_serde_event_v2_contract_resolution_finalization ... ignored
[INFO] [stdout] test tests::serde::test::test_serde_event_v2_transaction ... ok
[INFO] [stdout] test tests::spend_policy::test::test_serde_spend_policy_above ... ok
[INFO] [stdout] test tests::spend_policy::test::test_serde_spend_policy_after ... ok
[INFO] [stdout] test tests::spend_policy::test::test_serde_spend_policy_hash ... ok
[INFO] [stdout] test tests::spend_policy::test::test_serde_spend_policy_public_key ... ok
[INFO] [stdout] test tests::spend_policy::test::test_serde_spend_policy_opaque ... ok
[INFO] [stdout] test tests::spend_policy::test::test_serde_spend_policy_unlock_conditions_standard ... ok
[INFO] [stdout] test tests::serde::test::test_serde_event_v2_contract_resolution_renewal ... ok
[INFO] [stdout] test tests::transaction::test::test_attestation_encode ... ok
[INFO] [stdout] test tests::spend_policy::test::test_serde_spend_policy_threshold ... ok
[INFO] [stdout] test tests::serde::test::test_v2_transaction_serde_basic_send ... ok
[INFO] [stdout] test tests::transaction::test::test_satisfied_policy_encode_hash ... ok
[INFO] [stdout] test tests::transaction::test::test_satisfied_policy_encode_hash_frivulous_signature ... ok
[INFO] [stdout] test tests::transaction::test::test_satisfied_policy_encode_hash_empty ... ok
[INFO] [stdout] test tests::transaction::test::test_file_contract_v2_encode ... ok
[INFO] [stdout] test tests::transaction::test::test_file_contract_element_v2_encode ... ok
[INFO] [stdout] test tests::transaction::test::test_satisfied_policy_encode_public_key ... ok
[INFO] [stdout] test tests::transaction::test::test_satisfied_policy_encode_threshold_atomic_swap_refund ... ok
[INFO] [stdout] test tests::transaction::test::test_siacoin_currency_encode_v2 ... ok
[INFO] [stdout] test tests::transaction::test::test_satisfied_policy_encode_threshold_simple ... ok
[INFO] [stdout] test tests::transaction::test::test_satisfied_policy_encode_threshold_atomic_swap_success ... ok
[INFO] [stdout] test tests::transaction::test::test_siacoin_currency_encode_v1_max ... ok
[INFO] [stdout] test tests::transaction::test::test_satisfied_policy_encode_unlock_condition_standard ... ok
[INFO] [stdout] test tests::transaction::test::test_file_contract_revision_v2_encode ... ok
[INFO] [stdout] test tests::transaction::test::test_siacoin_currency_encode_v1 ... ok
[INFO] [stdout] test tests::transaction::test::test_siacoin_currency_encode_v2_max ... ok
[INFO] [stdout] test tests::transaction::test::test_satisfied_policy_encode_unlock_condition_complex ... ok
[INFO] [stdout] test tests::transaction::test::test_siacoin_input_encode_v1 ... ok
[INFO] [stdout] test tests::transaction::test::test_siacoin_input_encode ... ok
[INFO] [stdout] test tests::transaction::test::test_siacoin_element_encode ... ok
[INFO] [stdout] test tests::transaction::test::test_siacoin_input_encode_v2 ... ok
[INFO] [stdout] test tests::transaction::test::test_siacoin_output_id_new ... ok
[INFO] [stdout] test tests::transaction::test::test_siacoin_output_encode_v1 ... ok
[INFO] [stdout] test tests::transaction::test::test_siacoin_output_encode_v2 ... ok
[INFO] [stdout] test tests::transaction::test::test_state_element_encode_null_merkle_proof ... ok
[INFO] [stdout] test tests::transaction::test::test_signature_encode ... ok
[INFO] [stdout] test tests::transaction::test::test_state_element_encode ... ok
[INFO] [stdout] test types::hash::tests::test_corrupt_prefix ... ok
[INFO] [stdout] test types::hash::tests::test_debug ... ok
[INFO] [stdout] test tests::transaction::test::test_v2_transaction_sig_hash ... ok
[INFO] [stdout] test types::hash::tests::test_default ... ok
[INFO] [stdout] test types::hash::tests::test_display ... ok
[INFO] [stdout] test types::hash::tests::test_from_str_no_prefix_invalid_has_prefix ... ok
[INFO] [stdout] test types::hash::tests::test_deserialize ... ok
[INFO] [stdout] test types::hash::tests::test_deserialize_missing_prefix ... ok
[INFO] [stdout] test tests::transaction::test::test_v2_transaction_signing ... ok
[INFO] [stdout] test types::hash::tests::test_from_str_no_prefix_invalid_hex ... ok
[INFO] [stdout] test types::hash::tests::test_invalid_length ... ok
[INFO] [stdout] test types::hash::tests::test_invalid_hex ... ok
[INFO] [stdout] test types::hash::tests::test_from_str_no_prefix_valid ... ok
[INFO] [stdout] test types::hash::tests::test_missing_prefix ... ok
[INFO] [stdout] test types::hash::tests::test_serialize ... ok
[INFO] [stdout] test types::hash::tests::test_from_str_no_prefix_invalid_length ... ok
[INFO] [stdout] test types::hash::tests::test_valid ... ok
[INFO] [stdout] test types::hash::tests::test_wrong_prefix ... ok
[INFO] [stdout] test types::signature::tests::test_corrupt_prefix ... ok
[INFO] [stdout] test types::signature::tests::test_debug ... ok
[INFO] [stdout] test types::signature::tests::test_deserialize_missing_prefix ... ok
[INFO] [stdout] test types::signature::tests::test_deserialize ... ok
[INFO] [stdout] test types::signature::tests::test_display ... ok
[INFO] [stdout] test types::signature::tests::test_from_str_no_prefix_invalid_has_prefix ... ok
[INFO] [stdout] test types::signature::tests::test_from_str_no_prefix_invalid_hex ... ok
[INFO] [stdout] test types::signature::tests::test_from_str_no_prefix_invalid_length ... ok
[INFO] [stdout] test types::signature::tests::test_invalid_length ... ok
[INFO] [stdout] test types::signature::tests::test_invalid_r_signature ... ok
[INFO] [stdout] test types::signature::tests::test_from_str_no_prefix_valid ... ok
[INFO] [stdout] test types::signature::tests::test_invalid_hex ... ok
[INFO] [stdout] test types::signature::tests::test_missing_prefix ... ok
[INFO] [stdout] test types::signature::tests::test_wrong_prefix ... ok
[INFO] [stdout] test types::signature::tests::test_serialize ... ok
[INFO] [stdout] test transport::client::native::tests::test_api_address_balance ... FAILED
[INFO] [stdout] test transport::client::native::tests::test_api_events ... FAILED
[INFO] [stdout] test transport::client::native::tests::test_new_client ... FAILED
[INFO] [stdout] test transport::client::native::tests::test_api_consensus_tip ... FAILED
[INFO] [stdout] 
[INFO] [stdout] failures:
[INFO] [stdout] 
[INFO] [stdout] ---- transport::client::native::tests::test_api_address_balance stdout ----
[INFO] [stdout] thread 'transport::client::native::tests::test_api_address_balance' panicked at src/transport/client/native.rs:134:39:
[INFO] [stdout] called `Result::unwrap()` on an `Err` value: ReqwestError(reqwest::Error { kind: Request, url: Url { scheme: "https", cannot_be_a_base: false, username: "", password: None, host: Some(Domain("sia-walletd.komodo.earth")), port: None, path: "/api/consensus/tip", query: None, fragment: None }, source: hyper::Error(Connect, ConnectError("dns error", Custom { kind: Uncategorized, error: "failed to lookup address information: Temporary failure in name resolution" })) })
[INFO] [stdout] stack backtrace:
[INFO] [stdout]    0:     0x64140bc5957a - std::backtrace_rs::backtrace::libunwind::trace::h207520d6e9873551
[INFO] [stdout]                                at /rustc/df4ca44d3fbc9301ee17f30f4d474e6ae4b05252/library/std/src/../../backtrace/src/backtrace/libunwind.rs:116:5
[INFO] [stdout]    1:     0x64140bc5957a - std::backtrace_rs::backtrace::trace_unsynchronized::h2ed7433f370e3eca
[INFO] [stdout]                                at /rustc/df4ca44d3fbc9301ee17f30f4d474e6ae4b05252/library/std/src/../../backtrace/src/backtrace/mod.rs:66:5
[INFO] [stdout]    2:     0x64140bc5957a - std::sys::backtrace::_print_fmt::h916fac51166b18d7
[INFO] [stdout]                                at /rustc/df4ca44d3fbc9301ee17f30f4d474e6ae4b05252/library/std/src/sys/backtrace.rs:66:9
[INFO] [stdout]    3:     0x64140bc5957a - <std::sys::backtrace::BacktraceLock::print::DisplayBacktrace as core::fmt::Display>::fmt::ha0a4c9b8ce3802e6
[INFO] [stdout]                                at /rustc/df4ca44d3fbc9301ee17f30f4d474e6ae4b05252/library/std/src/sys/backtrace.rs:39:26
[INFO] [stdout]    4:     0x64140bc83a53 - core::fmt::rt::Argument::fmt::h4cfc8587d52b3eb5
[INFO] [stdout]                                at /rustc/df4ca44d3fbc9301ee17f30f4d474e6ae4b05252/library/core/src/fmt/rt.rs:177:76
[INFO] [stdout]    5:     0x64140bc83a53 - core::fmt::write::h522cc39e5b36ae9f
[INFO] [stdout]                                at /rustc/df4ca44d3fbc9301ee17f30f4d474e6ae4b05252/library/core/src/fmt/mod.rs:1190:21
[INFO] [stdout]    6:     0x64140bc557e3 - std::io::Write::write_fmt::h7d3c26752da97734
[INFO] [stdout]                                at /rustc/df4ca44d3fbc9301ee17f30f4d474e6ae4b05252/library/std/src/io/mod.rs:1839:15
[INFO] [stdout]    7:     0x64140bc593c2 - std::sys::backtrace::BacktraceLock::print::h4b9e00b29e9c0942
[INFO] [stdout]                                at /rustc/df4ca44d3fbc9301ee17f30f4d474e6ae4b05252/library/std/src/sys/backtrace.rs:42:9
[INFO] [stdout]    8:     0x64140bc5aa0a - std::panicking::default_hook::{{closure}}::hb59b88280d0324d9
[INFO] [stdout]                                at /rustc/df4ca44d3fbc9301ee17f30f4d474e6ae4b05252/library/std/src/panicking.rs:268:22
[INFO] [stdout]    9:     0x64140bc5a814 - std::panicking::default_hook::he1dd496665be4a29
[INFO] [stdout]                                at /rustc/df4ca44d3fbc9301ee17f30f4d474e6ae4b05252/library/std/src/panicking.rs:292:9
[INFO] [stdout]   10:     0x64140b6a24d9 - <alloc::boxed::Box<F,A> as core::ops::function::Fn<Args>>::call::h4ff71de18744e1dc
[INFO] [stdout]                                at /rustc/df4ca44d3fbc9301ee17f30f4d474e6ae4b05252/library/alloc/src/boxed.rs:2468:9
[INFO] [stdout]   11:     0x64140b6a24d9 - test::test_main::{{closure}}::hcf7c055ce117aa81
[INFO] [stdout]                                at /rustc/df4ca44d3fbc9301ee17f30f4d474e6ae4b05252/library/test/src/lib.rs:133:21
[INFO] [stdout]   12:     0x64140bc5b108 - <alloc::boxed::Box<F,A> as core::ops::function::Fn<Args>>::call::h1d66c6bbd60c9692
[INFO] [stdout]                                at /rustc/df4ca44d3fbc9301ee17f30f4d474e6ae4b05252/library/alloc/src/boxed.rs:2468:9
[INFO] [stdout]   13:     0x64140bc5b108 - std::panicking::rust_panic_with_hook::h2ff17fe8f26dfcf8
[INFO] [stdout]                                at /rustc/df4ca44d3fbc9301ee17f30f4d474e6ae4b05252/library/std/src/panicking.rs:809:13
[INFO] [stdout]   14:     0x64140bc5aeca - std::panicking::begin_panic_handler::{{closure}}::h4fad77951c07e101
[INFO] [stdout]                                at /rustc/df4ca44d3fbc9301ee17f30f4d474e6ae4b05252/library/std/src/panicking.rs:674:13
[INFO] [stdout]   15:     0x64140bc59a59 - std::sys::backtrace::__rust_end_short_backtrace::hb1a25b3da5d0ea08
[INFO] [stdout]                                at /rustc/df4ca44d3fbc9301ee17f30f4d474e6ae4b05252/library/std/src/sys/backtrace.rs:170:18
[INFO] [stdout]   16:     0x64140bc5ab5c - rust_begin_unwind
[INFO] [stdout]                                at /rustc/df4ca44d3fbc9301ee17f30f4d474e6ae4b05252/library/std/src/panicking.rs:665:5
[INFO] [stdout]   17:     0x64140bc81460 - core::panicking::panic_fmt::ha9db07b529f9b256
[INFO] [stdout]                                at /rustc/df4ca44d3fbc9301ee17f30f4d474e6ae4b05252/library/core/src/panicking.rs:75:14
[INFO] [stdout]   18:     0x64140bc818e6 - core::result::unwrap_failed::h5e8218e4d4338b8a
[INFO] [stdout]                                at /rustc/df4ca44d3fbc9301ee17f30f4d474e6ae4b05252/library/core/src/result.rs:1698:5
[INFO] [stdout]   19:     0x64140b6430a3 - core::result::Result<T,E>::unwrap::h2db812b554e34f88
[INFO] [stdout]                                at /rustc/df4ca44d3fbc9301ee17f30f4d474e6ae4b05252/library/core/src/result.rs:1103:23
[INFO] [stdout]   20:     0x64140b6430a3 - sia_rust::transport::client::native::tests::init_client::{{closure}}::h6dda1b5a1d7d9c2d
[INFO] [stdout]                                at /opt/rustwide/workdir/src/transport/client/native.rs:134:9
[INFO] [stdout]   21:     0x64140b643efa - sia_rust::transport::client::native::tests::test_dispatch::{{closure}}::hda922d606c42489a
[INFO] [stdout]                                at /opt/rustwide/workdir/src/transport/client/native.rs:139:40
[INFO] [stdout]   22:     0x64140b648d32 - sia_rust::transport::client::native::tests::test_api_address_balance::{{closure}}::h8377d02960f28283
[INFO] [stdout]                                at /opt/rustwide/workdir/src/transport/client/native.rs:160:48
[INFO] [stdout]   23:     0x64140b5b6832 - <core::pin::Pin<P> as core::future::future::Future>::poll::hab7ee9b939221221
[INFO] [stdout]                                at /rustc/df4ca44d3fbc9301ee17f30f4d474e6ae4b05252/library/core/src/future/future.rs:123:9
[INFO] [stdout]   24:     0x64140b5b68cd - <core::pin::Pin<P> as core::future::future::Future>::poll::hfc5ca9aee312bc6c
[INFO] [stdout]                                at /rustc/df4ca44d3fbc9301ee17f30f4d474e6ae4b05252/library/core/src/future/future.rs:123:9
[INFO] [stdout]   25:     0x64140b6067cf - tokio::runtime::scheduler::current_thread::CoreGuard::block_on::{{closure}}::{{closure}}::{{closure}}::hd614e57bab29900a
[INFO] [stdout]                                at /opt/rustwide/cargo-home/registry/src/index.crates.io-6f17d22bba15001f/tokio-1.28.2/src/runtime/scheduler/current_thread.rs:541:57
[INFO] [stdout]   26:     0x64140b6066c5 - tokio::runtime::coop::with_budget::h18b9141cad975f58
[INFO] [stdout]                                at /opt/rustwide/cargo-home/registry/src/index.crates.io-6f17d22bba15001f/tokio-1.28.2/src/runtime/coop.rs:107:5
[INFO] [stdout]   27:     0x64140b6066c5 - tokio::runtime::coop::budget::h4971118c3df451ce
[INFO] [stdout]                                at /opt/rustwide/cargo-home/registry/src/index.crates.io-6f17d22bba15001f/tokio-1.28.2/src/runtime/coop.rs:73:5
[INFO] [stdout]   28:     0x64140b6066c5 - tokio::runtime::scheduler::current_thread::CoreGuard::block_on::{{closure}}::{{closure}}::h2ad8e127e77e4a78
[INFO] [stdout]                                at /opt/rustwide/cargo-home/registry/src/index.crates.io-6f17d22bba15001f/tokio-1.28.2/src/runtime/scheduler/current_thread.rs:541:25
[INFO] [stdout]   29:     0x64140b605330 - tokio::runtime::scheduler::current_thread::Context::enter::hdb916df9c43f7ddd
[INFO] [stdout]                                at /opt/rustwide/cargo-home/registry/src/index.crates.io-6f17d22bba15001f/tokio-1.28.2/src/runtime/scheduler/current_thread.rs:350:19
[INFO] [stdout]   30:     0x64140b605d7a - tokio::runtime::scheduler::current_thread::CoreGuard::block_on::{{closure}}::hf2c4e0e0e2efb288
[INFO] [stdout]                                at /opt/rustwide/cargo-home/registry/src/index.crates.io-6f17d22bba15001f/tokio-1.28.2/src/runtime/scheduler/current_thread.rs:540:36
[INFO] [stdout]   31:     0x64140b605af4 - tokio::runtime::scheduler::current_thread::CoreGuard::enter::{{closure}}::hb686c138b90a1136
[INFO] [stdout]                                at /opt/rustwide/cargo-home/registry/src/index.crates.io-6f17d22bba15001f/tokio-1.28.2/src/runtime/scheduler/current_thread.rs:615:57
[INFO] [stdout]   32:     0x64140b5b5f38 - tokio::macros::scoped_tls::ScopedKey<T>::set::h488d0f55ff78ac60
[INFO] [stdout]                                at /opt/rustwide/cargo-home/registry/src/index.crates.io-6f17d22bba15001f/tokio-1.28.2/src/macros/scoped_tls.rs:61:9
[INFO] [stdout]   33:     0x64140b60589f - tokio::runtime::scheduler::current_thread::CoreGuard::enter::he91b97b304c927d7
[INFO] [stdout]                                at /opt/rustwide/cargo-home/registry/src/index.crates.io-6f17d22bba15001f/tokio-1.28.2/src/runtime/scheduler/current_thread.rs:615:27
[INFO] [stdout]   34:     0x64140b605b13 - tokio::runtime::scheduler::current_thread::CoreGuard::block_on::hdb3be1b0a5ca7153
[INFO] [stdout]                                at /opt/rustwide/cargo-home/registry/src/index.crates.io-6f17d22bba15001f/tokio-1.28.2/src/runtime/scheduler/current_thread.rs:530:19
[INFO] [stdout]   35:     0x64140b604b68 - tokio::runtime::scheduler::current_thread::CurrentThread::block_on::h7c9a4c6c2bd874e2
[INFO] [stdout]                                at /opt/rustwide/cargo-home/registry/src/index.crates.io-6f17d22bba15001f/tokio-1.28.2/src/runtime/scheduler/current_thread.rs:154:24
[INFO] [stdout]   36:     0x64140b62429c - tokio::runtime::runtime::Runtime::block_on::h94af0c5a0aa8723c
[INFO] [stdout]                                at /opt/rustwide/cargo-home/registry/src/index.crates.io-6f17d22bba15001f/tokio-1.28.2/src/runtime/runtime.rs:302:47
[INFO] [stdout]   37:     0x64140b648a2d - sia_rust::transport::client::native::tests::test_api_address_balance::h59eec2f5bb546f30
[INFO] [stdout]                                at /opt/rustwide/workdir/src/transport/client/native.rs:160:9
[INFO] [stdout]   38:     0x64140b6488d7 - sia_rust::transport::client::native::tests::test_api_address_balance::{{closure}}::hd97b85ebe6c47c86
[INFO] [stdout]                                at /opt/rustwide/workdir/src/transport/client/native.rs:153:40
[INFO] [stdout]   39:     0x64140b5f6646 - core::ops::function::FnOnce::call_once::h1ae29c48b9e38026
[INFO] [stdout]                                at /rustc/df4ca44d3fbc9301ee17f30f4d474e6ae4b05252/library/core/src/ops/function.rs:250:5
[INFO] [stdout]   40:     0x64140b6a6dab - core::ops::function::FnOnce::call_once::h22c3ba5715e93f05
[INFO] [stdout]                                at /rustc/df4ca44d3fbc9301ee17f30f4d474e6ae4b05252/library/core/src/ops/function.rs:250:5
[INFO] [stdout]   41:     0x64140b6a6dab - test::__rust_begin_short_backtrace::h8e82d8113d0da17f
[INFO] [stdout]                                at /rustc/df4ca44d3fbc9301ee17f30f4d474e6ae4b05252/library/test/src/lib.rs:621:18
[INFO] [stdout]   42:     0x64140b6a6727 - test::run_test_in_process::{{closure}}::h33235f4f20b7b7c7
[INFO] [stdout]                                at /rustc/df4ca44d3fbc9301ee17f30f4d474e6ae4b05252/library/test/src/lib.rs:644:60
[INFO] [stdout]   43:     0x64140b6a6727 - <core::panic::unwind_safe::AssertUnwindSafe<F> as core::ops::function::FnOnce<()>>::call_once::hb5043206310c586f
[INFO] [stdout]                                at /rustc/df4ca44d3fbc9301ee17f30f4d474e6ae4b05252/library/core/src/panic/unwind_safe.rs:272:9
[INFO] [stdout]   44:     0x64140b6a6727 - std::panicking::try::do_call::h9ad4731a60ab23e2
[INFO] [stdout]                                at /rustc/df4ca44d3fbc9301ee17f30f4d474e6ae4b05252/library/std/src/panicking.rs:557:40
[INFO] [stdout]   45:     0x64140b6a6727 - std::panicking::try::h3824d23db772a716
[INFO] [stdout]                                at /rustc/df4ca44d3fbc9301ee17f30f4d474e6ae4b05252/library/std/src/panicking.rs:520:19
[INFO] [stdout]   46:     0x64140b6a6727 - std::panic::catch_unwind::h5afd514605fde46b
[INFO] [stdout]                                at /rustc/df4ca44d3fbc9301ee17f30f4d474e6ae4b05252/library/std/src/panic.rs:358:14
[INFO] [stdout]   47:     0x64140b6a6727 - test::run_test_in_process::h0d5cbfa7067d1720
[INFO] [stdout]                                at /rustc/df4ca44d3fbc9301ee17f30f4d474e6ae4b05252/library/test/src/lib.rs:644:27
[INFO] [stdout]   48:     0x64140b6a6727 - test::run_test::{{closure}}::h708eb8872708115d
[INFO] [stdout]                                at /rustc/df4ca44d3fbc9301ee17f30f4d474e6ae4b05252/library/test/src/lib.rs:565:43
[INFO] [stdout]   49:     0x64140b669e44 - test::run_test::{{closure}}::h392c51cee94713ab
[INFO] [stdout]                                at /rustc/df4ca44d3fbc9301ee17f30f4d474e6ae4b05252/library/test/src/lib.rs:595:41
[INFO] [stdout]   50:     0x64140b669e44 - std::sys::backtrace::__rust_begin_short_backtrace::h2f40290710935a8b
[INFO] [stdout]                                at /rustc/df4ca44d3fbc9301ee17f30f4d474e6ae4b05252/library/std/src/sys/backtrace.rs:154:18
[INFO] [stdout]   51:     0x64140b66d5ee - std::thread::Builder::spawn_unchecked_::{{closure}}::{{closure}}::h3fd968d89053a903
[INFO] [stdout]                                at /rustc/df4ca44d3fbc9301ee17f30f4d474e6ae4b05252/library/std/src/thread/mod.rs:541:17
[INFO] [stdout]   52:     0x64140b66d5ee - <core::panic::unwind_safe::AssertUnwindSafe<F> as core::ops::function::FnOnce<()>>::call_once::h743f637ba4229880
[INFO] [stdout]                                at /rustc/df4ca44d3fbc9301ee17f30f4d474e6ae4b05252/library/core/src/panic/unwind_safe.rs:272:9
[INFO] [stdout]   53:     0x64140b66d5ee - std::panicking::try::do_call::h07440897322525a6
[INFO] [stdout]                                at /rustc/df4ca44d3fbc9301ee17f30f4d474e6ae4b05252/library/std/src/panicking.rs:557:40
[INFO] [stdout]   54:     0x64140b66d5ee - std::panicking::try::he5a2e00188156637
[INFO] [stdout]                                at /rustc/df4ca44d3fbc9301ee17f30f4d474e6ae4b05252/library/std/src/panicking.rs:520:19
[INFO] [stdout]   55:     0x64140b66d5ee - std::panic::catch_unwind::hbaf3cae49b3c6433
[INFO] [stdout]                                at /rustc/df4ca44d3fbc9301ee17f30f4d474e6ae4b05252/library/std/src/panic.rs:358:14
[INFO] [stdout]   56:     0x64140b66d5ee - std::thread::Builder::spawn_unchecked_::{{closure}}::h8e141ea224820bce
[INFO] [stdout]                                at /rustc/df4ca44d3fbc9301ee17f30f4d474e6ae4b05252/library/std/src/thread/mod.rs:540:30
[INFO] [stdout]   57:     0x64140b66d5ee - core::ops::function::FnOnce::call_once{{vtable.shim}}::h90d312fedd7b8ea8
[INFO] [stdout]                                at /rustc/df4ca44d3fbc9301ee17f30f4d474e6ae4b05252/library/core/src/ops/function.rs:250:5
[INFO] [stdout]   58:     0x64140bc5f05b - <alloc::boxed::Box<F,A> as core::ops::function::FnOnce<Args>>::call_once::h69aa08ddb6adb8b6
[INFO] [stdout]                                at /rustc/df4ca44d3fbc9301ee17f30f4d474e6ae4b05252/library/alloc/src/boxed.rs:2454:9
[INFO] [stdout]   59:     0x64140bc5f05b - <alloc::boxed::Box<F,A> as core::ops::function::FnOnce<Args>>::call_once::h5aa36efdb79c806f
[INFO] [stdout]                                at /rustc/df4ca44d3fbc9301ee17f30f4d474e6ae4b05252/library/alloc/src/boxed.rs:2454:9
[INFO] [stdout]   60:     0x64140bc5f05b - std::sys::pal::unix::thread::Thread::new::thread_start::h6cd80a1b4be5158d
[INFO] [stdout]                                at /rustc/df4ca44d3fbc9301ee17f30f4d474e6ae4b05252/library/std/src/sys/pal/unix/thread.rs:105:17
[INFO] [stdout]   61:     0x724d0220cac3 - <unknown>
[INFO] [stdout]   62:     0x724d0229da04 - clone
[INFO] [stdout]   63:                0x0 - <unknown>
[INFO] [stdout] 
[INFO] [stdout] ---- transport::client::native::tests::test_api_events stdout ----
[INFO] [stdout] thread 'transport::client::native::tests::test_api_events' panicked at src/transport/client/native.rs:134:39:
[INFO] [stdout] called `Result::unwrap()` on an `Err` value: ReqwestError(reqwest::Error { kind: Request, url: Url { scheme: "https", cannot_be_a_base: false, username: "", password: None, host: Some(Domain("sia-walletd.komodo.earth")), port: None, path: "/api/consensus/tip", query: None, fragment: None }, source: hyper::Error(Connect, ConnectError("dns error", Custom { kind: Uncategorized, error: "failed to lookup address information: Temporary failure in name resolution" })) })
[INFO] [stdout] stack backtrace:
[INFO] [stdout]    0:     0x64140bc5957a - std::backtrace_rs::backtrace::libunwind::trace::h207520d6e9873551
[INFO] [stdout]                                at /rustc/df4ca44d3fbc9301ee17f30f4d474e6ae4b05252/library/std/src/../../backtrace/src/backtrace/libunwind.rs:116:5
[INFO] [stdout]    1:     0x64140bc5957a - std::backtrace_rs::backtrace::trace_unsynchronized::h2ed7433f370e3eca
[INFO] [stdout]                                at /rustc/df4ca44d3fbc9301ee17f30f4d474e6ae4b05252/library/std/src/../../backtrace/src/backtrace/mod.rs:66:5
[INFO] [stdout]    2:     0x64140bc5957a - std::sys::backtrace::_print_fmt::h916fac51166b18d7
[INFO] [stdout]                                at /rustc/df4ca44d3fbc9301ee17f30f4d474e6ae4b05252/library/std/src/sys/backtrace.rs:66:9
[INFO] [stdout]    3:     0x64140bc5957a - <std::sys::backtrace::BacktraceLock::print::DisplayBacktrace as core::fmt::Display>::fmt::ha0a4c9b8ce3802e6
[INFO] [stdout]                                at /rustc/df4ca44d3fbc9301ee17f30f4d474e6ae4b05252/library/std/src/sys/backtrace.rs:39:26
[INFO] [stdout]    4:     0x64140bc83a53 - core::fmt::rt::Argument::fmt::h4cfc8587d52b3eb5
[INFO] [stdout]                                at /rustc/df4ca44d3fbc9301ee17f30f4d474e6ae4b05252/library/core/src/fmt/rt.rs:177:76
[INFO] [stdout]    5:     0x64140bc83a53 - core::fmt::write::h522cc39e5b36ae9f
[INFO] [stdout]                                at /rustc/df4ca44d3fbc9301ee17f30f4d474e6ae4b05252/library/core/src/fmt/mod.rs:1190:21
[INFO] [stdout]    6:     0x64140bc557e3 - std::io::Write::write_fmt::h7d3c26752da97734
[INFO] [stdout]                                at /rustc/df4ca44d3fbc9301ee17f30f4d474e6ae4b05252/library/std/src/io/mod.rs:1839:15
[INFO] [stdout]    7:     0x64140bc593c2 - std::sys::backtrace::BacktraceLock::print::h4b9e00b29e9c0942
[INFO] [stdout]                                at /rustc/df4ca44d3fbc9301ee17f30f4d474e6ae4b05252/library/std/src/sys/backtrace.rs:42:9
[INFO] [stdout]    8:     0x64140bc5aa0a - std::panicking::default_hook::{{closure}}::hb59b88280d0324d9
[INFO] [stdout]                                at /rustc/df4ca44d3fbc9301ee17f30f4d474e6ae4b05252/library/std/src/panicking.rs:268:22
[INFO] [stdout]    9:     0x64140bc5a814 - std::panicking::default_hook::he1dd496665be4a29
[INFO] [stdout]                                at /rustc/df4ca44d3fbc9301ee17f30f4d474e6ae4b05252/library/std/src/panicking.rs:292:9
[INFO] [stdout]   10:     0x64140b6a24d9 - <alloc::boxed::Box<F,A> as core::ops::function::Fn<Args>>::call::h4ff71de18744e1dc
[INFO] [stdout]                                at /rustc/df4ca44d3fbc9301ee17f30f4d474e6ae4b05252/library/alloc/src/boxed.rs:2468:9
[INFO] [stdout]   11:     0x64140b6a24d9 - test::test_main::{{closure}}::hcf7c055ce117aa81
[INFO] [stdout]                                at /rustc/df4ca44d3fbc9301ee17f30f4d474e6ae4b05252/library/test/src/lib.rs:133:21
[INFO] [stdout]   12:     0x64140bc5b108 - <alloc::boxed::Box<F,A> as core::ops::function::Fn<Args>>::call::h1d66c6bbd60c9692
[INFO] [stdout]                                at /rustc/df4ca44d3fbc9301ee17f30f4d474e6ae4b05252/library/alloc/src/boxed.rs:2468:9
[INFO] [stdout]   13:     0x64140bc5b108 - std::panicking::rust_panic_with_hook::h2ff17fe8f26dfcf8
[INFO] [stdout]                                at /rustc/df4ca44d3fbc9301ee17f30f4d474e6ae4b05252/library/std/src/panicking.rs:809:13
[INFO] [stdout]   14:     0x64140bc5aeca - std::panicking::begin_panic_handler::{{closure}}::h4fad77951c07e101
[INFO] [stdout]                                at /rustc/df4ca44d3fbc9301ee17f30f4d474e6ae4b05252/library/std/src/panicking.rs:674:13
[INFO] [stdout]   15:     0x64140bc59a59 - std::sys::backtrace::__rust_end_short_backtrace::hb1a25b3da5d0ea08
[INFO] [stdout]                                at /rustc/df4ca44d3fbc9301ee17f30f4d474e6ae4b05252/library/std/src/sys/backtrace.rs:170:18
[INFO] [stdout]   16:     0x64140bc5ab5c - rust_begin_unwind
[INFO] [stdout]                                at /rustc/df4ca44d3fbc9301ee17f30f4d474e6ae4b05252/library/std/src/panicking.rs:665:5
[INFO] [stdout]   17:     0x64140bc81460 - core::panicking::panic_fmt::ha9db07b529f9b256
[INFO] [stdout]                                at /rustc/df4ca44d3fbc9301ee17f30f4d474e6ae4b05252/library/core/src/panicking.rs:75:14
[INFO] [stdout]   18:     0x64140bc818e6 - core::result::unwrap_failed::h5e8218e4d4338b8a
[INFO] [stdout]                                at /rustc/df4ca44d3fbc9301ee17f30f4d474e6ae4b05252/library/core/src/result.rs:1698:5
[INFO] [stdout]   19:     0x64140b6430a3 - core::result::Result<T,E>::unwrap::h2db812b554e34f88
[INFO] [stdout]                                at /rustc/df4ca44d3fbc9301ee17f30f4d474e6ae4b05252/library/core/src/result.rs:1103:23
[INFO] [stdout]   20:     0x64140b6430a3 - sia_rust::transport::client::native::tests::init_client::{{closure}}::h6dda1b5a1d7d9c2d
[INFO] [stdout]                                at /opt/rustwide/workdir/src/transport/client/native.rs:134:9
[INFO] [stdout]   21:     0x64140b6438cd - sia_rust::transport::client::native::tests::test_dispatch::{{closure}}::hd7ebde36b8c68d0b
[INFO] [stdout]                                at /opt/rustwide/workdir/src/transport/client/native.rs:139:40
[INFO] [stdout]   22:     0x64140b64925b - sia_rust::transport::client::native::tests::test_api_events::{{closure}}::h4039b128f13c9ae1
[INFO] [stdout]                                at /opt/rustwide/workdir/src/transport/client/native.rs:169:48
[INFO] [stdout]   23:     0x64140b5b6832 - <core::pin::Pin<P> as core::future::future::Future>::poll::hab7ee9b939221221
[INFO] [stdout]                                at /rustc/df4ca44d3fbc9301ee17f30f4d474e6ae4b05252/library/core/src/future/future.rs:123:9
[INFO] [stdout]   24:     0x64140b5b68cd - <core::pin::Pin<P> as core::future::future::Future>::poll::hfc5ca9aee312bc6c
[INFO] [stdout]                                at /rustc/df4ca44d3fbc9301ee17f30f4d474e6ae4b05252/library/core/src/future/future.rs:123:9
[INFO] [stdout]   25:     0x64140b6067cf - tokio::runtime::scheduler::current_thread::CoreGuard::block_on::{{closure}}::{{closure}}::{{closure}}::hd614e57bab29900a
[INFO] [stdout]                                at /opt/rustwide/cargo-home/registry/src/index.crates.io-6f17d22bba15001f/tokio-1.28.2/src/runtime/scheduler/current_thread.rs:541:57
[INFO] [stdout]   26:     0x64140b6066c5 - tokio::runtime::coop::with_budget::h18b9141cad975f58
[INFO] [stdout]                                at /opt/rustwide/cargo-home/registry/src/index.crates.io-6f17d22bba15001f/tokio-1.28.2/src/runtime/coop.rs:107:5
[INFO] [stdout]   27:     0x64140b6066c5 - tokio::runtime::coop::budget::h4971118c3df451ce
[INFO] [stdout]                                at /opt/rustwide/cargo-home/registry/src/index.crates.io-6f17d22bba15001f/tokio-1.28.2/src/runtime/coop.rs:73:5
[INFO] [stdout]   28:     0x64140b6066c5 - tokio::runtime::scheduler::current_thread::CoreGuard::block_on::{{closure}}::{{closure}}::h2ad8e127e77e4a78
[INFO] [stdout]                                at /opt/rustwide/cargo-home/registry/src/index.crates.io-6f17d22bba15001f/tokio-1.28.2/src/runtime/scheduler/current_thread.rs:541:25
[INFO] [stdout]   29:     0x64140b605330 - tokio::runtime::scheduler::current_thread::Context::enter::hdb916df9c43f7ddd
[INFO] [stdout]                                at /opt/rustwide/cargo-home/registry/src/index.crates.io-6f17d22bba15001f/tokio-1.28.2/src/runtime/scheduler/current_thread.rs:350:19
[INFO] [stdout]   30:     0x64140b605d7a - tokio::runtime::scheduler::current_thread::CoreGuard::block_on::{{closure}}::hf2c4e0e0e2efb288
[INFO] [stdout]                                at /opt/rustwide/cargo-home/registry/src/index.crates.io-6f17d22bba15001f/tokio-1.28.2/src/runtime/scheduler/current_thread.rs:540:36
[INFO] [stdout]   31:     0x64140b605af4 - tokio::runtime::scheduler::current_thread::CoreGuard::enter::{{closure}}::hb686c138b90a1136
[INFO] [stdout]                                at /opt/rustwide/cargo-home/registry/src/index.crates.io-6f17d22bba15001f/tokio-1.28.2/src/runtime/scheduler/current_thread.rs:615:57
[INFO] [stdout]   32:     0x64140b5b5f38 - tokio::macros::scoped_tls::ScopedKey<T>::set::h488d0f55ff78ac60
[INFO] [stdout]                                at /opt/rustwide/cargo-home/registry/src/index.crates.io-6f17d22bba15001f/tokio-1.28.2/src/macros/scoped_tls.rs:61:9
[INFO] [stdout]   33:     0x64140b60589f - tokio::runtime::scheduler::current_thread::CoreGuard::enter::he91b97b304c927d7
[INFO] [stdout]                                at /opt/rustwide/cargo-home/registry/src/index.crates.io-6f17d22bba15001f/tokio-1.28.2/src/runtime/scheduler/current_thread.rs:615:27
[INFO] [stdout]   34:     0x64140b605b13 - tokio::runtime::scheduler::current_thread::CoreGuard::block_on::hdb3be1b0a5ca7153
[INFO] [stdout]                                at /opt/rustwide/cargo-home/registry/src/index.crates.io-6f17d22bba15001f/tokio-1.28.2/src/runtime/scheduler/current_thread.rs:530:19
[INFO] [stdout]   35:     0x64140b604b68 - tokio::runtime::scheduler::current_thread::CurrentThread::block_on::h7c9a4c6c2bd874e2
[INFO] [stdout]                                at /opt/rustwide/cargo-home/registry/src/index.crates.io-6f17d22bba15001f/tokio-1.28.2/src/runtime/scheduler/current_thread.rs:154:24
[INFO] [stdout]   36:     0x64140b62429c - tokio::runtime::runtime::Runtime::block_on::h94af0c5a0aa8723c
[INFO] [stdout]                                at /opt/rustwide/cargo-home/registry/src/index.crates.io-6f17d22bba15001f/tokio-1.28.2/src/runtime/runtime.rs:302:47
[INFO] [stdout]   37:     0x64140b648f4d - sia_rust::transport::client::native::tests::test_api_events::h3259865fd4c919de
[INFO] [stdout]                                at /opt/rustwide/workdir/src/transport/client/native.rs:169:9
[INFO] [stdout]   38:     0x64140b648df7 - sia_rust::transport::client::native::tests::test_api_events::{{closure}}::heaae2ebf138b4c5f
[INFO] [stdout]                                at /opt/rustwide/workdir/src/transport/client/native.rs:164:31
[INFO] [stdout]   39:     0x64140b5f7256 - core::ops::function::FnOnce::call_once::h5d57ac06a8033d91
[INFO] [stdout]                                at /rustc/df4ca44d3fbc9301ee17f30f4d474e6ae4b05252/library/core/src/ops/function.rs:250:5
[INFO] [stdout]   40:     0x64140b6a6dab - core::ops::function::FnOnce::call_once::h22c3ba5715e93f05
[INFO] [stdout]                                at /rustc/df4ca44d3fbc9301ee17f30f4d474e6ae4b05252/library/core/src/ops/function.rs:250:5
[INFO] [stdout]   41:     0x64140b6a6dab - test::__rust_begin_short_backtrace::h8e82d8113d0da17f
[INFO] [stdout]                                at /rustc/df4ca44d3fbc9301ee17f30f4d474e6ae4b05252/library/test/src/lib.rs:621:18
[INFO] [stdout]   42:     0x64140b6a6727 - test::run_test_in_process::{{closure}}::h33235f4f20b7b7c7
[INFO] [stdout]                                at /rustc/df4ca44d3fbc9301ee17f30f4d474e6ae4b05252/library/test/src/lib.rs:644:60
[INFO] [stdout]   43:     0x64140b6a6727 - <core::panic::unwind_safe::AssertUnwindSafe<F> as core::ops::function::FnOnce<()>>::call_once::hb5043206310c586f
[INFO] [stdout]                                at /rustc/df4ca44d3fbc9301ee17f30f4d474e6ae4b05252/library/core/src/panic/unwind_safe.rs:272:9
[INFO] [stdout]   44:     0x64140b6a6727 - std::panicking::try::do_call::h9ad4731a60ab23e2
[INFO] [stdout]                                at /rustc/df4ca44d3fbc9301ee17f30f4d474e6ae4b05252/library/std/src/panicking.rs:557:40
[INFO] [stdout]   45:     0x64140b6a6727 - std::panicking::try::h3824d23db772a716
[INFO] [stdout]                                at /rustc/df4ca44d3fbc9301ee17f30f4d474e6ae4b05252/library/std/src/panicking.rs:520:19
[INFO] [stdout]   46:     0x64140b6a6727 - std::panic::catch_unwind::h5afd514605fde46b
[INFO] [stdout]                                at /rustc/df4ca44d3fbc9301ee17f30f4d474e6ae4b05252/library/std/src/panic.rs:358:14
[INFO] [stdout]   47:     0x64140b6a6727 - test::run_test_in_process::h0d5cbfa7067d1720
[INFO] [stdout]                                at /rustc/df4ca44d3fbc9301ee17f30f4d474e6ae4b05252/library/test/src/lib.rs:644:27
[INFO] [stdout]   48:     0x64140b6a6727 - test::run_test::{{closure}}::h708eb8872708115d
[INFO] [stdout]                                at /rustc/df4ca44d3fbc9301ee17f30f4d474e6ae4b05252/library/test/src/lib.rs:565:43
[INFO] [stdout]   49:     0x64140b669e44 - test::run_test::{{closure}}::h392c51cee94713ab
[INFO] [stdout]                                at /rustc/df4ca44d3fbc9301ee17f30f4d474e6ae4b05252/library/test/src/lib.rs:595:41
[INFO] [stdout]   50:     0x64140b669e44 - std::sys::backtrace::__rust_begin_short_backtrace::h2f40290710935a8b
[INFO] [stdout]                                at /rustc/df4ca44d3fbc9301ee17f30f4d474e6ae4b05252/library/std/src/sys/backtrace.rs:154:18
[INFO] [stdout]   51:     0x64140b66d5ee - std::thread::Builder::spawn_unchecked_::{{closure}}::{{closure}}::h3fd968d89053a903
[INFO] [stdout]                                at /rustc/df4ca44d3fbc9301ee17f30f4d474e6ae4b05252/library/std/src/thread/mod.rs:541:17
[INFO] [stdout]   52:     0x64140b66d5ee - <core::panic::unwind_safe::AssertUnwindSafe<F> as core::ops::function::FnOnce<()>>::call_once::h743f637ba4229880
[INFO] [stdout]                                at /rustc/df4ca44d3fbc9301ee17f30f4d474e6ae4b05252/library/core/src/panic/unwind_safe.rs:272:9
[INFO] [stdout]   53:     0x64140b66d5ee - std::panicking::try::do_call::h07440897322525a6
[INFO] [stdout]                                at /rustc/df4ca44d3fbc9301ee17f30f4d474e6ae4b05252/library/std/src/panicking.rs:557:40
[INFO] [stdout]   54:     0x64140b66d5ee - std::panicking::try::he5a2e00188156637
[INFO] [stdout]                                at /rustc/df4ca44d3fbc9301ee17f30f4d474e6ae4b05252/library/std/src/panicking.rs:520:19
[INFO] [stdout]   55:     0x64140b66d5ee - std::panic::catch_unwind::hbaf3cae49b3c6433
[INFO] [stdout]                                at /rustc/df4ca44d3fbc9301ee17f30f4d474e6ae4b05252/library/std/src/panic.rs:358:14
[INFO] [stdout]   56:     0x64140b66d5ee - std::thread::Builder::spawn_unchecked_::{{closure}}::h8e141ea224820bce
[INFO] [stdout]                                at /rustc/df4ca44d3fbc9301ee17f30f4d474e6ae4b05252/library/std/src/thread/mod.rs:540:30
[INFO] [stdout]   57:     0x64140b66d5ee - core::ops::function::FnOnce::call_once{{vtable.shim}}::h90d312fedd7b8ea8
[INFO] [stdout]                                at /rustc/df4ca44d3fbc9301ee17f30f4d474e6ae4b05252/library/core/src/ops/function.rs:250:5
[INFO] [stdout]   58:     0x64140bc5f05b - <alloc::boxed::Box<F,A> as core::ops::function::FnOnce<Args>>::call_once::h69aa08ddb6adb8b6
[INFO] [stdout]                                at /rustc/df4ca44d3fbc9301ee17f30f4d474e6ae4b05252/library/alloc/src/boxed.rs:2454:9
[INFO] [stdout]   59:     0x64140bc5f05b - <alloc::boxed::Box<F,A> as core::ops::function::FnOnce<Args>>::call_once::h5aa36efdb79c806f
[INFO] [stdout]                                at /rustc/df4ca44d3fbc9301ee17f30f4d474e6ae4b05252/library/alloc/src/boxed.rs:2454:9
[INFO] [stdout]   60:     0x64140bc5f05b - std::sys::pal::unix::thread::Thread::new::thread_start::h6cd80a1b4be5158d
[INFO] [stdout]                                at /rustc/df4ca44d3fbc9301ee17f30f4d474e6ae4b05252/library/std/src/sys/pal/unix/thread.rs:105:17
[INFO] [stdout]   61:     0x724d0220cac3 - <unknown>
[INFO] [stdout]   62:     0x724d0229da04 - clone
[INFO] [stdout]   63:                0x0 - <unknown>
[INFO] [stdout] 
[INFO] [stdout] ---- transport::client::native::tests::test_new_client stdout ----
[INFO] [stdout] thread 'transport::client::native::tests::test_new_client' panicked at src/transport/client/native.rs:134:39:
[INFO] [stdout] called `Result::unwrap()` on an `Err` value: ReqwestError(reqwest::Error { kind: Request, url: Url { scheme: "https", cannot_be_a_base: false, username: "", password: None, host: Some(Domain("sia-walletd.komodo.earth")), port: None, path: "/api/consensus/tip", query: None, fragment: None }, source: hyper::Error(Connect, ConnectError("dns error", Custom { kind: Uncategorized, error: "failed to lookup address information: Temporary failure in name resolution" })) })
[INFO] [stdout] stack backtrace:
[INFO] [stdout]    0:     0x64140bc5957a - std::backtrace_rs::backtrace::libunwind::trace::h207520d6e9873551
[INFO] [stdout]                                at /rustc/df4ca44d3fbc9301ee17f30f4d474e6ae4b05252/library/std/src/../../backtrace/src/backtrace/libunwind.rs:116:5
[INFO] [stdout]    1:     0x64140bc5957a - std::backtrace_rs::backtrace::trace_unsynchronized::h2ed7433f370e3eca
[INFO] [stdout]                                at /rustc/df4ca44d3fbc9301ee17f30f4d474e6ae4b05252/library/std/src/../../backtrace/src/backtrace/mod.rs:66:5
[INFO] [stdout]    2:     0x64140bc5957a - std::sys::backtrace::_print_fmt::h916fac51166b18d7
[INFO] [stdout]                                at /rustc/df4ca44d3fbc9301ee17f30f4d474e6ae4b05252/library/std/src/sys/backtrace.rs:66:9
[INFO] [stdout]    3:     0x64140bc5957a - <std::sys::backtrace::BacktraceLock::print::DisplayBacktrace as core::fmt::Display>::fmt::ha0a4c9b8ce3802e6
[INFO] [stdout]                                at /rustc/df4ca44d3fbc9301ee17f30f4d474e6ae4b05252/library/std/src/sys/backtrace.rs:39:26
[INFO] [stdout]    4:     0x64140bc83a53 - core::fmt::rt::Argument::fmt::h4cfc8587d52b3eb5
[INFO] [stdout]                                at /rustc/df4ca44d3fbc9301ee17f30f4d474e6ae4b05252/library/core/src/fmt/rt.rs:177:76
[INFO] [stdout]    5:     0x64140bc83a53 - core::fmt::write::h522cc39e5b36ae9f
[INFO] [stdout]                                at /rustc/df4ca44d3fbc9301ee17f30f4d474e6ae4b05252/library/core/src/fmt/mod.rs:1190:21
[INFO] [stdout]    6:     0x64140bc557e3 - std::io::Write::write_fmt::h7d3c26752da97734
[INFO] [stdout]                                at /rustc/df4ca44d3fbc9301ee17f30f4d474e6ae4b05252/library/std/src/io/mod.rs:1839:15
[INFO] [stdout]    7:     0x64140bc593c2 - std::sys::backtrace::BacktraceLock::print::h4b9e00b29e9c0942
[INFO] [stdout]                                at /rustc/df4ca44d3fbc9301ee17f30f4d474e6ae4b05252/library/std/src/sys/backtrace.rs:42:9
[INFO] [stdout]    8:     0x64140bc5aa0a - std::panicking::default_hook::{{closure}}::hb59b88280d0324d9
[INFO] [stdout]                                at /rustc/df4ca44d3fbc9301ee17f30f4d474e6ae4b05252/library/std/src/panicking.rs:268:22
[INFO] [stdout]    9:     0x64140bc5a814 - std::panicking::default_hook::he1dd496665be4a29
[INFO] [stdout]                                at /rustc/df4ca44d3fbc9301ee17f30f4d474e6ae4b05252/library/std/src/panicking.rs:292:9
[INFO] [stdout]   10:     0x64140b6a24d9 - <alloc::boxed::Box<F,A> as core::ops::function::Fn<Args>>::call::h4ff71de18744e1dc
[INFO] [stdout]                                at /rustc/df4ca44d3fbc9301ee17f30f4d474e6ae4b05252/library/alloc/src/boxed.rs:2468:9
[INFO] [stdout]   11:     0x64140b6a24d9 - test::test_main::{{closure}}::hcf7c055ce117aa81
[INFO] [stdout]                                at /rustc/df4ca44d3fbc9301ee17f30f4d474e6ae4b05252/library/test/src/lib.rs:133:21
[INFO] [stdout]   12:     0x64140bc5b108 - <alloc::boxed::Box<F,A> as core::ops::function::Fn<Args>>::call::h1d66c6bbd60c9692
[INFO] [stdout]                                at /rustc/df4ca44d3fbc9301ee17f30f4d474e6ae4b05252/library/alloc/src/boxed.rs:2468:9
[INFO] [stdout]   13:     0x64140bc5b108 - std::panicking::rust_panic_with_hook::h2ff17fe8f26dfcf8
[INFO] [stdout]                                at /rustc/df4ca44d3fbc9301ee17f30f4d474e6ae4b05252/library/std/src/panicking.rs:809:13
[INFO] [stdout]   14:     0x64140bc5aeca - std::panicking::begin_panic_handler::{{closure}}::h4fad77951c07e101
[INFO] [stdout]                                at /rustc/df4ca44d3fbc9301ee17f30f4d474e6ae4b05252/library/std/src/panicking.rs:674:13
[INFO] [stdout]   15:     0x64140bc59a59 - std::sys::backtrace::__rust_end_short_backtrace::hb1a25b3da5d0ea08
[INFO] [stdout]                                at /rustc/df4ca44d3fbc9301ee17f30f4d474e6ae4b05252/library/std/src/sys/backtrace.rs:170:18
[INFO] [stdout]   16:     0x64140bc5ab5c - rust_begin_unwind
[INFO] [stdout]                                at /rustc/df4ca44d3fbc9301ee17f30f4d474e6ae4b05252/library/std/src/panicking.rs:665:5
[INFO] [stdout]   17:     0x64140bc81460 - core::panicking::panic_fmt::ha9db07b529f9b256
[INFO] [stdout]                                at /rustc/df4ca44d3fbc9301ee17f30f4d474e6ae4b05252/library/core/src/panicking.rs:75:14
[INFO] [stdout]   18:     0x64140bc818e6 - core::result::unwrap_failed::h5e8218e4d4338b8a
[INFO] [stdout]                                at /rustc/df4ca44d3fbc9301ee17f30f4d474e6ae4b05252/library/core/src/result.rs:1698:5
[INFO] [stdout]   19:     0x64140b6430a3 - core::result::Result<T,E>::unwrap::h2db812b554e34f88
[INFO] [stdout]                                at /rustc/df4ca44d3fbc9301ee17f30f4d474e6ae4b05252/library/core/src/result.rs:1103:23
[INFO] [stdout]   20:     0x64140b6430a3 - sia_rust::transport::client::native::tests::init_client::{{closure}}::h6dda1b5a1d7d9c2d
[INFO] [stdout]                                at /opt/rustwide/workdir/src/transport/client/native.rs:134:9
[INFO] [stdout]   21:     0x64140b6483bd - sia_rust::transport::client::native::tests::test_new_client::{{closure}}::h2a07ca7ddd77143b
[INFO] [stdout]                                at /opt/rustwide/workdir/src/transport/client/native.rs:144:66
[INFO] [stdout]   22:     0x64140b5b6832 - <core::pin::Pin<P> as core::future::future::Future>::poll::hab7ee9b939221221
[INFO] [stdout]                                at /rustc/df4ca44d3fbc9301ee17f30f4d474e6ae4b05252/library/core/src/future/future.rs:123:9
[INFO] [stdout]   23:     0x64140b5b68cd - <core::pin::Pin<P> as core::future::future::Future>::poll::hfc5ca9aee312bc6c
[INFO] [stdout]                                at /rustc/df4ca44d3fbc9301ee17f30f4d474e6ae4b05252/library/core/src/future/future.rs:123:9
[INFO] [stdout]   24:     0x64140b6067cf - tokio::runtime::scheduler::current_thread::CoreGuard::block_on::{{closure}}::{{closure}}::{{closure}}::hd614e57bab29900a
[INFO] [stdout]                                at /opt/rustwide/cargo-home/registry/src/index.crates.io-6f17d22bba15001f/tokio-1.28.2/src/runtime/scheduler/current_thread.rs:541:57
[INFO] [stdout]   25:     0x64140b6066c5 - tokio::runtime::coop::with_budget::h18b9141cad975f58
[INFO] [stdout]                                at /opt/rustwide/cargo-home/registry/src/index.crates.io-6f17d22bba15001f/tokio-1.28.2/src/runtime/coop.rs:107:5
[INFO] [stdout]   26:     0x64140b6066c5 - tokio::runtime::coop::budget::h4971118c3df451ce
[INFO] [stdout]                                at /opt/rustwide/cargo-home/registry/src/index.crates.io-6f17d22bba15001f/tokio-1.28.2/src/runtime/coop.rs:73:5
[INFO] [stdout]   27:     0x64140b6066c5 - tokio::runtime::scheduler::current_thread::CoreGuard::block_on::{{closure}}::{{closure}}::h2ad8e127e77e4a78
[INFO] [stdout]                                at /opt/rustwide/cargo-home/registry/src/index.crates.io-6f17d22bba15001f/tokio-1.28.2/src/runtime/scheduler/current_thread.rs:541:25
[INFO] [stdout]   28:     0x64140b605330 - tokio::runtime::scheduler::current_thread::Context::enter::hdb916df9c43f7ddd
[INFO] [stdout]                                at /opt/rustwide/cargo-home/registry/src/index.crates.io-6f17d22bba15001f/tokio-1.28.2/src/runtime/scheduler/current_thread.rs:350:19
[INFO] [stdout]   29:     0x64140b605d7a - tokio::runtime::scheduler::current_thread::CoreGuard::block_on::{{closure}}::hf2c4e0e0e2efb288
[INFO] [stdout]                                at /opt/rustwide/cargo-home/registry/src/index.crates.io-6f17d22bba15001f/tokio-1.28.2/src/runtime/scheduler/current_thread.rs:540:36
[INFO] [stdout]   30:     0x64140b605af4 - tokio::runtime::scheduler::current_thread::CoreGuard::enter::{{closure}}::hb686c138b90a1136
[INFO] [stdout]                                at /opt/rustwide/cargo-home/registry/src/index.crates.io-6f17d22bba15001f/tokio-1.28.2/src/runtime/scheduler/current_thread.rs:615:57
[INFO] [stdout]   31:     0x64140b5b5f38 - tokio::macros::scoped_tls::ScopedKey<T>::set::h488d0f55ff78ac60
[INFO] [stdout]                                at /opt/rustwide/cargo-home/registry/src/index.crates.io-6f17d22bba15001f/tokio-1.28.2/src/macros/scoped_tls.rs:61:9
[INFO] [stdout]   32:     0x64140b60589f - tokio::runtime::scheduler::current_thread::CoreGuard::enter::he91b97b304c927d7
[INFO] [stdout]                                at /opt/rustwide/cargo-home/registry/src/index.crates.io-6f17d22bba15001f/tokio-1.28.2/src/runtime/scheduler/current_thread.rs:615:27
[INFO] [stdout]   33:     0x64140b605b13 - tokio::runtime::scheduler::current_thread::CoreGuard::block_on::hdb3be1b0a5ca7153
[INFO] [stdout]                                at /opt/rustwide/cargo-home/registry/src/index.crates.io-6f17d22bba15001f/tokio-1.28.2/src/runtime/scheduler/current_thread.rs:530:19
[INFO] [stdout]   34:     0x64140b604b68 - tokio::runtime::scheduler::current_thread::CurrentThread::block_on::h7c9a4c6c2bd874e2
[INFO] [stdout]                                at /opt/rustwide/cargo-home/registry/src/index.crates.io-6f17d22bba15001f/tokio-1.28.2/src/runtime/scheduler/current_thread.rs:154:24
[INFO] [stdout]   35:     0x64140b62429c - tokio::runtime::runtime::Runtime::block_on::h94af0c5a0aa8723c
[INFO] [stdout]                                at /opt/rustwide/cargo-home/registry/src/index.crates.io-6f17d22bba15001f/tokio-1.28.2/src/runtime/runtime.rs:302:47
[INFO] [stdout]   36:     0x64140b6481e9 - sia_rust::transport::client::native::tests::test_new_client::h7d8d856f25a616b2
[INFO] [stdout]                                at /opt/rustwide/workdir/src/transport/client/native.rs:144:34
[INFO] [stdout]   37:     0x64140b648097 - sia_rust::transport::client::native::tests::test_new_client::{{closure}}::he15ac9bab0cf2e1b
[INFO] [stdout]                                at /opt/rustwide/workdir/src/transport/client/native.rs:144:31
[INFO] [stdout]   38:     0x64140b5f8f46 - core::ops::function::FnOnce::call_once::hbe66889a74cb7672
[INFO] [stdout]                                at /rustc/df4ca44d3fbc9301ee17f30f4d474e6ae4b05252/library/core/src/ops/function.rs:250:5
[INFO] [stdout]   39:     0x64140b6a6dab - core::ops::function::FnOnce::call_once::h22c3ba5715e93f05
[INFO] [stdout]                                at /rustc/df4ca44d3fbc9301ee17f30f4d474e6ae4b05252/library/core/src/ops/function.rs:250:5
[INFO] [stdout]   40:     0x64140b6a6dab - test::__rust_begin_short_backtrace::h8e82d8113d0da17f
[INFO] [stdout]                                at /rustc/df4ca44d3fbc9301ee17f30f4d474e6ae4b05252/library/test/src/lib.rs:621:18
[INFO] [stdout]   41:     0x64140b6a6727 - test::run_test_in_process::{{closure}}::h33235f4f20b7b7c7
[INFO] [stdout]                                at /rustc/df4ca44d3fbc9301ee17f30f4d474e6ae4b05252/library/test/src/lib.rs:644:60
[INFO] [stdout]   42:     0x64140b6a6727 - <core::panic::unwind_safe::AssertUnwindSafe<F> as core::ops::function::FnOnce<()>>::call_once::hb5043206310c586f
[INFO] [stdout]                                at /rustc/df4ca44d3fbc9301ee17f30f4d474e6ae4b05252/library/core/src/panic/unwind_safe.rs:272:9
[INFO] [stdout]   43:     0x64140b6a6727 - std::panicking::try::do_call::h9ad4731a60ab23e2
[INFO] [stdout]                                at /rustc/df4ca44d3fbc9301ee17f30f4d474e6ae4b05252/library/std/src/panicking.rs:557:40
[INFO] [stdout]   44:     0x64140b6a6727 - std::panicking::try::h3824d23db772a716
[INFO] [stdout]                                at /rustc/df4ca44d3fbc9301ee17f30f4d474e6ae4b05252/library/std/src/panicking.rs:520:19
[INFO] [stdout]   45:     0x64140b6a6727 - std::panic::catch_unwind::h5afd514605fde46b
[INFO] [stdout]                                at /rustc/df4ca44d3fbc9301ee17f30f4d474e6ae4b05252/library/std/src/panic.rs:358:14
[INFO] [stdout]   46:     0x64140b6a6727 - test::run_test_in_process::h0d5cbfa7067d1720
[INFO] [stdout]                                at /rustc/df4ca44d3fbc9301ee17f30f4d474e6ae4b05252/library/test/src/lib.rs:644:27
[INFO] [stdout]   47:     0x64140b6a6727 - test::run_test::{{closure}}::h708eb8872708115d
[INFO] [stdout]                                at /rustc/df4ca44d3fbc9301ee17f30f4d474e6ae4b05252/library/test/src/lib.rs:565:43
[INFO] [stdout]   48:     0x64140b669e44 - test::run_test::{{closure}}::h392c51cee94713ab
[INFO] [stdout]                                at /rustc/df4ca44d3fbc9301ee17f30f4d474e6ae4b05252/library/test/src/lib.rs:595:41
[INFO] [stdout]   49:     0x64140b669e44 - std::sys::backtrace::__rust_begin_short_backtrace::h2f40290710935a8b
[INFO] [stdout]                                at /rustc/df4ca44d3fbc9301ee17f30f4d474e6ae4b05252/library/std/src/sys/backtrace.rs:154:18
[INFO] [stdout]   50:     0x64140b66d5ee - std::thread::Builder::spawn_unchecked_::{{closure}}::{{closure}}::h3fd968d89053a903
[INFO] [stdout]                                at /rustc/df4ca44d3fbc9301ee17f30f4d474e6ae4b05252/library/std/src/thread/mod.rs:541:17
[INFO] [stdout]   51:     0x64140b66d5ee - <core::panic::unwind_safe::AssertUnwindSafe<F> as core::ops::function::FnOnce<()>>::call_once::h743f637ba4229880
[INFO] [stdout]                                at /rustc/df4ca44d3fbc9301ee17f30f4d474e6ae4b05252/library/core/src/panic/unwind_safe.rs:272:9
[INFO] [stdout]   52:     0x64140b66d5ee - std::panicking::try::do_call::h07440897322525a6
[INFO] [stdout]                                at /rustc/df4ca44d3fbc9301ee17f30f4d474e6ae4b05252/library/std/src/panicking.rs:557:40
[INFO] [stdout]   53:     0x64140b66d5ee - std::panicking::try::he5a2e00188156637
[INFO] [stdout]                                at /rustc/df4ca44d3fbc9301ee17f30f4d474e6ae4b05252/library/std/src/panicking.rs:520:19
[INFO] [stdout]   54:     0x64140b66d5ee - std::panic::catch_unwind::hbaf3cae49b3c6433
[INFO] [stdout]                                at /rustc/df4ca44d3fbc9301ee17f30f4d474e6ae4b05252/library/std/src/panic.rs:358:14
[INFO] [stdout]   55:     0x64140b66d5ee - std::thread::Builder::spawn_unchecked_::{{closure}}::h8e141ea224820bce
[INFO] [stdout]                                at /rustc/df4ca44d3fbc9301ee17f30f4d474e6ae4b05252/library/std/src/thread/mod.rs:540:30
[INFO] [stdout]   56:     0x64140b66d5ee - core::ops::function::FnOnce::call_once{{vtable.shim}}::h90d312fedd7b8ea8
[INFO] [stdout]                                at /rustc/df4ca44d3fbc9301ee17f30f4d474e6ae4b05252/library/core/src/ops/function.rs:250:5
[INFO] [stdout]   57:     0x64140bc5f05b - <alloc::boxed::Box<F,A> as core::ops::function::FnOnce<Args>>::call_once::h69aa08ddb6adb8b6
[INFO] [stdout]                                at /rustc/df4ca44d3fbc9301ee17f30f4d474e6ae4b05252/library/alloc/src/boxed.rs:2454:9
[INFO] [stdout]   58:     0x64140bc5f05b - <alloc::boxed::Box<F,A> as core::ops::function::FnOnce<Args>>::call_once::h5aa36efdb79c806f
[INFO] [stdout]                                at /rustc/df4ca44d3fbc9301ee17f30f4d474e6ae4b05252/library/alloc/src/boxed.rs:2454:9
[INFO] [stdout]   59:     0x64140bc5f05b - std::sys::pal::unix::thread::Thread::new::thread_start::h6cd80a1b4be5158d
[INFO] [stdout]                                at /rustc/df4ca44d3fbc9301ee17f30f4d474e6ae4b05252/library/std/src/sys/pal/unix/thread.rs:105:17
[INFO] [stdout]   60:     0x724d0220cac3 - <unknown>
[INFO] [stdout]   61:     0x724d0229da04 - clone
[INFO] [stdout]   62:                0x0 - <unknown>
[INFO] [stdout] 
[INFO] [stdout] ---- transport::client::native::tests::test_api_consensus_tip stdout ----
[INFO] [stdout] thread 'transport::client::native::tests::test_api_consensus_tip' panicked at src/transport/client/native.rs:134:39:
[INFO] [stdout] called `Result::unwrap()` on an `Err` value: ReqwestError(reqwest::Error { kind: Request, url: Url { scheme: "https", cannot_be_a_base: false, username: "", password: None, host: Some(Domain("sia-walletd.komodo.earth")), port: None, path: "/api/consensus/tip", query: None, fragment: None }, source: hyper::Error(Connect, ConnectError("dns error", Custom { kind: Uncategorized, error: "failed to lookup address information: Temporary failure in name resolution" })) })
[INFO] [stdout] stack backtrace:
[INFO] [stdout]    0:     0x64140bc5957a - std::backtrace_rs::backtrace::libunwind::trace::h207520d6e9873551
[INFO] [stdout]                                at /rustc/df4ca44d3fbc9301ee17f30f4d474e6ae4b05252/library/std/src/../../backtrace/src/backtrace/libunwind.rs:116:5
[INFO] [stdout]    1:     0x64140bc5957a - std::backtrace_rs::backtrace::trace_unsynchronized::h2ed7433f370e3eca
[INFO] [stdout]                                at /rustc/df4ca44d3fbc9301ee17f30f4d474e6ae4b05252/library/std/src/../../backtrace/src/backtrace/mod.rs:66:5
[INFO] [stdout]    2:     0x64140bc5957a - std::sys::backtrace::_print_fmt::h916fac51166b18d7
[INFO] [stdout]                                at /rustc/df4ca44d3fbc9301ee17f30f4d474e6ae4b05252/library/std/src/sys/backtrace.rs:66:9
[INFO] [stdout]    3:     0x64140bc5957a - <std::sys::backtrace::BacktraceLock::print::DisplayBacktrace as core::fmt::Display>::fmt::ha0a4c9b8ce3802e6
[INFO] [stdout]                                at /rustc/df4ca44d3fbc9301ee17f30f4d474e6ae4b05252/library/std/src/sys/backtrace.rs:39:26
[INFO] [stdout]    4:     0x64140bc83a53 - core::fmt::rt::Argument::fmt::h4cfc8587d52b3eb5
[INFO] [stdout]                                at /rustc/df4ca44d3fbc9301ee17f30f4d474e6ae4b05252/library/core/src/fmt/rt.rs:177:76
[INFO] [stdout]    5:     0x64140bc83a53 - core::fmt::write::h522cc39e5b36ae9f
[INFO] [stdout]                                at /rustc/df4ca44d3fbc9301ee17f30f4d474e6ae4b05252/library/core/src/fmt/mod.rs:1190:21
[INFO] [stdout]    6:     0x64140bc557e3 - std::io::Write::write_fmt::h7d3c26752da97734
[INFO] [stdout]                                at /rustc/df4ca44d3fbc9301ee17f30f4d474e6ae4b05252/library/std/src/io/mod.rs:1839:15
[INFO] [stdout]    7:     0x64140bc593c2 - std::sys::backtrace::BacktraceLock::print::h4b9e00b29e9c0942
[INFO] [stdout]                                at /rustc/df4ca44d3fbc9301ee17f30f4d474e6ae4b05252/library/std/src/sys/backtrace.rs:42:9
[INFO] [stdout]    8:     0x64140bc5aa0a - std::panicking::default_hook::{{closure}}::hb59b88280d0324d9
[INFO] [stdout]                                at /rustc/df4ca44d3fbc9301ee17f30f4d474e6ae4b05252/library/std/src/panicking.rs:268:22
[INFO] [stdout]    9:     0x64140bc5a814 - std::panicking::default_hook::he1dd496665be4a29
[INFO] [stdout]                                at /rustc/df4ca44d3fbc9301ee17f30f4d474e6ae4b05252/library/std/src/panicking.rs:292:9
[INFO] [stdout]   10:     0x64140b6a24d9 - <alloc::boxed::Box<F,A> as core::ops::function::Fn<Args>>::call::h4ff71de18744e1dc
[INFO] [stdout]                                at /rustc/df4ca44d3fbc9301ee17f30f4d474e6ae4b05252/library/alloc/src/boxed.rs:2468:9
[INFO] [stdout]   11:     0x64140b6a24d9 - test::test_main::{{closure}}::hcf7c055ce117aa81
[INFO] [stdout]                                at /rustc/df4ca44d3fbc9301ee17f30f4d474e6ae4b05252/library/test/src/lib.rs:133:21
[INFO] [stdout]   12:     0x64140bc5b108 - <alloc::boxed::Box<F,A> as core::ops::function::Fn<Args>>::call::h1d66c6bbd60c9692
[INFO] [stdout]                                at /rustc/df4ca44d3fbc9301ee17f30f4d474e6ae4b05252/library/alloc/src/boxed.rs:2468:9
[INFO] [stdout]   13:     0x64140bc5b108 - std::panicking::rust_panic_with_hook::h2ff17fe8f26dfcf8
[INFO] [stdout]                                at /rustc/df4ca44d3fbc9301ee17f30f4d474e6ae4b05252/library/std/src/panicking.rs:809:13
[INFO] [stdout]   14:     0x64140bc5aeca - std::panicking::begin_panic_handler::{{closure}}::h4fad77951c07e101
[INFO] [stdout]                                at /rustc/df4ca44d3fbc9301ee17f30f4d474e6ae4b05252/library/std/src/panicking.rs:674:13
[INFO] [stdout]   15:     0x64140bc59a59 - std::sys::backtrace::__rust_end_short_backtrace::hb1a25b3da5d0ea08
[INFO] [stdout]                                at /rustc/df4ca44d3fbc9301ee17f30f4d474e6ae4b05252/library/std/src/sys/backtrace.rs:170:18
[INFO] [stdout]   16:     0x64140bc5ab5c - rust_begin_unwind
[INFO] [stdout]                                at /rustc/df4ca44d3fbc9301ee17f30f4d474e6ae4b05252/library/std/src/panicking.rs:665:5
[INFO] [stdout]   17:     0x64140bc81460 - core::panicking::panic_fmt::ha9db07b529f9b256
[INFO] [stdout]                                at /rustc/df4ca44d3fbc9301ee17f30f4d474e6ae4b05252/library/core/src/panicking.rs:75:14
[INFO] [stdout]   18:     0x64140bc818e6 - core::result::unwrap_failed::h5e8218e4d4338b8a
[INFO] [stdout]                                at /rustc/df4ca44d3fbc9301ee17f30f4d474e6ae4b05252/library/core/src/result.rs:1698:5
[INFO] [stdout]   19:     0x64140b6430a3 - core::result::Result<T,E>::unwrap::h2db812b554e34f88
[INFO] [stdout]                                at /rustc/df4ca44d3fbc9301ee17f30f4d474e6ae4b05252/library/core/src/result.rs:1103:23
[INFO] [stdout]   20:     0x64140b6430a3 - sia_rust::transport::client::native::tests::init_client::{{closure}}::h6dda1b5a1d7d9c2d
[INFO] [stdout]                                at /opt/rustwide/workdir/src/transport/client/native.rs:134:9
[INFO] [stdout]   21:     0x64140b643339 - sia_rust::transport::client::native::tests::test_dispatch::{{closure}}::h73f773db5971ba3c
[INFO] [stdout]                                at /opt/rustwide/workdir/src/transport/client/native.rs:139:40
[INFO] [stdout]   22:     0x64140b64882c - sia_rust::transport::client::native::tests::test_api_consensus_tip::{{closure}}::hcaa960c169a2446d
[INFO] [stdout]                                at /opt/rustwide/workdir/src/transport/client/native.rs:149:60
[INFO] [stdout]   23:     0x64140b5b6832 - <core::pin::Pin<P> as core::future::future::Future>::poll::hab7ee9b939221221
[INFO] [stdout]                                at /rustc/df4ca44d3fbc9301ee17f30f4d474e6ae4b05252/library/core/src/future/future.rs:123:9
[INFO] [stdout]   24:     0x64140b5b68cd - <core::pin::Pin<P> as core::future::future::Future>::poll::hfc5ca9aee312bc6c
[INFO] [stdout]                                at /rustc/df4ca44d3fbc9301ee17f30f4d474e6ae4b05252/library/core/src/future/future.rs:123:9
[INFO] [stdout]   25:     0x64140b6067cf - tokio::runtime::scheduler::current_thread::CoreGuard::block_on::{{closure}}::{{closure}}::{{closure}}::hd614e57bab29900a
[INFO] [stdout]                                at /opt/rustwide/cargo-home/registry/src/index.crates.io-6f17d22bba15001f/tokio-1.28.2/src/runtime/scheduler/current_thread.rs:541:57
[INFO] [stdout]   26:     0x64140b6066c5 - tokio::runtime::coop::with_budget::h18b9141cad975f58
[INFO] [stdout]                                at /opt/rustwide/cargo-home/registry/src/index.crates.io-6f17d22bba15001f/tokio-1.28.2/src/runtime/coop.rs:107:5
[INFO] [stdout]   27:     0x64140b6066c5 - tokio::runtime::coop::budget::h4971118c3df451ce
[INFO] [stdout]                                at /opt/rustwide/cargo-home/registry/src/index.crates.io-6f17d22bba15001f/tokio-1.28.2/src/runtime/coop.rs:73:5
[INFO] [stdout]   28:     0x64140b6066c5 - tokio::runtime::scheduler::current_thread::CoreGuard::block_on::{{closure}}::{{closure}}::h2ad8e127e77e4a78
[INFO] [stdout]                                at /opt/rustwide/cargo-home/registry/src/index.crates.io-6f17d22bba15001f/tokio-1.28.2/src/runtime/scheduler/current_thread.rs:541:25
[INFO] [stdout]   29:     0x64140b605330 - tokio::runtime::scheduler::current_thread::Context::enter::hdb916df9c43f7ddd
[INFO] [stdout]                                at /opt/rustwide/cargo-home/registry/src/index.crates.io-6f17d22bba15001f/tokio-1.28.2/src/runtime/scheduler/current_thread.rs:350:19
[INFO] [stdout]   30:     0x64140b605d7a - tokio::runtime::scheduler::current_thread::CoreGuard::block_on::{{closure}}::hf2c4e0e0e2efb288
[INFO] [stdout]                                at /opt/rustwide/cargo-home/registry/src/index.crates.io-6f17d22bba15001f/tokio-1.28.2/src/runtime/scheduler/current_thread.rs:540:36
[INFO] [stdout]   31:     0x64140b605af4 - tokio::runtime::scheduler::current_thread::CoreGuard::enter::{{closure}}::hb686c138b90a1136
[INFO] [stdout]                                at /opt/rustwide/cargo-home/registry/src/index.crates.io-6f17d22bba15001f/tokio-1.28.2/src/runtime/scheduler/current_thread.rs:615:57
[INFO] [stdout]   32:     0x64140b5b5f38 - tokio::macros::scoped_tls::ScopedKey<T>::set::h488d0f55ff78ac60
[INFO] [stdout]                                at /opt/rustwide/cargo-home/registry/src/index.crates.io-6f17d22bba15001f/tokio-1.28.2/src/macros/scoped_tls.rs:61:9
[INFO] [stdout]   33:     0x64140b60589f - tokio::runtime::scheduler::current_thread::CoreGuard::enter::he91b97b304c927d7
[INFO] [stdout]                                at /opt/rustwide/cargo-home/registry/src/index.crates.io-6f17d22bba15001f/tokio-1.28.2/src/runtime/scheduler/current_thread.rs:615:27
[INFO] [stdout]   34:     0x64140b605b13 - tokio::runtime::scheduler::current_thread::CoreGuard::block_on::hdb3be1b0a5ca7153
[INFO] [stdout]                                at /opt/rustwide/cargo-home/registry/src/index.crates.io-6f17d22bba15001f/tokio-1.28.2/src/runtime/scheduler/current_thread.rs:530:19
[INFO] [stdout]   35:     0x64140b604b68 - tokio::runtime::scheduler::current_thread::CurrentThread::block_on::h7c9a4c6c2bd874e2
[INFO] [stdout]                                at /opt/rustwide/cargo-home/registry/src/index.crates.io-6f17d22bba15001f/tokio-1.28.2/src/runtime/scheduler/current_thread.rs:154:24
[INFO] [stdout]   36:     0x64140b62429c - tokio::runtime::runtime::Runtime::block_on::h94af0c5a0aa8723c
[INFO] [stdout]                                at /opt/rustwide/cargo-home/registry/src/index.crates.io-6f17d22bba15001f/tokio-1.28.2/src/runtime/runtime.rs:302:47
[INFO] [stdout]   37:     0x64140b64865d - sia_rust::transport::client::native::tests::test_api_consensus_tip::he15db2072c6ec167
[INFO] [stdout]                                at /opt/rustwide/workdir/src/transport/client/native.rs:149:9
[INFO] [stdout]   38:     0x64140b648507 - sia_rust::transport::client::native::tests::test_api_consensus_tip::{{closure}}::h7386152a6a5ba50b
[INFO] [stdout]                                at /opt/rustwide/workdir/src/transport/client/native.rs:147:38
[INFO] [stdout]   39:     0x64140b5f7756 - core::ops::function::FnOnce::call_once::h6cfa946f6b9f9471
[INFO] [stdout]                                at /rustc/df4ca44d3fbc9301ee17f30f4d474e6ae4b05252/library/core/src/ops/function.rs:250:5
[INFO] [stdout]   40:     0x64140b6a6dab - core::ops::function::FnOnce::call_once::h22c3ba5715e93f05
[INFO] [stdout]                                at /rustc/df4ca44d3fbc9301ee17f30f4d474e6ae4b05252/library/core/src/ops/function.rs:250:5
[INFO] [stdout]   41:     0x64140b6a6dab - test::__rust_begin_short_backtrace::h8e82d8113d0da17f
[INFO] [stdout]                                at /rustc/df4ca44d3fbc9301ee17f30f4d474e6ae4b05252/library/test/src/lib.rs:621:18
[INFO] [stdout]   42:     0x64140b6a6727 - test::run_test_in_process::{{closure}}::h33235f4f20b7b7c7
[INFO] [stdout]                                at /rustc/df4ca44d3fbc9301ee17f30f4d474e6ae4b05252/library/test/src/lib.rs:644:60
[INFO] [stdout]   43:     0x64140b6a6727 - <core::panic::unwind_safe::AssertUnwindSafe<F> as core::ops::function::FnOnce<()>>::call_once::hb5043206310c586f
[INFO] [stdout]                                at /rustc/df4ca44d3fbc9301ee17f30f4d474e6ae4b05252/library/core/src/panic/unwind_safe.rs:272:9
[INFO] [stdout]   44:     0x64140b6a6727 - std::panicking::try::do_call::h9ad4731a60ab23e2
[INFO] [stdout]                                at /rustc/df4ca44d3fbc9301ee17f30f4d474e6ae4b05252/library/std/src/panicking.rs:557:40
[INFO] [stdout]   45:     0x64140b6a6727 - std::panicking::try::h3824d23db772a716
[INFO] [stdout]                                at /rustc/df4ca44d3fbc9301ee17f30f4d474e6ae4b05252/library/std/src/panicking.rs:520:19
[INFO] [stdout]   46:     0x64140b6a6727 - std::panic::catch_unwind::h5afd514605fde46b
[INFO] [stdout]                                at /rustc/df4ca44d3fbc9301ee17f30f4d474e6ae4b05252/library/std/src/panic.rs:358:14
[INFO] [stdout]   47:     0x64140b6a6727 - test::run_test_in_process::h0d5cbfa7067d1720
[INFO] [stdout]                                at /rustc/df4ca44d3fbc9301ee17f30f4d474e6ae4b05252/library/test/src/lib.rs:644:27
[INFO] [stdout]   48:     0x64140b6a6727 - test::run_test::{{closure}}::h708eb8872708115d
[INFO] [stdout]                                at /rustc/df4ca44d3fbc9301ee17f30f4d474e6ae4b05252/library/test/src/lib.rs:565:43
[INFO] [stdout]   49:     0x64140b669e44 - test::run_test::{{closure}}::h392c51cee94713ab
[INFO] [stdout]                                at /rustc/df4ca44d3fbc9301ee17f30f4d474e6ae4b05252/library/test/src/lib.rs:595:41
[INFO] [stdout]   50:     0x64140b669e44 - std::sys::backtrace::__rust_begin_short_backtrace::h2f40290710935a8b
[INFO] [stdout]                                at /rustc/df4ca44d3fbc9301ee17f30f4d474e6ae4b05252/library/std/src/sys/backtrace.rs:154:18
[INFO] [stdout]   51:     0x64140b66d5ee - std::thread::Builder::spawn_unchecked_::{{closure}}::{{closure}}::h3fd968d89053a903
[INFO] [stdout]                                at /rustc/df4ca44d3fbc9301ee17f30f4d474e6ae4b05252/library/std/src/thread/mod.rs:541:17
[INFO] [stdout]   52:     0x64140b66d5ee - <core::panic::unwind_safe::AssertUnwindSafe<F> as core::ops::function::FnOnce<()>>::call_once::h743f637ba4229880
[INFO] [stdout]                                at /rustc/df4ca44d3fbc9301ee17f30f4d474e6ae4b05252/library/core/src/panic/unwind_safe.rs:272:9
[INFO] [stdout]   53:     0x64140b66d5ee - std::panicking::try::do_call::h07440897322525a6
[INFO] [stdout]                                at /rustc/df4ca44d3fbc9301ee17f30f4d474e6ae4b05252/library/std/src/panicking.rs:557:40
[INFO] [stdout]   54:     0x64140b66d5ee - std::panicking::try::he5a2e00188156637
[INFO] [stdout]                                at /rustc/df4ca44d3fbc9301ee17f30f4d474e6ae4b05252/library/std/src/panicking.rs:520:19
[INFO] [stdout]   55:     0x64140b66d5ee - std::panic::catch_unwind::hbaf3cae49b3c6433
[INFO] [stdout]                                at /rustc/df4ca44d3fbc9301ee17f30f4d474e6ae4b05252/library/std/src/panic.rs:358:14
[INFO] [stdout]   56:     0x64140b66d5ee - std::thread::Builder::spawn_unchecked_::{{closure}}::h8e141ea224820bce
[INFO] [stdout]                                at /rustc/df4ca44d3fbc9301ee17f30f4d474e6ae4b05252/library/std/src/thread/mod.rs:540:30
[INFO] [stdout]   57:     0x64140b66d5ee - core::ops::function::FnOnce::call_once{{vtable.shim}}::h90d312fedd7b8ea8
[INFO] [stdout]                                at /rustc/df4ca44d3fbc9301ee17f30f4d474e6ae4b05252/library/core/src/ops/function.rs:250:5
[INFO] [stdout]   58:     0x64140bc5f05b - <alloc::boxed::Box<F,A> as core::ops::function::FnOnce<Args>>::call_once::h69aa08ddb6adb8b6
[INFO] [stdout]                                at /rustc/df4ca44d3fbc9301ee17f30f4d474e6ae4b05252/library/alloc/src/boxed.rs:2454:9
[INFO] [stdout]   59:     0x64140bc5f05b - <alloc::boxed::Box<F,A> as core::ops::function::FnOnce<Args>>::call_once::h5aa36efdb79c806f
[INFO] [stdout]                                at /rustc/df4ca44d3fbc9301ee17f30f4d474e6ae4b05252/library/alloc/src/boxed.rs:2454:9
[INFO] [stdout]   60:     0x64140bc5f05b - std::sys::pal::unix::thread::Thread::new::thread_start::h6cd80a1b4be5158d
[INFO] [stdout]                                at /rustc/df4ca44d3fbc9301ee17f30f4d474e6ae4b05252/library/std/src/sys/pal/unix/thread.rs:105:17
[INFO] [stdout]   61:     0x724d0220cac3 - <unknown>
[INFO] [stdout]   62:     0x724d0229da04 - clone
[INFO] [stdout]   63:                0x0 - <unknown>
[INFO] [stdout] 
[INFO] [stdout] 
[INFO] [stdout] failures:
[INFO] [stdout]     transport::client::native::tests::test_api_address_balance
[INFO] [stdout]     transport::client::native::tests::test_api_consensus_tip
[INFO] [stdout]     transport::client::native::tests::test_api_events
[INFO] [stdout]     transport::client::native::tests::test_new_client
[INFO] [stdout] 
[INFO] [stdout] test result: FAILED. 109 passed; 4 failed; 2 ignored; 0 measured; 0 filtered out; finished in 0.04s
[INFO] [stdout] 
[INFO] [stderr] error: test failed, to rerun pass `--lib`
[INFO] running `Command { std: "docker" "inspect" "29d448f44072ef68a33ed7f86fb798e7818c5835df5e2f7bc8b31efdea8f5cf8", kill_on_drop: false }`
[INFO] running `Command { std: "docker" "rm" "-f" "29d448f44072ef68a33ed7f86fb798e7818c5835df5e2f7bc8b31efdea8f5cf8", kill_on_drop: false }`
[INFO] [stdout] 29d448f44072ef68a33ed7f86fb798e7818c5835df5e2f7bc8b31efdea8f5cf8
