[INFO] cloning repository https://github.com/KobeDB/renderer-3d-rust
[INFO] running `Command { std: "git" "-c" "credential.helper=" "-c" "credential.helper=/workspace/cargo-home/bin/git-credential-null" "clone" "--bare" "https://github.com/KobeDB/renderer-3d-rust" "/workspace/cache/git-repos/https%3A%2F%2Fgithub.com%2FKobeDB%2Frenderer-3d-rust", kill_on_drop: false }`
[INFO] [stderr] Cloning into bare repository '/workspace/cache/git-repos/https%3A%2F%2Fgithub.com%2FKobeDB%2Frenderer-3d-rust'...
[INFO] running `Command { std: "git" "rev-parse" "HEAD", kill_on_drop: false }`
[INFO] [stdout] 51a960b2da0965dfc017626e07e3d4b970c9069a
[INFO] testing KobeDB/renderer-3d-rust/51a960b2da0965dfc017626e07e3d4b970c9069a against nightly-2024-10-28+rustflags=-Zrandomize-layout for randomize-layout
[INFO] running `Command { std: "git" "clone" "/workspace/cache/git-repos/https%3A%2F%2Fgithub.com%2FKobeDB%2Frenderer-3d-rust" "/workspace/builds/worker-2-tc2/source", kill_on_drop: false }`
[INFO] [stderr] Cloning into '/workspace/builds/worker-2-tc2/source'...
[INFO] [stderr] done.
[INFO] validating manifest of git repo https://github.com/KobeDB/renderer-3d-rust on toolchain nightly-2024-10-28
[INFO] running `Command { std: CARGO_HOME="/workspace/cargo-home" RUSTUP_HOME="/workspace/rustup-home" "/workspace/cargo-home/bin/cargo" "+nightly-2024-10-28" "metadata" "--manifest-path" "Cargo.toml" "--no-deps", kill_on_drop: false }`
[INFO] started tweaking git repo https://github.com/KobeDB/renderer-3d-rust
[INFO] finished tweaking git repo https://github.com/KobeDB/renderer-3d-rust
[INFO] tweaked toml for git repo https://github.com/KobeDB/renderer-3d-rust written to /workspace/builds/worker-2-tc2/source/Cargo.toml
[INFO] crate git repo https://github.com/KobeDB/renderer-3d-rust already has a lockfile, it will not be regenerated
[INFO] running `Command { std: CARGO_HOME="/workspace/cargo-home" RUSTUP_HOME="/workspace/rustup-home" "/workspace/cargo-home/bin/cargo" "+nightly-2024-10-28" "fetch" "--manifest-path" "Cargo.toml", kill_on_drop: false }`
[INFO] running `Command { std: "docker" "create" "-v" "/var/lib/crater-agent-workspace/builds/worker-2-tc2/target:/opt/rustwide/target:rw,Z" "-v" "/var/lib/crater-agent-workspace/builds/worker-2-tc2/source:/opt/rustwide/workdir:ro,Z" "-v" "/var/lib/crater-agent-workspace/cargo-home:/opt/rustwide/cargo-home:ro,Z" "-v" "/var/lib/crater-agent-workspace/rustup-home:/opt/rustwide/rustup-home:ro,Z" "-e" "SOURCE_DIR=/opt/rustwide/workdir" "-e" "CARGO_TARGET_DIR=/opt/rustwide/target" "-e" "CARGO_HOME=/opt/rustwide/cargo-home" "-e" "RUSTUP_HOME=/opt/rustwide/rustup-home" "-w" "/opt/rustwide/workdir" "-m" "1610612736" "--user" "0:0" "--network" "none" "ghcr.io/rust-lang/crates-build-env/linux@sha256:4a844ea9eb2546a2d2c7022eacef16ef2e8229c7fbb2c7d4d55a9ceca922f72d" "/opt/rustwide/cargo-home/bin/cargo" "+nightly-2024-10-28" "metadata" "--no-deps" "--format-version=1", kill_on_drop: false }`
[INFO] [stdout] 68d957f60017a2aaa626b0097f3473951a490d510f2971ee2b98a0644111905c
[INFO] running `Command { std: "docker" "start" "-a" "68d957f60017a2aaa626b0097f3473951a490d510f2971ee2b98a0644111905c", kill_on_drop: false }`
[INFO] running `Command { std: "docker" "inspect" "68d957f60017a2aaa626b0097f3473951a490d510f2971ee2b98a0644111905c", kill_on_drop: false }`
[INFO] running `Command { std: "docker" "rm" "-f" "68d957f60017a2aaa626b0097f3473951a490d510f2971ee2b98a0644111905c", kill_on_drop: false }`
[INFO] [stdout] 68d957f60017a2aaa626b0097f3473951a490d510f2971ee2b98a0644111905c
[INFO] running `Command { std: "docker" "create" "-v" "/var/lib/crater-agent-workspace/builds/worker-2-tc2/target:/opt/rustwide/target:rw,Z" "-v" "/var/lib/crater-agent-workspace/builds/worker-2-tc2/source:/opt/rustwide/workdir:ro,Z" "-v" "/var/lib/crater-agent-workspace/cargo-home:/opt/rustwide/cargo-home:ro,Z" "-v" "/var/lib/crater-agent-workspace/rustup-home:/opt/rustwide/rustup-home:ro,Z" "-e" "SOURCE_DIR=/opt/rustwide/workdir" "-e" "CARGO_TARGET_DIR=/opt/rustwide/target" "-e" "CARGO_INCREMENTAL=0" "-e" "RUST_BACKTRACE=full" "-e" "RUSTFLAGS=--cap-lints=forbid -Zrandomize-layout" "-e" "RUSTDOCFLAGS=--cap-lints=forbid" "-e" "CARGO_HOME=/opt/rustwide/cargo-home" "-e" "RUSTUP_HOME=/opt/rustwide/rustup-home" "-w" "/opt/rustwide/workdir" "-m" "1610612736" "--user" "0:0" "--network" "none" "ghcr.io/rust-lang/crates-build-env/linux@sha256:4a844ea9eb2546a2d2c7022eacef16ef2e8229c7fbb2c7d4d55a9ceca922f72d" "/opt/rustwide/cargo-home/bin/cargo" "+nightly-2024-10-28" "build" "--frozen" "--message-format=json", kill_on_drop: false }`
[INFO] [stdout] 662d46d2faf58f1f034b8f5939cc1066e0c79adba0c84df912dcb9aa9709152b
[INFO] running `Command { std: "docker" "start" "-a" "662d46d2faf58f1f034b8f5939cc1066e0c79adba0c84df912dcb9aa9709152b", kill_on_drop: false }`
[INFO] [stderr]    Compiling byteorder v1.4.3
[INFO] [stderr]    Compiling bmp v0.5.0
[INFO] [stderr]    Compiling renderer-3d-rust v0.1.0 (/opt/rustwide/workdir)
[INFO] [stdout] warning: unused import: `std::cmp::max`
[INFO] [stdout]  --> src/main.rs:5:5
[INFO] [stdout]   |
[INFO] [stdout] 5 | use std::cmp::max;
[INFO] [stdout]   |     ^^^^^^^^^^^^^
[INFO] [stdout]   |
[INFO] [stdout]   = note: `#[warn(unused_imports)]` on by default
[INFO] [stdout] 
[INFO] [stdout] 
[INFO] [stdout] warning: unused import: `vec4`
[INFO] [stdout]  --> src/matrix4.rs:2:19
[INFO] [stdout]   |
[INFO] [stdout] 2 | use crate::{Vec4, vec4};
[INFO] [stdout]   |                   ^^^^
[INFO] [stdout] 
[INFO] [stdout] 
[INFO] [stdout] warning: unused import: `std::collections::HashMap`
[INFO] [stdout]  --> src/color.rs:1:5
[INFO] [stdout]   |
[INFO] [stdout] 1 | use std::collections::HashMap;
[INFO] [stdout]   |     ^^^^^^^^^^^^^^^^^^^^^^^^^
[INFO] [stdout] 
[INFO] [stdout] 
[INFO] [stdout] warning: unused import: `std::fmt::Error`
[INFO] [stdout]  --> src/ini_reader.rs:2:5
[INFO] [stdout]   |
[INFO] [stdout] 2 | use std::fmt::Error;
[INFO] [stdout]   |     ^^^^^^^^^^^^^^^
[INFO] [stdout] 
[INFO] [stdout] 
[INFO] [stdout] warning: unused import: `std::fs::File`
[INFO] [stdout]  --> src/ini_reader.rs:3:5
[INFO] [stdout]   |
[INFO] [stdout] 3 | use std::fs::File;
[INFO] [stdout]   |     ^^^^^^^^^^^^^
[INFO] [stdout] 
[INFO] [stdout] 
[INFO] [stdout] warning: unused import: `self`
[INFO] [stdout]  --> src/ini_reader.rs:5:15
[INFO] [stdout]   |
[INFO] [stdout] 5 | use std::io::{self, BufRead};
[INFO] [stdout]   |               ^^^^
[INFO] [stdout] 
[INFO] [stdout] 
[INFO] [stdout] warning: unused import: `std::path::Path`
[INFO] [stdout]  --> src/ini_reader.rs:6:5
[INFO] [stdout]   |
[INFO] [stdout] 6 | use std::path::Path;
[INFO] [stdout]   |     ^^^^^^^^^^^^^^^
[INFO] [stdout] 
[INFO] [stdout] 
[INFO] [stdout] warning: unused import: `std::string::ParseError`
[INFO] [stdout]  --> src/ini_reader.rs:7:5
[INFO] [stdout]   |
[INFO] [stdout] 7 | use std::string::ParseError;
[INFO] [stdout]   |     ^^^^^^^^^^^^^^^^^^^^^^^
[INFO] [stdout] 
[INFO] [stdout] 
[INFO] [stdout] warning: unused import: `PolarCoord`
[INFO] [stdout]   --> src/main.rs:22:31
[INFO] [stdout]    |
[INFO] [stdout] 22 | use crate::matrix4::{Matrix4, PolarCoord};
[INFO] [stdout]    |                               ^^^^^^^^^^
[INFO] [stdout] 
[INFO] [stdout] 
[INFO] [stdout] warning: unused import: `BufRead`
[INFO] [stdout]  --> src/ini_reader.rs:5:21
[INFO] [stdout]   |
[INFO] [stdout] 5 | use std::io::{self, BufRead};
[INFO] [stdout]   |                     ^^^^^^^
[INFO] [stdout] 
[INFO] [stdout] 
[INFO] [stdout] warning: variable does not need to be mutable
[INFO] [stdout]   --> src/main.rs:92:13
[INFO] [stdout]    |
[INFO] [stdout] 92 |         let mut figure_type = match figure_type.as_str() {
[INFO] [stdout]    |             ----^^^^^^^^^^^
[INFO] [stdout]    |             |
[INFO] [stdout]    |             help: remove this `mut`
[INFO] [stdout]    |
[INFO] [stdout]    = note: `#[warn(unused_mut)]` on by default
[INFO] [stdout] 
[INFO] [stdout] 
[INFO] [stdout] warning: variable does not need to be mutable
[INFO] [stdout]    --> src/main.rs:139:9
[INFO] [stdout]     |
[INFO] [stdout] 139 |     let mut lights = Vec::new();
[INFO] [stdout]     |         ----^^^^^^
[INFO] [stdout]     |         |
[INFO] [stdout]     |         help: remove this `mut`
[INFO] [stdout] 
[INFO] [stdout] 
[INFO] [stdout] warning: unused variable: `d_far`
[INFO] [stdout]    --> src/main.rs:153:9
[INFO] [stdout]     |
[INFO] [stdout] 153 |     let d_far = 100.0;
[INFO] [stdout]     |         ^^^^^ help: if this is intentional, prefix it with an underscore: `_d_far`
[INFO] [stdout]     |
[INFO] [stdout]     = note: `#[warn(unused_variables)]` on by default
[INFO] [stdout] 
[INFO] [stdout] 
[INFO] [stdout] warning: unused variable: `eye_point_transform`
[INFO] [stdout]    --> src/main.rs:166:9
[INFO] [stdout]     |
[INFO] [stdout] 166 |     let eye_point_transform = Matrix4::new_eye_point_transform(&eye_pos, &looking_dir);
[INFO] [stdout]     |         ^^^^^^^^^^^^^^^^^^^ help: if this is intentional, prefix it with an underscore: `_eye_point_transform`
[INFO] [stdout] 
[INFO] [stdout] 
[INFO] [stdout] warning: unused variable: `diffuse_reflection`
[INFO] [stdout]    --> src/main.rs:272:46
[INFO] [stdout]     |
[INFO] [stdout] 272 |                  ambient_reflection: &Color, diffuse_reflection: &Color, specular_reflection: &Color,
[INFO] [stdout]     |                                              ^^^^^^^^^^^^^^^^^^ help: if this is intentional, prefix it with an underscore: `_diffuse_reflection`
[INFO] [stdout] 
[INFO] [stdout] 
[INFO] [stdout] warning: unused variable: `specular_reflection`
[INFO] [stdout]    --> src/main.rs:272:74
[INFO] [stdout]     |
[INFO] [stdout] 272 |                  ambient_reflection: &Color, diffuse_reflection: &Color, specular_reflection: &Color,
[INFO] [stdout]     |                                                                          ^^^^^^^^^^^^^^^^^^^ help: if this is intentional, prefix it with an underscore: `_specular_reflection`
[INFO] [stdout] 
[INFO] [stdout] 
[INFO] [stdout] warning: variable does not need to be mutable
[INFO] [stdout]    --> src/main.rs:284:9
[INFO] [stdout]     |
[INFO] [stdout] 284 |     let mut reflected_color = *ambient_reflection;
[INFO] [stdout]     |         ----^^^^^^^^^^^^^^^
[INFO] [stdout]     |         |
[INFO] [stdout]     |         help: remove this `mut`
[INFO] [stdout] 
[INFO] [stdout] 
[INFO] [stdout] warning: trait `Light` is never used
[INFO] [stdout]   --> src/main.rs:29:7
[INFO] [stdout]    |
[INFO] [stdout] 29 | trait Light {
[INFO] [stdout]    |       ^^^^^
[INFO] [stdout]    |
[INFO] [stdout]    = note: `#[warn(dead_code)]` on by default
[INFO] [stdout] 
[INFO] [stdout] 
[INFO] [stdout] warning: struct `Eye` is never constructed
[INFO] [stdout]   --> src/main.rs:33:8
[INFO] [stdout]    |
[INFO] [stdout] 33 | struct Eye {
[INFO] [stdout]    |        ^^^
[INFO] [stdout] 
[INFO] [stdout] 
[INFO] [stdout] warning: enum `FigureType` is never used
[INFO] [stdout]   --> src/main.rs:41:6
[INFO] [stdout]    |
[INFO] [stdout] 41 | enum FigureType {
[INFO] [stdout]    |      ^^^^^^^^^^
[INFO] [stdout] 
[INFO] [stdout] 
[INFO] [stdout] warning: struct `FigureDescription` is never constructed
[INFO] [stdout]   --> src/main.rs:46:8
[INFO] [stdout]    |
[INFO] [stdout] 46 | struct FigureDescription {
[INFO] [stdout]    |        ^^^^^^^^^^^^^^^^^
[INFO] [stdout] 
[INFO] [stdout] 
[INFO] [stdout] warning: struct `SceneDescription` is never constructed
[INFO] [stdout]   --> src/main.rs:58:8
[INFO] [stdout]    |
[INFO] [stdout] 58 | struct SceneDescription {
[INFO] [stdout]    |        ^^^^^^^^^^^^^^^^
[INFO] [stdout] 
[INFO] [stdout] 
[INFO] [stdout] warning: function `read_scene_description_from_ini_file` is never used
[INFO] [stdout]   --> src/main.rs:64:4
[INFO] [stdout]    |
[INFO] [stdout] 64 | fn read_scene_description_from_ini_file(path_to_ini: &str) -> SceneDescription {
[INFO] [stdout]    |    ^^^^^^^^^^^^^^^^^^^^^^^^^^^^^^^^^^^^
[INFO] [stdout] 
[INFO] [stdout] 
[INFO] [stdout] warning: function `render_scene` is never used
[INFO] [stdout]    --> src/main.rs:144:4
[INFO] [stdout]     |
[INFO] [stdout] 144 | fn render_scene(scene_desc: &SceneDescription, path_to_output_image: &str) {
[INFO] [stdout]     |    ^^^^^^^^^^^^
[INFO] [stdout] 
[INFO] [stdout] 
[INFO] [stdout] warning: function `draw_triangle` is never used
[INFO] [stdout]    --> src/main.rs:270:4
[INFO] [stdout]     |
[INFO] [stdout] 270 | fn draw_triangle(a: &Vec4, b: &Vec4, c: &Vec4,
[INFO] [stdout]     |    ^^^^^^^^^^^^^
[INFO] [stdout] 
[INFO] [stdout] 
[INFO] [stdout] warning: trait `PutPixelWhereOriginIsBottomLeft` is never used
[INFO] [stdout]    --> src/main.rs:333:7
[INFO] [stdout]     |
[INFO] [stdout] 333 | trait PutPixelWhereOriginIsBottomLeft {
[INFO] [stdout]     |       ^^^^^^^^^^^^^^^^^^^^^^^^^^^^^^^
[INFO] [stdout] 
[INFO] [stdout] 
[INFO] [stdout] warning: multiple associated items are never used
[INFO] [stdout]   --> src/vec4.rs:8:12
[INFO] [stdout]    |
[INFO] [stdout] 6  | impl Vec4 {
[INFO] [stdout]    | --------- associated items in this implementation
[INFO] [stdout] 7  |
[INFO] [stdout] 8  |     pub fn x(&self) -> f32 { self.elems[0] }
[INFO] [stdout]    |            ^
[INFO] [stdout] 9  |     pub fn y(&self) -> f32 { self.elems[1] }
[INFO] [stdout]    |            ^
[INFO] [stdout] 10 |     pub fn z(&self) -> f32 { self.elems[2] }
[INFO] [stdout]    |            ^
[INFO] [stdout] 11 |     pub fn w(&self) -> f32 { self.elems[3] }
[INFO] [stdout]    |            ^
[INFO] [stdout] ...
[INFO] [stdout] 15 |     pub fn new_point(x: f32, y: f32, z: f32) -> Self {
[INFO] [stdout]    |            ^^^^^^^^^
[INFO] [stdout] ...
[INFO] [stdout] 22 |     pub fn new_vec4(x: f32, y: f32, z: f32) -> Self {
[INFO] [stdout]    |            ^^^^^^^^
[INFO] [stdout] ...
[INFO] [stdout] 26 |     pub fn mul(&self, mat: &Matrix4) -> Self {
[INFO] [stdout]    |            ^^^
[INFO] [stdout] ...
[INFO] [stdout] 38 |     pub fn normalize(&self) -> Self{
[INFO] [stdout]    |            ^^^^^^^^^
[INFO] [stdout] ...
[INFO] [stdout] 43 |     pub fn neg(&self) -> Self {
[INFO] [stdout]    |            ^^^
[INFO] [stdout] 
[INFO] [stdout] 
[INFO] [stdout] warning: function `dot_product` is never used
[INFO] [stdout]   --> src/vec4.rs:52:4
[INFO] [stdout]    |
[INFO] [stdout] 52 | fn dot_product(u: &[f32;4], v: &[f32;4]) -> f32 {
[INFO] [stdout]    |    ^^^^^^^^^^^
[INFO] [stdout] 
[INFO] [stdout] 
[INFO] [stdout] warning: struct `Figure` is never constructed
[INFO] [stdout]  --> src/figure.rs:7:12
[INFO] [stdout]   |
[INFO] [stdout] 7 | pub struct Figure {
[INFO] [stdout]   |            ^^^^^^
[INFO] [stdout]   |
[INFO] [stdout]   = note: `Figure` has a derived impl for the trait `Clone`, but this is intentionally ignored during dead code analysis
[INFO] [stdout] 
[INFO] [stdout] 
[INFO] [stdout] warning: struct `Face` is never constructed
[INFO] [stdout]   --> src/figure.rs:15:12
[INFO] [stdout]    |
[INFO] [stdout] 15 | pub struct Face {
[INFO] [stdout]    |            ^^^^
[INFO] [stdout]    |
[INFO] [stdout]    = note: `Face` has a derived impl for the trait `Clone`, but this is intentionally ignored during dead code analysis
[INFO] [stdout] 
[INFO] [stdout] 
[INFO] [stdout] warning: associated function `new` is never used
[INFO] [stdout]   --> src/figure.rs:22:8
[INFO] [stdout]    |
[INFO] [stdout] 21 | impl Face{
[INFO] [stdout]    | --------- associated function in this implementation
[INFO] [stdout] 22 |     fn new(indexes: Vec<usize>) -> Self {
[INFO] [stdout]    |        ^^^
[INFO] [stdout] 
[INFO] [stdout] 
[INFO] [stdout] warning: struct `Mesh` is never constructed
[INFO] [stdout]   --> src/figure.rs:28:12
[INFO] [stdout]    |
[INFO] [stdout] 28 | pub struct Mesh {
[INFO] [stdout]    |            ^^^^
[INFO] [stdout]    |
[INFO] [stdout]    = note: `Mesh` has a derived impl for the trait `Clone`, but this is intentionally ignored during dead code analysis
[INFO] [stdout] 
[INFO] [stdout] 
[INFO] [stdout] warning: associated items `new_tetrahedron`, `new_torus`, `triangulate`, and `transform` are never used
[INFO] [stdout]    --> src/figure.rs:34:12
[INFO] [stdout]     |
[INFO] [stdout] 33  | impl Mesh {
[INFO] [stdout]     | --------- associated items in this implementation
[INFO] [stdout] 34  |     pub fn new_tetrahedron() -> Self {
[INFO] [stdout]     |            ^^^^^^^^^^^^^^^
[INFO] [stdout] ...
[INFO] [stdout] 53  |     pub fn new_torus(radius: f32, ring_radius: f32, rings_amt: u32, ring_points_amt: u32) -> Self {
[INFO] [stdout]     |            ^^^^^^^^^
[INFO] [stdout] ...
[INFO] [stdout] 90  |     pub fn triangulate(&mut self) {
[INFO] [stdout]     |            ^^^^^^^^^^^
[INFO] [stdout] ...
[INFO] [stdout] 107 |     pub fn transform(&mut self, t: &Matrix4) {
[INFO] [stdout]     |            ^^^^^^^^^
[INFO] [stdout] 
[INFO] [stdout] 
[INFO] [stdout] warning: struct `Matrix4` is never constructed
[INFO] [stdout]  --> src/matrix4.rs:5:12
[INFO] [stdout]   |
[INFO] [stdout] 5 | pub struct Matrix4 {
[INFO] [stdout]   |            ^^^^^^^
[INFO] [stdout] 
[INFO] [stdout] 
[INFO] [stdout] warning: multiple associated functions are never used
[INFO] [stdout]   --> src/matrix4.rs:10:12
[INFO] [stdout]    |
[INFO] [stdout] 9  | impl Matrix4 {
[INFO] [stdout]    | ------------ associated functions in this implementation
[INFO] [stdout] 10 |     pub fn new_identity() -> Self {
[INFO] [stdout]    |            ^^^^^^^^^^^^
[INFO] [stdout] ...
[INFO] [stdout] 21 |     pub fn new_rotation_z(angle_rad: f32) -> Self {
[INFO] [stdout]    |            ^^^^^^^^^^^^^^
[INFO] [stdout] ...
[INFO] [stdout] 33 |     pub fn new_rotation_x(angle_rad: f32) -> Self {
[INFO] [stdout]    |            ^^^^^^^^^^^^^^
[INFO] [stdout] ...
[INFO] [stdout] 44 |     pub fn new_translation(translation_vec: &Vec4) -> Self {
[INFO] [stdout]    |            ^^^^^^^^^^^^^^^
[INFO] [stdout] ...
[INFO] [stdout] 52 |     pub fn new_eye_point_transform_looking_at_origin(eye_pos: &PolarCoord) -> Self {
[INFO] [stdout]    |            ^^^^^^^^^^^^^^^^^^^^^^^^^^^^^^^^^^^^^^^^^
[INFO] [stdout] ...
[INFO] [stdout] 63 |     pub fn new_eye_point_transform(eye_pos: &Vec4, eye_dir: &Vec4) -> Self {
[INFO] [stdout]    |            ^^^^^^^^^^^^^^^^^^^^^^^
[INFO] [stdout] ...
[INFO] [stdout] 76 |     pub fn mul(a: &Self, b: &Self) -> Self {
[INFO] [stdout]    |            ^^^
[INFO] [stdout] 
[INFO] [stdout] 
[INFO] [stdout] warning: struct `PolarCoord` is never constructed
[INFO] [stdout]   --> src/matrix4.rs:93:12
[INFO] [stdout]    |
[INFO] [stdout] 93 | pub struct PolarCoord {
[INFO] [stdout]    |            ^^^^^^^^^^
[INFO] [stdout] 
[INFO] [stdout] 
[INFO] [stdout] warning: associated functions `new` and `new_from_cartesian` are never used
[INFO] [stdout]    --> src/matrix4.rs:100:12
[INFO] [stdout]     |
[INFO] [stdout] 99  | impl PolarCoord {
[INFO] [stdout]     | --------------- associated functions in this implementation
[INFO] [stdout] 100 |     pub fn new(theta_rad: f32, phi_rad: f32, r: f32) -> Self {
[INFO] [stdout]     |            ^^^
[INFO] [stdout] ...
[INFO] [stdout] 104 |     pub fn new_from_cartesian(x:f32,y:f32,z:f32) -> Self {
[INFO] [stdout]     |            ^^^^^^^^^^^^^^^^^^
[INFO] [stdout] 
[INFO] [stdout] 
[INFO] [stdout] warning: struct `Vec2` is never constructed
[INFO] [stdout]  --> src/vec2.rs:1:12
[INFO] [stdout]   |
[INFO] [stdout] 1 | pub struct Vec2 {
[INFO] [stdout]   |            ^^^^
[INFO] [stdout] 
[INFO] [stdout] 
[INFO] [stdout] warning: associated items `new`, `x`, and `y` are never used
[INFO] [stdout]   --> src/vec2.rs:6:12
[INFO] [stdout]    |
[INFO] [stdout] 5  | impl Vec2 {
[INFO] [stdout]    | --------- associated items in this implementation
[INFO] [stdout] 6  |     pub fn new(x:f32, y:f32) -> Self {
[INFO] [stdout]    |            ^^^
[INFO] [stdout] ...
[INFO] [stdout] 10 |     pub fn x(&self) -> f32 { return self.elems[0] }
[INFO] [stdout]    |            ^
[INFO] [stdout] 11 |     pub fn y(&self) -> f32 { return self.elems[1] }
[INFO] [stdout]    |            ^
[INFO] [stdout] 
[INFO] [stdout] 
[INFO] [stdout] warning: struct `Color` is never constructed
[INFO] [stdout]  --> src/color.rs:6:12
[INFO] [stdout]   |
[INFO] [stdout] 6 | pub struct Color {
[INFO] [stdout]   |            ^^^^^
[INFO] [stdout]   |
[INFO] [stdout]   = note: `Color` has a derived impl for the trait `Clone`, but this is intentionally ignored during dead code analysis
[INFO] [stdout] 
[INFO] [stdout] 
[INFO] [stdout] warning: associated items `new`, `r`, `g`, `b`, and `to_pixel` are never used
[INFO] [stdout]   --> src/color.rs:11:12
[INFO] [stdout]    |
[INFO] [stdout] 10 | impl Color {
[INFO] [stdout]    | ---------- associated items in this implementation
[INFO] [stdout] 11 |     pub fn new(r:f32,g:f32,b:f32) -> Self {
[INFO] [stdout]    |            ^^^
[INFO] [stdout] ...
[INFO] [stdout] 15 |     pub fn r(&self) -> f32 {self.values[0]}
[INFO] [stdout]    |            ^
[INFO] [stdout] 16 |     pub fn g(&self) -> f32 {self.values[1]}
[INFO] [stdout]    |            ^
[INFO] [stdout] 17 |     pub fn b(&self) -> f32 {self.values[2]}
[INFO] [stdout]    |            ^
[INFO] [stdout] 18 |
[INFO] [stdout] 19 |     pub fn to_pixel(&self) -> bmp::Pixel {
[INFO] [stdout]    |            ^^^^^^^^
[INFO] [stdout] 
[INFO] [stdout] 
[INFO] [stdout] warning: enum `IniValue` is never used
[INFO] [stdout]   --> src/ini_reader.rs:11:6
[INFO] [stdout]    |
[INFO] [stdout] 11 | enum IniValue {
[INFO] [stdout]    |      ^^^^^^^^
[INFO] [stdout] 
[INFO] [stdout] 
[INFO] [stdout] warning: associated function `from` is never used
[INFO] [stdout]   --> src/ini_reader.rs:18:12
[INFO] [stdout]    |
[INFO] [stdout] 17 | impl IniValue {
[INFO] [stdout]    | ------------- associated function in this implementation
[INFO] [stdout] 18 |     pub fn from(s: &str) -> Result<IniValue, ()> {
[INFO] [stdout]    |            ^^^^
[INFO] [stdout] 
[INFO] [stdout] 
[INFO] [stdout] warning: struct `Section` is never constructed
[INFO] [stdout]   --> src/ini_reader.rs:58:12
[INFO] [stdout]    |
[INFO] [stdout] 58 | pub struct Section {
[INFO] [stdout]    |            ^^^^^^^
[INFO] [stdout] 
[INFO] [stdout] 
[INFO] [stdout] warning: multiple methods are never used
[INFO] [stdout]    --> src/ini_reader.rs:63:12
[INFO] [stdout]     |
[INFO] [stdout] 62  | impl Section {
[INFO] [stdout]     | ------------ methods in this implementation
[INFO] [stdout] 63  |     pub fn as_u32_or_die(&self, key: &str) -> u32 {
[INFO] [stdout]     |            ^^^^^^^^^^^^^
[INFO] [stdout] ...
[INFO] [stdout] 71  |     pub fn as_f32_or_die(&self, key: &str) -> f32 {
[INFO] [stdout]     |            ^^^^^^^^^^^^^
[INFO] [stdout] ...
[INFO] [stdout] 79  |     pub fn as_f32_or_default(&self, key: &str, default: f32) -> f32 {
[INFO] [stdout]     |            ^^^^^^^^^^^^^^^^^
[INFO] [stdout] ...
[INFO] [stdout] 92  |     pub fn as_tuple_or_default(&self, key: &str, default: [f32;3]) -> [f32;3] {
[INFO] [stdout]     |            ^^^^^^^^^^^^^^^^^^^
[INFO] [stdout] ...
[INFO] [stdout] 105 |     pub fn as_tuple_or_die(&self, key: &str) -> [f32;3] {
[INFO] [stdout]     |            ^^^^^^^^^^^^^^^
[INFO] [stdout] ...
[INFO] [stdout] 118 |     pub fn as_string_or_die(&self, key: &str) -> String {
[INFO] [stdout]     |            ^^^^^^^^^^^^^^^^
[INFO] [stdout] ...
[INFO] [stdout] 131 |     pub fn key_exists(&self, key: &str) -> bool {
[INFO] [stdout]     |            ^^^^^^^^^^
[INFO] [stdout] 
[INFO] [stdout] 
[INFO] [stdout] warning: struct `IniConfiguration` is never constructed
[INFO] [stdout]    --> src/ini_reader.rs:136:12
[INFO] [stdout]     |
[INFO] [stdout] 136 | pub struct IniConfiguration {
[INFO] [stdout]     |            ^^^^^^^^^^^^^^^^
[INFO] [stdout] 
[INFO] [stdout] 
[INFO] [stdout] warning: associated items `new` and `get_section` are never used
[INFO] [stdout]    --> src/ini_reader.rs:142:12
[INFO] [stdout]     |
[INFO] [stdout] 140 | impl IniConfiguration {
[INFO] [stdout]     | --------------------- associated items in this implementation
[INFO] [stdout] 141 |
[INFO] [stdout] 142 |     pub fn new(path_to_ini: &str) -> Self {
[INFO] [stdout]     |            ^^^
[INFO] [stdout] ...
[INFO] [stdout] 183 |     pub fn get_section(&self, section_name: &str) -> Result<&Section, ()> {
[INFO] [stdout]     |            ^^^^^^^^^^^
[INFO] [stdout] 
[INFO] [stdout] 
[INFO] [stderr]     Finished `dev` profile [unoptimized + debuginfo] target(s) in 0.41s
[INFO] running `Command { std: "docker" "inspect" "662d46d2faf58f1f034b8f5939cc1066e0c79adba0c84df912dcb9aa9709152b", kill_on_drop: false }`
[INFO] running `Command { std: "docker" "rm" "-f" "662d46d2faf58f1f034b8f5939cc1066e0c79adba0c84df912dcb9aa9709152b", kill_on_drop: false }`
[INFO] [stdout] 662d46d2faf58f1f034b8f5939cc1066e0c79adba0c84df912dcb9aa9709152b
[INFO] running `Command { std: "docker" "create" "-v" "/var/lib/crater-agent-workspace/builds/worker-2-tc2/target:/opt/rustwide/target:rw,Z" "-v" "/var/lib/crater-agent-workspace/builds/worker-2-tc2/source:/opt/rustwide/workdir:ro,Z" "-v" "/var/lib/crater-agent-workspace/cargo-home:/opt/rustwide/cargo-home:ro,Z" "-v" "/var/lib/crater-agent-workspace/rustup-home:/opt/rustwide/rustup-home:ro,Z" "-e" "SOURCE_DIR=/opt/rustwide/workdir" "-e" "CARGO_TARGET_DIR=/opt/rustwide/target" "-e" "CARGO_INCREMENTAL=0" "-e" "RUST_BACKTRACE=full" "-e" "RUSTFLAGS=--cap-lints=forbid -Zrandomize-layout" "-e" "RUSTDOCFLAGS=--cap-lints=forbid" "-e" "CARGO_HOME=/opt/rustwide/cargo-home" "-e" "RUSTUP_HOME=/opt/rustwide/rustup-home" "-w" "/opt/rustwide/workdir" "-m" "1610612736" "--user" "0:0" "--network" "none" "ghcr.io/rust-lang/crates-build-env/linux@sha256:4a844ea9eb2546a2d2c7022eacef16ef2e8229c7fbb2c7d4d55a9ceca922f72d" "/opt/rustwide/cargo-home/bin/cargo" "+nightly-2024-10-28" "test" "--frozen" "--no-run" "--message-format=json", kill_on_drop: false }`
[INFO] [stdout] 938a688c16aa85396f4565ee373b33c3dda194c99513b01e8693b4308da3d1df
[INFO] running `Command { std: "docker" "start" "-a" "938a688c16aa85396f4565ee373b33c3dda194c99513b01e8693b4308da3d1df", kill_on_drop: false }`
[INFO] [stderr]    Compiling renderer-3d-rust v0.1.0 (/opt/rustwide/workdir)
[INFO] [stdout] warning: unused import: `std::cmp::max`
[INFO] [stdout]  --> src/main.rs:5:5
[INFO] [stdout]   |
[INFO] [stdout] 5 | use std::cmp::max;
[INFO] [stdout]   |     ^^^^^^^^^^^^^
[INFO] [stdout]   |
[INFO] [stdout]   = note: `#[warn(unused_imports)]` on by default
[INFO] [stdout] 
[INFO] [stdout] 
[INFO] [stdout] warning: unused import: `vec4`
[INFO] [stdout]  --> src/matrix4.rs:2:19
[INFO] [stdout]   |
[INFO] [stdout] 2 | use crate::{Vec4, vec4};
[INFO] [stdout]   |                   ^^^^
[INFO] [stdout] 
[INFO] [stdout] 
[INFO] [stdout] warning: unused import: `std::collections::HashMap`
[INFO] [stdout]  --> src/color.rs:1:5
[INFO] [stdout]   |
[INFO] [stdout] 1 | use std::collections::HashMap;
[INFO] [stdout]   |     ^^^^^^^^^^^^^^^^^^^^^^^^^
[INFO] [stdout] 
[INFO] [stdout] 
[INFO] [stdout] warning: unused import: `std::fmt::Error`
[INFO] [stdout]  --> src/ini_reader.rs:2:5
[INFO] [stdout]   |
[INFO] [stdout] 2 | use std::fmt::Error;
[INFO] [stdout]   |     ^^^^^^^^^^^^^^^
[INFO] [stdout] 
[INFO] [stdout] 
[INFO] [stdout] warning: unused import: `std::fs::File`
[INFO] [stdout]  --> src/ini_reader.rs:3:5
[INFO] [stdout]   |
[INFO] [stdout] 3 | use std::fs::File;
[INFO] [stdout]   |     ^^^^^^^^^^^^^
[INFO] [stdout] 
[INFO] [stdout] 
[INFO] [stdout] warning: unused import: `self`
[INFO] [stdout]  --> src/ini_reader.rs:5:15
[INFO] [stdout]   |
[INFO] [stdout] 5 | use std::io::{self, BufRead};
[INFO] [stdout]   |               ^^^^
[INFO] [stdout] 
[INFO] [stdout] 
[INFO] [stdout] warning: unused import: `std::path::Path`
[INFO] [stdout]  --> src/ini_reader.rs:6:5
[INFO] [stdout]   |
[INFO] [stdout] 6 | use std::path::Path;
[INFO] [stdout]   |     ^^^^^^^^^^^^^^^
[INFO] [stdout] 
[INFO] [stdout] 
[INFO] [stdout] warning: unused import: `std::string::ParseError`
[INFO] [stdout]  --> src/ini_reader.rs:7:5
[INFO] [stdout]   |
[INFO] [stdout] 7 | use std::string::ParseError;
[INFO] [stdout]   |     ^^^^^^^^^^^^^^^^^^^^^^^
[INFO] [stdout] 
[INFO] [stdout] 
[INFO] [stdout] warning: unused import: `PolarCoord`
[INFO] [stdout]   --> src/main.rs:22:31
[INFO] [stdout]    |
[INFO] [stdout] 22 | use crate::matrix4::{Matrix4, PolarCoord};
[INFO] [stdout]    |                               ^^^^^^^^^^
[INFO] [stdout] 
[INFO] [stdout] 
[INFO] [stdout] warning: unused import: `BufRead`
[INFO] [stdout]  --> src/ini_reader.rs:5:21
[INFO] [stdout]   |
[INFO] [stdout] 5 | use std::io::{self, BufRead};
[INFO] [stdout]   |                     ^^^^^^^
[INFO] [stdout] 
[INFO] [stdout] 
[INFO] [stdout] warning: variable does not need to be mutable
[INFO] [stdout]   --> src/main.rs:92:13
[INFO] [stdout]    |
[INFO] [stdout] 92 |         let mut figure_type = match figure_type.as_str() {
[INFO] [stdout]    |             ----^^^^^^^^^^^
[INFO] [stdout]    |             |
[INFO] [stdout]    |             help: remove this `mut`
[INFO] [stdout]    |
[INFO] [stdout]    = note: `#[warn(unused_mut)]` on by default
[INFO] [stdout] 
[INFO] [stdout] 
[INFO] [stdout] warning: variable does not need to be mutable
[INFO] [stdout]    --> src/main.rs:139:9
[INFO] [stdout]     |
[INFO] [stdout] 139 |     let mut lights = Vec::new();
[INFO] [stdout]     |         ----^^^^^^
[INFO] [stdout]     |         |
[INFO] [stdout]     |         help: remove this `mut`
[INFO] [stdout] 
[INFO] [stdout] 
[INFO] [stdout] warning: unused variable: `d_far`
[INFO] [stdout]    --> src/main.rs:153:9
[INFO] [stdout]     |
[INFO] [stdout] 153 |     let d_far = 100.0;
[INFO] [stdout]     |         ^^^^^ help: if this is intentional, prefix it with an underscore: `_d_far`
[INFO] [stdout]     |
[INFO] [stdout]     = note: `#[warn(unused_variables)]` on by default
[INFO] [stdout] 
[INFO] [stdout] 
[INFO] [stdout] warning: unused variable: `eye_point_transform`
[INFO] [stdout]    --> src/main.rs:166:9
[INFO] [stdout]     |
[INFO] [stdout] 166 |     let eye_point_transform = Matrix4::new_eye_point_transform(&eye_pos, &looking_dir);
[INFO] [stdout]     |         ^^^^^^^^^^^^^^^^^^^ help: if this is intentional, prefix it with an underscore: `_eye_point_transform`
[INFO] [stdout] 
[INFO] [stdout] 
[INFO] [stdout] warning: unused variable: `d_far`
[INFO] [stdout]    --> src/main.rs:220:9
[INFO] [stdout]     |
[INFO] [stdout] 220 |     let d_far = 100.0;
[INFO] [stdout]     |         ^^^^^ help: if this is intentional, prefix it with an underscore: `_d_far`
[INFO] [stdout] 
[INFO] [stdout] 
[INFO] [stdout] warning: unused variable: `diffuse_reflection`
[INFO] [stdout]    --> src/main.rs:272:46
[INFO] [stdout]     |
[INFO] [stdout] 272 |                  ambient_reflection: &Color, diffuse_reflection: &Color, specular_reflection: &Color,
[INFO] [stdout]     |                                              ^^^^^^^^^^^^^^^^^^ help: if this is intentional, prefix it with an underscore: `_diffuse_reflection`
[INFO] [stdout] 
[INFO] [stdout] 
[INFO] [stdout] warning: unused variable: `specular_reflection`
[INFO] [stdout]    --> src/main.rs:272:74
[INFO] [stdout]     |
[INFO] [stdout] 272 |                  ambient_reflection: &Color, diffuse_reflection: &Color, specular_reflection: &Color,
[INFO] [stdout]     |                                                                          ^^^^^^^^^^^^^^^^^^^ help: if this is intentional, prefix it with an underscore: `_specular_reflection`
[INFO] [stdout] 
[INFO] [stdout] 
[INFO] [stdout] warning: variable does not need to be mutable
[INFO] [stdout]    --> src/main.rs:284:9
[INFO] [stdout]     |
[INFO] [stdout] 284 |     let mut reflected_color = *ambient_reflection;
[INFO] [stdout]     |         ----^^^^^^^^^^^^^^^
[INFO] [stdout]     |         |
[INFO] [stdout]     |         help: remove this `mut`
[INFO] [stdout] 
[INFO] [stdout] 
[INFO] [stdout] warning: method `calculate_reflected_light` is never used
[INFO] [stdout]   --> src/main.rs:30:8
[INFO] [stdout]    |
[INFO] [stdout] 29 | trait Light {
[INFO] [stdout]    |       ----- method in this trait
[INFO] [stdout] 30 |     fn calculate_reflected_light(&self);
[INFO] [stdout]    |        ^^^^^^^^^^^^^^^^^^^^^^^^^
[INFO] [stdout]    |
[INFO] [stdout]    = note: `#[warn(dead_code)]` on by default
[INFO] [stdout] 
[INFO] [stdout] 
[INFO] [stdout] warning: field `hfov_rad` is never read
[INFO] [stdout]   --> src/main.rs:36:5
[INFO] [stdout]    |
[INFO] [stdout] 33 | struct Eye {
[INFO] [stdout]    |        --- field in this struct
[INFO] [stdout] ...
[INFO] [stdout] 36 |     hfov_rad: f32,
[INFO] [stdout]    |     ^^^^^^^^
[INFO] [stdout] 
[INFO] [stdout] 
[INFO] [stdout] warning: fields `scale` and `rotation_y_rad` are never read
[INFO] [stdout]   --> src/main.rs:52:5
[INFO] [stdout]    |
[INFO] [stdout] 46 | struct FigureDescription {
[INFO] [stdout]    |        ----------------- fields in this struct
[INFO] [stdout] ...
[INFO] [stdout] 52 |     scale:  f32,
[INFO] [stdout]    |     ^^^^^
[INFO] [stdout] 53 |     rotation_x_rad: f32,
[INFO] [stdout] 54 |     rotation_y_rad: f32,
[INFO] [stdout]    |     ^^^^^^^^^^^^^^
[INFO] [stdout] 
[INFO] [stdout] 
[INFO] [stdout] warning: field `lights` is never read
[INFO] [stdout]   --> src/main.rs:60:5
[INFO] [stdout]    |
[INFO] [stdout] 58 | struct SceneDescription {
[INFO] [stdout]    |        ---------------- field in this struct
[INFO] [stdout] 59 |     figures: Vec<FigureDescription>,
[INFO] [stdout] 60 |     lights:  Vec<Box<dyn Light>>,
[INFO] [stdout]    |     ^^^^^^
[INFO] [stdout] 
[INFO] [stdout] 
[INFO] [stdout] warning: method `w` is never used
[INFO] [stdout]   --> src/vec4.rs:11:12
[INFO] [stdout]    |
[INFO] [stdout] 6  | impl Vec4 {
[INFO] [stdout]    | --------- method in this implementation
[INFO] [stdout] ...
[INFO] [stdout] 11 |     pub fn w(&self) -> f32 { self.elems[3] }
[INFO] [stdout]    |            ^
[INFO] [stdout] 
[INFO] [stdout] 
[INFO] [stdout] warning: function `dot_product` is never used
[INFO] [stdout]   --> src/vec4.rs:52:4
[INFO] [stdout]    |
[INFO] [stdout] 52 | fn dot_product(u: &[f32;4], v: &[f32;4]) -> f32 {
[INFO] [stdout]    |    ^^^^^^^^^^^
[INFO] [stdout] 
[INFO] [stdout] 
[INFO] [stderr]     Finished `test` profile [unoptimized + debuginfo] target(s) in 0.28s
[INFO] running `Command { std: "docker" "inspect" "938a688c16aa85396f4565ee373b33c3dda194c99513b01e8693b4308da3d1df", kill_on_drop: false }`
[INFO] running `Command { std: "docker" "rm" "-f" "938a688c16aa85396f4565ee373b33c3dda194c99513b01e8693b4308da3d1df", kill_on_drop: false }`
[INFO] [stdout] 938a688c16aa85396f4565ee373b33c3dda194c99513b01e8693b4308da3d1df
[INFO] running `Command { std: "docker" "create" "-v" "/var/lib/crater-agent-workspace/builds/worker-2-tc2/target:/opt/rustwide/target:rw,Z" "-v" "/var/lib/crater-agent-workspace/builds/worker-2-tc2/source:/opt/rustwide/workdir:ro,Z" "-v" "/var/lib/crater-agent-workspace/cargo-home:/opt/rustwide/cargo-home:ro,Z" "-v" "/var/lib/crater-agent-workspace/rustup-home:/opt/rustwide/rustup-home:ro,Z" "-e" "SOURCE_DIR=/opt/rustwide/workdir" "-e" "CARGO_TARGET_DIR=/opt/rustwide/target" "-e" "CARGO_INCREMENTAL=0" "-e" "RUST_BACKTRACE=full" "-e" "RUSTFLAGS=--cap-lints=forbid -Zrandomize-layout" "-e" "RUSTDOCFLAGS=--cap-lints=forbid" "-e" "CARGO_HOME=/opt/rustwide/cargo-home" "-e" "RUSTUP_HOME=/opt/rustwide/rustup-home" "-w" "/opt/rustwide/workdir" "-m" "1610612736" "--user" "0:0" "--network" "none" "ghcr.io/rust-lang/crates-build-env/linux@sha256:4a844ea9eb2546a2d2c7022eacef16ef2e8229c7fbb2c7d4d55a9ceca922f72d" "/opt/rustwide/cargo-home/bin/cargo" "+nightly-2024-10-28" "test" "--frozen", kill_on_drop: false }`
[INFO] [stdout] 710c9b1b6165776ab5824f50322bab065025c8cfb1a4882adb396458e09f5bb4
[INFO] running `Command { std: "docker" "start" "-a" "710c9b1b6165776ab5824f50322bab065025c8cfb1a4882adb396458e09f5bb4", kill_on_drop: false }`
[INFO] [stderr] warning: unused import: `std::cmp::max`
[INFO] [stderr]  --> src/main.rs:5:5
[INFO] [stderr]   |
[INFO] [stderr] 5 | use std::cmp::max;
[INFO] [stderr]   |     ^^^^^^^^^^^^^
[INFO] [stderr]   |
[INFO] [stderr]   = note: `#[warn(unused_imports)]` on by default
[INFO] [stderr] 
[INFO] [stderr] warning: unused import: `vec4`
[INFO] [stderr]  --> src/matrix4.rs:2:19
[INFO] [stderr]   |
[INFO] [stderr] 2 | use crate::{Vec4, vec4};
[INFO] [stderr]   |                   ^^^^
[INFO] [stderr] 
[INFO] [stderr] warning: unused import: `std::collections::HashMap`
[INFO] [stderr]  --> src/color.rs:1:5
[INFO] [stderr]   |
[INFO] [stderr] 1 | use std::collections::HashMap;
[INFO] [stderr]   |     ^^^^^^^^^^^^^^^^^^^^^^^^^
[INFO] [stderr] 
[INFO] [stderr] warning: unused import: `std::fmt::Error`
[INFO] [stderr]  --> src/ini_reader.rs:2:5
[INFO] [stderr]   |
[INFO] [stderr] 2 | use std::fmt::Error;
[INFO] [stderr]   |     ^^^^^^^^^^^^^^^
[INFO] [stderr] 
[INFO] [stderr] warning: unused import: `std::fs::File`
[INFO] [stderr]  --> src/ini_reader.rs:3:5
[INFO] [stderr]   |
[INFO] [stderr] 3 | use std::fs::File;
[INFO] [stderr]   |     ^^^^^^^^^^^^^
[INFO] [stderr] 
[INFO] [stderr] warning: unused import: `self`
[INFO] [stderr]  --> src/ini_reader.rs:5:15
[INFO] [stderr]   |
[INFO] [stderr] 5 | use std::io::{self, BufRead};
[INFO] [stderr]   |               ^^^^
[INFO] [stderr] 
[INFO] [stderr] warning: unused import: `std::path::Path`
[INFO] [stderr]  --> src/ini_reader.rs:6:5
[INFO] [stderr]   |
[INFO] [stderr] 6 | use std::path::Path;
[INFO] [stderr]   |     ^^^^^^^^^^^^^^^
[INFO] [stderr] 
[INFO] [stderr] warning: unused import: `std::string::ParseError`
[INFO] [stderr]  --> src/ini_reader.rs:7:5
[INFO] [stderr]   |
[INFO] [stderr] 7 | use std::string::ParseError;
[INFO] [stderr]   |     ^^^^^^^^^^^^^^^^^^^^^^^
[INFO] [stderr] 
[INFO] [stderr] warning: unused import: `PolarCoord`
[INFO] [stderr]   --> src/main.rs:22:31
[INFO] [stderr]    |
[INFO] [stderr] 22 | use crate::matrix4::{Matrix4, PolarCoord};
[INFO] [stderr]    |                               ^^^^^^^^^^
[INFO] [stderr] 
[INFO] [stderr] warning: unused import: `BufRead`
[INFO] [stderr]  --> src/ini_reader.rs:5:21
[INFO] [stderr]   |
[INFO] [stderr] 5 | use std::io::{self, BufRead};
[INFO] [stderr]   |                     ^^^^^^^
[INFO] [stderr] 
[INFO] [stderr] warning: variable does not need to be mutable
[INFO] [stderr]   --> src/main.rs:92:13
[INFO] [stderr]    |
[INFO] [stderr] 92 |         let mut figure_type = match figure_type.as_str() {
[INFO] [stderr]    |             ----^^^^^^^^^^^
[INFO] [stderr]    |             |
[INFO] [stderr]    |             help: remove this `mut`
[INFO] [stderr]    |
[INFO] [stderr]    = note: `#[warn(unused_mut)]` on by default
[INFO] [stderr] 
[INFO] [stderr] warning: variable does not need to be mutable
[INFO] [stderr]    --> src/main.rs:139:9
[INFO] [stderr]     |
[INFO] [stderr] 139 |     let mut lights = Vec::new();
[INFO] [stderr]     |         ----^^^^^^
[INFO] [stderr]     |         |
[INFO] [stderr]     |         help: remove this `mut`
[INFO] [stderr] 
[INFO] [stderr] warning: unused variable: `d_far`
[INFO] [stderr]    --> src/main.rs:153:9
[INFO] [stderr]     |
[INFO] [stderr] 153 |     let d_far = 100.0;
[INFO] [stderr]     |         ^^^^^ help: if this is intentional, prefix it with an underscore: `_d_far`
[INFO] [stderr]     |
[INFO] [stderr]     = note: `#[warn(unused_variables)]` on by default
[INFO] [stderr] 
[INFO] [stderr] warning: unused variable: `eye_point_transform`
[INFO] [stderr]    --> src/main.rs:166:9
[INFO] [stderr]     |
[INFO] [stderr] 166 |     let eye_point_transform = Matrix4::new_eye_point_transform(&eye_pos, &looking_dir);
[INFO] [stderr]     |         ^^^^^^^^^^^^^^^^^^^ help: if this is intentional, prefix it with an underscore: `_eye_point_transform`
[INFO] [stderr] 
[INFO] [stderr] warning: unused variable: `d_far`
[INFO] [stderr]    --> src/main.rs:220:9
[INFO] [stderr]     |
[INFO] [stderr] 220 |     let d_far = 100.0;
[INFO] [stderr]     |         ^^^^^ help: if this is intentional, prefix it with an underscore: `_d_far`
[INFO] [stderr] 
[INFO] [stderr] warning: unused variable: `diffuse_reflection`
[INFO] [stderr]    --> src/main.rs:272:46
[INFO] [stderr]     |
[INFO] [stderr] 272 |                  ambient_reflection: &Color, diffuse_reflection: &Color, specular_reflection: &Color,
[INFO] [stderr]     |                                              ^^^^^^^^^^^^^^^^^^ help: if this is intentional, prefix it with an underscore: `_diffuse_reflection`
[INFO] [stderr] 
[INFO] [stderr] warning: unused variable: `specular_reflection`
[INFO] [stderr]    --> src/main.rs:272:74
[INFO] [stderr]     |
[INFO] [stderr] 272 |                  ambient_reflection: &Color, diffuse_reflection: &Color, specular_reflection: &Color,
[INFO] [stderr]     |                                                                          ^^^^^^^^^^^^^^^^^^^ help: if this is intentional, prefix it with an underscore: `_specular_reflection`
[INFO] [stderr] 
[INFO] [stderr] warning: variable does not need to be mutable
[INFO] [stderr]    --> src/main.rs:284:9
[INFO] [stderr]     |
[INFO] [stderr] 284 |     let mut reflected_color = *ambient_reflection;
[INFO] [stderr]     |         ----^^^^^^^^^^^^^^^
[INFO] [stderr]     |         |
[INFO] [stderr]     |         help: remove this `mut`
[INFO] [stderr] 
[INFO] [stderr] warning: method `calculate_reflected_light` is never used
[INFO] [stderr]   --> src/main.rs:30:8
[INFO] [stderr]    |
[INFO] [stderr] 29 | trait Light {
[INFO] [stderr]    |       ----- method in this trait
[INFO] [stderr] 30 |     fn calculate_reflected_light(&self);
[INFO] [stderr]    |        ^^^^^^^^^^^^^^^^^^^^^^^^^
[INFO] [stderr]    |
[INFO] [stderr]    = note: `#[warn(dead_code)]` on by default
[INFO] [stderr] 
[INFO] [stderr] warning: field `hfov_rad` is never read
[INFO] [stderr]   --> src/main.rs:36:5
[INFO] [stderr]    |
[INFO] [stderr] 33 | struct Eye {
[INFO] [stderr]    |        --- field in this struct
[INFO] [stderr] ...
[INFO] [stderr] 36 |     hfov_rad: f32,
[INFO] [stderr]    |     ^^^^^^^^
[INFO] [stderr] 
[INFO] [stderr] warning: fields `scale` and `rotation_y_rad` are never read
[INFO] [stderr]   --> src/main.rs:52:5
[INFO] [stderr]    |
[INFO] [stderr] 46 | struct FigureDescription {
[INFO] [stderr]    |        ----------------- fields in this struct
[INFO] [stderr] ...
[INFO] [stderr] 52 |     scale:  f32,
[INFO] [stderr]    |     ^^^^^
[INFO] [stderr] 53 |     rotation_x_rad: f32,
[INFO] [stderr] 54 |     rotation_y_rad: f32,
[INFO] [stderr]    |     ^^^^^^^^^^^^^^
[INFO] [stderr] 
[INFO] [stderr] warning: field `lights` is never read
[INFO] [stderr]   --> src/main.rs:60:5
[INFO] [stderr]    |
[INFO] [stderr] 58 | struct SceneDescription {
[INFO] [stderr]    |        ---------------- field in this struct
[INFO] [stderr] 59 |     figures: Vec<FigureDescription>,
[INFO] [stderr] 60 |     lights:  Vec<Box<dyn Light>>,
[INFO] [stderr]    |     ^^^^^^
[INFO] [stderr] 
[INFO] [stderr] warning: method `w` is never used
[INFO] [stderr]   --> src/vec4.rs:11:12
[INFO] [stderr]    |
[INFO] [stderr] 6  | impl Vec4 {
[INFO] [stderr]    | --------- method in this implementation
[INFO] [stderr] ...
[INFO] [stderr] 11 |     pub fn w(&self) -> f32 { self.elems[3] }
[INFO] [stderr]    |            ^
[INFO] [stderr] 
[INFO] [stderr] warning: function `dot_product` is never used
[INFO] [stderr]   --> src/vec4.rs:52:4
[INFO] [stderr]    |
[INFO] [stderr] 52 | fn dot_product(u: &[f32;4], v: &[f32;4]) -> f32 {
[INFO] [stderr]    |    ^^^^^^^^^^^
[INFO] [stderr] 
[INFO] [stderr] warning: `renderer-3d-rust` (bin "renderer-3d-rust" test) generated 24 warnings (run `cargo fix --bin "renderer-3d-rust" --tests` to apply 12 suggestions)
[INFO] [stderr]     Finished `test` profile [unoptimized + debuginfo] target(s) in 0.01s
[INFO] [stderr]      Running unittests src/main.rs (/opt/rustwide/target/debug/deps/renderer_3d_rust-e9c81e10d9340573)
[INFO] [stdout] 
[INFO] [stdout] running 5 tests
[INFO] [stdout] test matrix4::test_eyepoint ... ok
[INFO] [stdout] test ini_reader::test_ini_parser ... ok
[INFO] [stdout] test vec4::test_vec_mat_mul ... ok
[INFO] [stdout] test test_scene_rendering ... FAILED
[INFO] [stdout] test test_rendering_stuff ... FAILED
[INFO] [stdout] 
[INFO] [stdout] failures:
[INFO] [stdout] 
[INFO] [stdout] ---- test_scene_rendering stdout ----
[INFO] [stdout] thread 'test_scene_rendering' panicked at src/main.rs:203:38:
[INFO] [stdout] writing image: tori.bmp to file failed: Os { code: 30, kind: ReadOnlyFilesystem, message: "Read-only file system" }
[INFO] [stdout] stack backtrace:
[INFO] [stdout]    0:     0x55a25d99ceea - std::backtrace_rs::backtrace::libunwind::trace::h207520d6e9873551
[INFO] [stdout]                                at /rustc/df4ca44d3fbc9301ee17f30f4d474e6ae4b05252/library/std/src/../../backtrace/src/backtrace/libunwind.rs:116:5
[INFO] [stdout]    1:     0x55a25d99ceea - std::backtrace_rs::backtrace::trace_unsynchronized::h2ed7433f370e3eca
[INFO] [stdout]                                at /rustc/df4ca44d3fbc9301ee17f30f4d474e6ae4b05252/library/std/src/../../backtrace/src/backtrace/mod.rs:66:5
[INFO] [stdout]    2:     0x55a25d99ceea - std::sys::backtrace::_print_fmt::h916fac51166b18d7
[INFO] [stdout]                                at /rustc/df4ca44d3fbc9301ee17f30f4d474e6ae4b05252/library/std/src/sys/backtrace.rs:66:9
[INFO] [stdout]    3:     0x55a25d99ceea - <std::sys::backtrace::BacktraceLock::print::DisplayBacktrace as core::fmt::Display>::fmt::ha0a4c9b8ce3802e6
[INFO] [stdout]                                at /rustc/df4ca44d3fbc9301ee17f30f4d474e6ae4b05252/library/std/src/sys/backtrace.rs:39:26
[INFO] [stdout]    4:     0x55a25d9c5023 - core::fmt::rt::Argument::fmt::h4cfc8587d52b3eb5
[INFO] [stdout]                                at /rustc/df4ca44d3fbc9301ee17f30f4d474e6ae4b05252/library/core/src/fmt/rt.rs:177:76
[INFO] [stdout]    5:     0x55a25d9c5023 - core::fmt::write::h522cc39e5b36ae9f
[INFO] [stdout]                                at /rustc/df4ca44d3fbc9301ee17f30f4d474e6ae4b05252/library/core/src/fmt/mod.rs:1190:21
[INFO] [stdout]    6:     0x55a25d999b53 - std::io::Write::write_fmt::h7d3c26752da97734
[INFO] [stdout]                                at /rustc/df4ca44d3fbc9301ee17f30f4d474e6ae4b05252/library/std/src/io/mod.rs:1839:15
[INFO] [stdout]    7:     0x55a25d99cd32 - std::sys::backtrace::BacktraceLock::print::h4b9e00b29e9c0942
[INFO] [stdout]                                at /rustc/df4ca44d3fbc9301ee17f30f4d474e6ae4b05252/library/std/src/sys/backtrace.rs:42:9
[INFO] [stdout]    8:     0x55a25d99e37a - std::panicking::default_hook::{{closure}}::hb59b88280d0324d9
[INFO] [stdout]                                at /rustc/df4ca44d3fbc9301ee17f30f4d474e6ae4b05252/library/std/src/panicking.rs:268:22
[INFO] [stdout]    9:     0x55a25d99e184 - std::panicking::default_hook::he1dd496665be4a29
[INFO] [stdout]                                at /rustc/df4ca44d3fbc9301ee17f30f4d474e6ae4b05252/library/std/src/panicking.rs:292:9
[INFO] [stdout]   10:     0x55a25d963d79 - <alloc::boxed::Box<F,A> as core::ops::function::Fn<Args>>::call::h4ff71de18744e1dc
[INFO] [stdout]                                at /rustc/df4ca44d3fbc9301ee17f30f4d474e6ae4b05252/library/alloc/src/boxed.rs:2468:9
[INFO] [stdout]   11:     0x55a25d963d79 - test::test_main::{{closure}}::hcf7c055ce117aa81
[INFO] [stdout]                                at /rustc/df4ca44d3fbc9301ee17f30f4d474e6ae4b05252/library/test/src/lib.rs:133:21
[INFO] [stdout]   12:     0x55a25d99ea78 - <alloc::boxed::Box<F,A> as core::ops::function::Fn<Args>>::call::h1d66c6bbd60c9692
[INFO] [stdout]                                at /rustc/df4ca44d3fbc9301ee17f30f4d474e6ae4b05252/library/alloc/src/boxed.rs:2468:9
[INFO] [stdout]   13:     0x55a25d99ea78 - std::panicking::rust_panic_with_hook::h2ff17fe8f26dfcf8
[INFO] [stdout]                                at /rustc/df4ca44d3fbc9301ee17f30f4d474e6ae4b05252/library/std/src/panicking.rs:809:13
[INFO] [stdout]   14:     0x55a25d99e83a - std::panicking::begin_panic_handler::{{closure}}::h4fad77951c07e101
[INFO] [stdout]                                at /rustc/df4ca44d3fbc9301ee17f30f4d474e6ae4b05252/library/std/src/panicking.rs:674:13
[INFO] [stdout]   15:     0x55a25d99d3c9 - std::sys::backtrace::__rust_end_short_backtrace::hb1a25b3da5d0ea08
[INFO] [stdout]                                at /rustc/df4ca44d3fbc9301ee17f30f4d474e6ae4b05252/library/std/src/sys/backtrace.rs:170:18
[INFO] [stdout]   16:     0x55a25d99e4cc - rust_begin_unwind
[INFO] [stdout]                                at /rustc/df4ca44d3fbc9301ee17f30f4d474e6ae4b05252/library/std/src/panicking.rs:665:5
[INFO] [stdout]   17:     0x55a25d9c3050 - core::panicking::panic_fmt::ha9db07b529f9b256
[INFO] [stdout]                                at /rustc/df4ca44d3fbc9301ee17f30f4d474e6ae4b05252/library/core/src/panicking.rs:75:14
[INFO] [stdout]   18:     0x55a25d9c34f6 - core::result::unwrap_failed::h5e8218e4d4338b8a
[INFO] [stdout]                                at /rustc/df4ca44d3fbc9301ee17f30f4d474e6ae4b05252/library/core/src/result.rs:1698:5
[INFO] [stdout]   19:     0x55a25d91e26f - core::result::Result<T,E>::expect::h9b15f04e01222c28
[INFO] [stdout]                                at /rustc/df4ca44d3fbc9301ee17f30f4d474e6ae4b05252/library/core/src/result.rs:1060:23
[INFO] [stdout]   20:     0x55a25d92297d - renderer_3d_rust::render_scene::h79455d175a7a56c3
[INFO] [stdout]                                at /opt/rustwide/workdir/src/main.rs:203:5
[INFO] [stdout]   21:     0x55a25d9243fd - renderer_3d_rust::test_scene_rendering::h5944ad39dc81d88b
[INFO] [stdout]                                at /opt/rustwide/workdir/src/main.rs:209:5
[INFO] [stdout]   22:     0x55a25d9243a7 - renderer_3d_rust::test_scene_rendering::{{closure}}::h221a409ea8df90e6
[INFO] [stdout]                                at /opt/rustwide/workdir/src/main.rs:207:26
[INFO] [stdout]   23:     0x55a25d9194e6 - core::ops::function::FnOnce::call_once::h343974432d69d959
[INFO] [stdout]                                at /rustc/df4ca44d3fbc9301ee17f30f4d474e6ae4b05252/library/core/src/ops/function.rs:250:5
[INFO] [stdout]   24:     0x55a25d96864b - core::ops::function::FnOnce::call_once::h22c3ba5715e93f05
[INFO] [stdout]                                at /rustc/df4ca44d3fbc9301ee17f30f4d474e6ae4b05252/library/core/src/ops/function.rs:250:5
[INFO] [stdout]   25:     0x55a25d96864b - test::__rust_begin_short_backtrace::h8e82d8113d0da17f
[INFO] [stdout]                                at /rustc/df4ca44d3fbc9301ee17f30f4d474e6ae4b05252/library/test/src/lib.rs:621:18
[INFO] [stdout]   26:     0x55a25d967fc7 - test::run_test_in_process::{{closure}}::h33235f4f20b7b7c7
[INFO] [stdout]                                at /rustc/df4ca44d3fbc9301ee17f30f4d474e6ae4b05252/library/test/src/lib.rs:644:60
[INFO] [stdout]   27:     0x55a25d967fc7 - <core::panic::unwind_safe::AssertUnwindSafe<F> as core::ops::function::FnOnce<()>>::call_once::hb5043206310c586f
[INFO] [stdout]                                at /rustc/df4ca44d3fbc9301ee17f30f4d474e6ae4b05252/library/core/src/panic/unwind_safe.rs:272:9
[INFO] [stdout]   28:     0x55a25d967fc7 - std::panicking::try::do_call::h9ad4731a60ab23e2
[INFO] [stdout]                                at /rustc/df4ca44d3fbc9301ee17f30f4d474e6ae4b05252/library/std/src/panicking.rs:557:40
[INFO] [stdout]   29:     0x55a25d967fc7 - std::panicking::try::h3824d23db772a716
[INFO] [stdout]                                at /rustc/df4ca44d3fbc9301ee17f30f4d474e6ae4b05252/library/std/src/panicking.rs:520:19
[INFO] [stdout]   30:     0x55a25d967fc7 - std::panic::catch_unwind::h5afd514605fde46b
[INFO] [stdout]                                at /rustc/df4ca44d3fbc9301ee17f30f4d474e6ae4b05252/library/std/src/panic.rs:358:14
[INFO] [stdout]   31:     0x55a25d967fc7 - test::run_test_in_process::h0d5cbfa7067d1720
[INFO] [stdout]                                at /rustc/df4ca44d3fbc9301ee17f30f4d474e6ae4b05252/library/test/src/lib.rs:644:27
[INFO] [stdout]   32:     0x55a25d967fc7 - test::run_test::{{closure}}::h708eb8872708115d
[INFO] [stdout]                                at /rustc/df4ca44d3fbc9301ee17f30f4d474e6ae4b05252/library/test/src/lib.rs:565:43
[INFO] [stdout]   33:     0x55a25d92b6e4 - test::run_test::{{closure}}::h392c51cee94713ab
[INFO] [stdout]                                at /rustc/df4ca44d3fbc9301ee17f30f4d474e6ae4b05252/library/test/src/lib.rs:595:41
[INFO] [stdout]   34:     0x55a25d92b6e4 - std::sys::backtrace::__rust_begin_short_backtrace::h2f40290710935a8b
[INFO] [stdout]                                at /rustc/df4ca44d3fbc9301ee17f30f4d474e6ae4b05252/library/std/src/sys/backtrace.rs:154:18
[INFO] [stdout]   35:     0x55a25d92ee8e - std::thread::Builder::spawn_unchecked_::{{closure}}::{{closure}}::h3fd968d89053a903
[INFO] [stdout]                                at /rustc/df4ca44d3fbc9301ee17f30f4d474e6ae4b05252/library/std/src/thread/mod.rs:541:17
[INFO] [stdout]   36:     0x55a25d92ee8e - <core::panic::unwind_safe::AssertUnwindSafe<F> as core::ops::function::FnOnce<()>>::call_once::h743f637ba4229880
[INFO] [stdout]                                at /rustc/df4ca44d3fbc9301ee17f30f4d474e6ae4b05252/library/core/src/panic/unwind_safe.rs:272:9
[INFO] [stdout]   37:     0x55a25d92ee8e - std::panicking::try::do_call::h07440897322525a6
[INFO] [stdout]                                at /rustc/df4ca44d3fbc9301ee17f30f4d474e6ae4b05252/library/std/src/panicking.rs:557:40
[INFO] [stdout]   38:     0x55a25d92ee8e - std::panicking::try::he5a2e00188156637
[INFO] [stdout]                                at /rustc/df4ca44d3fbc9301ee17f30f4d474e6ae4b05252/library/std/src/panicking.rs:520:19
[INFO] [stdout]   39:     0x55a25d92ee8e - std::panic::catch_unwind::hbaf3cae49b3c6433
[INFO] [stdout]                                at /rustc/df4ca44d3fbc9301ee17f30f4d474e6ae4b05252/library/std/src/panic.rs:358:14
[INFO] [stdout]   40:     0x55a25d92ee8e - std::thread::Builder::spawn_unchecked_::{{closure}}::h8e141ea224820bce
[INFO] [stdout]                                at /rustc/df4ca44d3fbc9301ee17f30f4d474e6ae4b05252/library/std/src/thread/mod.rs:540:30
[INFO] [stdout]   41:     0x55a25d92ee8e - core::ops::function::FnOnce::call_once{{vtable.shim}}::h90d312fedd7b8ea8
[INFO] [stdout]                                at /rustc/df4ca44d3fbc9301ee17f30f4d474e6ae4b05252/library/core/src/ops/function.rs:250:5
[INFO] [stdout]   42:     0x55a25d9a287b - <alloc::boxed::Box<F,A> as core::ops::function::FnOnce<Args>>::call_once::h69aa08ddb6adb8b6
[INFO] [stdout]                                at /rustc/df4ca44d3fbc9301ee17f30f4d474e6ae4b05252/library/alloc/src/boxed.rs:2454:9
[INFO] [stdout]   43:     0x55a25d9a287b - <alloc::boxed::Box<F,A> as core::ops::function::FnOnce<Args>>::call_once::h5aa36efdb79c806f
[INFO] [stdout]                                at /rustc/df4ca44d3fbc9301ee17f30f4d474e6ae4b05252/library/alloc/src/boxed.rs:2454:9
[INFO] [stdout]   44:     0x55a25d9a287b - std::sys::pal::unix::thread::Thread::new::thread_start::h6cd80a1b4be5158d
[INFO] [stdout]                                at /rustc/df4ca44d3fbc9301ee17f30f4d474e6ae4b05252/library/std/src/sys/pal/unix/thread.rs:105:17
[INFO] [stdout]   45:     0x7f8e335b8ac3 - <unknown>
[INFO] [stdout]   46:     0x7f8e33649a04 - clone
[INFO] [stdout]   47:                0x0 - <unknown>
[INFO] [stdout] 
[INFO] [stdout] ---- test_rendering_stuff stdout ----
[INFO] [stdout] thread 'test_rendering_stuff' panicked at src/main.rs:265:33:
[INFO] [stdout] writing to file failed: Os { code: 30, kind: ReadOnlyFilesystem, message: "Read-only file system" }
[INFO] [stdout] stack backtrace:
[INFO] [stdout]    0:     0x55a25d99ceea - std::backtrace_rs::backtrace::libunwind::trace::h207520d6e9873551
[INFO] [stdout]                                at /rustc/df4ca44d3fbc9301ee17f30f4d474e6ae4b05252/library/std/src/../../backtrace/src/backtrace/libunwind.rs:116:5
[INFO] [stdout]    1:     0x55a25d99ceea - std::backtrace_rs::backtrace::trace_unsynchronized::h2ed7433f370e3eca
[INFO] [stdout]                                at /rustc/df4ca44d3fbc9301ee17f30f4d474e6ae4b05252/library/std/src/../../backtrace/src/backtrace/mod.rs:66:5
[INFO] [stdout]    2:     0x55a25d99ceea - std::sys::backtrace::_print_fmt::h916fac51166b18d7
[INFO] [stdout]                                at /rustc/df4ca44d3fbc9301ee17f30f4d474e6ae4b05252/library/std/src/sys/backtrace.rs:66:9
[INFO] [stdout]    3:     0x55a25d99ceea - <std::sys::backtrace::BacktraceLock::print::DisplayBacktrace as core::fmt::Display>::fmt::ha0a4c9b8ce3802e6
[INFO] [stdout]                                at /rustc/df4ca44d3fbc9301ee17f30f4d474e6ae4b05252/library/std/src/sys/backtrace.rs:39:26
[INFO] [stdout]    4:     0x55a25d9c5023 - core::fmt::rt::Argument::fmt::h4cfc8587d52b3eb5
[INFO] [stdout]                                at /rustc/df4ca44d3fbc9301ee17f30f4d474e6ae4b05252/library/core/src/fmt/rt.rs:177:76
[INFO] [stdout]    5:     0x55a25d9c5023 - core::fmt::write::h522cc39e5b36ae9f
[INFO] [stdout]                                at /rustc/df4ca44d3fbc9301ee17f30f4d474e6ae4b05252/library/core/src/fmt/mod.rs:1190:21
[INFO] [stdout]    6:     0x55a25d999b53 - std::io::Write::write_fmt::h7d3c26752da97734
[INFO] [stdout]                                at /rustc/df4ca44d3fbc9301ee17f30f4d474e6ae4b05252/library/std/src/io/mod.rs:1839:15
[INFO] [stdout]    7:     0x55a25d99cd32 - std::sys::backtrace::BacktraceLock::print::h4b9e00b29e9c0942
[INFO] [stdout]                                at /rustc/df4ca44d3fbc9301ee17f30f4d474e6ae4b05252/library/std/src/sys/backtrace.rs:42:9
[INFO] [stdout]    8:     0x55a25d99e37a - std::panicking::default_hook::{{closure}}::hb59b88280d0324d9
[INFO] [stdout]                                at /rustc/df4ca44d3fbc9301ee17f30f4d474e6ae4b05252/library/std/src/panicking.rs:268:22
[INFO] [stdout]    9:     0x55a25d99e184 - std::panicking::default_hook::he1dd496665be4a29
[INFO] [stdout]                                at /rustc/df4ca44d3fbc9301ee17f30f4d474e6ae4b05252/library/std/src/panicking.rs:292:9
[INFO] [stdout]   10:     0x55a25d963d79 - <alloc::boxed::Box<F,A> as core::ops::function::Fn<Args>>::call::h4ff71de18744e1dc
[INFO] [stdout]                                at /rustc/df4ca44d3fbc9301ee17f30f4d474e6ae4b05252/library/alloc/src/boxed.rs:2468:9
[INFO] [stdout]   11:     0x55a25d963d79 - test::test_main::{{closure}}::hcf7c055ce117aa81
[INFO] [stdout]                                at /rustc/df4ca44d3fbc9301ee17f30f4d474e6ae4b05252/library/test/src/lib.rs:133:21
[INFO] [stdout]   12:     0x55a25d99ea78 - <alloc::boxed::Box<F,A> as core::ops::function::Fn<Args>>::call::h1d66c6bbd60c9692
[INFO] [stdout]                                at /rustc/df4ca44d3fbc9301ee17f30f4d474e6ae4b05252/library/alloc/src/boxed.rs:2468:9
[INFO] [stdout]   13:     0x55a25d99ea78 - std::panicking::rust_panic_with_hook::h2ff17fe8f26dfcf8
[INFO] [stdout]                                at /rustc/df4ca44d3fbc9301ee17f30f4d474e6ae4b05252/library/std/src/panicking.rs:809:13
[INFO] [stdout]   14:     0x55a25d99e83a - std::panicking::begin_panic_handler::{{closure}}::h4fad77951c07e101
[INFO] [stdout]                                at /rustc/df4ca44d3fbc9301ee17f30f4d474e6ae4b05252/library/std/src/panicking.rs:674:13
[INFO] [stdout]   15:     0x55a25d99d3c9 - std::sys::backtrace::__rust_end_short_backtrace::hb1a25b3da5d0ea08
[INFO] [stdout]                                at /rustc/df4ca44d3fbc9301ee17f30f4d474e6ae4b05252/library/std/src/sys/backtrace.rs:170:18
[INFO] [stdout]   16:     0x55a25d99e4cc - rust_begin_unwind
[INFO] [stdout]                                at /rustc/df4ca44d3fbc9301ee17f30f4d474e6ae4b05252/library/std/src/panicking.rs:665:5
[INFO] [stdout]   17:     0x55a25d9c3050 - core::panicking::panic_fmt::ha9db07b529f9b256
[INFO] [stdout]                                at /rustc/df4ca44d3fbc9301ee17f30f4d474e6ae4b05252/library/core/src/panicking.rs:75:14
[INFO] [stdout]   18:     0x55a25d9c34f6 - core::result::unwrap_failed::h5e8218e4d4338b8a
[INFO] [stdout]                                at /rustc/df4ca44d3fbc9301ee17f30f4d474e6ae4b05252/library/core/src/result.rs:1698:5
[INFO] [stdout]   19:     0x55a25d91e26f - core::result::Result<T,E>::expect::h9b15f04e01222c28
[INFO] [stdout]                                at /rustc/df4ca44d3fbc9301ee17f30f4d474e6ae4b05252/library/core/src/result.rs:1060:23
[INFO] [stdout]   20:     0x55a25d92496c - renderer_3d_rust::test_rendering_stuff::h617d3e35becf0ddc
[INFO] [stdout]                                at /opt/rustwide/workdir/src/main.rs:265:5
[INFO] [stdout]   21:     0x55a25d924467 - renderer_3d_rust::test_rendering_stuff::{{closure}}::h8e7c0dd1104010ee
[INFO] [stdout]                                at /opt/rustwide/workdir/src/main.rs:213:26
[INFO] [stdout]   22:     0x55a25d919566 - core::ops::function::FnOnce::call_once::h4e3b5151106a9dfa
[INFO] [stdout]                                at /rustc/df4ca44d3fbc9301ee17f30f4d474e6ae4b05252/library/core/src/ops/function.rs:250:5
[INFO] [stdout]   23:     0x55a25d96864b - core::ops::function::FnOnce::call_once::h22c3ba5715e93f05
[INFO] [stdout]                                at /rustc/df4ca44d3fbc9301ee17f30f4d474e6ae4b05252/library/core/src/ops/function.rs:250:5
[INFO] [stdout]   24:     0x55a25d96864b - test::__rust_begin_short_backtrace::h8e82d8113d0da17f
[INFO] [stdout]                                at /rustc/df4ca44d3fbc9301ee17f30f4d474e6ae4b05252/library/test/src/lib.rs:621:18
[INFO] [stdout]   25:     0x55a25d967fc7 - test::run_test_in_process::{{closure}}::h33235f4f20b7b7c7
[INFO] [stdout]                                at /rustc/df4ca44d3fbc9301ee17f30f4d474e6ae4b05252/library/test/src/lib.rs:644:60
[INFO] [stdout]   26:     0x55a25d967fc7 - <core::panic::unwind_safe::AssertUnwindSafe<F> as core::ops::function::FnOnce<()>>::call_once::hb5043206310c586f
[INFO] [stdout]                                at /rustc/df4ca44d3fbc9301ee17f30f4d474e6ae4b05252/library/core/src/panic/unwind_safe.rs:272:9
[INFO] [stdout]   27:     0x55a25d967fc7 - std::panicking::try::do_call::h9ad4731a60ab23e2
[INFO] [stdout]                                at /rustc/df4ca44d3fbc9301ee17f30f4d474e6ae4b05252/library/std/src/panicking.rs:557:40
[INFO] [stdout]   28:     0x55a25d967fc7 - std::panicking::try::h3824d23db772a716
[INFO] [stdout]                                at /rustc/df4ca44d3fbc9301ee17f30f4d474e6ae4b05252/library/std/src/panicking.rs:520:19
[INFO] [stdout]   29:     0x55a25d967fc7 - std::panic::catch_unwind::h5afd514605fde46b
[INFO] [stdout]                                at /rustc/df4ca44d3fbc9301ee17f30f4d474e6ae4b05252/library/std/src/panic.rs:358:14
[INFO] [stdout]   30:     0x55a25d967fc7 - test::run_test_in_process::h0d5cbfa7067d1720
[INFO] [stdout]                                at /rustc/df4ca44d3fbc9301ee17f30f4d474e6ae4b05252/library/test/src/lib.rs:644:27
[INFO] [stdout]   31:     0x55a25d967fc7 - test::run_test::{{closure}}::h708eb8872708115d
[INFO] [stdout]                                at /rustc/df4ca44d3fbc9301ee17f30f4d474e6ae4b05252/library/test/src/lib.rs:565:43
[INFO] [stdout]   32:     0x55a25d92b6e4 - test::run_test::{{closure}}::h392c51cee94713ab
[INFO] [stdout]                                at /rustc/df4ca44d3fbc9301ee17f30f4d474e6ae4b05252/library/test/src/lib.rs:595:41
[INFO] [stdout]   33:     0x55a25d92b6e4 - std::sys::backtrace::__rust_begin_short_backtrace::h2f40290710935a8b
[INFO] [stdout]                                at /rustc/df4ca44d3fbc9301ee17f30f4d474e6ae4b05252/library/std/src/sys/backtrace.rs:154:18
[INFO] [stdout]   34:     0x55a25d92ee8e - std::thread::Builder::spawn_unchecked_::{{closure}}::{{closure}}::h3fd968d89053a903
[INFO] [stdout]                                at /rustc/df4ca44d3fbc9301ee17f30f4d474e6ae4b05252/library/std/src/thread/mod.rs:541:17
[INFO] [stdout]   35:     0x55a25d92ee8e - <core::panic::unwind_safe::AssertUnwindSafe<F> as core::ops::function::FnOnce<()>>::call_once::h743f637ba4229880
[INFO] [stdout]                                at /rustc/df4ca44d3fbc9301ee17f30f4d474e6ae4b05252/library/core/src/panic/unwind_safe.rs:272:9
[INFO] [stdout]   36:     0x55a25d92ee8e - std::panicking::try::do_call::h07440897322525a6
[INFO] [stdout]                                at /rustc/df4ca44d3fbc9301ee17f30f4d474e6ae4b05252/library/std/src/panicking.rs:557:40
[INFO] [stdout]   37:     0x55a25d92ee8e - std::panicking::try::he5a2e00188156637
[INFO] [stdout]                                at /rustc/df4ca44d3fbc9301ee17f30f4d474e6ae4b05252/library/std/src/panicking.rs:520:19
[INFO] [stdout]   38:     0x55a25d92ee8e - std::panic::catch_unwind::hbaf3cae49b3c6433
[INFO] [stdout]                                at /rustc/df4ca44d3fbc9301ee17f30f4d474e6ae4b05252/library/std/src/panic.rs:358:14
[INFO] [stdout]   39:     0x55a25d92ee8e - std::thread::Builder::spawn_unchecked_::{{closure}}::h8e141ea224820bce
[INFO] [stdout]                                at /rustc/df4ca44d3fbc9301ee17f30f4d474e6ae4b05252/library/std/src/thread/mod.rs:540:30
[INFO] [stdout]   40:     0x55a25d92ee8e - core::ops::function::FnOnce::call_once{{vtable.shim}}::h90d312fedd7b8ea8
[INFO] [stdout]                                at /rustc/df4ca44d3fbc9301ee17f30f4d474e6ae4b05252/library/core/src/ops/function.rs:250:5
[INFO] [stdout]   41:     0x55a25d9a287b - <alloc::boxed::Box<F,A> as core::ops::function::FnOnce<Args>>::call_once::h69aa08ddb6adb8b6
[INFO] [stdout]                                at /rustc/df4ca44d3fbc9301ee17f30f4d474e6ae4b05252/library/alloc/src/boxed.rs:2454:9
[INFO] [stdout]   42:     0x55a25d9a287b - <alloc::boxed::Box<F,A> as core::ops::function::FnOnce<Args>>::call_once::h5aa36efdb79c806f
[INFO] [stdout]                                at /rustc/df4ca44d3fbc9301ee17f30f4d474e6ae4b05252/library/alloc/src/boxed.rs:2454:9
[INFO] [stdout]   43:     0x55a25d9a287b - std::sys::pal::unix::thread::Thread::new::thread_start::h6cd80a1b4be5158d
[INFO] [stdout]                                at /rustc/df4ca44d3fbc9301ee17f30f4d474e6ae4b05252/library/std/src/sys/pal/unix/thread.rs:105:17
[INFO] [stdout]   44:     0x7f8e335b8ac3 - <unknown>
[INFO] [stdout]   45:     0x7f8e33649a04 - clone
[INFO] [stdout]   46:                0x0 - <unknown>
[INFO] [stdout] 
[INFO] [stdout] 
[INFO] [stdout] failures:
[INFO] [stdout]     test_rendering_stuff
[INFO] [stdout]     test_scene_rendering
[INFO] [stdout] 
[INFO] [stdout] test result: FAILED. 3 passed; 2 failed; 0 ignored; 0 measured; 0 filtered out; finished in 0.04s
[INFO] [stdout] 
[INFO] [stderr] error: test failed, to rerun pass `--bin renderer-3d-rust`
[INFO] running `Command { std: "docker" "inspect" "710c9b1b6165776ab5824f50322bab065025c8cfb1a4882adb396458e09f5bb4", kill_on_drop: false }`
[INFO] running `Command { std: "docker" "rm" "-f" "710c9b1b6165776ab5824f50322bab065025c8cfb1a4882adb396458e09f5bb4", kill_on_drop: false }`
[INFO] [stdout] 710c9b1b6165776ab5824f50322bab065025c8cfb1a4882adb396458e09f5bb4
