[INFO] cloning repository https://github.com/KnuckleheadBristle/gba
[INFO] running `Command { std: "git" "-c" "credential.helper=" "-c" "credential.helper=/workspace/cargo-home/bin/git-credential-null" "clone" "--bare" "https://github.com/KnuckleheadBristle/gba" "/workspace/cache/git-repos/https%3A%2F%2Fgithub.com%2FKnuckleheadBristle%2Fgba", kill_on_drop: false }`
[INFO] [stderr] Cloning into bare repository '/workspace/cache/git-repos/https%3A%2F%2Fgithub.com%2FKnuckleheadBristle%2Fgba'...
[INFO] running `Command { std: "git" "rev-parse" "HEAD", kill_on_drop: false }`
[INFO] [stdout] 3a0821f70f6125ed85f2921c6479b18a077ceaff
[INFO] testing KnuckleheadBristle/gba/3a0821f70f6125ed85f2921c6479b18a077ceaff against nightly-2024-10-28+rustflags=-Zrandomize-layout for randomize-layout
[INFO] running `Command { std: "git" "clone" "/workspace/cache/git-repos/https%3A%2F%2Fgithub.com%2FKnuckleheadBristle%2Fgba" "/workspace/builds/worker-3-tc2/source", kill_on_drop: false }`
[INFO] [stderr] Cloning into '/workspace/builds/worker-3-tc2/source'...
[INFO] [stderr] done.
[INFO] validating manifest of git repo https://github.com/KnuckleheadBristle/gba on toolchain nightly-2024-10-28
[INFO] running `Command { std: CARGO_HOME="/workspace/cargo-home" RUSTUP_HOME="/workspace/rustup-home" "/workspace/cargo-home/bin/cargo" "+nightly-2024-10-28" "metadata" "--manifest-path" "Cargo.toml" "--no-deps", kill_on_drop: false }`
[INFO] started tweaking git repo https://github.com/KnuckleheadBristle/gba
[INFO] finished tweaking git repo https://github.com/KnuckleheadBristle/gba
[INFO] tweaked toml for git repo https://github.com/KnuckleheadBristle/gba written to /workspace/builds/worker-3-tc2/source/Cargo.toml
[INFO] crate git repo https://github.com/KnuckleheadBristle/gba already has a lockfile, it will not be regenerated
[INFO] running `Command { std: CARGO_HOME="/workspace/cargo-home" RUSTUP_HOME="/workspace/rustup-home" "/workspace/cargo-home/bin/cargo" "+nightly-2024-10-28" "fetch" "--manifest-path" "Cargo.toml", kill_on_drop: false }`
[INFO] running `Command { std: "docker" "create" "-v" "/var/lib/crater-agent-workspace/builds/worker-3-tc2/target:/opt/rustwide/target:rw,Z" "-v" "/var/lib/crater-agent-workspace/builds/worker-3-tc2/source:/opt/rustwide/workdir:ro,Z" "-v" "/var/lib/crater-agent-workspace/cargo-home:/opt/rustwide/cargo-home:ro,Z" "-v" "/var/lib/crater-agent-workspace/rustup-home:/opt/rustwide/rustup-home:ro,Z" "-e" "SOURCE_DIR=/opt/rustwide/workdir" "-e" "CARGO_TARGET_DIR=/opt/rustwide/target" "-e" "CARGO_HOME=/opt/rustwide/cargo-home" "-e" "RUSTUP_HOME=/opt/rustwide/rustup-home" "-w" "/opt/rustwide/workdir" "-m" "1610612736" "--user" "0:0" "--network" "none" "ghcr.io/rust-lang/crates-build-env/linux@sha256:4a844ea9eb2546a2d2c7022eacef16ef2e8229c7fbb2c7d4d55a9ceca922f72d" "/opt/rustwide/cargo-home/bin/cargo" "+nightly-2024-10-28" "metadata" "--no-deps" "--format-version=1", kill_on_drop: false }`
[INFO] [stdout] 0ca6ddb0638d5778dc865a6453061072f695b7c7b9eb85c290c23b3d18eaf127
[INFO] running `Command { std: "docker" "start" "-a" "0ca6ddb0638d5778dc865a6453061072f695b7c7b9eb85c290c23b3d18eaf127", kill_on_drop: false }`
[INFO] running `Command { std: "docker" "inspect" "0ca6ddb0638d5778dc865a6453061072f695b7c7b9eb85c290c23b3d18eaf127", kill_on_drop: false }`
[INFO] running `Command { std: "docker" "rm" "-f" "0ca6ddb0638d5778dc865a6453061072f695b7c7b9eb85c290c23b3d18eaf127", kill_on_drop: false }`
[INFO] [stdout] 0ca6ddb0638d5778dc865a6453061072f695b7c7b9eb85c290c23b3d18eaf127
[INFO] running `Command { std: "docker" "create" "-v" "/var/lib/crater-agent-workspace/builds/worker-3-tc2/target:/opt/rustwide/target:rw,Z" "-v" "/var/lib/crater-agent-workspace/builds/worker-3-tc2/source:/opt/rustwide/workdir:ro,Z" "-v" "/var/lib/crater-agent-workspace/cargo-home:/opt/rustwide/cargo-home:ro,Z" "-v" "/var/lib/crater-agent-workspace/rustup-home:/opt/rustwide/rustup-home:ro,Z" "-e" "SOURCE_DIR=/opt/rustwide/workdir" "-e" "CARGO_TARGET_DIR=/opt/rustwide/target" "-e" "CARGO_INCREMENTAL=0" "-e" "RUST_BACKTRACE=full" "-e" "RUSTFLAGS=--cap-lints=forbid -Zrandomize-layout" "-e" "RUSTDOCFLAGS=--cap-lints=forbid" "-e" "CARGO_HOME=/opt/rustwide/cargo-home" "-e" "RUSTUP_HOME=/opt/rustwide/rustup-home" "-w" "/opt/rustwide/workdir" "-m" "1610612736" "--user" "0:0" "--network" "none" "ghcr.io/rust-lang/crates-build-env/linux@sha256:4a844ea9eb2546a2d2c7022eacef16ef2e8229c7fbb2c7d4d55a9ceca922f72d" "/opt/rustwide/cargo-home/bin/cargo" "+nightly-2024-10-28" "build" "--frozen" "--message-format=json", kill_on_drop: false }`
[INFO] [stdout] be6bd34f4d09269f792dc09fcf4b0bb79740f83a59e23a440b24c67bb5461fb4
[INFO] running `Command { std: "docker" "start" "-a" "be6bd34f4d09269f792dc09fcf4b0bb79740f83a59e23a440b24c67bb5461fb4", kill_on_drop: false }`
[INFO] [stderr]    Compiling bitpat v0.1.1
[INFO] [stderr]    Compiling gba v0.1.0 (/opt/rustwide/workdir)
[INFO] [stdout] warning: unnecessary parentheses around index expression
[INFO] [stdout]   --> src/bus.rs:94:28
[INFO] [stdout]    |
[INFO] [stdout] 94 |                 self.wram0[(addr - WRAM0_START)]
[INFO] [stdout]    |                            ^                  ^
[INFO] [stdout]    |
[INFO] [stdout]    = note: `#[warn(unused_parens)]` on by default
[INFO] [stdout] help: remove these parentheses
[INFO] [stdout]    |
[INFO] [stdout] 94 -                 self.wram0[(addr - WRAM0_START)]
[INFO] [stdout] 94 +                 self.wram0[addr - WRAM0_START]
[INFO] [stdout]    |
[INFO] [stdout] 
[INFO] [stdout] 
[INFO] [stdout] warning: unnecessary parentheses around index expression
[INFO] [stdout]   --> src/bus.rs:97:28
[INFO] [stdout]    |
[INFO] [stdout] 97 |                 self.wram1[(addr - WRAM1_START)]
[INFO] [stdout]    |                            ^                  ^
[INFO] [stdout]    |
[INFO] [stdout] help: remove these parentheses
[INFO] [stdout]    |
[INFO] [stdout] 97 -                 self.wram1[(addr - WRAM1_START)]
[INFO] [stdout] 97 +                 self.wram1[addr - WRAM1_START]
[INFO] [stdout]    |
[INFO] [stdout] 
[INFO] [stdout] 
[INFO] [stdout] warning: unnecessary parentheses around index expression
[INFO] [stdout]    --> src/bus.rs:100:25
[INFO] [stdout]     |
[INFO] [stdout] 100 |                 self.io[(addr - IO_START)]
[INFO] [stdout]     |                         ^               ^
[INFO] [stdout]     |
[INFO] [stdout] help: remove these parentheses
[INFO] [stdout]     |
[INFO] [stdout] 100 -                 self.io[(addr - IO_START)]
[INFO] [stdout] 100 +                 self.io[addr - IO_START]
[INFO] [stdout]     |
[INFO] [stdout] 
[INFO] [stdout] 
[INFO] [stdout] warning: unnecessary parentheses around index expression
[INFO] [stdout]    --> src/bus.rs:103:26
[INFO] [stdout]     |
[INFO] [stdout] 103 |                 self.obj[(addr - OBJ_START)]
[INFO] [stdout]     |                          ^                ^
[INFO] [stdout]     |
[INFO] [stdout] help: remove these parentheses
[INFO] [stdout]     |
[INFO] [stdout] 103 -                 self.obj[(addr - OBJ_START)]
[INFO] [stdout] 103 +                 self.obj[addr - OBJ_START]
[INFO] [stdout]     |
[INFO] [stdout] 
[INFO] [stdout] 
[INFO] [stdout] warning: unnecessary parentheses around index expression
[INFO] [stdout]    --> src/bus.rs:106:27
[INFO] [stdout]     |
[INFO] [stdout] 106 |                 self.vram[(addr - VRAM_START)]
[INFO] [stdout]     |                           ^                 ^
[INFO] [stdout]     |
[INFO] [stdout] help: remove these parentheses
[INFO] [stdout]     |
[INFO] [stdout] 106 -                 self.vram[(addr - VRAM_START)]
[INFO] [stdout] 106 +                 self.vram[addr - VRAM_START]
[INFO] [stdout]     |
[INFO] [stdout] 
[INFO] [stdout] 
[INFO] [stdout] warning: unnecessary parentheses around index expression
[INFO] [stdout]    --> src/bus.rs:109:26
[INFO] [stdout]     |
[INFO] [stdout] 109 |                 self.oam[(addr - OAM_START)]
[INFO] [stdout]     |                          ^                ^
[INFO] [stdout]     |
[INFO] [stdout] help: remove these parentheses
[INFO] [stdout]     |
[INFO] [stdout] 109 -                 self.oam[(addr - OAM_START)]
[INFO] [stdout] 109 +                 self.oam[addr - OAM_START]
[INFO] [stdout]     |
[INFO] [stdout] 
[INFO] [stdout] 
[INFO] [stdout] warning: unnecessary parentheses around index expression
[INFO] [stdout]    --> src/bus.rs:112:26
[INFO] [stdout]     |
[INFO] [stdout] 112 |                 self.gpk[(addr - GPK0_START)]
[INFO] [stdout]     |                          ^                 ^
[INFO] [stdout]     |
[INFO] [stdout] help: remove these parentheses
[INFO] [stdout]     |
[INFO] [stdout] 112 -                 self.gpk[(addr - GPK0_START)]
[INFO] [stdout] 112 +                 self.gpk[addr - GPK0_START]
[INFO] [stdout]     |
[INFO] [stdout] 
[INFO] [stdout] 
[INFO] [stdout] warning: unnecessary parentheses around index expression
[INFO] [stdout]    --> src/bus.rs:128:28
[INFO] [stdout]     |
[INFO] [stdout] 128 |                 self.wram0[(addr - WRAM0_START)] = data;
[INFO] [stdout]     |                            ^                  ^
[INFO] [stdout]     |
[INFO] [stdout] help: remove these parentheses
[INFO] [stdout]     |
[INFO] [stdout] 128 -                 self.wram0[(addr - WRAM0_START)] = data;
[INFO] [stdout] 128 +                 self.wram0[addr - WRAM0_START] = data;
[INFO] [stdout]     |
[INFO] [stdout] 
[INFO] [stdout] 
[INFO] [stdout] warning: unnecessary parentheses around index expression
[INFO] [stdout]    --> src/bus.rs:131:28
[INFO] [stdout]     |
[INFO] [stdout] 131 |                 self.wram1[(addr - WRAM1_START)] = data;
[INFO] [stdout]     |                            ^                  ^
[INFO] [stdout]     |
[INFO] [stdout] help: remove these parentheses
[INFO] [stdout]     |
[INFO] [stdout] 131 -                 self.wram1[(addr - WRAM1_START)] = data;
[INFO] [stdout] 131 +                 self.wram1[addr - WRAM1_START] = data;
[INFO] [stdout]     |
[INFO] [stdout] 
[INFO] [stdout] 
[INFO] [stdout] warning: unnecessary parentheses around index expression
[INFO] [stdout]    --> src/bus.rs:146:26
[INFO] [stdout]     |
[INFO] [stdout] 146 |                 self.gpk[(addr - GPK0_START)] = data;
[INFO] [stdout]     |                          ^                 ^
[INFO] [stdout]     |
[INFO] [stdout] help: remove these parentheses
[INFO] [stdout]     |
[INFO] [stdout] 146 -                 self.gpk[(addr - GPK0_START)] = data;
[INFO] [stdout] 146 +                 self.gpk[addr - GPK0_START] = data;
[INFO] [stdout]     |
[INFO] [stdout] 
[INFO] [stdout] 
[INFO] [stderr]     Finished `dev` profile [unoptimized + debuginfo] target(s) in 0.59s
[INFO] running `Command { std: "docker" "inspect" "be6bd34f4d09269f792dc09fcf4b0bb79740f83a59e23a440b24c67bb5461fb4", kill_on_drop: false }`
[INFO] running `Command { std: "docker" "rm" "-f" "be6bd34f4d09269f792dc09fcf4b0bb79740f83a59e23a440b24c67bb5461fb4", kill_on_drop: false }`
[INFO] [stdout] be6bd34f4d09269f792dc09fcf4b0bb79740f83a59e23a440b24c67bb5461fb4
[INFO] running `Command { std: "docker" "create" "-v" "/var/lib/crater-agent-workspace/builds/worker-3-tc2/target:/opt/rustwide/target:rw,Z" "-v" "/var/lib/crater-agent-workspace/builds/worker-3-tc2/source:/opt/rustwide/workdir:ro,Z" "-v" "/var/lib/crater-agent-workspace/cargo-home:/opt/rustwide/cargo-home:ro,Z" "-v" "/var/lib/crater-agent-workspace/rustup-home:/opt/rustwide/rustup-home:ro,Z" "-e" "SOURCE_DIR=/opt/rustwide/workdir" "-e" "CARGO_TARGET_DIR=/opt/rustwide/target" "-e" "CARGO_INCREMENTAL=0" "-e" "RUST_BACKTRACE=full" "-e" "RUSTFLAGS=--cap-lints=forbid -Zrandomize-layout" "-e" "RUSTDOCFLAGS=--cap-lints=forbid" "-e" "CARGO_HOME=/opt/rustwide/cargo-home" "-e" "RUSTUP_HOME=/opt/rustwide/rustup-home" "-w" "/opt/rustwide/workdir" "-m" "1610612736" "--user" "0:0" "--network" "none" "ghcr.io/rust-lang/crates-build-env/linux@sha256:4a844ea9eb2546a2d2c7022eacef16ef2e8229c7fbb2c7d4d55a9ceca922f72d" "/opt/rustwide/cargo-home/bin/cargo" "+nightly-2024-10-28" "test" "--frozen" "--no-run" "--message-format=json", kill_on_drop: false }`
[INFO] [stdout] 2c501c618dc40989e94b2670cf5455a58dc215bb4fb1da0200aa591e1878bbfa
[INFO] running `Command { std: "docker" "start" "-a" "2c501c618dc40989e94b2670cf5455a58dc215bb4fb1da0200aa591e1878bbfa", kill_on_drop: false }`
[INFO] [stderr]    Compiling gba v0.1.0 (/opt/rustwide/workdir)
[INFO] [stdout] warning: unnecessary parentheses around index expression
[INFO] [stdout]   --> src/bus.rs:94:28
[INFO] [stdout]    |
[INFO] [stdout] 94 |                 self.wram0[(addr - WRAM0_START)]
[INFO] [stdout]    |                            ^                  ^
[INFO] [stdout]    |
[INFO] [stdout]    = note: `#[warn(unused_parens)]` on by default
[INFO] [stdout] help: remove these parentheses
[INFO] [stdout]    |
[INFO] [stdout] 94 -                 self.wram0[(addr - WRAM0_START)]
[INFO] [stdout] 94 +                 self.wram0[addr - WRAM0_START]
[INFO] [stdout]    |
[INFO] [stdout] 
[INFO] [stdout] 
[INFO] [stdout] warning: unnecessary parentheses around index expression
[INFO] [stdout]   --> src/bus.rs:97:28
[INFO] [stdout]    |
[INFO] [stdout] 97 |                 self.wram1[(addr - WRAM1_START)]
[INFO] [stdout]    |                            ^                  ^
[INFO] [stdout]    |
[INFO] [stdout] help: remove these parentheses
[INFO] [stdout]    |
[INFO] [stdout] 97 -                 self.wram1[(addr - WRAM1_START)]
[INFO] [stdout] 97 +                 self.wram1[addr - WRAM1_START]
[INFO] [stdout]    |
[INFO] [stdout] 
[INFO] [stdout] 
[INFO] [stdout] warning: unnecessary parentheses around index expression
[INFO] [stdout]    --> src/bus.rs:100:25
[INFO] [stdout]     |
[INFO] [stdout] 100 |                 self.io[(addr - IO_START)]
[INFO] [stdout]     |                         ^               ^
[INFO] [stdout]     |
[INFO] [stdout] help: remove these parentheses
[INFO] [stdout]     |
[INFO] [stdout] 100 -                 self.io[(addr - IO_START)]
[INFO] [stdout] 100 +                 self.io[addr - IO_START]
[INFO] [stdout]     |
[INFO] [stdout] 
[INFO] [stdout] 
[INFO] [stdout] warning: unnecessary parentheses around index expression
[INFO] [stdout]    --> src/bus.rs:103:26
[INFO] [stdout]     |
[INFO] [stdout] 103 |                 self.obj[(addr - OBJ_START)]
[INFO] [stdout]     |                          ^                ^
[INFO] [stdout]     |
[INFO] [stdout] help: remove these parentheses
[INFO] [stdout]     |
[INFO] [stdout] 103 -                 self.obj[(addr - OBJ_START)]
[INFO] [stdout] 103 +                 self.obj[addr - OBJ_START]
[INFO] [stdout]     |
[INFO] [stdout] 
[INFO] [stdout] 
[INFO] [stdout] warning: unnecessary parentheses around index expression
[INFO] [stdout]    --> src/bus.rs:106:27
[INFO] [stdout]     |
[INFO] [stdout] 106 |                 self.vram[(addr - VRAM_START)]
[INFO] [stdout]     |                           ^                 ^
[INFO] [stdout]     |
[INFO] [stdout] help: remove these parentheses
[INFO] [stdout]     |
[INFO] [stdout] 106 -                 self.vram[(addr - VRAM_START)]
[INFO] [stdout] 106 +                 self.vram[addr - VRAM_START]
[INFO] [stdout]     |
[INFO] [stdout] 
[INFO] [stdout] 
[INFO] [stdout] warning: unnecessary parentheses around index expression
[INFO] [stdout]    --> src/bus.rs:109:26
[INFO] [stdout]     |
[INFO] [stdout] 109 |                 self.oam[(addr - OAM_START)]
[INFO] [stdout]     |                          ^                ^
[INFO] [stdout]     |
[INFO] [stdout] help: remove these parentheses
[INFO] [stdout]     |
[INFO] [stdout] 109 -                 self.oam[(addr - OAM_START)]
[INFO] [stdout] 109 +                 self.oam[addr - OAM_START]
[INFO] [stdout]     |
[INFO] [stdout] 
[INFO] [stdout] 
[INFO] [stdout] warning: unnecessary parentheses around index expression
[INFO] [stdout]    --> src/bus.rs:112:26
[INFO] [stdout]     |
[INFO] [stdout] 112 |                 self.gpk[(addr - GPK0_START)]
[INFO] [stdout]     |                          ^                 ^
[INFO] [stdout]     |
[INFO] [stdout] help: remove these parentheses
[INFO] [stdout]     |
[INFO] [stdout] 112 -                 self.gpk[(addr - GPK0_START)]
[INFO] [stdout] 112 +                 self.gpk[addr - GPK0_START]
[INFO] [stdout]     |
[INFO] [stdout] 
[INFO] [stdout] 
[INFO] [stdout] warning: unnecessary parentheses around index expression
[INFO] [stdout]    --> src/bus.rs:128:28
[INFO] [stdout]     |
[INFO] [stdout] 128 |                 self.wram0[(addr - WRAM0_START)] = data;
[INFO] [stdout]     |                            ^                  ^
[INFO] [stdout]     |
[INFO] [stdout] help: remove these parentheses
[INFO] [stdout]     |
[INFO] [stdout] 128 -                 self.wram0[(addr - WRAM0_START)] = data;
[INFO] [stdout] 128 +                 self.wram0[addr - WRAM0_START] = data;
[INFO] [stdout]     |
[INFO] [stdout] 
[INFO] [stdout] 
[INFO] [stdout] warning: unnecessary parentheses around index expression
[INFO] [stdout]    --> src/bus.rs:131:28
[INFO] [stdout]     |
[INFO] [stdout] 131 |                 self.wram1[(addr - WRAM1_START)] = data;
[INFO] [stdout]     |                            ^                  ^
[INFO] [stdout]     |
[INFO] [stdout] help: remove these parentheses
[INFO] [stdout]     |
[INFO] [stdout] 131 -                 self.wram1[(addr - WRAM1_START)] = data;
[INFO] [stdout] 131 +                 self.wram1[addr - WRAM1_START] = data;
[INFO] [stdout]     |
[INFO] [stdout] 
[INFO] [stdout] 
[INFO] [stdout] warning: unnecessary parentheses around index expression
[INFO] [stdout]    --> src/bus.rs:146:26
[INFO] [stdout]     |
[INFO] [stdout] 146 |                 self.gpk[(addr - GPK0_START)] = data;
[INFO] [stdout]     |                          ^                 ^
[INFO] [stdout]     |
[INFO] [stdout] help: remove these parentheses
[INFO] [stdout]     |
[INFO] [stdout] 146 -                 self.gpk[(addr - GPK0_START)] = data;
[INFO] [stdout] 146 +                 self.gpk[addr - GPK0_START] = data;
[INFO] [stdout]     |
[INFO] [stdout] 
[INFO] [stdout] 
[INFO] [stdout] warning: unnecessary parentheses around index expression
[INFO] [stdout]   --> tests/../src/bus.rs:94:28
[INFO] [stdout]    |
[INFO] [stdout] 94 |                 self.wram0[(addr - WRAM0_START)]
[INFO] [stdout]    |                            ^                  ^
[INFO] [stdout]    |
[INFO] [stdout]    = note: `#[warn(unused_parens)]` on by default
[INFO] [stdout] help: remove these parentheses
[INFO] [stdout]    |
[INFO] [stdout] 94 -                 self.wram0[(addr - WRAM0_START)]
[INFO] [stdout] 94 +                 self.wram0[addr - WRAM0_START]
[INFO] [stdout]    |
[INFO] [stdout] 
[INFO] [stdout] 
[INFO] [stdout] warning: unnecessary parentheses around index expression
[INFO] [stdout]   --> tests/../src/bus.rs:97:28
[INFO] [stdout]    |
[INFO] [stdout] 97 |                 self.wram1[(addr - WRAM1_START)]
[INFO] [stdout]    |                            ^                  ^
[INFO] [stdout]    |
[INFO] [stdout] help: remove these parentheses
[INFO] [stdout]    |
[INFO] [stdout] 97 -                 self.wram1[(addr - WRAM1_START)]
[INFO] [stdout] 97 +                 self.wram1[addr - WRAM1_START]
[INFO] [stdout]    |
[INFO] [stdout] 
[INFO] [stdout] 
[INFO] [stdout] warning: unnecessary parentheses around index expression
[INFO] [stdout]    --> tests/../src/bus.rs:100:25
[INFO] [stdout]     |
[INFO] [stdout] 100 |                 self.io[(addr - IO_START)]
[INFO] [stdout]     |                         ^               ^
[INFO] [stdout]     |
[INFO] [stdout] help: remove these parentheses
[INFO] [stdout]     |
[INFO] [stdout] 100 -                 self.io[(addr - IO_START)]
[INFO] [stdout] 100 +                 self.io[addr - IO_START]
[INFO] [stdout]     |
[INFO] [stdout] 
[INFO] [stdout] 
[INFO] [stdout] warning: unnecessary parentheses around index expression
[INFO] [stdout]    --> tests/../src/bus.rs:103:26
[INFO] [stdout]     |
[INFO] [stdout] 103 |                 self.obj[(addr - OBJ_START)]
[INFO] [stdout]     |                          ^                ^
[INFO] [stdout]     |
[INFO] [stdout] help: remove these parentheses
[INFO] [stdout]     |
[INFO] [stdout] 103 -                 self.obj[(addr - OBJ_START)]
[INFO] [stdout] 103 +                 self.obj[addr - OBJ_START]
[INFO] [stdout]     |
[INFO] [stdout] 
[INFO] [stdout] 
[INFO] [stdout] warning: unnecessary parentheses around index expression
[INFO] [stdout]    --> tests/../src/bus.rs:106:27
[INFO] [stdout]     |
[INFO] [stdout] 106 |                 self.vram[(addr - VRAM_START)]
[INFO] [stdout]     |                           ^                 ^
[INFO] [stdout]     |
[INFO] [stdout] help: remove these parentheses
[INFO] [stdout]     |
[INFO] [stdout] 106 -                 self.vram[(addr - VRAM_START)]
[INFO] [stdout] 106 +                 self.vram[addr - VRAM_START]
[INFO] [stdout]     |
[INFO] [stdout] 
[INFO] [stdout] 
[INFO] [stdout] warning: unnecessary parentheses around index expression
[INFO] [stdout]    --> tests/../src/bus.rs:109:26
[INFO] [stdout]     |
[INFO] [stdout] 109 |                 self.oam[(addr - OAM_START)]
[INFO] [stdout]     |                          ^                ^
[INFO] [stdout]     |
[INFO] [stdout] help: remove these parentheses
[INFO] [stdout]     |
[INFO] [stdout] 109 -                 self.oam[(addr - OAM_START)]
[INFO] [stdout] 109 +                 self.oam[addr - OAM_START]
[INFO] [stdout]     |
[INFO] [stdout] 
[INFO] [stdout] 
[INFO] [stdout] warning: unnecessary parentheses around index expression
[INFO] [stdout]    --> tests/../src/bus.rs:112:26
[INFO] [stdout]     |
[INFO] [stdout] 112 |                 self.gpk[(addr - GPK0_START)]
[INFO] [stdout]     |                          ^                 ^
[INFO] [stdout]     |
[INFO] [stdout] help: remove these parentheses
[INFO] [stdout]     |
[INFO] [stdout] 112 -                 self.gpk[(addr - GPK0_START)]
[INFO] [stdout] 112 +                 self.gpk[addr - GPK0_START]
[INFO] [stdout]     |
[INFO] [stdout] 
[INFO] [stdout] 
[INFO] [stdout] warning: unnecessary parentheses around index expression
[INFO] [stdout]    --> tests/../src/bus.rs:128:28
[INFO] [stdout]     |
[INFO] [stdout] 128 |                 self.wram0[(addr - WRAM0_START)] = data;
[INFO] [stdout]     |                            ^                  ^
[INFO] [stdout]     |
[INFO] [stdout] help: remove these parentheses
[INFO] [stdout]     |
[INFO] [stdout] 128 -                 self.wram0[(addr - WRAM0_START)] = data;
[INFO] [stdout] 128 +                 self.wram0[addr - WRAM0_START] = data;
[INFO] [stdout]     |
[INFO] [stdout] 
[INFO] [stdout] 
[INFO] [stdout] warning: unnecessary parentheses around index expression
[INFO] [stdout]    --> tests/../src/bus.rs:131:28
[INFO] [stdout]     |
[INFO] [stdout] 131 |                 self.wram1[(addr - WRAM1_START)] = data;
[INFO] [stdout]     |                            ^                  ^
[INFO] [stdout]     |
[INFO] [stdout] help: remove these parentheses
[INFO] [stdout]     |
[INFO] [stdout] 131 -                 self.wram1[(addr - WRAM1_START)] = data;
[INFO] [stdout] 131 +                 self.wram1[addr - WRAM1_START] = data;
[INFO] [stdout]     |
[INFO] [stdout] 
[INFO] [stdout] 
[INFO] [stdout] warning: unnecessary parentheses around index expression
[INFO] [stdout]    --> tests/../src/bus.rs:146:26
[INFO] [stdout]     |
[INFO] [stdout] 146 |                 self.gpk[(addr - GPK0_START)] = data;
[INFO] [stdout]     |                          ^                 ^
[INFO] [stdout]     |
[INFO] [stdout] help: remove these parentheses
[INFO] [stdout]     |
[INFO] [stdout] 146 -                 self.gpk[(addr - GPK0_START)] = data;
[INFO] [stdout] 146 +                 self.gpk[addr - GPK0_START] = data;
[INFO] [stdout]     |
[INFO] [stdout] 
[INFO] [stdout] 
[INFO] [stdout] warning: unnecessary parentheses around index expression
[INFO] [stdout]   --> src/bus.rs:94:28
[INFO] [stdout]    |
[INFO] [stdout] 94 |                 self.wram0[(addr - WRAM0_START)]
[INFO] [stdout]    |                            ^                  ^
[INFO] [stdout]    |
[INFO] [stdout]    = note: `#[warn(unused_parens)]` on by default
[INFO] [stdout] help: remove these parentheses
[INFO] [stdout]    |
[INFO] [stdout] 94 -                 self.wram0[(addr - WRAM0_START)]
[INFO] [stdout] 94 +                 self.wram0[addr - WRAM0_START]
[INFO] [stdout]    |
[INFO] [stdout] 
[INFO] [stdout] 
[INFO] [stdout] warning: unnecessary parentheses around index expression
[INFO] [stdout]   --> src/bus.rs:97:28
[INFO] [stdout]    |
[INFO] [stdout] 97 |                 self.wram1[(addr - WRAM1_START)]
[INFO] [stdout]    |                            ^                  ^
[INFO] [stdout]    |
[INFO] [stdout] help: remove these parentheses
[INFO] [stdout]    |
[INFO] [stdout] 97 -                 self.wram1[(addr - WRAM1_START)]
[INFO] [stdout] 97 +                 self.wram1[addr - WRAM1_START]
[INFO] [stdout]    |
[INFO] [stdout] 
[INFO] [stdout] 
[INFO] [stdout] warning: unnecessary parentheses around index expression
[INFO] [stdout]    --> src/bus.rs:100:25
[INFO] [stdout]     |
[INFO] [stdout] 100 |                 self.io[(addr - IO_START)]
[INFO] [stdout]     |                         ^               ^
[INFO] [stdout]     |
[INFO] [stdout] help: remove these parentheses
[INFO] [stdout]     |
[INFO] [stdout] 100 -                 self.io[(addr - IO_START)]
[INFO] [stdout] 100 +                 self.io[addr - IO_START]
[INFO] [stdout]     |
[INFO] [stdout] 
[INFO] [stdout] 
[INFO] [stdout] warning: unnecessary parentheses around index expression
[INFO] [stdout]    --> src/bus.rs:103:26
[INFO] [stdout]     |
[INFO] [stdout] 103 |                 self.obj[(addr - OBJ_START)]
[INFO] [stdout]     |                          ^                ^
[INFO] [stdout]     |
[INFO] [stdout] help: remove these parentheses
[INFO] [stdout]     |
[INFO] [stdout] 103 -                 self.obj[(addr - OBJ_START)]
[INFO] [stdout] 103 +                 self.obj[addr - OBJ_START]
[INFO] [stdout]     |
[INFO] [stdout] 
[INFO] [stdout] 
[INFO] [stdout] warning: unnecessary parentheses around index expression
[INFO] [stdout]    --> src/bus.rs:106:27
[INFO] [stdout]     |
[INFO] [stdout] 106 |                 self.vram[(addr - VRAM_START)]
[INFO] [stdout]     |                           ^                 ^
[INFO] [stdout]     |
[INFO] [stdout] help: remove these parentheses
[INFO] [stdout]     |
[INFO] [stdout] 106 -                 self.vram[(addr - VRAM_START)]
[INFO] [stdout] 106 +                 self.vram[addr - VRAM_START]
[INFO] [stdout]     |
[INFO] [stdout] 
[INFO] [stdout] 
[INFO] [stdout] warning: unnecessary parentheses around index expression
[INFO] [stdout]    --> src/bus.rs:109:26
[INFO] [stdout]     |
[INFO] [stdout] 109 |                 self.oam[(addr - OAM_START)]
[INFO] [stdout]     |                          ^                ^
[INFO] [stdout]     |
[INFO] [stdout] help: remove these parentheses
[INFO] [stdout]     |
[INFO] [stdout] 109 -                 self.oam[(addr - OAM_START)]
[INFO] [stdout] 109 +                 self.oam[addr - OAM_START]
[INFO] [stdout]     |
[INFO] [stdout] 
[INFO] [stdout] 
[INFO] [stdout] warning: unnecessary parentheses around index expression
[INFO] [stdout]    --> src/bus.rs:112:26
[INFO] [stdout]     |
[INFO] [stdout] 112 |                 self.gpk[(addr - GPK0_START)]
[INFO] [stdout]     |                          ^                 ^
[INFO] [stdout]     |
[INFO] [stdout] help: remove these parentheses
[INFO] [stdout]     |
[INFO] [stdout] 112 -                 self.gpk[(addr - GPK0_START)]
[INFO] [stdout] 112 +                 self.gpk[addr - GPK0_START]
[INFO] [stdout]     |
[INFO] [stdout] 
[INFO] [stdout] 
[INFO] [stdout] warning: unnecessary parentheses around index expression
[INFO] [stdout]    --> src/bus.rs:128:28
[INFO] [stdout]     |
[INFO] [stdout] 128 |                 self.wram0[(addr - WRAM0_START)] = data;
[INFO] [stdout]     |                            ^                  ^
[INFO] [stdout]     |
[INFO] [stdout] help: remove these parentheses
[INFO] [stdout]     |
[INFO] [stdout] 128 -                 self.wram0[(addr - WRAM0_START)] = data;
[INFO] [stdout] 128 +                 self.wram0[addr - WRAM0_START] = data;
[INFO] [stdout]     |
[INFO] [stdout] 
[INFO] [stdout] 
[INFO] [stdout] warning: unnecessary parentheses around index expression
[INFO] [stdout]    --> src/bus.rs:131:28
[INFO] [stdout]     |
[INFO] [stdout] 131 |                 self.wram1[(addr - WRAM1_START)] = data;
[INFO] [stdout]     |                            ^                  ^
[INFO] [stdout]     |
[INFO] [stdout] help: remove these parentheses
[INFO] [stdout]     |
[INFO] [stdout] 131 -                 self.wram1[(addr - WRAM1_START)] = data;
[INFO] [stdout] 131 +                 self.wram1[addr - WRAM1_START] = data;
[INFO] [stdout]     |
[INFO] [stdout] 
[INFO] [stdout] 
[INFO] [stdout] warning: unnecessary parentheses around index expression
[INFO] [stdout]    --> src/bus.rs:146:26
[INFO] [stdout]     |
[INFO] [stdout] 146 |                 self.gpk[(addr - GPK0_START)] = data;
[INFO] [stdout]     |                          ^                 ^
[INFO] [stdout]     |
[INFO] [stdout] help: remove these parentheses
[INFO] [stdout]     |
[INFO] [stdout] 146 -                 self.gpk[(addr - GPK0_START)] = data;
[INFO] [stdout] 146 +                 self.gpk[addr - GPK0_START] = data;
[INFO] [stdout]     |
[INFO] [stdout] 
[INFO] [stdout] 
[INFO] [stdout] warning: fields `address`, `data`, and `shift` are never read
[INFO] [stdout]   --> tests/../src/arm7tdmi.rs:91:9
[INFO] [stdout]    |
[INFO] [stdout] 76 | pub struct Reg {
[INFO] [stdout]    |            --- fields in this struct
[INFO] [stdout] ...
[INFO] [stdout] 91 |     pub address:    u32,
[INFO] [stdout]    |         ^^^^^^^
[INFO] [stdout] 92 |     pub data:       u32,
[INFO] [stdout]    |         ^^^^
[INFO] [stdout] 93 |     pub shift:      u8,
[INFO] [stdout]    |         ^^^^^
[INFO] [stdout]    |
[INFO] [stdout]    = note: `Reg` has derived impls for the traits `Debug` and `Clone`, but these are intentionally ignored during dead code analysis
[INFO] [stdout]    = note: `#[warn(dead_code)]` on by default
[INFO] [stdout] 
[INFO] [stdout] 
[INFO] [stdout] warning: method `read_psr` is never used
[INFO] [stdout]    --> tests/../src/arm7tdmi.rs:219:12
[INFO] [stdout]     |
[INFO] [stdout] 126 | impl Reg {
[INFO] [stdout]     | -------- method in this implementation
[INFO] [stdout] ...
[INFO] [stdout] 219 |     pub fn read_psr(&mut self, a: u32) -> u32 {
[INFO] [stdout]     |            ^^^^^^^^
[INFO] [stdout] 
[INFO] [stdout] 
[INFO] [stdout] warning: function `instcond` is never used
[INFO] [stdout]    --> tests/../src/decode.rs:262:4
[INFO] [stdout]     |
[INFO] [stdout] 262 | fn instcond(inst: u32) -> String { // Instruction condition
[INFO] [stdout]     |    ^^^^^^^^
[INFO] [stdout]     |
[INFO] [stdout]     = note: `#[warn(dead_code)]` on by default
[INFO] [stdout] 
[INFO] [stdout] 
[INFO] [stdout] warning: function `dataop` is never used
[INFO] [stdout]    --> tests/../src/decode.rs:285:4
[INFO] [stdout]     |
[INFO] [stdout] 285 | fn dataop(inst: u32) -> String {
[INFO] [stdout]     |    ^^^^^^
[INFO] [stdout] 
[INFO] [stdout] 
[INFO] [stdout] warning: function `disassemble_arm` is never used
[INFO] [stdout]    --> tests/../src/decode.rs:308:8
[INFO] [stdout]     |
[INFO] [stdout] 308 | pub fn disassemble_arm(inst: u32) -> String {
[INFO] [stdout]     |        ^^^^^^^^^^^^^^^
[INFO] [stdout] 
[INFO] [stdout] 
[INFO] [stdout] warning: function `instcond` is never used
[INFO] [stdout]    --> tests/../src/decode.rs:262:4
[INFO] [stdout]     |
[INFO] [stdout] 262 | fn instcond(inst: u32) -> String { // Instruction condition
[INFO] [stdout]     |    ^^^^^^^^
[INFO] [stdout]     |
[INFO] [stdout]     = note: `#[warn(dead_code)]` on by default
[INFO] [stdout] 
[INFO] [stdout] 
[INFO] [stdout] warning: function `dataop` is never used
[INFO] [stdout]    --> tests/../src/decode.rs:285:4
[INFO] [stdout]     |
[INFO] [stdout] 285 | fn dataop(inst: u32) -> String {
[INFO] [stdout]     |    ^^^^^^
[INFO] [stdout] 
[INFO] [stdout] 
[INFO] [stdout] warning: function `disassemble_arm` is never used
[INFO] [stdout]    --> tests/../src/decode.rs:308:8
[INFO] [stdout]     |
[INFO] [stdout] 308 | pub fn disassemble_arm(inst: u32) -> String {
[INFO] [stdout]     |        ^^^^^^^^^^^^^^^
[INFO] [stdout] 
[INFO] [stdout] 
[INFO] [stdout] warning: function `instcond` is never used
[INFO] [stdout]    --> tests/../src/decode.rs:262:4
[INFO] [stdout]     |
[INFO] [stdout] 262 | fn instcond(inst: u32) -> String { // Instruction condition
[INFO] [stdout]     |    ^^^^^^^^
[INFO] [stdout]     |
[INFO] [stdout]     = note: `#[warn(dead_code)]` on by default
[INFO] [stdout] 
[INFO] [stdout] 
[INFO] [stdout] warning: function `dataop` is never used
[INFO] [stdout]    --> tests/../src/decode.rs:285:4
[INFO] [stdout]     |
[INFO] [stdout] 285 | fn dataop(inst: u32) -> String {
[INFO] [stdout]     |    ^^^^^^
[INFO] [stdout] 
[INFO] [stdout] 
[INFO] [stdout] warning: function `disassemble_arm` is never used
[INFO] [stdout]    --> tests/../src/decode.rs:308:8
[INFO] [stdout]     |
[INFO] [stdout] 308 | pub fn disassemble_arm(inst: u32) -> String {
[INFO] [stdout]     |        ^^^^^^^^^^^^^^^
[INFO] [stdout] 
[INFO] [stdout] 
[INFO] [stderr]     Finished `test` profile [unoptimized + debuginfo] target(s) in 0.62s
[INFO] running `Command { std: "docker" "inspect" "2c501c618dc40989e94b2670cf5455a58dc215bb4fb1da0200aa591e1878bbfa", kill_on_drop: false }`
[INFO] running `Command { std: "docker" "rm" "-f" "2c501c618dc40989e94b2670cf5455a58dc215bb4fb1da0200aa591e1878bbfa", kill_on_drop: false }`
[INFO] [stdout] 2c501c618dc40989e94b2670cf5455a58dc215bb4fb1da0200aa591e1878bbfa
[INFO] running `Command { std: "docker" "create" "-v" "/var/lib/crater-agent-workspace/builds/worker-3-tc2/target:/opt/rustwide/target:rw,Z" "-v" "/var/lib/crater-agent-workspace/builds/worker-3-tc2/source:/opt/rustwide/workdir:ro,Z" "-v" "/var/lib/crater-agent-workspace/cargo-home:/opt/rustwide/cargo-home:ro,Z" "-v" "/var/lib/crater-agent-workspace/rustup-home:/opt/rustwide/rustup-home:ro,Z" "-e" "SOURCE_DIR=/opt/rustwide/workdir" "-e" "CARGO_TARGET_DIR=/opt/rustwide/target" "-e" "CARGO_INCREMENTAL=0" "-e" "RUST_BACKTRACE=full" "-e" "RUSTFLAGS=--cap-lints=forbid -Zrandomize-layout" "-e" "RUSTDOCFLAGS=--cap-lints=forbid" "-e" "CARGO_HOME=/opt/rustwide/cargo-home" "-e" "RUSTUP_HOME=/opt/rustwide/rustup-home" "-w" "/opt/rustwide/workdir" "-m" "1610612736" "--user" "0:0" "--network" "none" "ghcr.io/rust-lang/crates-build-env/linux@sha256:4a844ea9eb2546a2d2c7022eacef16ef2e8229c7fbb2c7d4d55a9ceca922f72d" "/opt/rustwide/cargo-home/bin/cargo" "+nightly-2024-10-28" "test" "--frozen", kill_on_drop: false }`
[INFO] [stdout] b3095507b5f4ee2606585b8a075cf881f732828c31e9e3f97e24729e03b3de1a
[INFO] running `Command { std: "docker" "start" "-a" "b3095507b5f4ee2606585b8a075cf881f732828c31e9e3f97e24729e03b3de1a", kill_on_drop: false }`
[INFO] [stderr] warning: function `instcond` is never used
[INFO] [stderr]    --> tests/../src/decode.rs:262:4
[INFO] [stderr]     |
[INFO] [stderr] 262 | fn instcond(inst: u32) -> String { // Instruction condition
[INFO] [stderr]     |    ^^^^^^^^
[INFO] [stderr]     |
[INFO] [stderr]     = note: `#[warn(dead_code)]` on by default
[INFO] [stderr] 
[INFO] [stderr] warning: function `dataop` is never used
[INFO] [stderr]    --> tests/../src/decode.rs:285:4
[INFO] [stderr]     |
[INFO] [stderr] 285 | fn dataop(inst: u32) -> String {
[INFO] [stderr]     |    ^^^^^^
[INFO] [stderr] 
[INFO] [stderr] warning: function `disassemble_arm` is never used
[INFO] [stderr]    --> tests/../src/decode.rs:308:8
[INFO] [stderr]     |
[INFO] [stderr] 308 | pub fn disassemble_arm(inst: u32) -> String {
[INFO] [stderr]     |        ^^^^^^^^^^^^^^^
[INFO] [stderr] 
[INFO] [stderr] warning: `gba` (test "thumb_inst_conversion") generated 3 warnings
[INFO] [stderr] warning: unnecessary parentheses around index expression
[INFO] [stderr]   --> src/bus.rs:94:28
[INFO] [stderr]    |
[INFO] [stderr] 94 |                 self.wram0[(addr - WRAM0_START)]
[INFO] [stderr]    |                            ^                  ^
[INFO] [stderr]    |
[INFO] [stderr]    = note: `#[warn(unused_parens)]` on by default
[INFO] [stderr] help: remove these parentheses
[INFO] [stderr]    |
[INFO] [stderr] 94 -                 self.wram0[(addr - WRAM0_START)]
[INFO] [stderr] 94 +                 self.wram0[addr - WRAM0_START]
[INFO] [stderr]    |
[INFO] [stderr] 
[INFO] [stderr] warning: unnecessary parentheses around index expression
[INFO] [stderr]   --> src/bus.rs:97:28
[INFO] [stderr]    |
[INFO] [stderr] 97 |                 self.wram1[(addr - WRAM1_START)]
[INFO] [stderr]    |                            ^                  ^
[INFO] [stderr]    |
[INFO] [stderr] help: remove these parentheses
[INFO] [stderr]    |
[INFO] [stderr] 97 -                 self.wram1[(addr - WRAM1_START)]
[INFO] [stderr] 97 +                 self.wram1[addr - WRAM1_START]
[INFO] [stderr]    |
[INFO] [stderr] 
[INFO] [stderr] warning: unnecessary parentheses around index expression
[INFO] [stderr]    --> src/bus.rs:100:25
[INFO] [stderr]     |
[INFO] [stderr] 100 |                 self.io[(addr - IO_START)]
[INFO] [stderr]     |                         ^               ^
[INFO] [stderr]     |
[INFO] [stderr] help: remove these parentheses
[INFO] [stderr]     |
[INFO] [stderr] 100 -                 self.io[(addr - IO_START)]
[INFO] [stderr] 100 +                 self.io[addr - IO_START]
[INFO] [stderr]     |
[INFO] [stderr] 
[INFO] [stderr] warning: unnecessary parentheses around index expression
[INFO] [stderr]    --> src/bus.rs:103:26
[INFO] [stderr]     |
[INFO] [stderr] 103 |                 self.obj[(addr - OBJ_START)]
[INFO] [stderr]     |                          ^                ^
[INFO] [stderr]     |
[INFO] [stderr] help: remove these parentheses
[INFO] [stderr]     |
[INFO] [stderr] 103 -                 self.obj[(addr - OBJ_START)]
[INFO] [stderr] 103 +                 self.obj[addr - OBJ_START]
[INFO] [stderr]     |
[INFO] [stderr] 
[INFO] [stderr] warning: unnecessary parentheses around index expression
[INFO] [stderr]    --> src/bus.rs:106:27
[INFO] [stderr]     |
[INFO] [stderr] 106 |                 self.vram[(addr - VRAM_START)]
[INFO] [stderr]     |                           ^                 ^
[INFO] [stderr]     |
[INFO] [stderr] help: remove these parentheses
[INFO] [stderr]     |
[INFO] [stderr] 106 -                 self.vram[(addr - VRAM_START)]
[INFO] [stderr] 106 +                 self.vram[addr - VRAM_START]
[INFO] [stderr]     |
[INFO] [stderr] 
[INFO] [stderr] warning: unnecessary parentheses around index expression
[INFO] [stderr]    --> src/bus.rs:109:26
[INFO] [stderr]     |
[INFO] [stderr] 109 |                 self.oam[(addr - OAM_START)]
[INFO] [stderr]     |                          ^                ^
[INFO] [stderr]     |
[INFO] [stderr] help: remove these parentheses
[INFO] [stderr]     |
[INFO] [stderr] 109 -                 self.oam[(addr - OAM_START)]
[INFO] [stderr] 109 +                 self.oam[addr - OAM_START]
[INFO] [stderr]     |
[INFO] [stderr] 
[INFO] [stderr] warning: unnecessary parentheses around index expression
[INFO] [stderr]    --> src/bus.rs:112:26
[INFO] [stderr]     |
[INFO] [stderr] 112 |                 self.gpk[(addr - GPK0_START)]
[INFO] [stderr]     |                          ^                 ^
[INFO] [stderr]     |
[INFO] [stderr] help: remove these parentheses
[INFO] [stderr]     |
[INFO] [stderr] 112 -                 self.gpk[(addr - GPK0_START)]
[INFO] [stderr] 112 +                 self.gpk[addr - GPK0_START]
[INFO] [stderr]     |
[INFO] [stderr] 
[INFO] [stderr] warning: unnecessary parentheses around index expression
[INFO] [stderr]    --> src/bus.rs:128:28
[INFO] [stderr]     |
[INFO] [stderr] 128 |                 self.wram0[(addr - WRAM0_START)] = data;
[INFO] [stderr]     |                            ^                  ^
[INFO] [stderr]     |
[INFO] [stderr] help: remove these parentheses
[INFO] [stderr]     |
[INFO] [stderr] 128 -                 self.wram0[(addr - WRAM0_START)] = data;
[INFO] [stderr] 128 +                 self.wram0[addr - WRAM0_START] = data;
[INFO] [stderr]     |
[INFO] [stderr] 
[INFO] [stderr] warning: unnecessary parentheses around index expression
[INFO] [stderr]    --> src/bus.rs:131:28
[INFO] [stderr]     |
[INFO] [stderr] 131 |                 self.wram1[(addr - WRAM1_START)] = data;
[INFO] [stderr]     |                            ^                  ^
[INFO] [stderr]     |
[INFO] [stderr] help: remove these parentheses
[INFO] [stderr]     |
[INFO] [stderr] 131 -                 self.wram1[(addr - WRAM1_START)] = data;
[INFO] [stderr] 131 +                 self.wram1[addr - WRAM1_START] = data;
[INFO] [stderr]     |
[INFO] [stderr] 
[INFO] [stderr] warning: unnecessary parentheses around index expression
[INFO] [stderr]    --> src/bus.rs:146:26
[INFO] [stderr]     |
[INFO] [stderr] 146 |                 self.gpk[(addr - GPK0_START)] = data;
[INFO] [stderr]     |                          ^                 ^
[INFO] [stderr]     |
[INFO] [stderr] help: remove these parentheses
[INFO] [stderr]     |
[INFO] [stderr] 146 -                 self.gpk[(addr - GPK0_START)] = data;
[INFO] [stderr] 146 +                 self.gpk[addr - GPK0_START] = data;
[INFO] [stderr]     |
[INFO] [stderr] 
[INFO] [stderr] warning: unnecessary parentheses around index expression
[INFO] [stderr]   --> tests/../src/bus.rs:94:28
[INFO] [stderr]    |
[INFO] [stderr] 94 |                 self.wram0[(addr - WRAM0_START)]
[INFO] [stderr]    |                            ^                  ^
[INFO] [stderr]    |
[INFO] [stderr]    = note: `#[warn(unused_parens)]` on by default
[INFO] [stderr] help: remove these parentheses
[INFO] [stderr]    |
[INFO] [stderr] 94 -                 self.wram0[(addr - WRAM0_START)]
[INFO] [stderr] 94 +                 self.wram0[addr - WRAM0_START]
[INFO] [stderr]    |
[INFO] [stderr] 
[INFO] [stderr] warning: unnecessary parentheses around index expression
[INFO] [stderr]   --> tests/../src/bus.rs:97:28
[INFO] [stderr]    |
[INFO] [stderr] 97 |                 self.wram1[(addr - WRAM1_START)]
[INFO] [stderr]    |                            ^                  ^
[INFO] [stderr]    |
[INFO] [stderr] help: remove these parentheses
[INFO] [stderr]    |
[INFO] [stderr] 97 -                 self.wram1[(addr - WRAM1_START)]
[INFO] [stderr] 97 +                 self.wram1[addr - WRAM1_START]
[INFO] [stderr]    |
[INFO] [stderr] 
[INFO] [stderr] warning: unnecessary parentheses around index expression
[INFO] [stderr]    --> tests/../src/bus.rs:100:25
[INFO] [stderr]     |
[INFO] [stderr] 100 |                 self.io[(addr - IO_START)]
[INFO] [stderr]     |                         ^               ^
[INFO] [stderr]     |
[INFO] [stderr] help: remove these parentheses
[INFO] [stderr]     |
[INFO] [stderr] 100 -                 self.io[(addr - IO_START)]
[INFO] [stderr] 100 +                 self.io[addr - IO_START]
[INFO] [stderr]     |
[INFO] [stderr] 
[INFO] [stderr] warning: unnecessary parentheses around index expression
[INFO] [stderr]    --> tests/../src/bus.rs:103:26
[INFO] [stderr]     |
[INFO] [stderr] 103 |                 self.obj[(addr - OBJ_START)]
[INFO] [stderr]     |                          ^                ^
[INFO] [stderr]     |
[INFO] [stderr] help: remove these parentheses
[INFO] [stderr]     |
[INFO] [stderr] 103 -                 self.obj[(addr - OBJ_START)]
[INFO] [stderr] 103 +                 self.obj[addr - OBJ_START]
[INFO] [stderr]     |
[INFO] [stderr] 
[INFO] [stderr] warning: unnecessary parentheses around index expression
[INFO] [stderr]    --> tests/../src/bus.rs:106:27
[INFO] [stderr]     |
[INFO] [stderr] 106 |                 self.vram[(addr - VRAM_START)]
[INFO] [stderr]     |                           ^                 ^
[INFO] [stderr]     |
[INFO] [stderr] help: remove these parentheses
[INFO] [stderr]     |
[INFO] [stderr] 106 -                 self.vram[(addr - VRAM_START)]
[INFO] [stderr] 106 +                 self.vram[addr - VRAM_START]
[INFO] [stderr]     |
[INFO] [stderr] 
[INFO] [stderr] warning: unnecessary parentheses around index expression
[INFO] [stderr]    --> tests/../src/bus.rs:109:26
[INFO] [stderr]     |
[INFO] [stderr] 109 |                 self.oam[(addr - OAM_START)]
[INFO] [stderr]     |                          ^                ^
[INFO] [stderr]     |
[INFO] [stderr] help: remove these parentheses
[INFO] [stderr]     |
[INFO] [stderr] 109 -                 self.oam[(addr - OAM_START)]
[INFO] [stderr] 109 +                 self.oam[addr - OAM_START]
[INFO] [stderr]     |
[INFO] [stderr] 
[INFO] [stderr] warning: unnecessary parentheses around index expression
[INFO] [stderr]    --> tests/../src/bus.rs:112:26
[INFO] [stderr]     |
[INFO] [stderr] 112 |                 self.gpk[(addr - GPK0_START)]
[INFO] [stderr]     |                          ^                 ^
[INFO] [stderr]     |
[INFO] [stderr] help: remove these parentheses
[INFO] [stderr]     |
[INFO] [stderr] 112 -                 self.gpk[(addr - GPK0_START)]
[INFO] [stderr] 112 +                 self.gpk[addr - GPK0_START]
[INFO] [stderr]     |
[INFO] [stderr] 
[INFO] [stderr] warning: unnecessary parentheses around index expression
[INFO] [stderr]    --> tests/../src/bus.rs:128:28
[INFO] [stderr]     |
[INFO] [stderr] 128 |                 self.wram0[(addr - WRAM0_START)] = data;
[INFO] [stderr]     |                            ^                  ^
[INFO] [stderr]     |
[INFO] [stderr] help: remove these parentheses
[INFO] [stderr]     |
[INFO] [stderr] 128 -                 self.wram0[(addr - WRAM0_START)] = data;
[INFO] [stderr] 128 +                 self.wram0[addr - WRAM0_START] = data;
[INFO] [stderr]     |
[INFO] [stderr] 
[INFO] [stderr] warning: unnecessary parentheses around index expression
[INFO] [stderr]    --> tests/../src/bus.rs:131:28
[INFO] [stderr]     |
[INFO] [stderr] 131 |                 self.wram1[(addr - WRAM1_START)] = data;
[INFO] [stderr]     |                            ^                  ^
[INFO] [stderr]     |
[INFO] [stderr] help: remove these parentheses
[INFO] [stderr]     |
[INFO] [stderr] 131 -                 self.wram1[(addr - WRAM1_START)] = data;
[INFO] [stderr] 131 +                 self.wram1[addr - WRAM1_START] = data;
[INFO] [stderr]     |
[INFO] [stderr] 
[INFO] [stderr] warning: unnecessary parentheses around index expression
[INFO] [stderr]    --> tests/../src/bus.rs:146:26
[INFO] [stderr]     |
[INFO] [stderr] 146 |                 self.gpk[(addr - GPK0_START)] = data;
[INFO] [stderr]     |                          ^                 ^
[INFO] [stderr]     |
[INFO] [stderr] help: remove these parentheses
[INFO] [stderr]     |
[INFO] [stderr] 146 -                 self.gpk[(addr - GPK0_START)] = data;
[INFO] [stderr] 146 +                 self.gpk[addr - GPK0_START] = data;
[INFO] [stderr]     |
[INFO] [stderr] 
[INFO] [stderr] warning: fields `address`, `data`, and `shift` are never read
[INFO] [stderr]   --> tests/../src/arm7tdmi.rs:91:9
[INFO] [stderr]    |
[INFO] [stderr] 76 | pub struct Reg {
[INFO] [stderr]    |            --- fields in this struct
[INFO] [stderr] ...
[INFO] [stderr] 91 |     pub address:    u32,
[INFO] [stderr]    |         ^^^^^^^
[INFO] [stderr] 92 |     pub data:       u32,
[INFO] [stderr]    |         ^^^^
[INFO] [stderr] 93 |     pub shift:      u8,
[INFO] [stderr]    |         ^^^^^
[INFO] [stderr]    |
[INFO] [stderr]    = note: `Reg` has derived impls for the traits `Debug` and `Clone`, but these are intentionally ignored during dead code analysis
[INFO] [stderr]    = note: `#[warn(dead_code)]` on by default
[INFO] [stderr] 
[INFO] [stderr] warning: method `read_psr` is never used
[INFO] [stderr]    --> tests/../src/arm7tdmi.rs:219:12
[INFO] [stderr]     |
[INFO] [stderr] 126 | impl Reg {
[INFO] [stderr]     | -------- method in this implementation
[INFO] [stderr] ...
[INFO] [stderr] 219 |     pub fn read_psr(&mut self, a: u32) -> u32 {
[INFO] [stderr]     |            ^^^^^^^^
[INFO] [stderr] 
[INFO] [stderr] warning: `gba` (bin "gba" test) generated 10 warnings (run `cargo fix --bin "gba" --tests` to apply 10 suggestions)
[INFO] [stderr] warning: `gba` (test "inst_timing") generated 3 warnings (3 duplicates)
[INFO] [stderr] warning: `gba` (bin "gba") generated 10 warnings (10 duplicates)
[INFO] [stderr] warning: `gba` (test "cpu_modules") generated 12 warnings (run `cargo fix --test "cpu_modules"` to apply 10 suggestions)
[INFO] [stderr] warning: `gba` (test "inst_format_decode") generated 3 warnings (3 duplicates)
[INFO] [stderr]     Finished `test` profile [unoptimized + debuginfo] target(s) in 0.01s
[INFO] [stderr]      Running unittests src/main.rs (/opt/rustwide/target/debug/deps/gba-e9939c28983d7466)
[INFO] [stdout] 
[INFO] [stdout] running 0 tests
[INFO] [stdout] 
[INFO] [stdout] test result: ok. 0 passed; 0 failed; 0 ignored; 0 measured; 0 filtered out; finished in 0.00s
[INFO] [stdout] 
[INFO] [stderr]      Running tests/cpu_modules.rs (/opt/rustwide/target/debug/deps/cpu_modules-47b3941ae6456fd3)
[INFO] [stdout] 
[INFO] [stdout] running 5 tests
[INFO] [stdout] test tests::alu_functions ... ok
[INFO] [stdout] test tests::barrel_shifting ... ok
[INFO] [stdout] test tests::data_processing ... ok
[INFO] [stdout] test tests::shift_decode ... ok
[INFO] [stdout] test tests::shift_decode_immediate ... ok
[INFO] [stdout] 
[INFO] [stdout] test result: ok. 5 passed; 0 failed; 0 ignored; 0 measured; 0 filtered out; finished in 0.00s
[INFO] [stdout] 
[INFO] [stderr]      Running tests/inst_format_decode.rs (/opt/rustwide/target/debug/deps/inst_format_decode-e410cdf28576c497)
[INFO] [stdout] 
[INFO] [stdout] running 30 tests
[INFO] [stdout] test tests::test_arm_blockdattrans ... ok
[INFO] [stdout] test tests::test_arm_branchandex ... ok
[INFO] [stdout] test tests::test_arm_brnchandbrnchlnk ... ok
[INFO] [stdout] test tests::test_arm_dataproc ... ok
[INFO] [stdout] test tests::test_arm_halfsinedattrans ... ok
[INFO] [stdout] test tests::test_arm_mult ... ok
[INFO] [stdout] test tests::test_arm_multlong ... ok
[INFO] [stdout] test tests::test_arm_singdatswap ... ok
[INFO] [stdout] test tests::test_arm_singledattrans ... ok
[INFO] [stdout] test tests::test_arm_softint ... ok
[INFO] [stdout] test tests::test_arm_undefined ... ok
[INFO] [stdout] test tests::test_thumb_addoffsp ... ok
[INFO] [stdout] test tests::test_thumb_addsub ... ok
[INFO] [stdout] test tests::test_thumb_aluops ... ok
[INFO] [stdout] test tests::test_thumb_condbranch ... ok
[INFO] [stdout] test tests::test_thumb_hireg ... ok
[INFO] [stdout] test tests::test_thumb_lngbranchlink ... ok
[INFO] [stdout] test tests::test_thumb_loadaddr ... ok
[INFO] [stdout] test tests::test_thumb_loadstorehalf ... ok
[INFO] [stdout] test tests::test_thumb_loadstoreimm ... ok
[INFO] [stdout] test tests::test_thumb_loadstorereg ... ok
[INFO] [stdout] test tests::test_thumb_loadstoresign ... ok
[INFO] [stdout] test tests::test_thumb_movecmp ... ok
[INFO] [stdout] test tests::test_thumb_moveshifted ... ok
[INFO] [stdout] test tests::test_thumb_multloadstore ... ok
[INFO] [stdout] test tests::test_thumb_pcrelative ... ok
[INFO] [stdout] test tests::test_thumb_pushpopreg ... ok
[INFO] [stdout] test tests::test_thumb_softint ... ok
[INFO] [stdout] test tests::test_thumb_sprelloadstore ... ok
[INFO] [stdout] test tests::test_thumb_uncndbranch ... ok
[INFO] [stdout] 
[INFO] [stdout] test result: ok. 30 passed; 0 failed; 0 ignored; 0 measured; 0 filtered out; finished in 0.00s
[INFO] [stdout] 
[INFO] [stderr]      Running tests/inst_timing.rs (/opt/rustwide/target/debug/deps/inst_timing-873f3680af4fe556)
[INFO] [stdout] 
[INFO] [stdout] running 6 tests
[INFO] [stdout] test tests::block_data_transfer_cycle_timing ... ok
[INFO] [stdout] test tests::branch_and_exchange_cycle_timing ... ok
[INFO] [stdout] test tests::branch_cycle_timing ... ok
[INFO] [stdout] test tests::data_proc_cycle_timing ... ok
[INFO] [stdout] test tests::single_data_swap_cycle_timing ... ok
[INFO] [stdout] test tests::single_transfer_cycle_timing ... ok
[INFO] [stdout] 
[INFO] [stdout] test result: ok. 6 passed; 0 failed; 0 ignored; 0 measured; 0 filtered out; finished in 0.00s
[INFO] [stdout] 
[INFO] [stderr]      Running tests/test_arm.rs (/opt/rustwide/target/debug/deps/test_arm-42b4af2a9eff10e3)
[INFO] [stdout] 
[INFO] [stdout] running 1 test
[INFO] [stdout] test tests::test_arm ... FAILED
[INFO] [stdout] 
[INFO] [stdout] failures:
[INFO] [stdout] 
[INFO] [stdout] ---- tests::test_arm stdout ----
[INFO] [stdout] Err(Os { code: 2, kind: NotFound, message: "No such file or directory" })
[INFO] [stdout] Inst: 0x0, Type: Data Processing, Dissassembly: ANDEQ, PC: 0x0
[INFO] [stdout] R0: 00000000, R1: 00000000, R2:  00000000, R3:  00000000, R4:  00000000, R5:  00000000, R6:  00000000, R7:  00000000,
[INFO] [stdout] R8: 00000000, R9: 00000000, R10: 00000000, R11: 00000000, R12: 00000000, R13: 007f0003, R14: 00000000, R15: 00000000
[INFO] [stdout] Inst: 0x0, Type: Data Processing, Dissassembly: ANDEQ, PC: 0x4
[INFO] [stdout] R0: 00000000, R1: 00000000, R2:  00000000, R3:  00000000, R4:  00000000, R5:  00000000, R6:  00000000, R7:  00000000,
[INFO] [stdout] R8: 00000000, R9: 00000000, R10: 00000000, R11: 00000000, R12: 00000000, R13: 007f0003, R14: 00000000, R15: 00000004
[INFO] [stdout] Inst: 0x0, Type: Data Processing, Dissassembly: ANDEQ, PC: 0x8
[INFO] [stdout] R0: 00000000, R1: 00000000, R2:  00000000, R3:  00000000, R4:  00000000, R5:  00000000, R6:  00000000, R7:  00000000,
[INFO] [stdout] R8: 00000000, R9: 00000000, R10: 00000000, R11: 00000000, R12: 00000000, R13: 007f0003, R14: 00000000, R15: 00000008
[INFO] [stdout] Inst: 0x0, Type: Data Processing, Dissassembly: ANDEQ, PC: 0xc
[INFO] [stdout] R0: 00000000, R1: 00000000, R2:  00000000, R3:  00000000, R4:  00000000, R5:  00000000, R6:  00000000, R7:  00000000,
[INFO] [stdout] R8: 00000000, R9: 00000000, R10: 00000000, R11: 00000000, R12: 00000000, R13: 007f0003, R14: 00000000, R15: 0000000c
[INFO] [stdout] Inst: 0x0, Type: Data Processing, Dissassembly: ANDEQ, PC: 0x10
[INFO] [stdout] R0: 00000000, R1: 00000000, R2:  00000000, R3:  00000000, R4:  00000000, R5:  00000000, R6:  00000000, R7:  00000000,
[INFO] [stdout] R8: 00000000, R9: 00000000, R10: 00000000, R11: 00000000, R12: 00000000, R13: 007f0003, R14: 00000000, R15: 00000010
[INFO] [stdout] Inst: 0x0, Type: Data Processing, Dissassembly: ANDEQ, PC: 0x14
[INFO] [stdout] R0: 00000000, R1: 00000000, R2:  00000000, R3:  00000000, R4:  00000000, R5:  00000000, R6:  00000000, R7:  00000000,
[INFO] [stdout] R8: 00000000, R9: 00000000, R10: 00000000, R11: 00000000, R12: 00000000, R13: 007f0003, R14: 00000000, R15: 00000014
[INFO] [stdout] Inst: 0x0, Type: Data Processing, Dissassembly: ANDEQ, PC: 0x18
[INFO] [stdout] R0: 00000000, R1: 00000000, R2:  00000000, R3:  00000000, R4:  00000000, R5:  00000000, R6:  00000000, R7:  00000000,
[INFO] [stdout] R8: 00000000, R9: 00000000, R10: 00000000, R11: 00000000, R12: 00000000, R13: 007f0003, R14: 00000000, R15: 00000018
[INFO] [stdout] Inst: 0x0, Type: Data Processing, Dissassembly: ANDEQ, PC: 0x1c
[INFO] [stdout] R0: 00000000, R1: 00000000, R2:  00000000, R3:  00000000, R4:  00000000, R5:  00000000, R6:  00000000, R7:  00000000,
[INFO] [stdout] R8: 00000000, R9: 00000000, R10: 00000000, R11: 00000000, R12: 00000000, R13: 007f0003, R14: 00000000, R15: 0000001c
[INFO] [stdout] Inst: 0x0, Type: Data Processing, Dissassembly: ANDEQ, PC: 0x20
[INFO] [stdout] R0: 00000000, R1: 00000000, R2:  00000000, R3:  00000000, R4:  00000000, R5:  00000000, R6:  00000000, R7:  00000000,
[INFO] [stdout] R8: 00000000, R9: 00000000, R10: 00000000, R11: 00000000, R12: 00000000, R13: 007f0003, R14: 00000000, R15: 00000020
[INFO] [stdout] Inst: 0x0, Type: Data Processing, Dissassembly: ANDEQ, PC: 0x24
[INFO] [stdout] R0: 00000000, R1: 00000000, R2:  00000000, R3:  00000000, R4:  00000000, R5:  00000000, R6:  00000000, R7:  00000000,
[INFO] [stdout] R8: 00000000, R9: 00000000, R10: 00000000, R11: 00000000, R12: 00000000, R13: 007f0003, R14: 00000000, R15: 00000024
[INFO] [stdout] Inst: 0x0, Type: Data Processing, Dissassembly: ANDEQ, PC: 0x28
[INFO] [stdout] R0: 00000000, R1: 00000000, R2:  00000000, R3:  00000000, R4:  00000000, R5:  00000000, R6:  00000000, R7:  00000000,
[INFO] [stdout] R8: 00000000, R9: 00000000, R10: 00000000, R11: 00000000, R12: 00000000, R13: 007f0003, R14: 00000000, R15: 00000028
[INFO] [stdout] thread 'tests::test_arm' panicked at tests/test_arm.rs:126:17:
[INFO] [stdout] Infinite loop
[INFO] [stdout] stack backtrace:
[INFO] [stdout]    0:     0x559e94e1010a - std::backtrace_rs::backtrace::libunwind::trace::h207520d6e9873551
[INFO] [stdout]                                at /rustc/df4ca44d3fbc9301ee17f30f4d474e6ae4b05252/library/std/src/../../backtrace/src/backtrace/libunwind.rs:116:5
[INFO] [stdout]    1:     0x559e94e1010a - std::backtrace_rs::backtrace::trace_unsynchronized::h2ed7433f370e3eca
[INFO] [stdout]                                at /rustc/df4ca44d3fbc9301ee17f30f4d474e6ae4b05252/library/std/src/../../backtrace/src/backtrace/mod.rs:66:5
[INFO] [stdout]    2:     0x559e94e1010a - std::sys::backtrace::_print_fmt::h916fac51166b18d7
[INFO] [stdout]                                at /rustc/df4ca44d3fbc9301ee17f30f4d474e6ae4b05252/library/std/src/sys/backtrace.rs:66:9
[INFO] [stdout]    3:     0x559e94e1010a - <std::sys::backtrace::BacktraceLock::print::DisplayBacktrace as core::fmt::Display>::fmt::ha0a4c9b8ce3802e6
[INFO] [stdout]                                at /rustc/df4ca44d3fbc9301ee17f30f4d474e6ae4b05252/library/std/src/sys/backtrace.rs:39:26
[INFO] [stdout]    4:     0x559e94e365f3 - core::fmt::rt::Argument::fmt::h4cfc8587d52b3eb5
[INFO] [stdout]                                at /rustc/df4ca44d3fbc9301ee17f30f4d474e6ae4b05252/library/core/src/fmt/rt.rs:177:76
[INFO] [stdout]    5:     0x559e94e365f3 - core::fmt::write::h522cc39e5b36ae9f
[INFO] [stdout]                                at /rustc/df4ca44d3fbc9301ee17f30f4d474e6ae4b05252/library/core/src/fmt/mod.rs:1190:21
[INFO] [stdout]    6:     0x559e94e0cd73 - std::io::Write::write_fmt::h7d3c26752da97734
[INFO] [stdout]                                at /rustc/df4ca44d3fbc9301ee17f30f4d474e6ae4b05252/library/std/src/io/mod.rs:1839:15
[INFO] [stdout]    7:     0x559e94e0ff52 - std::sys::backtrace::BacktraceLock::print::h4b9e00b29e9c0942
[INFO] [stdout]                                at /rustc/df4ca44d3fbc9301ee17f30f4d474e6ae4b05252/library/std/src/sys/backtrace.rs:42:9
[INFO] [stdout]    8:     0x559e94e1159a - std::panicking::default_hook::{{closure}}::hb59b88280d0324d9
[INFO] [stdout]                                at /rustc/df4ca44d3fbc9301ee17f30f4d474e6ae4b05252/library/std/src/panicking.rs:268:22
[INFO] [stdout]    9:     0x559e94e113a4 - std::panicking::default_hook::he1dd496665be4a29
[INFO] [stdout]                                at /rustc/df4ca44d3fbc9301ee17f30f4d474e6ae4b05252/library/std/src/panicking.rs:292:9
[INFO] [stdout]   10:     0x559e94ddb199 - <alloc::boxed::Box<F,A> as core::ops::function::Fn<Args>>::call::h4ff71de18744e1dc
[INFO] [stdout]                                at /rustc/df4ca44d3fbc9301ee17f30f4d474e6ae4b05252/library/alloc/src/boxed.rs:2468:9
[INFO] [stdout]   11:     0x559e94ddb199 - test::test_main::{{closure}}::hcf7c055ce117aa81
[INFO] [stdout]                                at /rustc/df4ca44d3fbc9301ee17f30f4d474e6ae4b05252/library/test/src/lib.rs:133:21
[INFO] [stdout]   12:     0x559e94e11c98 - <alloc::boxed::Box<F,A> as core::ops::function::Fn<Args>>::call::h1d66c6bbd60c9692
[INFO] [stdout]                                at /rustc/df4ca44d3fbc9301ee17f30f4d474e6ae4b05252/library/alloc/src/boxed.rs:2468:9
[INFO] [stdout]   13:     0x559e94e11c98 - std::panicking::rust_panic_with_hook::h2ff17fe8f26dfcf8
[INFO] [stdout]                                at /rustc/df4ca44d3fbc9301ee17f30f4d474e6ae4b05252/library/std/src/panicking.rs:809:13
[INFO] [stdout]   14:     0x559e94e11a26 - std::panicking::begin_panic_handler::{{closure}}::h4fad77951c07e101
[INFO] [stdout]                                at /rustc/df4ca44d3fbc9301ee17f30f4d474e6ae4b05252/library/std/src/panicking.rs:667:13
[INFO] [stdout]   15:     0x559e94e105e9 - std::sys::backtrace::__rust_end_short_backtrace::hb1a25b3da5d0ea08
[INFO] [stdout]                                at /rustc/df4ca44d3fbc9301ee17f30f4d474e6ae4b05252/library/std/src/sys/backtrace.rs:170:18
[INFO] [stdout]   16:     0x559e94e116ec - rust_begin_unwind
[INFO] [stdout]                                at /rustc/df4ca44d3fbc9301ee17f30f4d474e6ae4b05252/library/std/src/panicking.rs:665:5
[INFO] [stdout]   17:     0x559e94e35090 - core::panicking::panic_fmt::ha9db07b529f9b256
[INFO] [stdout]                                at /rustc/df4ca44d3fbc9301ee17f30f4d474e6ae4b05252/library/core/src/panicking.rs:75:14
[INFO] [stdout]   18:     0x559e94d9626d - test_arm::tests::test_arm::hb88f2a263012fd6e
[INFO] [stdout]                                at /opt/rustwide/workdir/tests/test_arm.rs:126:17
[INFO] [stdout]   19:     0x559e94d95f67 - test_arm::tests::test_arm::{{closure}}::hfc415c4d80fa1110
[INFO] [stdout]                                at /opt/rustwide/workdir/tests/test_arm.rs:104:18
[INFO] [stdout]   20:     0x559e94d93776 - core::ops::function::FnOnce::call_once::ha0f59183b4a62263
[INFO] [stdout]                                at /rustc/df4ca44d3fbc9301ee17f30f4d474e6ae4b05252/library/core/src/ops/function.rs:250:5
[INFO] [stdout]   21:     0x559e94ddfa6b - core::ops::function::FnOnce::call_once::h22c3ba5715e93f05
[INFO] [stdout]                                at /rustc/df4ca44d3fbc9301ee17f30f4d474e6ae4b05252/library/core/src/ops/function.rs:250:5
[INFO] [stdout]   22:     0x559e94ddfa6b - test::__rust_begin_short_backtrace::h8e82d8113d0da17f
[INFO] [stdout]                                at /rustc/df4ca44d3fbc9301ee17f30f4d474e6ae4b05252/library/test/src/lib.rs:621:18
[INFO] [stdout]   23:     0x559e94ddf3e7 - test::run_test_in_process::{{closure}}::h33235f4f20b7b7c7
[INFO] [stdout]                                at /rustc/df4ca44d3fbc9301ee17f30f4d474e6ae4b05252/library/test/src/lib.rs:644:60
[INFO] [stdout]   24:     0x559e94ddf3e7 - <core::panic::unwind_safe::AssertUnwindSafe<F> as core::ops::function::FnOnce<()>>::call_once::hb5043206310c586f
[INFO] [stdout]                                at /rustc/df4ca44d3fbc9301ee17f30f4d474e6ae4b05252/library/core/src/panic/unwind_safe.rs:272:9
[INFO] [stdout]   25:     0x559e94ddf3e7 - std::panicking::try::do_call::h9ad4731a60ab23e2
[INFO] [stdout]                                at /rustc/df4ca44d3fbc9301ee17f30f4d474e6ae4b05252/library/std/src/panicking.rs:557:40
[INFO] [stdout]   26:     0x559e94ddf3e7 - std::panicking::try::h3824d23db772a716
[INFO] [stdout]                                at /rustc/df4ca44d3fbc9301ee17f30f4d474e6ae4b05252/library/std/src/panicking.rs:520:19
[INFO] [stdout]   27:     0x559e94ddf3e7 - std::panic::catch_unwind::h5afd514605fde46b
[INFO] [stdout]                                at /rustc/df4ca44d3fbc9301ee17f30f4d474e6ae4b05252/library/std/src/panic.rs:358:14
[INFO] [stdout]   28:     0x559e94ddf3e7 - test::run_test_in_process::h0d5cbfa7067d1720
[INFO] [stdout]                                at /rustc/df4ca44d3fbc9301ee17f30f4d474e6ae4b05252/library/test/src/lib.rs:644:27
[INFO] [stdout]   29:     0x559e94ddf3e7 - test::run_test::{{closure}}::h708eb8872708115d
[INFO] [stdout]                                at /rustc/df4ca44d3fbc9301ee17f30f4d474e6ae4b05252/library/test/src/lib.rs:565:43
[INFO] [stdout]   30:     0x559e94da2b04 - test::run_test::{{closure}}::h392c51cee94713ab
[INFO] [stdout]                                at /rustc/df4ca44d3fbc9301ee17f30f4d474e6ae4b05252/library/test/src/lib.rs:595:41
[INFO] [stdout]   31:     0x559e94da2b04 - std::sys::backtrace::__rust_begin_short_backtrace::h2f40290710935a8b
[INFO] [stdout]                                at /rustc/df4ca44d3fbc9301ee17f30f4d474e6ae4b05252/library/std/src/sys/backtrace.rs:154:18
[INFO] [stdout]   32:     0x559e94da62ae - std::thread::Builder::spawn_unchecked_::{{closure}}::{{closure}}::h3fd968d89053a903
[INFO] [stdout]                                at /rustc/df4ca44d3fbc9301ee17f30f4d474e6ae4b05252/library/std/src/thread/mod.rs:541:17
[INFO] [stdout]   33:     0x559e94da62ae - <core::panic::unwind_safe::AssertUnwindSafe<F> as core::ops::function::FnOnce<()>>::call_once::h743f637ba4229880
[INFO] [stdout]                                at /rustc/df4ca44d3fbc9301ee17f30f4d474e6ae4b05252/library/core/src/panic/unwind_safe.rs:272:9
[INFO] [stdout]   34:     0x559e94da62ae - std::panicking::try::do_call::h07440897322525a6
[INFO] [stdout]                                at /rustc/df4ca44d3fbc9301ee17f30f4d474e6ae4b05252/library/std/src/panicking.rs:557:40
[INFO] [stdout]   35:     0x559e94da62ae - std::panicking::try::he5a2e00188156637
[INFO] [stdout]                                at /rustc/df4ca44d3fbc9301ee17f30f4d474e6ae4b05252/library/std/src/panicking.rs:520:19
[INFO] [stdout]   36:     0x559e94da62ae - std::panic::catch_unwind::hbaf3cae49b3c6433
[INFO] [stdout]                                at /rustc/df4ca44d3fbc9301ee17f30f4d474e6ae4b05252/library/std/src/panic.rs:358:14
[INFO] [stdout]   37:     0x559e94da62ae - std::thread::Builder::spawn_unchecked_::{{closure}}::h8e141ea224820bce
[INFO] [stdout]                                at /rustc/df4ca44d3fbc9301ee17f30f4d474e6ae4b05252/library/std/src/thread/mod.rs:540:30
[INFO] [stdout]   38:     0x559e94da62ae - core::ops::function::FnOnce::call_once{{vtable.shim}}::h90d312fedd7b8ea8
[INFO] [stdout]                                at /rustc/df4ca44d3fbc9301ee17f30f4d474e6ae4b05252/library/core/src/ops/function.rs:250:5
[INFO] [stdout]   39:     0x559e94e15a9b - <alloc::boxed::Box<F,A> as core::ops::function::FnOnce<Args>>::call_once::h69aa08ddb6adb8b6
[INFO] [stdout]                                at /rustc/df4ca44d3fbc9301ee17f30f4d474e6ae4b05252/library/alloc/src/boxed.rs:2454:9
[INFO] [stdout]   40:     0x559e94e15a9b - <alloc::boxed::Box<F,A> as core::ops::function::FnOnce<Args>>::call_once::h5aa36efdb79c806f
[INFO] [stdout]                                at /rustc/df4ca44d3fbc9301ee17f30f4d474e6ae4b05252/library/alloc/src/boxed.rs:2454:9
[INFO] [stdout]   41:     0x559e94e15a9b - std::sys::pal::unix::thread::Thread::new::thread_start::h6cd80a1b4be5158d
[INFO] [stdout]                                at /rustc/df4ca44d3fbc9301ee17f30f4d474e6ae4b05252/library/std/src/sys/pal/unix/thread.rs:105:17
[INFO] [stdout]   42:     0x71b4bc751ac3 - <unknown>
[INFO] [stdout]   43:     0x71b4bc7e2a04 - clone
[INFO] [stdout]   44:                0x0 - <unknown>
[INFO] [stdout] 
[INFO] [stdout] 
[INFO] [stdout] failures:
[INFO] [stdout]     tests::test_arm
[INFO] [stdout] 
[INFO] [stdout] test result: FAILED. 0 passed; 1 failed; 0 ignored; 0 measured; 0 filtered out; finished in 0.01s
[INFO] [stdout] 
[INFO] [stderr] error: test failed, to rerun pass `--test test_arm`
[INFO] running `Command { std: "docker" "inspect" "b3095507b5f4ee2606585b8a075cf881f732828c31e9e3f97e24729e03b3de1a", kill_on_drop: false }`
[INFO] running `Command { std: "docker" "rm" "-f" "b3095507b5f4ee2606585b8a075cf881f732828c31e9e3f97e24729e03b3de1a", kill_on_drop: false }`
[INFO] [stdout] b3095507b5f4ee2606585b8a075cf881f732828c31e9e3f97e24729e03b3de1a
