[INFO] cloning repository https://github.com/Kiraub/cli_sudoku
[INFO] running `Command { std: "git" "-c" "credential.helper=" "-c" "credential.helper=/workspace/cargo-home/bin/git-credential-null" "clone" "--bare" "https://github.com/Kiraub/cli_sudoku" "/workspace/cache/git-repos/https%3A%2F%2Fgithub.com%2FKiraub%2Fcli_sudoku", kill_on_drop: false }`
[INFO] [stderr] Cloning into bare repository '/workspace/cache/git-repos/https%3A%2F%2Fgithub.com%2FKiraub%2Fcli_sudoku'...
[INFO] running `Command { std: "git" "rev-parse" "HEAD", kill_on_drop: false }`
[INFO] [stdout] a74b27ca070a6ec7f0be06b295281ed48afb243c
[INFO] testing Kiraub/cli_sudoku/a74b27ca070a6ec7f0be06b295281ed48afb243c against nightly-2024-10-28 for randomize-layout
[INFO] running `Command { std: "git" "clone" "/workspace/cache/git-repos/https%3A%2F%2Fgithub.com%2FKiraub%2Fcli_sudoku" "/workspace/builds/worker-6-tc1/source", kill_on_drop: false }`
[INFO] [stderr] Cloning into '/workspace/builds/worker-6-tc1/source'...
[INFO] [stderr] done.
[INFO] validating manifest of git repo https://github.com/Kiraub/cli_sudoku on toolchain nightly-2024-10-28
[INFO] running `Command { std: CARGO_HOME="/workspace/cargo-home" RUSTUP_HOME="/workspace/rustup-home" "/workspace/cargo-home/bin/cargo" "+nightly-2024-10-28" "metadata" "--manifest-path" "Cargo.toml" "--no-deps", kill_on_drop: false }`
[INFO] started tweaking git repo https://github.com/Kiraub/cli_sudoku
[INFO] finished tweaking git repo https://github.com/Kiraub/cli_sudoku
[INFO] tweaked toml for git repo https://github.com/Kiraub/cli_sudoku written to /workspace/builds/worker-6-tc1/source/Cargo.toml
[INFO] crate git repo https://github.com/Kiraub/cli_sudoku already has a lockfile, it will not be regenerated
[INFO] running `Command { std: CARGO_HOME="/workspace/cargo-home" RUSTUP_HOME="/workspace/rustup-home" "/workspace/cargo-home/bin/cargo" "+nightly-2024-10-28" "fetch" "--manifest-path" "Cargo.toml", kill_on_drop: false }`
[INFO] running `Command { std: "docker" "create" "-v" "/var/lib/crater-agent-workspace/builds/worker-6-tc1/target:/opt/rustwide/target:rw,Z" "-v" "/var/lib/crater-agent-workspace/builds/worker-6-tc1/source:/opt/rustwide/workdir:ro,Z" "-v" "/var/lib/crater-agent-workspace/cargo-home:/opt/rustwide/cargo-home:ro,Z" "-v" "/var/lib/crater-agent-workspace/rustup-home:/opt/rustwide/rustup-home:ro,Z" "-e" "SOURCE_DIR=/opt/rustwide/workdir" "-e" "CARGO_TARGET_DIR=/opt/rustwide/target" "-e" "CARGO_HOME=/opt/rustwide/cargo-home" "-e" "RUSTUP_HOME=/opt/rustwide/rustup-home" "-w" "/opt/rustwide/workdir" "-m" "1610612736" "--user" "0:0" "--network" "none" "ghcr.io/rust-lang/crates-build-env/linux@sha256:4a844ea9eb2546a2d2c7022eacef16ef2e8229c7fbb2c7d4d55a9ceca922f72d" "/opt/rustwide/cargo-home/bin/cargo" "+nightly-2024-10-28" "metadata" "--no-deps" "--format-version=1", kill_on_drop: false }`
[INFO] [stdout] 228cc0b8abb306cea9dba5a34ada161f66ed2b7d4d9437ce34d457a11e87f106
[INFO] running `Command { std: "docker" "start" "-a" "228cc0b8abb306cea9dba5a34ada161f66ed2b7d4d9437ce34d457a11e87f106", kill_on_drop: false }`
[INFO] running `Command { std: "docker" "inspect" "228cc0b8abb306cea9dba5a34ada161f66ed2b7d4d9437ce34d457a11e87f106", kill_on_drop: false }`
[INFO] running `Command { std: "docker" "rm" "-f" "228cc0b8abb306cea9dba5a34ada161f66ed2b7d4d9437ce34d457a11e87f106", kill_on_drop: false }`
[INFO] [stdout] 228cc0b8abb306cea9dba5a34ada161f66ed2b7d4d9437ce34d457a11e87f106
[INFO] running `Command { std: "docker" "create" "-v" "/var/lib/crater-agent-workspace/builds/worker-6-tc1/target:/opt/rustwide/target:rw,Z" "-v" "/var/lib/crater-agent-workspace/builds/worker-6-tc1/source:/opt/rustwide/workdir:ro,Z" "-v" "/var/lib/crater-agent-workspace/cargo-home:/opt/rustwide/cargo-home:ro,Z" "-v" "/var/lib/crater-agent-workspace/rustup-home:/opt/rustwide/rustup-home:ro,Z" "-e" "SOURCE_DIR=/opt/rustwide/workdir" "-e" "CARGO_TARGET_DIR=/opt/rustwide/target" "-e" "CARGO_INCREMENTAL=0" "-e" "RUST_BACKTRACE=full" "-e" "RUSTFLAGS=--cap-lints=forbid" "-e" "RUSTDOCFLAGS=--cap-lints=forbid" "-e" "CARGO_HOME=/opt/rustwide/cargo-home" "-e" "RUSTUP_HOME=/opt/rustwide/rustup-home" "-w" "/opt/rustwide/workdir" "-m" "1610612736" "--user" "0:0" "--network" "none" "ghcr.io/rust-lang/crates-build-env/linux@sha256:4a844ea9eb2546a2d2c7022eacef16ef2e8229c7fbb2c7d4d55a9ceca922f72d" "/opt/rustwide/cargo-home/bin/cargo" "+nightly-2024-10-28" "build" "--frozen" "--message-format=json", kill_on_drop: false }`
[INFO] [stdout] d5369d82c767e9304af7aa2411e1309ce093f31742006b732ddd34fe22e26efa
[INFO] running `Command { std: "docker" "start" "-a" "d5369d82c767e9304af7aa2411e1309ce093f31742006b732ddd34fe22e26efa", kill_on_drop: false }`
[INFO] [stderr]    Compiling cli_sudoku v0.1.0 (/opt/rustwide/workdir)
[INFO] [stdout] warning: trait `ActionTypeT` is never used
[INFO] [stdout]  --> src/part_traits/action_traits.rs:5:11
[INFO] [stdout]   |
[INFO] [stdout] 5 | pub trait ActionTypeT: Display + PartialEq + Eq + From<&'static str> {
[INFO] [stdout]   |           ^^^^^^^^^^^
[INFO] [stdout]   |
[INFO] [stdout]   = note: `#[warn(dead_code)]` on by default
[INFO] [stdout] 
[INFO] [stdout] 
[INFO] [stdout] warning: trait `ActionT` is never used
[INFO] [stdout]   --> src/part_traits/action_traits.rs:12:11
[INFO] [stdout]    |
[INFO] [stdout] 12 | pub trait ActionT: Display + From<&'static str> {
[INFO] [stdout]    |           ^^^^^^^
[INFO] [stdout] 
[INFO] [stdout] 
[INFO] [stdout] warning: trait `ActionHandler` is never used
[INFO] [stdout]   --> src/part_traits/action_traits.rs:21:11
[INFO] [stdout]    |
[INFO] [stdout] 21 | pub trait ActionHandler {
[INFO] [stdout]    |           ^^^^^^^^^^^^^
[INFO] [stdout] 
[INFO] [stdout] 
[INFO] [stdout] warning: trait `ConfigT` is never used
[INFO] [stdout]  --> src/part_traits/config_traits.rs:6:11
[INFO] [stdout]   |
[INFO] [stdout] 6 | pub trait ConfigT: Display {
[INFO] [stdout]   |           ^^^^^^^
[INFO] [stdout] 
[INFO] [stdout] 
[INFO] [stdout] warning: trait `PointT` is never used
[INFO] [stdout]  --> src/part_traits/point_traits.rs:5:11
[INFO] [stdout]   |
[INFO] [stdout] 5 | pub trait PointT<N>: Display where
[INFO] [stdout]   |           ^^^^^^
[INFO] [stdout] 
[INFO] [stdout] 
[INFO] [stdout] warning: trait `PointHandlerT` is never used
[INFO] [stdout]   --> src/part_traits/point_traits.rs:13:11
[INFO] [stdout]    |
[INFO] [stdout] 13 | pub trait PointHandlerT<N> where
[INFO] [stdout]    |           ^^^^^^^^^^^^^
[INFO] [stdout] 
[INFO] [stdout] 
[INFO] [stdout] warning: trait `ValueT` is never used
[INFO] [stdout]  --> src/part_traits/value_traits.rs:5:11
[INFO] [stdout]   |
[INFO] [stdout] 5 | pub trait ValueT: Display + PartialEq {
[INFO] [stdout]   |           ^^^^^^
[INFO] [stdout] 
[INFO] [stdout] 
[INFO] [stdout] warning: trait `BoardT` is never used
[INFO] [stdout]  --> src/part_traits/board_traits.rs:5:11
[INFO] [stdout]   |
[INFO] [stdout] 5 | pub trait BoardT<V,N>: Display where
[INFO] [stdout]   |           ^^^^^^
[INFO] [stdout] 
[INFO] [stdout] 
[INFO] [stdout] warning: methods `get_x_min` and `get_y_min` are never used
[INFO] [stdout]   --> src/sudoku_parts/point.rs:42:8
[INFO] [stdout]    |
[INFO] [stdout] 38 | pub trait PointHandler<T> where
[INFO] [stdout]    |           ------------ methods in this trait
[INFO] [stdout] ...
[INFO] [stdout] 42 |     fn get_x_min(&self) -> T;
[INFO] [stdout]    |        ^^^^^^^^^
[INFO] [stdout] ...
[INFO] [stdout] 46 |     fn get_y_min(&self) -> T;
[INFO] [stdout]    |        ^^^^^^^^^
[INFO] [stdout] 
[INFO] [stdout] 
[INFO] [stderr]     Finished `dev` profile [unoptimized + debuginfo] target(s) in 0.33s
[INFO] running `Command { std: "docker" "inspect" "d5369d82c767e9304af7aa2411e1309ce093f31742006b732ddd34fe22e26efa", kill_on_drop: false }`
[INFO] running `Command { std: "docker" "rm" "-f" "d5369d82c767e9304af7aa2411e1309ce093f31742006b732ddd34fe22e26efa", kill_on_drop: false }`
[INFO] [stdout] d5369d82c767e9304af7aa2411e1309ce093f31742006b732ddd34fe22e26efa
[INFO] running `Command { std: "docker" "create" "-v" "/var/lib/crater-agent-workspace/builds/worker-6-tc1/target:/opt/rustwide/target:rw,Z" "-v" "/var/lib/crater-agent-workspace/builds/worker-6-tc1/source:/opt/rustwide/workdir:ro,Z" "-v" "/var/lib/crater-agent-workspace/cargo-home:/opt/rustwide/cargo-home:ro,Z" "-v" "/var/lib/crater-agent-workspace/rustup-home:/opt/rustwide/rustup-home:ro,Z" "-e" "SOURCE_DIR=/opt/rustwide/workdir" "-e" "CARGO_TARGET_DIR=/opt/rustwide/target" "-e" "CARGO_INCREMENTAL=0" "-e" "RUST_BACKTRACE=full" "-e" "RUSTFLAGS=--cap-lints=forbid" "-e" "RUSTDOCFLAGS=--cap-lints=forbid" "-e" "CARGO_HOME=/opt/rustwide/cargo-home" "-e" "RUSTUP_HOME=/opt/rustwide/rustup-home" "-w" "/opt/rustwide/workdir" "-m" "1610612736" "--user" "0:0" "--network" "none" "ghcr.io/rust-lang/crates-build-env/linux@sha256:4a844ea9eb2546a2d2c7022eacef16ef2e8229c7fbb2c7d4d55a9ceca922f72d" "/opt/rustwide/cargo-home/bin/cargo" "+nightly-2024-10-28" "test" "--frozen" "--no-run" "--message-format=json", kill_on_drop: false }`
[INFO] [stdout] f8de33d9baf674fc52028b16897930d240c5abb2a0ba4f0576b40d3fa041ad9c
[INFO] running `Command { std: "docker" "start" "-a" "f8de33d9baf674fc52028b16897930d240c5abb2a0ba4f0576b40d3fa041ad9c", kill_on_drop: false }`
[INFO] [stdout] warning: trait `ActionTypeT` is never used
[INFO] [stdout]  --> src/part_traits/action_traits.rs:5:11
[INFO] [stdout]   |
[INFO] [stdout] 5 | pub trait ActionTypeT: Display + PartialEq + Eq + From<&'static str> {
[INFO] [stdout]   |           ^^^^^^^^^^^
[INFO] [stdout]   |
[INFO] [stdout]   = note: `#[warn(dead_code)]` on by default
[INFO] [stdout] 
[INFO] [stdout] 
[INFO] [stdout] warning: trait `ActionT` is never used
[INFO] [stdout]   --> src/part_traits/action_traits.rs:12:11
[INFO] [stdout]    |
[INFO] [stdout] 12 | pub trait ActionT: Display + From<&'static str> {
[INFO] [stdout]    |           ^^^^^^^
[INFO] [stdout] 
[INFO] [stdout] 
[INFO] [stdout] warning: trait `ActionHandler` is never used
[INFO] [stdout]   --> src/part_traits/action_traits.rs:21:11
[INFO] [stdout]    |
[INFO] [stdout] 21 | pub trait ActionHandler {
[INFO] [stdout]    |           ^^^^^^^^^^^^^
[INFO] [stdout] 
[INFO] [stdout] 
[INFO] [stdout] warning: trait `ConfigT` is never used
[INFO] [stdout]  --> src/part_traits/config_traits.rs:6:11
[INFO] [stdout]   |
[INFO] [stdout] 6 | pub trait ConfigT: Display {
[INFO] [stdout]   |           ^^^^^^^
[INFO] [stdout] 
[INFO] [stdout] 
[INFO] [stderr]    Compiling cli_sudoku v0.1.0 (/opt/rustwide/workdir)
[INFO] [stdout] warning: trait `PointT` is never used
[INFO] [stdout]  --> src/part_traits/point_traits.rs:5:11
[INFO] [stdout]   |
[INFO] [stdout] 5 | pub trait PointT<N>: Display where
[INFO] [stdout]   |           ^^^^^^
[INFO] [stdout] 
[INFO] [stdout] 
[INFO] [stdout] warning: trait `PointHandlerT` is never used
[INFO] [stdout]   --> src/part_traits/point_traits.rs:13:11
[INFO] [stdout]    |
[INFO] [stdout] 13 | pub trait PointHandlerT<N> where
[INFO] [stdout]    |           ^^^^^^^^^^^^^
[INFO] [stdout] 
[INFO] [stdout] 
[INFO] [stdout] warning: trait `ValueT` is never used
[INFO] [stdout]  --> src/part_traits/value_traits.rs:5:11
[INFO] [stdout]   |
[INFO] [stdout] 5 | pub trait ValueT: Display + PartialEq {
[INFO] [stdout]   |           ^^^^^^
[INFO] [stdout] 
[INFO] [stdout] 
[INFO] [stdout] warning: trait `BoardT` is never used
[INFO] [stdout]  --> src/part_traits/board_traits.rs:5:11
[INFO] [stdout]   |
[INFO] [stdout] 5 | pub trait BoardT<V,N>: Display where
[INFO] [stdout]   |           ^^^^^^
[INFO] [stdout] 
[INFO] [stdout] 
[INFO] [stdout] warning: methods `get_x_min` and `get_y_min` are never used
[INFO] [stdout]   --> src/sudoku_parts/point.rs:42:8
[INFO] [stdout]    |
[INFO] [stdout] 38 | pub trait PointHandler<T> where
[INFO] [stdout]    |           ------------ methods in this trait
[INFO] [stdout] ...
[INFO] [stdout] 42 |     fn get_x_min(&self) -> T;
[INFO] [stdout]    |        ^^^^^^^^^
[INFO] [stdout] ...
[INFO] [stdout] 46 |     fn get_y_min(&self) -> T;
[INFO] [stdout]    |        ^^^^^^^^^
[INFO] [stdout] 
[INFO] [stdout] 
[INFO] [stdout] warning: trait `ActionTypeT` is never used
[INFO] [stdout]  --> src/part_traits/action_traits.rs:5:11
[INFO] [stdout]   |
[INFO] [stdout] 5 | pub trait ActionTypeT: Display + PartialEq + Eq + From<&'static str> {
[INFO] [stdout]   |           ^^^^^^^^^^^
[INFO] [stdout]   |
[INFO] [stdout]   = note: `#[warn(dead_code)]` on by default
[INFO] [stdout] 
[INFO] [stdout] 
[INFO] [stdout] warning: trait `ActionT` is never used
[INFO] [stdout]   --> src/part_traits/action_traits.rs:12:11
[INFO] [stdout]    |
[INFO] [stdout] 12 | pub trait ActionT: Display + From<&'static str> {
[INFO] [stdout]    |           ^^^^^^^
[INFO] [stdout] 
[INFO] [stdout] 
[INFO] [stdout] warning: trait `ActionHandler` is never used
[INFO] [stdout]   --> src/part_traits/action_traits.rs:21:11
[INFO] [stdout]    |
[INFO] [stdout] 21 | pub trait ActionHandler {
[INFO] [stdout]    |           ^^^^^^^^^^^^^
[INFO] [stdout] 
[INFO] [stdout] 
[INFO] [stdout] warning: trait `ConfigT` is never used
[INFO] [stdout]  --> src/part_traits/config_traits.rs:6:11
[INFO] [stdout]   |
[INFO] [stdout] 6 | pub trait ConfigT: Display {
[INFO] [stdout]   |           ^^^^^^^
[INFO] [stdout] 
[INFO] [stdout] 
[INFO] [stdout] warning: trait `PointT` is never used
[INFO] [stdout]  --> src/part_traits/point_traits.rs:5:11
[INFO] [stdout]   |
[INFO] [stdout] 5 | pub trait PointT<N>: Display where
[INFO] [stdout]   |           ^^^^^^
[INFO] [stdout] 
[INFO] [stdout] 
[INFO] [stdout] warning: trait `PointHandlerT` is never used
[INFO] [stdout]   --> src/part_traits/point_traits.rs:13:11
[INFO] [stdout]    |
[INFO] [stdout] 13 | pub trait PointHandlerT<N> where
[INFO] [stdout]    |           ^^^^^^^^^^^^^
[INFO] [stdout] 
[INFO] [stdout] 
[INFO] [stdout] warning: trait `ValueT` is never used
[INFO] [stdout]  --> src/part_traits/value_traits.rs:5:11
[INFO] [stdout]   |
[INFO] [stdout] 5 | pub trait ValueT: Display + PartialEq {
[INFO] [stdout]   |           ^^^^^^
[INFO] [stdout] 
[INFO] [stdout] 
[INFO] [stdout] warning: trait `BoardT` is never used
[INFO] [stdout]  --> src/part_traits/board_traits.rs:5:11
[INFO] [stdout]   |
[INFO] [stdout] 5 | pub trait BoardT<V,N>: Display where
[INFO] [stdout]   |           ^^^^^^
[INFO] [stdout] 
[INFO] [stdout] 
[INFO] [stdout] warning: methods `get_x_min` and `get_y_min` are never used
[INFO] [stdout]   --> src/sudoku_parts/point.rs:42:8
[INFO] [stdout]    |
[INFO] [stdout] 38 | pub trait PointHandler<T> where
[INFO] [stdout]    |           ------------ methods in this trait
[INFO] [stdout] ...
[INFO] [stdout] 42 |     fn get_x_min(&self) -> T;
[INFO] [stdout]    |        ^^^^^^^^^
[INFO] [stdout] ...
[INFO] [stdout] 46 |     fn get_y_min(&self) -> T;
[INFO] [stdout]    |        ^^^^^^^^^
[INFO] [stdout] 
[INFO] [stdout] 
[INFO] [stderr]     Finished `test` profile [unoptimized + debuginfo] target(s) in 0.34s
[INFO] running `Command { std: "docker" "inspect" "f8de33d9baf674fc52028b16897930d240c5abb2a0ba4f0576b40d3fa041ad9c", kill_on_drop: false }`
[INFO] running `Command { std: "docker" "rm" "-f" "f8de33d9baf674fc52028b16897930d240c5abb2a0ba4f0576b40d3fa041ad9c", kill_on_drop: false }`
[INFO] [stdout] f8de33d9baf674fc52028b16897930d240c5abb2a0ba4f0576b40d3fa041ad9c
[INFO] running `Command { std: "docker" "create" "-v" "/var/lib/crater-agent-workspace/builds/worker-6-tc1/target:/opt/rustwide/target:rw,Z" "-v" "/var/lib/crater-agent-workspace/builds/worker-6-tc1/source:/opt/rustwide/workdir:ro,Z" "-v" "/var/lib/crater-agent-workspace/cargo-home:/opt/rustwide/cargo-home:ro,Z" "-v" "/var/lib/crater-agent-workspace/rustup-home:/opt/rustwide/rustup-home:ro,Z" "-e" "SOURCE_DIR=/opt/rustwide/workdir" "-e" "CARGO_TARGET_DIR=/opt/rustwide/target" "-e" "CARGO_INCREMENTAL=0" "-e" "RUST_BACKTRACE=full" "-e" "RUSTFLAGS=--cap-lints=forbid" "-e" "RUSTDOCFLAGS=--cap-lints=forbid" "-e" "CARGO_HOME=/opt/rustwide/cargo-home" "-e" "RUSTUP_HOME=/opt/rustwide/rustup-home" "-w" "/opt/rustwide/workdir" "-m" "1610612736" "--user" "0:0" "--network" "none" "ghcr.io/rust-lang/crates-build-env/linux@sha256:4a844ea9eb2546a2d2c7022eacef16ef2e8229c7fbb2c7d4d55a9ceca922f72d" "/opt/rustwide/cargo-home/bin/cargo" "+nightly-2024-10-28" "test" "--frozen", kill_on_drop: false }`
[INFO] [stdout] 23239d4dabde04816cbb16c03e956ed5ce893e5b50f42b32dbfbee628813f513
[INFO] running `Command { std: "docker" "start" "-a" "23239d4dabde04816cbb16c03e956ed5ce893e5b50f42b32dbfbee628813f513", kill_on_drop: false }`
[INFO] [stderr] warning: trait `ActionTypeT` is never used
[INFO] [stderr]  --> src/part_traits/action_traits.rs:5:11
[INFO] [stderr]   |
[INFO] [stderr] 5 | pub trait ActionTypeT: Display + PartialEq + Eq + From<&'static str> {
[INFO] [stderr]   |           ^^^^^^^^^^^
[INFO] [stderr]   |
[INFO] [stderr]   = note: `#[warn(dead_code)]` on by default
[INFO] [stderr] 
[INFO] [stderr] warning: trait `ActionT` is never used
[INFO] [stderr]   --> src/part_traits/action_traits.rs:12:11
[INFO] [stderr]    |
[INFO] [stderr] 12 | pub trait ActionT: Display + From<&'static str> {
[INFO] [stderr]    |           ^^^^^^^
[INFO] [stderr] 
[INFO] [stderr] warning: trait `ActionHandler` is never used
[INFO] [stderr]   --> src/part_traits/action_traits.rs:21:11
[INFO] [stderr]    |
[INFO] [stderr] 21 | pub trait ActionHandler {
[INFO] [stderr]    |           ^^^^^^^^^^^^^
[INFO] [stderr] 
[INFO] [stderr] warning: trait `ConfigT` is never used
[INFO] [stderr]  --> src/part_traits/config_traits.rs:6:11
[INFO] [stderr]   |
[INFO] [stderr] 6 | pub trait ConfigT: Display {
[INFO] [stderr]   |           ^^^^^^^
[INFO] [stderr] 
[INFO] [stderr] warning: trait `PointT` is never used
[INFO] [stderr]  --> src/part_traits/point_traits.rs:5:11
[INFO] [stderr]   |
[INFO] [stderr] 5 | pub trait PointT<N>: Display where
[INFO] [stderr]   |           ^^^^^^
[INFO] [stderr] 
[INFO] [stderr] warning: trait `PointHandlerT` is never used
[INFO] [stderr]   --> src/part_traits/point_traits.rs:13:11
[INFO] [stderr]    |
[INFO] [stderr] 13 | pub trait PointHandlerT<N> where
[INFO] [stderr]    |           ^^^^^^^^^^^^^
[INFO] [stderr] 
[INFO] [stderr] warning: trait `ValueT` is never used
[INFO] [stderr]  --> src/part_traits/value_traits.rs:5:11
[INFO] [stderr]   |
[INFO] [stderr] 5 | pub trait ValueT: Display + PartialEq {
[INFO] [stderr]   |           ^^^^^^
[INFO] [stderr] 
[INFO] [stderr] warning: trait `BoardT` is never used
[INFO] [stderr]  --> src/part_traits/board_traits.rs:5:11
[INFO] [stderr]   |
[INFO] [stderr] 5 | pub trait BoardT<V,N>: Display where
[INFO] [stderr]   |           ^^^^^^
[INFO] [stderr] 
[INFO] [stderr] warning: methods `get_x_min` and `get_y_min` are never used
[INFO] [stderr]   --> src/sudoku_parts/point.rs:42:8
[INFO] [stderr]    |
[INFO] [stderr] 38 | pub trait PointHandler<T> where
[INFO] [stderr]    |           ------------ methods in this trait
[INFO] [stderr] ...
[INFO] [stderr] 42 |     fn get_x_min(&self) -> T;
[INFO] [stderr]    |        ^^^^^^^^^
[INFO] [stderr] ...
[INFO] [stderr] 46 |     fn get_y_min(&self) -> T;
[INFO] [stderr]    |        ^^^^^^^^^
[INFO] [stderr] 
[INFO] [stderr] warning: `cli_sudoku` (lib) generated 9 warnings
[INFO] [stderr] warning: `cli_sudoku` (lib test) generated 9 warnings (9 duplicates)
[INFO] [stderr]     Finished `test` profile [unoptimized + debuginfo] target(s) in 0.01s
[INFO] [stderr]      Running unittests src/lib.rs (/opt/rustwide/target/debug/deps/cli_sudoku-a712419cec4fdfb8)
[INFO] [stdout] 
[INFO] [stdout] running 6 tests
[INFO] [stdout] test tests::format_points ... ok
[INFO] [stdout] test tests::board_to_prolog ... ok
[INFO] [stdout] test tests::prolog_value ... ok
[INFO] [stdout] test tests::format_values ... ok
[INFO] [stdout] test tests::parse_action ... ok
[INFO] [stdout] test tests::check_fill_action ... FAILED
[INFO] [stdout] 
[INFO] [stdout] failures:
[INFO] [stdout] 
[INFO] [stdout] ---- tests::check_fill_action stdout ----
[INFO] [stdout] solver output: 
[INFO] [stdout] solver output length: 0
[INFO] [stdout] solver error: sh: 1: swipl: not found
[INFO] [stdout] 
[INFO] [stdout] thread 'tests::check_fill_action' panicked at src/lib.rs:151:9:
[INFO] [stdout] assertion `left == right` failed
[INFO] [stdout]   left: "Value 1 is illegal at (1, 1)"
[INFO] [stdout]  right: "Filled in 1 at (1, 1)"
[INFO] [stdout] stack backtrace:
[INFO] [stdout]    0:     0x59f8aab0295a - std::backtrace_rs::backtrace::libunwind::trace::h207520d6e9873551
[INFO] [stdout]                                at /rustc/df4ca44d3fbc9301ee17f30f4d474e6ae4b05252/library/std/src/../../backtrace/src/backtrace/libunwind.rs:116:5
[INFO] [stdout]    1:     0x59f8aab0295a - std::backtrace_rs::backtrace::trace_unsynchronized::h2ed7433f370e3eca
[INFO] [stdout]                                at /rustc/df4ca44d3fbc9301ee17f30f4d474e6ae4b05252/library/std/src/../../backtrace/src/backtrace/mod.rs:66:5
[INFO] [stdout]    2:     0x59f8aab0295a - std::sys::backtrace::_print_fmt::h916fac51166b18d7
[INFO] [stdout]                                at /rustc/df4ca44d3fbc9301ee17f30f4d474e6ae4b05252/library/std/src/sys/backtrace.rs:66:9
[INFO] [stdout]    3:     0x59f8aab0295a - <std::sys::backtrace::BacktraceLock::print::DisplayBacktrace as core::fmt::Display>::fmt::ha0a4c9b8ce3802e6
[INFO] [stdout]                                at /rustc/df4ca44d3fbc9301ee17f30f4d474e6ae4b05252/library/std/src/sys/backtrace.rs:39:26
[INFO] [stdout]    4:     0x59f8aab28f63 - core::fmt::rt::Argument::fmt::h4cfc8587d52b3eb5
[INFO] [stdout]                                at /rustc/df4ca44d3fbc9301ee17f30f4d474e6ae4b05252/library/core/src/fmt/rt.rs:177:76
[INFO] [stderr] error: test failed, to rerun pass `--lib`
[INFO] [stdout]    5:     0x59f8aab28f63 - core::fmt::write::h522cc39e5b36ae9f
[INFO] [stdout]                                at /rustc/df4ca44d3fbc9301ee17f30f4d474e6ae4b05252/library/core/src/fmt/mod.rs:1190:21
[INFO] [stdout]    6:     0x59f8aaaff5c3 - std::io::Write::write_fmt::h7d3c26752da97734
[INFO] [stdout]                                at /rustc/df4ca44d3fbc9301ee17f30f4d474e6ae4b05252/library/std/src/io/mod.rs:1839:15
[INFO] [stdout]    7:     0x59f8aab027a2 - std::sys::backtrace::BacktraceLock::print::h4b9e00b29e9c0942
[INFO] [stdout]                                at /rustc/df4ca44d3fbc9301ee17f30f4d474e6ae4b05252/library/std/src/sys/backtrace.rs:42:9
[INFO] [stdout]    8:     0x59f8aab03dea - std::panicking::default_hook::{{closure}}::hb59b88280d0324d9
[INFO] [stdout]                                at /rustc/df4ca44d3fbc9301ee17f30f4d474e6ae4b05252/library/std/src/panicking.rs:268:22
[INFO] [stdout]    9:     0x59f8aab03bf4 - std::panicking::default_hook::he1dd496665be4a29
[INFO] [stdout]                                at /rustc/df4ca44d3fbc9301ee17f30f4d474e6ae4b05252/library/std/src/panicking.rs:292:9
[INFO] [stdout]   10:     0x59f8aaacd9e9 - <alloc::boxed::Box<F,A> as core::ops::function::Fn<Args>>::call::h4ff71de18744e1dc
[INFO] [stdout]                                at /rustc/df4ca44d3fbc9301ee17f30f4d474e6ae4b05252/library/alloc/src/boxed.rs:2468:9
[INFO] [stdout]   11:     0x59f8aaacd9e9 - test::test_main::{{closure}}::hcf7c055ce117aa81
[INFO] [stdout]                                at /rustc/df4ca44d3fbc9301ee17f30f4d474e6ae4b05252/library/test/src/lib.rs:133:21
[INFO] [stdout]   12:     0x59f8aab044e8 - <alloc::boxed::Box<F,A> as core::ops::function::Fn<Args>>::call::h1d66c6bbd60c9692
[INFO] [stdout]                                at /rustc/df4ca44d3fbc9301ee17f30f4d474e6ae4b05252/library/alloc/src/boxed.rs:2468:9
[INFO] [stdout]   13:     0x59f8aab044e8 - std::panicking::rust_panic_with_hook::h2ff17fe8f26dfcf8
[INFO] [stdout]                                at /rustc/df4ca44d3fbc9301ee17f30f4d474e6ae4b05252/library/std/src/panicking.rs:809:13
[INFO] [stdout]   14:     0x59f8aab042aa - std::panicking::begin_panic_handler::{{closure}}::h4fad77951c07e101
[INFO] [stdout]                                at /rustc/df4ca44d3fbc9301ee17f30f4d474e6ae4b05252/library/std/src/panicking.rs:674:13
[INFO] [stdout]   15:     0x59f8aab02e39 - std::sys::backtrace::__rust_end_short_backtrace::hb1a25b3da5d0ea08
[INFO] [stdout]                                at /rustc/df4ca44d3fbc9301ee17f30f4d474e6ae4b05252/library/std/src/sys/backtrace.rs:170:18
[INFO] [stdout]   16:     0x59f8aab03f3c - rust_begin_unwind
[INFO] [stdout]                                at /rustc/df4ca44d3fbc9301ee17f30f4d474e6ae4b05252/library/std/src/panicking.rs:665:5
[INFO] [stdout]   17:     0x59f8aab27a00 - core::panicking::panic_fmt::ha9db07b529f9b256
[INFO] [stdout]                                at /rustc/df4ca44d3fbc9301ee17f30f4d474e6ae4b05252/library/core/src/panicking.rs:75:14
[INFO] [stdout]   18:     0x59f8aab27d2b - core::panicking::assert_failed_inner::h04f38944d74a80a8
[INFO] [stdout]   19:     0x59f8aaa8cfdd - core::panicking::assert_failed::h7e46419c5e8470f9
[INFO] [stdout]                                at /rustc/df4ca44d3fbc9301ee17f30f4d474e6ae4b05252/library/core/src/panicking.rs:377:5
[INFO] [stdout]   20:     0x59f8aaa9383a - cli_sudoku::tests::check_fill_action::hde12e94600f0cdc0
[INFO] [stdout]                                at /opt/rustwide/workdir/src/lib.rs:151:9
[INFO] [stdout]   21:     0x59f8aaa93227 - cli_sudoku::tests::check_fill_action::{{closure}}::hcd801e7a72236698
[INFO] [stdout]                                at /opt/rustwide/workdir/src/lib.rs:144:27
[INFO] [stdout]   22:     0x59f8aaa8b746 - core::ops::function::FnOnce::call_once::h50db2ed811633797
[INFO] [stdout]                                at /rustc/df4ca44d3fbc9301ee17f30f4d474e6ae4b05252/library/core/src/ops/function.rs:250:5
[INFO] [stdout]   23:     0x59f8aaad22bb - core::ops::function::FnOnce::call_once::h22c3ba5715e93f05
[INFO] [stdout]                                at /rustc/df4ca44d3fbc9301ee17f30f4d474e6ae4b05252/library/core/src/ops/function.rs:250:5
[INFO] [stdout]   24:     0x59f8aaad22bb - test::__rust_begin_short_backtrace::h8e82d8113d0da17f
[INFO] [stdout]                                at /rustc/df4ca44d3fbc9301ee17f30f4d474e6ae4b05252/library/test/src/lib.rs:621:18
[INFO] [stdout]   25:     0x59f8aaad1c37 - test::run_test_in_process::{{closure}}::h33235f4f20b7b7c7
[INFO] [stdout]                                at /rustc/df4ca44d3fbc9301ee17f30f4d474e6ae4b05252/library/test/src/lib.rs:644:60
[INFO] [stdout]   26:     0x59f8aaad1c37 - <core::panic::unwind_safe::AssertUnwindSafe<F> as core::ops::function::FnOnce<()>>::call_once::hb5043206310c586f
[INFO] [stdout]                                at /rustc/df4ca44d3fbc9301ee17f30f4d474e6ae4b05252/library/core/src/panic/unwind_safe.rs:272:9
[INFO] [stdout]   27:     0x59f8aaad1c37 - std::panicking::try::do_call::h9ad4731a60ab23e2
[INFO] [stdout]                                at /rustc/df4ca44d3fbc9301ee17f30f4d474e6ae4b05252/library/std/src/panicking.rs:557:40
[INFO] [stdout]   28:     0x59f8aaad1c37 - std::panicking::try::h3824d23db772a716
[INFO] [stdout]                                at /rustc/df4ca44d3fbc9301ee17f30f4d474e6ae4b05252/library/std/src/panicking.rs:520:19
[INFO] [stdout]   29:     0x59f8aaad1c37 - std::panic::catch_unwind::h5afd514605fde46b
[INFO] [stdout]                                at /rustc/df4ca44d3fbc9301ee17f30f4d474e6ae4b05252/library/std/src/panic.rs:358:14
[INFO] [stdout]   30:     0x59f8aaad1c37 - test::run_test_in_process::h0d5cbfa7067d1720
[INFO] [stdout]                                at /rustc/df4ca44d3fbc9301ee17f30f4d474e6ae4b05252/library/test/src/lib.rs:644:27
[INFO] [stdout]   31:     0x59f8aaad1c37 - test::run_test::{{closure}}::h708eb8872708115d
[INFO] [stdout]                                at /rustc/df4ca44d3fbc9301ee17f30f4d474e6ae4b05252/library/test/src/lib.rs:565:43
[INFO] [stdout]   32:     0x59f8aaa95354 - test::run_test::{{closure}}::h392c51cee94713ab
[INFO] [stdout]                                at /rustc/df4ca44d3fbc9301ee17f30f4d474e6ae4b05252/library/test/src/lib.rs:595:41
[INFO] [stdout]   33:     0x59f8aaa95354 - std::sys::backtrace::__rust_begin_short_backtrace::h2f40290710935a8b
[INFO] [stdout]                                at /rustc/df4ca44d3fbc9301ee17f30f4d474e6ae4b05252/library/std/src/sys/backtrace.rs:154:18
[INFO] [stdout]   34:     0x59f8aaa98afe - std::thread::Builder::spawn_unchecked_::{{closure}}::{{closure}}::h3fd968d89053a903
[INFO] [stdout]                                at /rustc/df4ca44d3fbc9301ee17f30f4d474e6ae4b05252/library/std/src/thread/mod.rs:541:17
[INFO] [stdout]   35:     0x59f8aaa98afe - <core::panic::unwind_safe::AssertUnwindSafe<F> as core::ops::function::FnOnce<()>>::call_once::h743f637ba4229880
[INFO] [stdout]                                at /rustc/df4ca44d3fbc9301ee17f30f4d474e6ae4b05252/library/core/src/panic/unwind_safe.rs:272:9
[INFO] [stdout]   36:     0x59f8aaa98afe - std::panicking::try::do_call::h07440897322525a6
[INFO] [stdout]                                at /rustc/df4ca44d3fbc9301ee17f30f4d474e6ae4b05252/library/std/src/panicking.rs:557:40
[INFO] [stdout]   37:     0x59f8aaa98afe - std::panicking::try::he5a2e00188156637
[INFO] [stdout]                                at /rustc/df4ca44d3fbc9301ee17f30f4d474e6ae4b05252/library/std/src/panicking.rs:520:19
[INFO] [stdout]   38:     0x59f8aaa98afe - std::panic::catch_unwind::hbaf3cae49b3c6433
[INFO] [stdout]                                at /rustc/df4ca44d3fbc9301ee17f30f4d474e6ae4b05252/library/std/src/panic.rs:358:14
[INFO] [stdout]   39:     0x59f8aaa98afe - std::thread::Builder::spawn_unchecked_::{{closure}}::h8e141ea224820bce
[INFO] [stdout]                                at /rustc/df4ca44d3fbc9301ee17f30f4d474e6ae4b05252/library/std/src/thread/mod.rs:540:30
[INFO] [stdout]   40:     0x59f8aaa98afe - core::ops::function::FnOnce::call_once{{vtable.shim}}::h90d312fedd7b8ea8
[INFO] [stdout]                                at /rustc/df4ca44d3fbc9301ee17f30f4d474e6ae4b05252/library/core/src/ops/function.rs:250:5
[INFO] [stdout]   41:     0x59f8aab083db - <alloc::boxed::Box<F,A> as core::ops::function::FnOnce<Args>>::call_once::h69aa08ddb6adb8b6
[INFO] [stdout]                                at /rustc/df4ca44d3fbc9301ee17f30f4d474e6ae4b05252/library/alloc/src/boxed.rs:2454:9
[INFO] [stdout]   42:     0x59f8aab083db - <alloc::boxed::Box<F,A> as core::ops::function::FnOnce<Args>>::call_once::h5aa36efdb79c806f
[INFO] [stdout]                                at /rustc/df4ca44d3fbc9301ee17f30f4d474e6ae4b05252/library/alloc/src/boxed.rs:2454:9
[INFO] [stdout]   43:     0x59f8aab083db - std::sys::pal::unix::thread::Thread::new::thread_start::h6cd80a1b4be5158d
[INFO] [stdout]                                at /rustc/df4ca44d3fbc9301ee17f30f4d474e6ae4b05252/library/std/src/sys/pal/unix/thread.rs:105:17
[INFO] [stdout]   44:     0x7f786b34cac3 - <unknown>
[INFO] [stdout]   45:     0x7f786b3dda04 - clone
[INFO] [stdout]   46:                0x0 - <unknown>
[INFO] [stdout] 
[INFO] [stdout] 
[INFO] [stdout] failures:
[INFO] [stdout]     tests::check_fill_action
[INFO] [stdout] 
[INFO] [stdout] test result: FAILED. 5 passed; 1 failed; 0 ignored; 0 measured; 0 filtered out; finished in 0.03s
[INFO] [stdout] 
[INFO] running `Command { std: "docker" "inspect" "23239d4dabde04816cbb16c03e956ed5ce893e5b50f42b32dbfbee628813f513", kill_on_drop: false }`
[INFO] running `Command { std: "docker" "rm" "-f" "23239d4dabde04816cbb16c03e956ed5ce893e5b50f42b32dbfbee628813f513", kill_on_drop: false }`
[INFO] [stdout] 23239d4dabde04816cbb16c03e956ed5ce893e5b50f42b32dbfbee628813f513
