[INFO] cloning repository https://github.com/KidoniSoftware/rust-examples
[INFO] running `Command { std: "git" "-c" "credential.helper=" "-c" "credential.helper=/workspace/cargo-home/bin/git-credential-null" "clone" "--bare" "https://github.com/KidoniSoftware/rust-examples" "/workspace/cache/git-repos/https%3A%2F%2Fgithub.com%2FKidoniSoftware%2Frust-examples", kill_on_drop: false }`
[INFO] [stderr] Cloning into bare repository '/workspace/cache/git-repos/https%3A%2F%2Fgithub.com%2FKidoniSoftware%2Frust-examples'...
[INFO] running `Command { std: "git" "rev-parse" "HEAD", kill_on_drop: false }`
[INFO] [stdout] ef2709a8f9c01f41b3f144c9c2507126968027b2
[INFO] testing KidoniSoftware/rust-examples/ef2709a8f9c01f41b3f144c9c2507126968027b2 against nightly-2024-10-28+rustflags=-Zrandomize-layout for randomize-layout
[INFO] running `Command { std: "git" "clone" "/workspace/cache/git-repos/https%3A%2F%2Fgithub.com%2FKidoniSoftware%2Frust-examples" "/workspace/builds/worker-0-tc2/source", kill_on_drop: false }`
[INFO] [stderr] Cloning into '/workspace/builds/worker-0-tc2/source'...
[INFO] [stderr] done.
[INFO] validating manifest of git repo https://github.com/KidoniSoftware/rust-examples on toolchain nightly-2024-10-28
[INFO] running `Command { std: CARGO_HOME="/workspace/cargo-home" RUSTUP_HOME="/workspace/rustup-home" "/workspace/cargo-home/bin/cargo" "+nightly-2024-10-28" "metadata" "--manifest-path" "Cargo.toml" "--no-deps", kill_on_drop: false }`
[INFO] started tweaking git repo https://github.com/KidoniSoftware/rust-examples
[INFO] finished tweaking git repo https://github.com/KidoniSoftware/rust-examples
[INFO] tweaked toml for git repo https://github.com/KidoniSoftware/rust-examples written to /workspace/builds/worker-0-tc2/source/Cargo.toml
[INFO] crate git repo https://github.com/KidoniSoftware/rust-examples already has a lockfile, it will not be regenerated
[INFO] running `Command { std: CARGO_HOME="/workspace/cargo-home" RUSTUP_HOME="/workspace/rustup-home" "/workspace/cargo-home/bin/cargo" "+nightly-2024-10-28" "fetch" "--manifest-path" "Cargo.toml", kill_on_drop: false }`
[INFO] running `Command { std: "docker" "create" "-v" "/var/lib/crater-agent-workspace/builds/worker-0-tc2/target:/opt/rustwide/target:rw,Z" "-v" "/var/lib/crater-agent-workspace/builds/worker-0-tc2/source:/opt/rustwide/workdir:ro,Z" "-v" "/var/lib/crater-agent-workspace/cargo-home:/opt/rustwide/cargo-home:ro,Z" "-v" "/var/lib/crater-agent-workspace/rustup-home:/opt/rustwide/rustup-home:ro,Z" "-e" "SOURCE_DIR=/opt/rustwide/workdir" "-e" "CARGO_TARGET_DIR=/opt/rustwide/target" "-e" "CARGO_HOME=/opt/rustwide/cargo-home" "-e" "RUSTUP_HOME=/opt/rustwide/rustup-home" "-w" "/opt/rustwide/workdir" "-m" "1610612736" "--user" "0:0" "--network" "none" "ghcr.io/rust-lang/crates-build-env/linux@sha256:4a844ea9eb2546a2d2c7022eacef16ef2e8229c7fbb2c7d4d55a9ceca922f72d" "/opt/rustwide/cargo-home/bin/cargo" "+nightly-2024-10-28" "metadata" "--no-deps" "--format-version=1", kill_on_drop: false }`
[INFO] [stdout] 8cbaba89fc69925e4d6db37263e5aa617e05fea71b7179840d0ef11df43c5734
[INFO] running `Command { std: "docker" "start" "-a" "8cbaba89fc69925e4d6db37263e5aa617e05fea71b7179840d0ef11df43c5734", kill_on_drop: false }`
[INFO] running `Command { std: "docker" "inspect" "8cbaba89fc69925e4d6db37263e5aa617e05fea71b7179840d0ef11df43c5734", kill_on_drop: false }`
[INFO] running `Command { std: "docker" "rm" "-f" "8cbaba89fc69925e4d6db37263e5aa617e05fea71b7179840d0ef11df43c5734", kill_on_drop: false }`
[INFO] [stdout] 8cbaba89fc69925e4d6db37263e5aa617e05fea71b7179840d0ef11df43c5734
[INFO] running `Command { std: "docker" "create" "-v" "/var/lib/crater-agent-workspace/builds/worker-0-tc2/target:/opt/rustwide/target:rw,Z" "-v" "/var/lib/crater-agent-workspace/builds/worker-0-tc2/source:/opt/rustwide/workdir:ro,Z" "-v" "/var/lib/crater-agent-workspace/cargo-home:/opt/rustwide/cargo-home:ro,Z" "-v" "/var/lib/crater-agent-workspace/rustup-home:/opt/rustwide/rustup-home:ro,Z" "-e" "SOURCE_DIR=/opt/rustwide/workdir" "-e" "CARGO_TARGET_DIR=/opt/rustwide/target" "-e" "CARGO_INCREMENTAL=0" "-e" "RUST_BACKTRACE=full" "-e" "RUSTFLAGS=--cap-lints=forbid -Zrandomize-layout" "-e" "RUSTDOCFLAGS=--cap-lints=forbid" "-e" "CARGO_HOME=/opt/rustwide/cargo-home" "-e" "RUSTUP_HOME=/opt/rustwide/rustup-home" "-w" "/opt/rustwide/workdir" "-m" "1610612736" "--user" "0:0" "--network" "none" "ghcr.io/rust-lang/crates-build-env/linux@sha256:4a844ea9eb2546a2d2c7022eacef16ef2e8229c7fbb2c7d4d55a9ceca922f72d" "/opt/rustwide/cargo-home/bin/cargo" "+nightly-2024-10-28" "build" "--frozen" "--message-format=json", kill_on_drop: false }`
[INFO] [stdout] 9f7672c38ce0be69e4fe049dd9ac7b1a0c5c0fc7814fd363f77d9265c49d9e4a
[INFO] running `Command { std: "docker" "start" "-a" "9f7672c38ce0be69e4fe049dd9ac7b1a0c5c0fc7814fd363f77d9265c49d9e4a", kill_on_drop: false }`
[INFO] [stderr]    Compiling rust-examples v0.1.0 (/opt/rustwide/workdir)
[INFO] [stdout] warning: function `common_elements` is never used
[INFO] [stdout]   --> src/lib.rs:42:4
[INFO] [stdout]    |
[INFO] [stdout] 42 | fn common_elements(v1: Vec<i32>, v2: Vec<i32>) -> i32 {
[INFO] [stdout]    |    ^^^^^^^^^^^^^^^
[INFO] [stdout]    |
[INFO] [stdout]    = note: `#[warn(dead_code)]` on by default
[INFO] [stdout] 
[INFO] [stdout] 
[INFO] [stdout] warning: constant `PAD` is never used
[INFO] [stdout]   --> src/crypto.rs:27:11
[INFO] [stdout]    |
[INFO] [stdout] 27 |     const PAD: char = '=';
[INFO] [stdout]    |           ^^^
[INFO] [stdout] 
[INFO] [stdout] 
[INFO] [stdout] warning: function `bytes_to_hex_string` is never used
[INFO] [stdout]    --> src/crypto.rs:143:4
[INFO] [stdout]     |
[INFO] [stdout] 143 | fn bytes_to_hex_string(bytes: Vec<u8>) -> String {
[INFO] [stdout]     |    ^^^^^^^^^^^^^^^^^^^
[INFO] [stdout] 
[INFO] [stdout] 
[INFO] [stderr]     Finished `dev` profile [unoptimized + debuginfo] target(s) in 0.32s
[INFO] running `Command { std: "docker" "inspect" "9f7672c38ce0be69e4fe049dd9ac7b1a0c5c0fc7814fd363f77d9265c49d9e4a", kill_on_drop: false }`
[INFO] running `Command { std: "docker" "rm" "-f" "9f7672c38ce0be69e4fe049dd9ac7b1a0c5c0fc7814fd363f77d9265c49d9e4a", kill_on_drop: false }`
[INFO] [stdout] 9f7672c38ce0be69e4fe049dd9ac7b1a0c5c0fc7814fd363f77d9265c49d9e4a
[INFO] running `Command { std: "docker" "create" "-v" "/var/lib/crater-agent-workspace/builds/worker-0-tc2/target:/opt/rustwide/target:rw,Z" "-v" "/var/lib/crater-agent-workspace/builds/worker-0-tc2/source:/opt/rustwide/workdir:ro,Z" "-v" "/var/lib/crater-agent-workspace/cargo-home:/opt/rustwide/cargo-home:ro,Z" "-v" "/var/lib/crater-agent-workspace/rustup-home:/opt/rustwide/rustup-home:ro,Z" "-e" "SOURCE_DIR=/opt/rustwide/workdir" "-e" "CARGO_TARGET_DIR=/opt/rustwide/target" "-e" "CARGO_INCREMENTAL=0" "-e" "RUST_BACKTRACE=full" "-e" "RUSTFLAGS=--cap-lints=forbid -Zrandomize-layout" "-e" "RUSTDOCFLAGS=--cap-lints=forbid" "-e" "CARGO_HOME=/opt/rustwide/cargo-home" "-e" "RUSTUP_HOME=/opt/rustwide/rustup-home" "-w" "/opt/rustwide/workdir" "-m" "1610612736" "--user" "0:0" "--network" "none" "ghcr.io/rust-lang/crates-build-env/linux@sha256:4a844ea9eb2546a2d2c7022eacef16ef2e8229c7fbb2c7d4d55a9ceca922f72d" "/opt/rustwide/cargo-home/bin/cargo" "+nightly-2024-10-28" "test" "--frozen" "--no-run" "--message-format=json", kill_on_drop: false }`
[INFO] [stdout] 40043734aa8b1a0e0b87f4a303acfa30906a0d1206d10c1e79ad4e2ea6ba4aaf
[INFO] running `Command { std: "docker" "start" "-a" "40043734aa8b1a0e0b87f4a303acfa30906a0d1206d10c1e79ad4e2ea6ba4aaf", kill_on_drop: false }`
[INFO] [stderr]    Compiling random v0.14.0
[INFO] [stdout] warning: function `common_elements` is never used
[INFO] [stdout]   --> src/lib.rs:42:4
[INFO] [stdout]    |
[INFO] [stdout] 42 | fn common_elements(v1: Vec<i32>, v2: Vec<i32>) -> i32 {
[INFO] [stdout]    |    ^^^^^^^^^^^^^^^
[INFO] [stdout]    |
[INFO] [stdout]    = note: `#[warn(dead_code)]` on by default
[INFO] [stdout] 
[INFO] [stdout] 
[INFO] [stdout] warning: constant `PAD` is never used
[INFO] [stdout]   --> src/crypto.rs:27:11
[INFO] [stdout]    |
[INFO] [stdout] 27 |     const PAD: char = '=';
[INFO] [stdout]    |           ^^^
[INFO] [stdout] 
[INFO] [stdout] 
[INFO] [stdout] warning: function `bytes_to_hex_string` is never used
[INFO] [stdout]    --> src/crypto.rs:143:4
[INFO] [stdout]     |
[INFO] [stdout] 143 | fn bytes_to_hex_string(bytes: Vec<u8>) -> String {
[INFO] [stdout]     |    ^^^^^^^^^^^^^^^^^^^
[INFO] [stdout] 
[INFO] [stdout] 
[INFO] [stderr]    Compiling rust-examples v0.1.0 (/opt/rustwide/workdir)
[INFO] [stdout] warning: constant `PAD` is never used
[INFO] [stdout]   --> src/crypto.rs:27:11
[INFO] [stdout]    |
[INFO] [stdout] 27 |     const PAD: char = '=';
[INFO] [stdout]    |           ^^^
[INFO] [stdout]    |
[INFO] [stdout]    = note: `#[warn(dead_code)]` on by default
[INFO] [stdout] 
[INFO] [stdout] 
[INFO] [stderr]     Finished `test` profile [unoptimized + debuginfo] target(s) in 0.85s
[INFO] running `Command { std: "docker" "inspect" "40043734aa8b1a0e0b87f4a303acfa30906a0d1206d10c1e79ad4e2ea6ba4aaf", kill_on_drop: false }`
[INFO] running `Command { std: "docker" "rm" "-f" "40043734aa8b1a0e0b87f4a303acfa30906a0d1206d10c1e79ad4e2ea6ba4aaf", kill_on_drop: false }`
[INFO] [stdout] 40043734aa8b1a0e0b87f4a303acfa30906a0d1206d10c1e79ad4e2ea6ba4aaf
[INFO] running `Command { std: "docker" "create" "-v" "/var/lib/crater-agent-workspace/builds/worker-0-tc2/target:/opt/rustwide/target:rw,Z" "-v" "/var/lib/crater-agent-workspace/builds/worker-0-tc2/source:/opt/rustwide/workdir:ro,Z" "-v" "/var/lib/crater-agent-workspace/cargo-home:/opt/rustwide/cargo-home:ro,Z" "-v" "/var/lib/crater-agent-workspace/rustup-home:/opt/rustwide/rustup-home:ro,Z" "-e" "SOURCE_DIR=/opt/rustwide/workdir" "-e" "CARGO_TARGET_DIR=/opt/rustwide/target" "-e" "CARGO_INCREMENTAL=0" "-e" "RUST_BACKTRACE=full" "-e" "RUSTFLAGS=--cap-lints=forbid -Zrandomize-layout" "-e" "RUSTDOCFLAGS=--cap-lints=forbid" "-e" "CARGO_HOME=/opt/rustwide/cargo-home" "-e" "RUSTUP_HOME=/opt/rustwide/rustup-home" "-w" "/opt/rustwide/workdir" "-m" "1610612736" "--user" "0:0" "--network" "none" "ghcr.io/rust-lang/crates-build-env/linux@sha256:4a844ea9eb2546a2d2c7022eacef16ef2e8229c7fbb2c7d4d55a9ceca922f72d" "/opt/rustwide/cargo-home/bin/cargo" "+nightly-2024-10-28" "test" "--frozen", kill_on_drop: false }`
[INFO] [stdout] e998184bc633875ad32fa85a7e01de6a9d92af7b9b7b8678b9973a01db6076f5
[INFO] running `Command { std: "docker" "start" "-a" "e998184bc633875ad32fa85a7e01de6a9d92af7b9b7b8678b9973a01db6076f5", kill_on_drop: false }`
[INFO] [stderr] warning: function `common_elements` is never used
[INFO] [stderr]   --> src/lib.rs:42:4
[INFO] [stderr]    |
[INFO] [stderr] 42 | fn common_elements(v1: Vec<i32>, v2: Vec<i32>) -> i32 {
[INFO] [stderr]    |    ^^^^^^^^^^^^^^^
[INFO] [stderr]    |
[INFO] [stderr]    = note: `#[warn(dead_code)]` on by default
[INFO] [stderr] 
[INFO] [stderr] warning: constant `PAD` is never used
[INFO] [stderr]   --> src/crypto.rs:27:11
[INFO] [stderr]    |
[INFO] [stderr] 27 |     const PAD: char = '=';
[INFO] [stderr]    |           ^^^
[INFO] [stderr] 
[INFO] [stderr] warning: function `bytes_to_hex_string` is never used
[INFO] [stderr]    --> src/crypto.rs:143:4
[INFO] [stderr]     |
[INFO] [stderr] 143 | fn bytes_to_hex_string(bytes: Vec<u8>) -> String {
[INFO] [stderr]     |    ^^^^^^^^^^^^^^^^^^^
[INFO] [stderr] 
[INFO] [stderr] warning: `rust-examples` (lib) generated 3 warnings
[INFO] [stderr] warning: constant `PAD` is never used
[INFO] [stderr]   --> src/crypto.rs:27:11
[INFO] [stderr]    |
[INFO] [stderr] 27 |     const PAD: char = '=';
[INFO] [stderr]    |           ^^^
[INFO] [stderr]    |
[INFO] [stderr]    = note: `#[warn(dead_code)]` on by default
[INFO] [stderr] 
[INFO] [stderr] warning: `rust-examples` (lib test) generated 1 warning
[INFO] [stderr]     Finished `test` profile [unoptimized + debuginfo] target(s) in 0.01s
[INFO] [stderr]      Running unittests src/lib.rs (/opt/rustwide/target/debug/deps/rust_examples-37734ba962d2f115)
[INFO] [stdout] 
[INFO] [stdout] running 21 tests
[INFO] [stdout] test crypto::tests::test_base64_encoding ... ok
[INFO] [stdout] test crypto::tests::test_base64_encoding2 ... ok
[INFO] [stdout] test crypto::tests::test_hex_string_to_bytes ... ok
[INFO] [stdout] test crypto::tests::test_hex_to_char_byte ... ok
[INFO] [stdout] test crypto::tests::test_xor ... ok
[INFO] [stdout] test iterators::tests::iterator_examples_filtering ... ok
[INFO] [stdout] test crypto::tests::test_frequencies ... ok
[INFO] [stdout] test iterators::tests::iterator_examples_flatten ... ok
[INFO] [stdout] test math::tests::test_gcd ... ok
[INFO] [stdout] test sort::tests::sort_char ... ok
[INFO] [stdout] test sort::tests::sort_i8 ... ok
[INFO] [stdout] test sort::tests::sort_u8 ... ok
[INFO] [stdout] test iterators::tests::iterator_examples_folding ... ok
[INFO] [stdout] test sort::tests::sort_i32 ... ok
[INFO] [stdout] test tests::base_case_grid ... ok
[INFO] [stdout] test tests::test_common_elements ... ok
[INFO] [stdout] test trie::tests::insert_words ... ok
[INFO] [stdout] test trie::tests::insert_word ... ok
[INFO] [stdout] test trie::tests::new_trie ... ok
[INFO] [stdout] test tests::non_trivial_grid ... ok
[INFO] [stdout] test crypto::tests::xor_cipher_decrypt ... FAILED
[INFO] [stdout] 
[INFO] [stdout] failures:
[INFO] [stdout] 
[INFO] [stdout] ---- crypto::tests::xor_cipher_decrypt stdout ----
[INFO] [stdout] [src/crypto.rs:150:5] result = "58"
[INFO] [stdout] thread 'crypto::tests::xor_cipher_decrypt' panicked at src/crypto.rs:240:13:
[INFO] [stdout] assertion `left == right` failed
[INFO] [stdout]   left: "Cooking MC's like a pound of bacon"
[INFO] [stdout]  right: "2E0F020B040E0A4020234A134D0C040B08400C401D0F180E094002064D020C03020E"
[INFO] [stdout] stack backtrace:
[INFO] [stdout]    0:     0x62ab4a153a4a - std::backtrace_rs::backtrace::libunwind::trace::h207520d6e9873551
[INFO] [stdout]                                at /rustc/df4ca44d3fbc9301ee17f30f4d474e6ae4b05252/library/std/src/../../backtrace/src/backtrace/libunwind.rs:116:5
[INFO] [stdout]    1:     0x62ab4a153a4a - std::backtrace_rs::backtrace::trace_unsynchronized::h2ed7433f370e3eca
[INFO] [stdout]                                at /rustc/df4ca44d3fbc9301ee17f30f4d474e6ae4b05252/library/std/src/../../backtrace/src/backtrace/mod.rs:66:5
[INFO] [stdout]    2:     0x62ab4a153a4a - std::sys::backtrace::_print_fmt::h916fac51166b18d7
[INFO] [stdout]                                at /rustc/df4ca44d3fbc9301ee17f30f4d474e6ae4b05252/library/std/src/sys/backtrace.rs:66:9
[INFO] [stdout]    3:     0x62ab4a153a4a - <std::sys::backtrace::BacktraceLock::print::DisplayBacktrace as core::fmt::Display>::fmt::ha0a4c9b8ce3802e6
[INFO] [stdout]                                at /rustc/df4ca44d3fbc9301ee17f30f4d474e6ae4b05252/library/std/src/sys/backtrace.rs:39:26
[INFO] [stdout]    4:     0x62ab4a17b783 - core::fmt::rt::Argument::fmt::h4cfc8587d52b3eb5
[INFO] [stdout]                                at /rustc/df4ca44d3fbc9301ee17f30f4d474e6ae4b05252/library/core/src/fmt/rt.rs:177:76
[INFO] [stdout]    5:     0x62ab4a17b783 - core::fmt::write::h522cc39e5b36ae9f
[INFO] [stdout]                                at /rustc/df4ca44d3fbc9301ee17f30f4d474e6ae4b05252/library/core/src/fmt/mod.rs:1190:21
[INFO] [stdout]    6:     0x62ab4a1506b3 - std::io::Write::write_fmt::h7d3c26752da97734
[INFO] [stdout]                                at /rustc/df4ca44d3fbc9301ee17f30f4d474e6ae4b05252/library/std/src/io/mod.rs:1839:15
[INFO] [stdout]    7:     0x62ab4a153892 - std::sys::backtrace::BacktraceLock::print::h4b9e00b29e9c0942
[INFO] [stdout]                                at /rustc/df4ca44d3fbc9301ee17f30f4d474e6ae4b05252/library/std/src/sys/backtrace.rs:42:9
[INFO] [stdout]    8:     0x62ab4a154eda - std::panicking::default_hook::{{closure}}::hb59b88280d0324d9
[INFO] [stdout]                                at /rustc/df4ca44d3fbc9301ee17f30f4d474e6ae4b05252/library/std/src/panicking.rs:268:22
[INFO] [stdout]    9:     0x62ab4a154ce4 - std::panicking::default_hook::he1dd496665be4a29
[INFO] [stdout]                                at /rustc/df4ca44d3fbc9301ee17f30f4d474e6ae4b05252/library/std/src/panicking.rs:292:9
[INFO] [stdout]   10:     0x62ab4a11ead9 - <alloc::boxed::Box<F,A> as core::ops::function::Fn<Args>>::call::h4ff71de18744e1dc
[INFO] [stdout]                                at /rustc/df4ca44d3fbc9301ee17f30f4d474e6ae4b05252/library/alloc/src/boxed.rs:2468:9
[INFO] [stdout]   11:     0x62ab4a11ead9 - test::test_main::{{closure}}::hcf7c055ce117aa81
[INFO] [stdout]                                at /rustc/df4ca44d3fbc9301ee17f30f4d474e6ae4b05252/library/test/src/lib.rs:133:21
[INFO] [stdout]   12:     0x62ab4a1555d8 - <alloc::boxed::Box<F,A> as core::ops::function::Fn<Args>>::call::h1d66c6bbd60c9692
[INFO] [stdout]                                at /rustc/df4ca44d3fbc9301ee17f30f4d474e6ae4b05252/library/alloc/src/boxed.rs:2468:9
[INFO] [stdout]   13:     0x62ab4a1555d8 - std::panicking::rust_panic_with_hook::h2ff17fe8f26dfcf8
[INFO] [stdout]                                at /rustc/df4ca44d3fbc9301ee17f30f4d474e6ae4b05252/library/std/src/panicking.rs:809:13
[INFO] [stdout]   14:     0x62ab4a15539a - std::panicking::begin_panic_handler::{{closure}}::h4fad77951c07e101
[INFO] [stdout]                                at /rustc/df4ca44d3fbc9301ee17f30f4d474e6ae4b05252/library/std/src/panicking.rs:674:13
[INFO] [stdout]   15:     0x62ab4a153f29 - std::sys::backtrace::__rust_end_short_backtrace::hb1a25b3da5d0ea08
[INFO] [stdout]                                at /rustc/df4ca44d3fbc9301ee17f30f4d474e6ae4b05252/library/std/src/sys/backtrace.rs:170:18
[INFO] [stdout]   16:     0x62ab4a15502c - rust_begin_unwind
[INFO] [stdout]                                at /rustc/df4ca44d3fbc9301ee17f30f4d474e6ae4b05252/library/std/src/panicking.rs:665:5
[INFO] [stdout]   17:     0x62ab4a179b10 - core::panicking::panic_fmt::ha9db07b529f9b256
[INFO] [stdout]                                at /rustc/df4ca44d3fbc9301ee17f30f4d474e6ae4b05252/library/core/src/panicking.rs:75:14
[INFO] [stdout]   18:     0x62ab4a179f3c - core::panicking::assert_failed_inner::h04f38944d74a80a8
[INFO] [stdout]   19:     0x62ab4a0d275a - core::panicking::assert_failed::hca63b30ad98355d1
[INFO] [stdout]                                at /rustc/df4ca44d3fbc9301ee17f30f4d474e6ae4b05252/library/core/src/panicking.rs:377:5
[INFO] [stdout]   20:     0x62ab4a0e05c8 - rust_examples::crypto::tests::xor_cipher_decrypt::h45a5467aefd0cede
[INFO] [stdout]                                at /opt/rustwide/workdir/src/crypto.rs:240:13
[INFO] [stdout]   21:     0x62ab4a0e0187 - rust_examples::crypto::tests::xor_cipher_decrypt::{{closure}}::hdb8525944c66e2f9
[INFO] [stdout]                                at /opt/rustwide/workdir/src/crypto.rs:222:28
[INFO] [stdout]   22:     0x62ab4a0da1f6 - core::ops::function::FnOnce::call_once::h4dcbe6ef8874b948
[INFO] [stdout]                                at /rustc/df4ca44d3fbc9301ee17f30f4d474e6ae4b05252/library/core/src/ops/function.rs:250:5
[INFO] [stdout]   23:     0x62ab4a1233ab - core::ops::function::FnOnce::call_once::h22c3ba5715e93f05
[INFO] [stdout]                                at /rustc/df4ca44d3fbc9301ee17f30f4d474e6ae4b05252/library/core/src/ops/function.rs:250:5
[INFO] [stdout]   24:     0x62ab4a1233ab - test::__rust_begin_short_backtrace::h8e82d8113d0da17f
[INFO] [stdout]                                at /rustc/df4ca44d3fbc9301ee17f30f4d474e6ae4b05252/library/test/src/lib.rs:621:18
[INFO] [stdout]   25:     0x62ab4a122d27 - test::run_test_in_process::{{closure}}::h33235f4f20b7b7c7
[INFO] [stdout]                                at /rustc/df4ca44d3fbc9301ee17f30f4d474e6ae4b05252/library/test/src/lib.rs:644:60
[INFO] [stdout]   26:     0x62ab4a122d27 - <core::panic::unwind_safe::AssertUnwindSafe<F> as core::ops::function::FnOnce<()>>::call_once::hb5043206310c586f
[INFO] [stdout]                                at /rustc/df4ca44d3fbc9301ee17f30f4d474e6ae4b05252/library/core/src/panic/unwind_safe.rs:272:9
[INFO] [stdout]   27:     0x62ab4a122d27 - std::panicking::try::do_call::h9ad4731a60ab23e2
[INFO] [stdout]                                at /rustc/df4ca44d3fbc9301ee17f30f4d474e6ae4b05252/library/std/src/panicking.rs:557:40
[INFO] [stdout]   28:     0x62ab4a122d27 - std::panicking::try::h3824d23db772a716
[INFO] [stdout]                                at /rustc/df4ca44d3fbc9301ee17f30f4d474e6ae4b05252/library/std/src/panicking.rs:520:19
[INFO] [stdout]   29:     0x62ab4a122d27 - std::panic::catch_unwind::h5afd514605fde46b
[INFO] [stdout]                                at /rustc/df4ca44d3fbc9301ee17f30f4d474e6ae4b05252/library/std/src/panic.rs:358:14
[INFO] [stdout]   30:     0x62ab4a122d27 - test::run_test_in_process::h0d5cbfa7067d1720
[INFO] [stdout]                                at /rustc/df4ca44d3fbc9301ee17f30f4d474e6ae4b05252/library/test/src/lib.rs:644:27
[INFO] [stdout]   31:     0x62ab4a122d27 - test::run_test::{{closure}}::h708eb8872708115d
[INFO] [stdout]                                at /rustc/df4ca44d3fbc9301ee17f30f4d474e6ae4b05252/library/test/src/lib.rs:565:43
[INFO] [stdout]   32:     0x62ab4a0e6444 - test::run_test::{{closure}}::h392c51cee94713ab
[INFO] [stdout]                                at /rustc/df4ca44d3fbc9301ee17f30f4d474e6ae4b05252/library/test/src/lib.rs:595:41
[INFO] [stdout]   33:     0x62ab4a0e6444 - std::sys::backtrace::__rust_begin_short_backtrace::h2f40290710935a8b
[INFO] [stdout]                                at /rustc/df4ca44d3fbc9301ee17f30f4d474e6ae4b05252/library/std/src/sys/backtrace.rs:154:18
[INFO] [stdout]   34:     0x62ab4a0e9bee - std::thread::Builder::spawn_unchecked_::{{closure}}::{{closure}}::h3fd968d89053a903
[INFO] [stdout]                                at /rustc/df4ca44d3fbc9301ee17f30f4d474e6ae4b05252/library/std/src/thread/mod.rs:541:17
[INFO] [stdout]   35:     0x62ab4a0e9bee - <core::panic::unwind_safe::AssertUnwindSafe<F> as core::ops::function::FnOnce<()>>::call_once::h743f637ba4229880
[INFO] [stdout]                                at /rustc/df4ca44d3fbc9301ee17f30f4d474e6ae4b05252/library/core/src/panic/unwind_safe.rs:272:9
[INFO] [stdout]   36:     0x62ab4a0e9bee - std::panicking::try::do_call::h07440897322525a6
[INFO] [stdout]                                at /rustc/df4ca44d3fbc9301ee17f30f4d474e6ae4b05252/library/std/src/panicking.rs:557:40
[INFO] [stdout]   37:     0x62ab4a0e9bee - std::panicking::try::he5a2e00188156637
[INFO] [stdout]                                at /rustc/df4ca44d3fbc9301ee17f30f4d474e6ae4b05252/library/std/src/panicking.rs:520:19
[INFO] [stdout]   38:     0x62ab4a0e9bee - std::panic::catch_unwind::hbaf3cae49b3c6433
[INFO] [stdout]                                at /rustc/df4ca44d3fbc9301ee17f30f4d474e6ae4b05252/library/std/src/panic.rs:358:14
[INFO] [stdout]   39:     0x62ab4a0e9bee - std::thread::Builder::spawn_unchecked_::{{closure}}::h8e141ea224820bce
[INFO] [stdout]                                at /rustc/df4ca44d3fbc9301ee17f30f4d474e6ae4b05252/library/std/src/thread/mod.rs:540:30
[INFO] [stdout]   40:     0x62ab4a0e9bee - core::ops::function::FnOnce::call_once{{vtable.shim}}::h90d312fedd7b8ea8
[INFO] [stdout]                                at /rustc/df4ca44d3fbc9301ee17f30f4d474e6ae4b05252/library/core/src/ops/function.rs:250:5
[INFO] [stdout]   41:     0x62ab4a1593cb - <alloc::boxed::Box<F,A> as core::ops::function::FnOnce<Args>>::call_once::h69aa08ddb6adb8b6
[INFO] [stdout]                                at /rustc/df4ca44d3fbc9301ee17f30f4d474e6ae4b05252/library/alloc/src/boxed.rs:2454:9
[INFO] [stdout]   42:     0x62ab4a1593cb - <alloc::boxed::Box<F,A> as core::ops::function::FnOnce<Args>>::call_once::h5aa36efdb79c806f
[INFO] [stdout]                                at /rustc/df4ca44d3fbc9301ee17f30f4d474e6ae4b05252/library/alloc/src/boxed.rs:2454:9
[INFO] [stdout]   43:     0x62ab4a1593cb - std::sys::pal::unix::thread::Thread::new::thread_start::h6cd80a1b4be5158d
[INFO] [stdout]                                at /rustc/df4ca44d3fbc9301ee17f30f4d474e6ae4b05252/library/std/src/sys/pal/unix/thread.rs:105:17
[INFO] [stdout]   44:     0x7bc300f6bac3 - <unknown>
[INFO] [stdout]   45:     0x7bc300ffca04 - clone
[INFO] [stdout]   46:                0x0 - <unknown>
[INFO] [stdout] 
[INFO] [stdout] 
[INFO] [stdout] failures:
[INFO] [stdout]     crypto::tests::xor_cipher_decrypt
[INFO] [stdout] 
[INFO] [stdout] test result: FAILED. 20 passed; 1 failed; 0 ignored; 0 measured; 0 filtered out; finished in 0.02s
[INFO] [stdout] 
[INFO] [stderr] error: test failed, to rerun pass `--lib`
[INFO] running `Command { std: "docker" "inspect" "e998184bc633875ad32fa85a7e01de6a9d92af7b9b7b8678b9973a01db6076f5", kill_on_drop: false }`
[INFO] running `Command { std: "docker" "rm" "-f" "e998184bc633875ad32fa85a7e01de6a9d92af7b9b7b8678b9973a01db6076f5", kill_on_drop: false }`
[INFO] [stdout] e998184bc633875ad32fa85a7e01de6a9d92af7b9b7b8678b9973a01db6076f5
