[INFO] cloning repository https://github.com/KSXGitHub/build-fs-tree
[INFO] running `Command { std: "git" "-c" "credential.helper=" "-c" "credential.helper=/workspace/cargo-home/bin/git-credential-null" "clone" "--bare" "https://github.com/KSXGitHub/build-fs-tree" "/workspace/cache/git-repos/https%3A%2F%2Fgithub.com%2FKSXGitHub%2Fbuild-fs-tree", kill_on_drop: false }`
[INFO] [stderr] Cloning into bare repository '/workspace/cache/git-repos/https%3A%2F%2Fgithub.com%2FKSXGitHub%2Fbuild-fs-tree'...
[INFO] running `Command { std: "git" "rev-parse" "HEAD", kill_on_drop: false }`
[INFO] [stdout] 94965b593d11a35dc8eb84c3c967dea7878da3e9
[INFO] testing KSXGitHub/build-fs-tree/94965b593d11a35dc8eb84c3c967dea7878da3e9 against nightly-2024-10-28 for randomize-layout
[INFO] running `Command { std: "git" "clone" "/workspace/cache/git-repos/https%3A%2F%2Fgithub.com%2FKSXGitHub%2Fbuild-fs-tree" "/workspace/builds/worker-7-tc1/source", kill_on_drop: false }`
[INFO] [stderr] Cloning into '/workspace/builds/worker-7-tc1/source'...
[INFO] [stderr] done.
[INFO] validating manifest of git repo https://github.com/KSXGitHub/build-fs-tree on toolchain nightly-2024-10-28
[INFO] running `Command { std: CARGO_HOME="/workspace/cargo-home" RUSTUP_HOME="/workspace/rustup-home" "/workspace/cargo-home/bin/cargo" "+nightly-2024-10-28" "metadata" "--manifest-path" "Cargo.toml" "--no-deps", kill_on_drop: false }`
[INFO] removed /workspace/builds/worker-7-tc1/source/rust-toolchain
[INFO] started tweaking git repo https://github.com/KSXGitHub/build-fs-tree
[INFO] finished tweaking git repo https://github.com/KSXGitHub/build-fs-tree
[INFO] tweaked toml for git repo https://github.com/KSXGitHub/build-fs-tree written to /workspace/builds/worker-7-tc1/source/Cargo.toml
[INFO] crate git repo https://github.com/KSXGitHub/build-fs-tree already has a lockfile, it will not be regenerated
[INFO] running `Command { std: CARGO_HOME="/workspace/cargo-home" RUSTUP_HOME="/workspace/rustup-home" "/workspace/cargo-home/bin/cargo" "+nightly-2024-10-28" "fetch" "--manifest-path" "Cargo.toml", kill_on_drop: false }`
[INFO] [stderr]     Updating crates.io index
[INFO] [stderr]  Downloading crates ...
[INFO] [stderr]   Downloaded text-block-macros v0.1.1
[INFO] [stderr]   Downloaded pipe-trait v0.4.0
[INFO] [stderr]   Downloaded command-extra v1.0.0
[INFO] [stderr]   Downloaded cargo_toml v0.20.4
[INFO] [stderr]   Downloaded clap-utilities v0.2.0
[INFO] [stderr]   Downloaded clap_complete v4.0.3
[INFO] [stderr]   Downloaded syn v1.0.104
[INFO] running `Command { std: "docker" "create" "-v" "/var/lib/crater-agent-workspace/builds/worker-7-tc1/target:/opt/rustwide/target:rw,Z" "-v" "/var/lib/crater-agent-workspace/builds/worker-7-tc1/source:/opt/rustwide/workdir:ro,Z" "-v" "/var/lib/crater-agent-workspace/cargo-home:/opt/rustwide/cargo-home:ro,Z" "-v" "/var/lib/crater-agent-workspace/rustup-home:/opt/rustwide/rustup-home:ro,Z" "-e" "SOURCE_DIR=/opt/rustwide/workdir" "-e" "CARGO_TARGET_DIR=/opt/rustwide/target" "-e" "CARGO_HOME=/opt/rustwide/cargo-home" "-e" "RUSTUP_HOME=/opt/rustwide/rustup-home" "-w" "/opt/rustwide/workdir" "-m" "1610612736" "--user" "0:0" "--network" "none" "ghcr.io/rust-lang/crates-build-env/linux@sha256:4a844ea9eb2546a2d2c7022eacef16ef2e8229c7fbb2c7d4d55a9ceca922f72d" "/opt/rustwide/cargo-home/bin/cargo" "+nightly-2024-10-28" "metadata" "--no-deps" "--format-version=1", kill_on_drop: false }`
[INFO] [stdout] 849084daee901b731adebb0e0ef6fa0e11271483be1b280238f02fe218014586
[INFO] running `Command { std: "docker" "start" "-a" "849084daee901b731adebb0e0ef6fa0e11271483be1b280238f02fe218014586", kill_on_drop: false }`
[INFO] running `Command { std: "docker" "inspect" "849084daee901b731adebb0e0ef6fa0e11271483be1b280238f02fe218014586", kill_on_drop: false }`
[INFO] running `Command { std: "docker" "rm" "-f" "849084daee901b731adebb0e0ef6fa0e11271483be1b280238f02fe218014586", kill_on_drop: false }`
[INFO] [stdout] 849084daee901b731adebb0e0ef6fa0e11271483be1b280238f02fe218014586
[INFO] running `Command { std: "docker" "create" "-v" "/var/lib/crater-agent-workspace/builds/worker-7-tc1/target:/opt/rustwide/target:rw,Z" "-v" "/var/lib/crater-agent-workspace/builds/worker-7-tc1/source:/opt/rustwide/workdir:ro,Z" "-v" "/var/lib/crater-agent-workspace/cargo-home:/opt/rustwide/cargo-home:ro,Z" "-v" "/var/lib/crater-agent-workspace/rustup-home:/opt/rustwide/rustup-home:ro,Z" "-e" "SOURCE_DIR=/opt/rustwide/workdir" "-e" "CARGO_TARGET_DIR=/opt/rustwide/target" "-e" "CARGO_INCREMENTAL=0" "-e" "RUST_BACKTRACE=full" "-e" "RUSTFLAGS=--cap-lints=forbid" "-e" "RUSTDOCFLAGS=--cap-lints=forbid" "-e" "CARGO_HOME=/opt/rustwide/cargo-home" "-e" "RUSTUP_HOME=/opt/rustwide/rustup-home" "-w" "/opt/rustwide/workdir" "-m" "1610612736" "--user" "0:0" "--network" "none" "ghcr.io/rust-lang/crates-build-env/linux@sha256:4a844ea9eb2546a2d2c7022eacef16ef2e8229c7fbb2c7d4d55a9ceca922f72d" "/opt/rustwide/cargo-home/bin/cargo" "+nightly-2024-10-28" "build" "--frozen" "--message-format=json", kill_on_drop: false }`
[INFO] [stdout] 0e26ec24a3d8172c9aade8de678cbf02949d56c61ce70ad39cf97db84a01b4c1
[INFO] running `Command { std: "docker" "start" "-a" "0e26ec24a3d8172c9aade8de678cbf02949d56c61ce70ad39cf97db84a01b4c1", kill_on_drop: false }`
[INFO] [stderr]    Compiling unicode-ident v1.0.3
[INFO] [stderr]    Compiling serde v1.0.208
[INFO] [stderr]    Compiling hashbrown v0.14.5
[INFO] [stderr]    Compiling libc v0.2.156
[INFO] [stderr]    Compiling winnow v0.6.18
[INFO] [stderr]    Compiling semver v1.0.23
[INFO] [stderr]    Compiling itoa v1.0.3
[INFO] [stderr]    Compiling ryu v1.0.11
[INFO] [stderr]    Compiling unsafe-libyaml v0.2.11
[INFO] [stderr]    Compiling text-block-macros v0.1.1
[INFO] [stderr]    Compiling pipe-trait v0.4.0
[INFO] [stderr]    Compiling diff v0.1.13
[INFO] [stderr]    Compiling maplit v1.0.2
[INFO] [stderr]    Compiling command-extra v1.0.0
[INFO] [stderr]    Compiling proc-macro2 v1.0.86
[INFO] [stderr]    Compiling pretty_assertions v1.4.0
[INFO] [stderr]    Compiling quote v1.0.36
[INFO] [stderr]    Compiling syn v2.0.74
[INFO] [stderr]    Compiling indexmap v2.4.0
[INFO] [stderr]    Compiling getrandom v0.2.15
[INFO] [stderr]    Compiling rand_core v0.6.4
[INFO] [stderr]    Compiling serde_derive v1.0.208
[INFO] [stderr]    Compiling zerocopy-derive v0.7.35
[INFO] [stderr]    Compiling derive_more-impl v1.0.0
[INFO] [stderr]    Compiling zerocopy v0.7.35
[INFO] [stderr]    Compiling ppv-lite86 v0.2.20
[INFO] [stderr]    Compiling rand_chacha v0.3.1
[INFO] [stderr]    Compiling rand v0.8.5
[INFO] [stderr]    Compiling derive_more v1.0.0
[INFO] [stderr]    Compiling toml_datetime v0.6.8
[INFO] [stderr]    Compiling serde_spanned v0.6.7
[INFO] [stderr]    Compiling serde_yaml v0.9.34+deprecated
[INFO] [stderr]    Compiling toml_edit v0.22.20
[INFO] [stderr]    Compiling build-fs-tree v0.7.1 (/opt/rustwide/workdir/src)
[INFO] [stderr]    Compiling toml v0.8.19
[INFO] [stderr]    Compiling cargo_toml v0.20.4
[INFO] [stderr]    Compiling private-test-utils v0.0.0 (/opt/rustwide/workdir/test)
[INFO] [stderr]     Finished `dev` profile [unoptimized + debuginfo] target(s) in 10.31s
[INFO] running `Command { std: "docker" "inspect" "0e26ec24a3d8172c9aade8de678cbf02949d56c61ce70ad39cf97db84a01b4c1", kill_on_drop: false }`
[INFO] running `Command { std: "docker" "rm" "-f" "0e26ec24a3d8172c9aade8de678cbf02949d56c61ce70ad39cf97db84a01b4c1", kill_on_drop: false }`
[INFO] [stdout] 0e26ec24a3d8172c9aade8de678cbf02949d56c61ce70ad39cf97db84a01b4c1
[INFO] running `Command { std: "docker" "create" "-v" "/var/lib/crater-agent-workspace/builds/worker-7-tc1/target:/opt/rustwide/target:rw,Z" "-v" "/var/lib/crater-agent-workspace/builds/worker-7-tc1/source:/opt/rustwide/workdir:ro,Z" "-v" "/var/lib/crater-agent-workspace/cargo-home:/opt/rustwide/cargo-home:ro,Z" "-v" "/var/lib/crater-agent-workspace/rustup-home:/opt/rustwide/rustup-home:ro,Z" "-e" "SOURCE_DIR=/opt/rustwide/workdir" "-e" "CARGO_TARGET_DIR=/opt/rustwide/target" "-e" "CARGO_INCREMENTAL=0" "-e" "RUST_BACKTRACE=full" "-e" "RUSTFLAGS=--cap-lints=forbid" "-e" "RUSTDOCFLAGS=--cap-lints=forbid" "-e" "CARGO_HOME=/opt/rustwide/cargo-home" "-e" "RUSTUP_HOME=/opt/rustwide/rustup-home" "-w" "/opt/rustwide/workdir" "-m" "1610612736" "--user" "0:0" "--network" "none" "ghcr.io/rust-lang/crates-build-env/linux@sha256:4a844ea9eb2546a2d2c7022eacef16ef2e8229c7fbb2c7d4d55a9ceca922f72d" "/opt/rustwide/cargo-home/bin/cargo" "+nightly-2024-10-28" "test" "--frozen" "--no-run" "--message-format=json", kill_on_drop: false }`
[INFO] [stdout] ca76440d6ef4531ed9989bb28101415325656e279fa6a117d6937c5db9bd964f
[INFO] running `Command { std: "docker" "start" "-a" "ca76440d6ef4531ed9989bb28101415325656e279fa6a117d6937c5db9bd964f", kill_on_drop: false }`
[INFO] [stderr]    Compiling build-fs-tree v0.7.1 (/opt/rustwide/workdir/src)
[INFO] [stderr]    Compiling private-test-utils v0.0.0 (/opt/rustwide/workdir/test)
[INFO] [stderr]     Finished `test` profile [unoptimized + debuginfo] target(s) in 1.02s
[INFO] running `Command { std: "docker" "inspect" "ca76440d6ef4531ed9989bb28101415325656e279fa6a117d6937c5db9bd964f", kill_on_drop: false }`
[INFO] running `Command { std: "docker" "rm" "-f" "ca76440d6ef4531ed9989bb28101415325656e279fa6a117d6937c5db9bd964f", kill_on_drop: false }`
[INFO] [stdout] ca76440d6ef4531ed9989bb28101415325656e279fa6a117d6937c5db9bd964f
[INFO] running `Command { std: "docker" "create" "-v" "/var/lib/crater-agent-workspace/builds/worker-7-tc1/target:/opt/rustwide/target:rw,Z" "-v" "/var/lib/crater-agent-workspace/builds/worker-7-tc1/source:/opt/rustwide/workdir:ro,Z" "-v" "/var/lib/crater-agent-workspace/cargo-home:/opt/rustwide/cargo-home:ro,Z" "-v" "/var/lib/crater-agent-workspace/rustup-home:/opt/rustwide/rustup-home:ro,Z" "-e" "SOURCE_DIR=/opt/rustwide/workdir" "-e" "CARGO_TARGET_DIR=/opt/rustwide/target" "-e" "CARGO_INCREMENTAL=0" "-e" "RUST_BACKTRACE=full" "-e" "RUSTFLAGS=--cap-lints=forbid" "-e" "RUSTDOCFLAGS=--cap-lints=forbid" "-e" "CARGO_HOME=/opt/rustwide/cargo-home" "-e" "RUSTUP_HOME=/opt/rustwide/rustup-home" "-w" "/opt/rustwide/workdir" "-m" "1610612736" "--user" "0:0" "--network" "none" "ghcr.io/rust-lang/crates-build-env/linux@sha256:4a844ea9eb2546a2d2c7022eacef16ef2e8229c7fbb2c7d4d55a9ceca922f72d" "/opt/rustwide/cargo-home/bin/cargo" "+nightly-2024-10-28" "test" "--frozen", kill_on_drop: false }`
[INFO] [stdout] 8e0828f6e429878835706b45dfbbde538d55ee5532dd6174c705169a259f885f
[INFO] running `Command { std: "docker" "start" "-a" "8e0828f6e429878835706b45dfbbde538d55ee5532dd6174c705169a259f885f", kill_on_drop: false }`
[INFO] [stderr]     Finished `test` profile [unoptimized + debuginfo] target(s) in 0.04s
[INFO] [stderr]      Running unittests lib.rs (/opt/rustwide/target/debug/deps/build_fs_tree-f0c185f3991b4ab7)
[INFO] [stdout] 
[INFO] [stdout] running 0 tests
[INFO] [stdout] 
[INFO] [stdout] test result: ok. 0 passed; 0 failed; 0 ignored; 0 measured; 0 filtered out; finished in 0.00s
[INFO] [stdout] 
[INFO] [stderr]      Running unittests lib.rs (/opt/rustwide/target/debug/deps/private_test_utils-d73edea2947f1251)
[INFO] [stdout] 
[INFO] [stdout] running 31 tests
[INFO] [stdout] test macros::optional_commas ... ok
[INFO] [stdout] test macros::path_buf_str_slice ... ok
[INFO] [stdout] test macros::path_buf_u8_vec ... ok
[INFO] [stdout] test macros::str_slice_str_slice ... ok
[INFO] [stdout] test macros::string_str_slice ... ok
[INFO] [stdout] test macros::str_slice_string ... ok
[INFO] [stdout] test macros::string_string ... ok
[INFO] [stdout] test tree::path::empty_path ... ok
[INFO] [stdout] test build::mergeable_build_conflict_file_on_dir ... ok
[INFO] [stdout] test build::str_slice_string ... ok
[INFO] [stdout] test build::str_slice_str_slice ... ok
[INFO] [stdout] test build::mergeable_build_conflict_dir_on_file ... ok
[INFO] [stdout] test build::string_string ... ok
[INFO] [stdout] test tree::path::to_a_dir ... ok
[INFO] [stdout] test build::path_buf_str_slice ... ok
[INFO] [stdout] test tree::path::to_a_file ... ok
[INFO] [stdout] test tree::path_mut::mutate ... ok
[INFO] [stdout] test tree::path::to_an_empty_dir ... ok
[INFO] [stdout] test tree::path_mut::to_nothing ... ok
[INFO] [stdout] test tree::path::to_nothing_1 ... ok
[INFO] [stdout] test tree::path::to_nothing_2 ... ok
[INFO] [stdout] test build::mergeable_build_ensure_dir_to_write_file ... ok
[INFO] [stdout] test build::string_str_slice ... ok
[INFO] [stdout] test build::unmergeable_build ... ok
[INFO] [stdout] test yaml::serialize ... ok
[INFO] [stdout] test yaml::deserialize_mergeable ... ok
[INFO] [stdout] test yaml::deserialize ... ok
[INFO] [stdout] test yaml::serialize_mergeable ... ok
[INFO] [stdout] test build::mergeable_build ... ok
[INFO] [stdout] test build::path_buf_u8_vec ... ok
[INFO] [stdout] test rust_version::rust_version_matches_rust_toolchain ... FAILED
[INFO] [stdout] 
[INFO] [stdout] failures:
[INFO] [stdout] 
[INFO] [stdout] ---- rust_version::rust_version_matches_rust_toolchain stdout ----
[INFO] [stdout] thread 'rust_version::rust_version_matches_rust_toolchain' panicked at test/lib.rs:212:10:
[INFO] [stdout] read rust-toolchain: Os { code: 2, kind: NotFound, message: "No such file or directory" }
[INFO] [stdout] stack backtrace:
[INFO] [stdout]    0:     0x5a762219c60a - std::backtrace_rs::backtrace::libunwind::trace::h207520d6e9873551
[INFO] [stdout]                                at /rustc/df4ca44d3fbc9301ee17f30f4d474e6ae4b05252/library/std/src/../../backtrace/src/backtrace/libunwind.rs:116:5
[INFO] [stdout]    1:     0x5a762219c60a - std::backtrace_rs::backtrace::trace_unsynchronized::h2ed7433f370e3eca
[INFO] [stdout]                                at /rustc/df4ca44d3fbc9301ee17f30f4d474e6ae4b05252/library/std/src/../../backtrace/src/backtrace/mod.rs:66:5
[INFO] [stdout]    2:     0x5a762219c60a - std::sys::backtrace::_print_fmt::h916fac51166b18d7
[INFO] [stdout]                                at /rustc/df4ca44d3fbc9301ee17f30f4d474e6ae4b05252/library/std/src/sys/backtrace.rs:66:9
[INFO] [stdout]    3:     0x5a762219c60a - <std::sys::backtrace::BacktraceLock::print::DisplayBacktrace as core::fmt::Display>::fmt::ha0a4c9b8ce3802e6
[INFO] [stdout]                                at /rustc/df4ca44d3fbc9301ee17f30f4d474e6ae4b05252/library/std/src/sys/backtrace.rs:39:26
[INFO] [stdout]    4:     0x5a76221c5cd3 - core::fmt::rt::Argument::fmt::h4cfc8587d52b3eb5
[INFO] [stdout]                                at /rustc/df4ca44d3fbc9301ee17f30f4d474e6ae4b05252/library/core/src/fmt/rt.rs:177:76
[INFO] [stdout]    5:     0x5a76221c5cd3 - core::fmt::write::h522cc39e5b36ae9f
[INFO] [stdout]                                at /rustc/df4ca44d3fbc9301ee17f30f4d474e6ae4b05252/library/core/src/fmt/mod.rs:1190:21
[INFO] [stdout]    6:     0x5a7622198a83 - std::io::Write::write_fmt::h7d3c26752da97734
[INFO] [stdout]                                at /rustc/df4ca44d3fbc9301ee17f30f4d474e6ae4b05252/library/std/src/io/mod.rs:1839:15
[INFO] [stdout]    7:     0x5a762219c452 - std::sys::backtrace::BacktraceLock::print::h4b9e00b29e9c0942
[INFO] [stdout]                                at /rustc/df4ca44d3fbc9301ee17f30f4d474e6ae4b05252/library/std/src/sys/backtrace.rs:42:9
[INFO] [stdout]    8:     0x5a762219da9a - std::panicking::default_hook::{{closure}}::hb59b88280d0324d9
[INFO] [stdout]                                at /rustc/df4ca44d3fbc9301ee17f30f4d474e6ae4b05252/library/std/src/panicking.rs:268:22
[INFO] [stdout]    9:     0x5a762219d8a4 - std::panicking::default_hook::he1dd496665be4a29
[INFO] [stdout]                                at /rustc/df4ca44d3fbc9301ee17f30f4d474e6ae4b05252/library/std/src/panicking.rs:292:9
[INFO] [stdout]   10:     0x5a7621e24f59 - <alloc::boxed::Box<F,A> as core::ops::function::Fn<Args>>::call::h4ff71de18744e1dc
[INFO] [stdout]                                at /rustc/df4ca44d3fbc9301ee17f30f4d474e6ae4b05252/library/alloc/src/boxed.rs:2468:9
[INFO] [stdout]   11:     0x5a7621e24f59 - test::test_main::{{closure}}::hcf7c055ce117aa81
[INFO] [stdout]                                at /rustc/df4ca44d3fbc9301ee17f30f4d474e6ae4b05252/library/test/src/lib.rs:133:21
[INFO] [stdout]   12:     0x5a762219e198 - <alloc::boxed::Box<F,A> as core::ops::function::Fn<Args>>::call::h1d66c6bbd60c9692
[INFO] [stdout]                                at /rustc/df4ca44d3fbc9301ee17f30f4d474e6ae4b05252/library/alloc/src/boxed.rs:2468:9
[INFO] [stdout]   13:     0x5a762219e198 - std::panicking::rust_panic_with_hook::h2ff17fe8f26dfcf8
[INFO] [stdout]                                at /rustc/df4ca44d3fbc9301ee17f30f4d474e6ae4b05252/library/std/src/panicking.rs:809:13
[INFO] [stdout]   14:     0x5a762219df5a - std::panicking::begin_panic_handler::{{closure}}::h4fad77951c07e101
[INFO] [stdout]                                at /rustc/df4ca44d3fbc9301ee17f30f4d474e6ae4b05252/library/std/src/panicking.rs:674:13
[INFO] [stdout]   15:     0x5a762219cae9 - std::sys::backtrace::__rust_end_short_backtrace::hb1a25b3da5d0ea08
[INFO] [stdout]                                at /rustc/df4ca44d3fbc9301ee17f30f4d474e6ae4b05252/library/std/src/sys/backtrace.rs:170:18
[INFO] [stdout]   16:     0x5a762219dbec - rust_begin_unwind
[INFO] [stdout]                                at /rustc/df4ca44d3fbc9301ee17f30f4d474e6ae4b05252/library/std/src/panicking.rs:665:5
[INFO] [stdout]   17:     0x5a76221c3d50 - core::panicking::panic_fmt::ha9db07b529f9b256
[INFO] [stdout]                                at /rustc/df4ca44d3fbc9301ee17f30f4d474e6ae4b05252/library/core/src/panicking.rs:75:14
[INFO] [stdout]   18:     0x5a76221c41f6 - core::result::unwrap_failed::h5e8218e4d4338b8a
[INFO] [stdout]                                at /rustc/df4ca44d3fbc9301ee17f30f4d474e6ae4b05252/library/core/src/result.rs:1698:5
[INFO] [stdout]   19:     0x5a7621dba1a4 - core::result::Result<T,E>::expect::h13a81611939fb96d
[INFO] [stdout]                                at /rustc/df4ca44d3fbc9301ee17f30f4d474e6ae4b05252/library/core/src/result.rs:1060:23
[INFO] [stdout]   20:     0x5a7621de69ee - private_test_utils::RUST_TOOLCHAIN::{{closure}}::h96f44976e6bd9855
[INFO] [stdout]                                at /opt/rustwide/workdir/test/lib.rs:207:5
[INFO] [stdout]   21:     0x5a7621dae9c6 - core::ops::function::FnOnce::call_once::h6aa4202972b52fcf
[INFO] [stdout]                                at /rustc/df4ca44d3fbc9301ee17f30f4d474e6ae4b05252/library/core/src/ops/function.rs:250:5
[INFO] [stdout]   22:     0x5a7621daedf2 - core::ops::function::FnOnce::call_once::hac849bcba946823f
[INFO] [stdout]                                at /rustc/df4ca44d3fbc9301ee17f30f4d474e6ae4b05252/library/core/src/ops/function.rs:250:5
[INFO] [stdout]   23:     0x5a7621d781f9 - std::sync::lazy_lock::LazyLock<T,F>::force::{{closure}}::h380075290c1c23ef
[INFO] [stdout]                                at /rustc/df4ca44d3fbc9301ee17f30f4d474e6ae4b05252/library/std/src/sync/lazy_lock.rs:212:25
[INFO] [stdout]   24:     0x5a7621d73ae8 - std::sync::once::Once::call_once::{{closure}}::h42f5f34e0bd8d5ef
[INFO] [stdout]                                at /rustc/df4ca44d3fbc9301ee17f30f4d474e6ae4b05252/library/std/src/sync/once.rs:158:41
[INFO] [stdout]   25:     0x5a76221a6e33 - std::sys::sync::once::futex::Once::call::h71269da0f72c5b8f
[INFO] [stdout]                                at /rustc/df4ca44d3fbc9301ee17f30f4d474e6ae4b05252/library/std/src/sys/sync/once/futex.rs:176:21
[INFO] [stdout]   26:     0x5a7621d73a54 - std::sync::once::Once::call_once::hf907b29e71154eac
[INFO] [stdout]                                at /rustc/df4ca44d3fbc9301ee17f30f4d474e6ae4b05252/library/std/src/sync/once.rs:158:9
[INFO] [stdout]   27:     0x5a7621d79484 - std::sync::lazy_lock::LazyLock<T,F>::force::hbba2444e5443a369
[INFO] [stdout]                                at /rustc/df4ca44d3fbc9301ee17f30f4d474e6ae4b05252/library/std/src/sync/lazy_lock.rs:208:9
[INFO] [stdout]   28:     0x5a7621d79484 - <std::sync::lazy_lock::LazyLock<T,F> as core::ops::deref::Deref>::deref::hb989338fe0761ab9
[INFO] [stdout]                                at /rustc/df4ca44d3fbc9301ee17f30f4d474e6ae4b05252/library/std/src/sync/lazy_lock.rs:311:9
[INFO] [stdout]   29:     0x5a7621d84be3 - private_test_utils::rust_version::rust_version_matches_rust_toolchain::h66183ac99b292380
[INFO] [stdout]                                at /opt/rustwide/workdir/test/rust_version.rs:6:27
[INFO] [stdout]   30:     0x5a7621d84bb7 - private_test_utils::rust_version::rust_version_matches_rust_toolchain::{{closure}}::h9f7496329d170ec4
[INFO] [stdout]                                at /opt/rustwide/workdir/test/rust_version.rs:5:41
[INFO] [stdout]   31:     0x5a7621dae7a6 - core::ops::function::FnOnce::call_once::h4e66c91aa1e37191
[INFO] [stdout]                                at /rustc/df4ca44d3fbc9301ee17f30f4d474e6ae4b05252/library/core/src/ops/function.rs:250:5
[INFO] [stdout]   32:     0x5a7621e2982b - core::ops::function::FnOnce::call_once::h22c3ba5715e93f05
[INFO] [stdout]                                at /rustc/df4ca44d3fbc9301ee17f30f4d474e6ae4b05252/library/core/src/ops/function.rs:250:5
[INFO] [stdout]   33:     0x5a7621e2982b - test::__rust_begin_short_backtrace::h8e82d8113d0da17f
[INFO] [stdout]                                at /rustc/df4ca44d3fbc9301ee17f30f4d474e6ae4b05252/library/test/src/lib.rs:621:18
[INFO] [stdout]   34:     0x5a7621e291a7 - test::run_test_in_process::{{closure}}::h33235f4f20b7b7c7
[INFO] [stdout]                                at /rustc/df4ca44d3fbc9301ee17f30f4d474e6ae4b05252/library/test/src/lib.rs:644:60
[INFO] [stdout]   35:     0x5a7621e291a7 - <core::panic::unwind_safe::AssertUnwindSafe<F> as core::ops::function::FnOnce<()>>::call_once::hb5043206310c586f
[INFO] [stdout]                                at /rustc/df4ca44d3fbc9301ee17f30f4d474e6ae4b05252/library/core/src/panic/unwind_safe.rs:272:9
[INFO] [stdout]   36:     0x5a7621e291a7 - std::panicking::try::do_call::h9ad4731a60ab23e2
[INFO] [stdout]                                at /rustc/df4ca44d3fbc9301ee17f30f4d474e6ae4b05252/library/std/src/panicking.rs:557:40
[INFO] [stdout]   37:     0x5a7621e291a7 - std::panicking::try::h3824d23db772a716
[INFO] [stdout]                                at /rustc/df4ca44d3fbc9301ee17f30f4d474e6ae4b05252/library/std/src/panicking.rs:520:19
[INFO] [stdout]   38:     0x5a7621e291a7 - std::panic::catch_unwind::h5afd514605fde46b
[INFO] [stdout]                                at /rustc/df4ca44d3fbc9301ee17f30f4d474e6ae4b05252/library/std/src/panic.rs:358:14
[INFO] [stdout]   39:     0x5a7621e291a7 - test::run_test_in_process::h0d5cbfa7067d1720
[INFO] [stdout]                                at /rustc/df4ca44d3fbc9301ee17f30f4d474e6ae4b05252/library/test/src/lib.rs:644:27
[INFO] [stdout]   40:     0x5a7621e291a7 - test::run_test::{{closure}}::h708eb8872708115d
[INFO] [stdout]                                at /rustc/df4ca44d3fbc9301ee17f30f4d474e6ae4b05252/library/test/src/lib.rs:565:43
[INFO] [stdout]   41:     0x5a7621dec8c4 - test::run_test::{{closure}}::h392c51cee94713ab
[INFO] [stdout]                                at /rustc/df4ca44d3fbc9301ee17f30f4d474e6ae4b05252/library/test/src/lib.rs:595:41
[INFO] [stdout]   42:     0x5a7621dec8c4 - std::sys::backtrace::__rust_begin_short_backtrace::h2f40290710935a8b
[INFO] [stdout]                                at /rustc/df4ca44d3fbc9301ee17f30f4d474e6ae4b05252/library/std/src/sys/backtrace.rs:154:18
[INFO] [stdout]   43:     0x5a7621df006e - std::thread::Builder::spawn_unchecked_::{{closure}}::{{closure}}::h3fd968d89053a903
[INFO] [stdout]                                at /rustc/df4ca44d3fbc9301ee17f30f4d474e6ae4b05252/library/std/src/thread/mod.rs:541:17
[INFO] [stdout]   44:     0x5a7621df006e - <core::panic::unwind_safe::AssertUnwindSafe<F> as core::ops::function::FnOnce<()>>::call_once::h743f637ba4229880
[INFO] [stdout]                                at /rustc/df4ca44d3fbc9301ee17f30f4d474e6ae4b05252/library/core/src/panic/unwind_safe.rs:272:9
[INFO] [stdout]   45:     0x5a7621df006e - std::panicking::try::do_call::h07440897322525a6
[INFO] [stdout]                                at /rustc/df4ca44d3fbc9301ee17f30f4d474e6ae4b05252/library/std/src/panicking.rs:557:40
[INFO] [stdout]   46:     0x5a7621df006e - std::panicking::try::he5a2e00188156637
[INFO] [stdout]                                at /rustc/df4ca44d3fbc9301ee17f30f4d474e6ae4b05252/library/std/src/panicking.rs:520:19
[INFO] [stdout]   47:     0x5a7621df006e - std::panic::catch_unwind::hbaf3cae49b3c6433
[INFO] [stdout]                                at /rustc/df4ca44d3fbc9301ee17f30f4d474e6ae4b05252/library/std/src/panic.rs:358:14
[INFO] [stdout]   48:     0x5a7621df006e - std::thread::Builder::spawn_unchecked_::{{closure}}::h8e141ea224820bce
[INFO] [stdout]                                at /rustc/df4ca44d3fbc9301ee17f30f4d474e6ae4b05252/library/std/src/thread/mod.rs:540:30
[INFO] [stdout]   49:     0x5a7621df006e - core::ops::function::FnOnce::call_once{{vtable.shim}}::h90d312fedd7b8ea8
[INFO] [stdout]                                at /rustc/df4ca44d3fbc9301ee17f30f4d474e6ae4b05252/library/core/src/ops/function.rs:250:5
[INFO] [stdout]   50:     0x5a76221a2d1b - <alloc::boxed::Box<F,A> as core::ops::function::FnOnce<Args>>::call_once::h69aa08ddb6adb8b6
[INFO] [stdout]                                at /rustc/df4ca44d3fbc9301ee17f30f4d474e6ae4b05252/library/alloc/src/boxed.rs:2454:9
[INFO] [stdout]   51:     0x5a76221a2d1b - <alloc::boxed::Box<F,A> as core::ops::function::FnOnce<Args>>::call_once::h5aa36efdb79c806f
[INFO] [stdout]                                at /rustc/df4ca44d3fbc9301ee17f30f4d474e6ae4b05252/library/alloc/src/boxed.rs:2454:9
[INFO] [stdout]   52:     0x5a76221a2d1b - std::sys::pal::unix::thread::Thread::new::thread_start::h6cd80a1b4be5158d
[INFO] [stdout]                                at /rustc/df4ca44d3fbc9301ee17f30f4d474e6ae4b05252/library/std/src/sys/pal/unix/thread.rs:105:17
[INFO] [stdout]   53:     0x7c491b44bac3 - <unknown>
[INFO] [stdout]   54:     0x7c491b4dca04 - clone
[INFO] [stdout]   55:                0x0 - <unknown>
[INFO] [stdout] 
[INFO] [stdout] 
[INFO] [stdout] failures:
[INFO] [stdout]     rust_version::rust_version_matches_rust_toolchain
[INFO] [stdout] 
[INFO] [stdout] test result: FAILED. 30 passed; 1 failed; 0 ignored; 0 measured; 0 filtered out; finished in 0.03s
[INFO] [stdout] 
[INFO] [stderr] error: test failed, to rerun pass `-p private-test-utils --lib`
[INFO] running `Command { std: "docker" "inspect" "8e0828f6e429878835706b45dfbbde538d55ee5532dd6174c705169a259f885f", kill_on_drop: false }`
[INFO] running `Command { std: "docker" "rm" "-f" "8e0828f6e429878835706b45dfbbde538d55ee5532dd6174c705169a259f885f", kill_on_drop: false }`
[INFO] [stdout] 8e0828f6e429878835706b45dfbbde538d55ee5532dd6174c705169a259f885f
