[INFO] cloning repository https://github.com/K-C-DaCosta/g_lue
[INFO] running `Command { std: "git" "-c" "credential.helper=" "-c" "credential.helper=/workspace/cargo-home/bin/git-credential-null" "clone" "--bare" "https://github.com/K-C-DaCosta/g_lue" "/workspace/cache/git-repos/https%3A%2F%2Fgithub.com%2FK-C-DaCosta%2Fg_lue", kill_on_drop: false }`
[INFO] [stderr] Cloning into bare repository '/workspace/cache/git-repos/https%3A%2F%2Fgithub.com%2FK-C-DaCosta%2Fg_lue'...
[INFO] running `Command { std: "git" "rev-parse" "HEAD", kill_on_drop: false }`
[INFO] [stdout] a4b95d0eb3ea8c5ef944055eef0a872bec4671c4
[INFO] testing K-C-DaCosta/g_lue/a4b95d0eb3ea8c5ef944055eef0a872bec4671c4 against nightly-2024-10-28 for randomize-layout
[INFO] running `Command { std: "git" "clone" "/workspace/cache/git-repos/https%3A%2F%2Fgithub.com%2FK-C-DaCosta%2Fg_lue" "/workspace/builds/worker-6-tc1/source", kill_on_drop: false }`
[INFO] [stderr] Cloning into '/workspace/builds/worker-6-tc1/source'...
[INFO] [stderr] done.
[INFO] validating manifest of git repo https://github.com/K-C-DaCosta/g_lue on toolchain nightly-2024-10-28
[INFO] running `Command { std: CARGO_HOME="/workspace/cargo-home" RUSTUP_HOME="/workspace/rustup-home" "/workspace/cargo-home/bin/cargo" "+nightly-2024-10-28" "metadata" "--manifest-path" "Cargo.toml" "--no-deps", kill_on_drop: false }`
[INFO] removed /workspace/builds/worker-6-tc1/source/.cargo/config.toml
[INFO] started tweaking git repo https://github.com/K-C-DaCosta/g_lue
[INFO] finished tweaking git repo https://github.com/K-C-DaCosta/g_lue
[INFO] tweaked toml for git repo https://github.com/K-C-DaCosta/g_lue written to /workspace/builds/worker-6-tc1/source/Cargo.toml
[INFO] crate git repo https://github.com/K-C-DaCosta/g_lue already has a lockfile, it will not be regenerated
[INFO] running `Command { std: CARGO_HOME="/workspace/cargo-home" RUSTUP_HOME="/workspace/rustup-home" "/workspace/cargo-home/bin/cargo" "+nightly-2024-10-28" "fetch" "--manifest-path" "Cargo.toml", kill_on_drop: false }`
[INFO] [stderr] warning: virtual workspace defaulting to `resolver = "1"` despite one or more workspace members being on edition 2021 which implies `resolver = "2"`
[INFO] [stderr] note: to keep the current resolver, specify `workspace.resolver = "1"` in the workspace root's manifest
[INFO] [stderr] note: to use the edition 2021 resolver, specify `workspace.resolver = "2"` in the workspace root's manifest
[INFO] [stderr] note: for more details see https://doc.rust-lang.org/cargo/reference/resolver.html#resolver-versions
[INFO] [stderr]     Updating crates.io index
[INFO] [stderr]  Downloading crates ...
[INFO] [stderr]   Downloaded bitstream-io v0.8.5
[INFO] [stderr]   Downloaded hiero_pack v0.1.3
[INFO] [stderr]   Downloaded glow v0.6.1
[INFO] [stderr]   Downloaded adhoc_audio v0.1.4
[INFO] [stderr]   Downloaded glutin v0.24.1
[INFO] [stderr]   Downloaded puremp3 v0.1.0
[INFO] running `Command { std: "docker" "create" "-v" "/var/lib/crater-agent-workspace/builds/worker-6-tc1/target:/opt/rustwide/target:rw,Z" "-v" "/var/lib/crater-agent-workspace/builds/worker-6-tc1/source:/opt/rustwide/workdir:ro,Z" "-v" "/var/lib/crater-agent-workspace/cargo-home:/opt/rustwide/cargo-home:ro,Z" "-v" "/var/lib/crater-agent-workspace/rustup-home:/opt/rustwide/rustup-home:ro,Z" "-e" "SOURCE_DIR=/opt/rustwide/workdir" "-e" "CARGO_TARGET_DIR=/opt/rustwide/target" "-e" "CARGO_HOME=/opt/rustwide/cargo-home" "-e" "RUSTUP_HOME=/opt/rustwide/rustup-home" "-w" "/opt/rustwide/workdir" "-m" "1610612736" "--user" "0:0" "--network" "none" "ghcr.io/rust-lang/crates-build-env/linux@sha256:4a844ea9eb2546a2d2c7022eacef16ef2e8229c7fbb2c7d4d55a9ceca922f72d" "/opt/rustwide/cargo-home/bin/cargo" "+nightly-2024-10-28" "metadata" "--no-deps" "--format-version=1", kill_on_drop: false }`
[INFO] [stdout] 6897e3edbc4213e829b0f6811df56219ea3c13c3ed11799047f3b41414f68dc2
[INFO] running `Command { std: "docker" "start" "-a" "6897e3edbc4213e829b0f6811df56219ea3c13c3ed11799047f3b41414f68dc2", kill_on_drop: false }`
[INFO] running `Command { std: "docker" "inspect" "6897e3edbc4213e829b0f6811df56219ea3c13c3ed11799047f3b41414f68dc2", kill_on_drop: false }`
[INFO] running `Command { std: "docker" "rm" "-f" "6897e3edbc4213e829b0f6811df56219ea3c13c3ed11799047f3b41414f68dc2", kill_on_drop: false }`
[INFO] [stdout] 6897e3edbc4213e829b0f6811df56219ea3c13c3ed11799047f3b41414f68dc2
[INFO] running `Command { std: "docker" "create" "-v" "/var/lib/crater-agent-workspace/builds/worker-6-tc1/target:/opt/rustwide/target:rw,Z" "-v" "/var/lib/crater-agent-workspace/builds/worker-6-tc1/source:/opt/rustwide/workdir:ro,Z" "-v" "/var/lib/crater-agent-workspace/cargo-home:/opt/rustwide/cargo-home:ro,Z" "-v" "/var/lib/crater-agent-workspace/rustup-home:/opt/rustwide/rustup-home:ro,Z" "-e" "SOURCE_DIR=/opt/rustwide/workdir" "-e" "CARGO_TARGET_DIR=/opt/rustwide/target" "-e" "CARGO_INCREMENTAL=0" "-e" "RUST_BACKTRACE=full" "-e" "RUSTFLAGS=--cap-lints=forbid" "-e" "RUSTDOCFLAGS=--cap-lints=forbid" "-e" "CARGO_HOME=/opt/rustwide/cargo-home" "-e" "RUSTUP_HOME=/opt/rustwide/rustup-home" "-w" "/opt/rustwide/workdir" "-m" "1610612736" "--user" "0:0" "--network" "none" "ghcr.io/rust-lang/crates-build-env/linux@sha256:4a844ea9eb2546a2d2c7022eacef16ef2e8229c7fbb2c7d4d55a9ceca922f72d" "/opt/rustwide/cargo-home/bin/cargo" "+nightly-2024-10-28" "build" "--frozen" "--message-format=json", kill_on_drop: false }`
[INFO] [stdout] 5f640572f53550a8015ff4623fd257dc13ef407c2dd5c988388ab0864abdd395
[INFO] running `Command { std: "docker" "start" "-a" "5f640572f53550a8015ff4623fd257dc13ef407c2dd5c988388ab0864abdd395", kill_on_drop: false }`
[INFO] [stderr] warning: virtual workspace defaulting to `resolver = "1"` despite one or more workspace members being on edition 2021 which implies `resolver = "2"`
[INFO] [stderr] note: to keep the current resolver, specify `workspace.resolver = "1"` in the workspace root's manifest
[INFO] [stderr] note: to use the edition 2021 resolver, specify `workspace.resolver = "2"` in the workspace root's manifest
[INFO] [stderr] note: for more details see https://doc.rust-lang.org/cargo/reference/resolver.html#resolver-versions
[INFO] [stderr]    Compiling libc v0.2.126
[INFO] [stderr]    Compiling xml-rs v0.8.4
[INFO] [stderr]    Compiling pkg-config v0.3.25
[INFO] [stderr]    Compiling log v0.4.17
[INFO] [stderr]    Compiling proc-macro2 v1.0.40
[INFO] [stderr]    Compiling unicode-ident v1.0.1
[INFO] [stderr]    Compiling quote v1.0.20
[INFO] [stderr]    Compiling memoffset v0.6.5
[INFO] [stderr]    Compiling smallvec v1.9.0
[INFO] [stderr]    Compiling cfg-if v0.1.10
[INFO] [stderr]    Compiling proc-macro2 v0.4.30
[INFO] [stderr]    Compiling downcast-rs v1.2.0
[INFO] [stderr]    Compiling unicode-xid v0.1.0
[INFO] [stderr]    Compiling num-traits v0.2.15
[INFO] [stderr]    Compiling slab v0.4.6
[INFO] [stderr]    Compiling khronos_api v3.1.0
[INFO] [stderr]    Compiling memchr v2.5.0
[INFO] [stderr]    Compiling byteorder v1.4.3
[INFO] [stderr]    Compiling libloading v0.7.3
[INFO] [stderr]    Compiling nix v0.14.1
[INFO] [stderr]    Compiling libloading v0.6.7
[INFO] [stderr]    Compiling syn v1.0.98
[INFO] [stderr]    Compiling void v1.0.2
[INFO] [stderr]    Compiling dlib v0.5.0
[INFO] [stderr]    Compiling scopeguard v1.1.0
[INFO] [stderr]    Compiling once_cell v1.13.0
[INFO] [stderr]    Compiling dlib v0.4.2
[INFO] [stderr]    Compiling lazycell v1.3.0
[INFO] [stderr]    Compiling stb_truetype v0.3.1
[INFO] [stderr]    Compiling instant v0.1.12
[INFO] [stderr]    Compiling wayland-sys v0.23.6
[INFO] [stderr]    Compiling serde_derive v1.0.139
[INFO] [stderr]    Compiling cty v0.2.2
[INFO] [stderr]    Compiling scoped-tls v1.0.0
[INFO] [stderr]    Compiling futures-core v0.3.21
[INFO] [stderr]    Compiling same-file v1.0.6
[INFO] [stderr]    Compiling raw-window-handle v0.4.3
[INFO] [stderr]    Compiling minimal-lexical v0.2.1
[INFO] [stderr]    Compiling serde v1.0.139
[INFO] [stderr]    Compiling walkdir v2.3.2
[INFO] [stderr]    Compiling lock_api v0.4.7
[INFO] [stderr]    Compiling futures-channel v0.3.21
[INFO] [stderr]    Compiling percent-encoding v2.1.0
[INFO] [stderr]    Compiling wayland-sys v0.29.5
[INFO] [stderr]    Compiling gl_generator v0.14.0
[INFO] [stderr]    Compiling x11-dl v2.20.0
[INFO] [stderr]    Compiling futures-task v0.3.21
[INFO] [stderr]    Compiling cc v1.0.73
[INFO] [stderr]    Compiling parking_lot_core v0.8.5
[INFO] [stderr]    Compiling quote v0.6.13
[INFO] [stderr]    Compiling nom v7.1.1
[INFO] [stderr]    Compiling wayland-scanner v0.23.6
[INFO] [stderr]    Compiling smithay-client-toolkit v0.15.4
[INFO] [stderr]    Compiling lock_api v0.3.4
[INFO] [stderr]    Compiling wayland-scanner v0.29.5
[INFO] [stderr]    Compiling crc32fast v1.3.2
[INFO] [stderr]    Compiling pin-project-lite v0.2.9
[INFO] [stderr]    Compiling futures-sink v0.3.21
[INFO] [stderr]    Compiling futures-util v0.3.21
[INFO] [stderr]    Compiling adler32 v1.2.0
[INFO] [stderr]    Compiling alsa-sys v0.3.1
[INFO] [stderr]    Compiling winit v0.26.1
[INFO] [stderr]    Compiling futures-io v0.3.21
[INFO] [stderr]    Compiling deflate v0.8.6
[INFO] [stderr]    Compiling miniz_oxide v0.3.7
[INFO] [stderr]    Compiling tokio v1.20.0
[INFO] [stderr]    Compiling approx v0.3.2
[INFO] [stderr]    Compiling ordered-float v1.1.1
[INFO] [stderr]    Compiling line_drawing v0.7.0
[INFO] [stderr]    Compiling glutin_glx_sys v0.1.8
[INFO] [stderr]    Compiling glutin_egl_sys v0.1.6
[INFO] [stderr]    Compiling serde_json v1.0.96
[INFO] [stderr]    Compiling itoa v1.0.4
[INFO] [stderr]    Compiling ryu v1.0.13
[INFO] [stderr]    Compiling rusttype v0.8.3
[INFO] [stderr]    Compiling iovec v0.1.4
[INFO] [stderr]    Compiling net2 v0.2.37
[INFO] [stderr]    Compiling nix v0.24.2
[INFO] [stderr]    Compiling dirs-sys v0.3.7
[INFO] [stderr]    Compiling libloading v0.5.2
[INFO] [stderr]    Compiling mio v0.6.23
[INFO] [stderr]    Compiling dirs v4.0.0
[INFO] [stderr]    Compiling rusttype v0.7.9
[INFO] [stderr]    Compiling xdg v2.4.1
[INFO] [stderr]    Compiling nix v0.22.3
[INFO] [stderr]    Compiling parking_lot_core v0.7.2
[INFO] [stderr]    Compiling shared_library v0.1.9
[INFO] [stderr]    Compiling wayland-client v0.29.5
[INFO] [stderr]    Compiling wayland-protocols v0.29.5
[INFO] [stderr]    Compiling andrew v0.2.1
[INFO] [stderr]    Compiling memmap v0.7.0
[INFO] [stderr]    Compiling parking_lot v0.10.2
[INFO] [stderr]    Compiling osmesa-sys v0.1.2
[INFO] [stderr]    Compiling memmap2 v0.3.1
[INFO] [stderr]    Compiling mio-extras v2.0.6
[INFO] [stderr]    Compiling wayland-client v0.23.6
[INFO] [stderr]    Compiling wayland-protocols v0.23.6
[INFO] [stderr]    Compiling xcursor v0.3.4
[INFO] [stderr]    Compiling raw-window-handle v0.3.4
[INFO] [stderr]    Compiling parking_lot v0.11.2
[INFO] [stderr]    Compiling mio v0.8.4
[INFO] [stderr]    Compiling png v0.16.8
[INFO] [stderr]    Compiling num_cpus v1.13.1
[INFO] [stderr]    Compiling wayland-commons v0.29.5
[INFO] [stderr]    Compiling nix v0.23.1
[INFO] [stderr]    Compiling wayland-commons v0.23.6
[INFO] [stderr]    Compiling calloop v0.4.4
[INFO] [stderr]    Compiling futures-executor v0.3.21
[INFO] [stderr]    Compiling futures v0.3.21
[INFO] [stderr]    Compiling calloop v0.9.3
[INFO] [stderr]    Compiling fluffl-macros v0.0.3 (/opt/rustwide/workdir/fluffl-macros)
[INFO] [stderr]    Compiling wayland-cursor v0.29.5
[INFO] [stderr]    Compiling wayland-egl v0.29.5
[INFO] [stderr]    Compiling alsa v0.6.0
[INFO] [stderr]    Compiling bincode v1.3.3
[INFO] [stderr]    Compiling hiero_pack v0.1.3
[INFO] [stderr]    Compiling adhoc_audio v0.1.4
[INFO] [stderr]    Compiling smithay-client-toolkit v0.6.6
[INFO] [stderr]    Compiling winit v0.22.2
[INFO] [stderr]    Compiling glutin v0.24.1
[INFO] [stderr]    Compiling glow v0.6.1
[INFO] [stderr]    Compiling glutin v0.28.0
[INFO] [stderr]    Compiling fluffl v0.0.5 (/opt/rustwide/workdir/fluffl)
[INFO] [stdout] warning: unexpected `cfg` condition value: `net`
[INFO] [stdout]   --> fluffl/src/lib.rs:41:7
[INFO] [stdout]    |
[INFO] [stdout] 41 | #[cfg(feature = "net")]
[INFO] [stdout]    |       ^^^^^^^^^^^^^^^
[INFO] [stdout]    |
[INFO] [stdout]    = note: expected values for `feature` are: `be_glutin`, `be_sdl2`, `default`, `extras`, `glutin`, `http`, `lewton`, `native-tls`, `puremp3`, `sdl2`, and `tungstenite`
[INFO] [stdout]    = help: consider adding `net` as a feature in `Cargo.toml`
[INFO] [stdout]    = note: see <https://doc.rust-lang.org/nightly/rustc/check-cfg/cargo-specifics.html> for more information about checking conditional configuration
[INFO] [stdout]    = note: `#[warn(unexpected_cfgs)]` on by default
[INFO] [stdout] 
[INFO] [stdout] 
[INFO] [stdout] warning: ambiguous glob re-exports
[INFO] [stdout]   --> fluffl/src/text_writer.rs:13:9
[INFO] [stdout]    |
[INFO] [stdout] 9  |     *,
[INFO] [stdout]    |     - but the name `Error` in the type namespace is also re-exported here
[INFO] [stdout] ...
[INFO] [stdout] 13 | pub use hiero_pack::{self, *};
[INFO] [stdout]    |         ^^^^^^^^^^^^^^^^^^^^^ the name `Error` in the type namespace is first re-exported here
[INFO] [stdout]    |
[INFO] [stdout]    = note: `#[warn(ambiguous_glob_reexports)]` on by default
[INFO] [stdout] 
[INFO] [stdout] 
[INFO] [stdout] warning: trait `HasEventCollection` is never used
[INFO] [stdout]    --> fluffl/src/window.rs:170:7
[INFO] [stdout]     |
[INFO] [stdout] 170 | trait HasEventCollection {
[INFO] [stdout]     |       ^^^^^^^^^^^^^^^^^^
[INFO] [stdout]     |
[INFO] [stdout]     = note: `#[warn(dead_code)]` on by default
[INFO] [stdout] 
[INFO] [stdout] 
[INFO] [stdout] warning: creating a mutable reference to mutable static is discouraged
[INFO] [stdout]   --> fluffl/src/window/./window_backends/glutin_window.rs:33:13
[INFO] [stdout]    |
[INFO] [stdout] 33 | /             GLOBAL_TOUCH_TRACKER
[INFO] [stdout] 34 | |                 .as_mut()
[INFO] [stdout]    | |_________________________^ mutable reference to mutable static
[INFO] [stdout]    |
[INFO] [stdout]    = note: for more information, see <https://doc.rust-lang.org/nightly/edition-guide/rust-2024/static-mut-references.html>
[INFO] [stdout]    = note: mutable references to mutable statics are dangerous; it's undefined behavior if any other pointer to the static is used or if any other reference is created for the static while the mutable reference lives
[INFO] [stdout]    = note: `#[warn(static_mut_refs)]` on by default
[INFO] [stdout] 
[INFO] [stdout] 
[INFO] [stdout] warning: creating a mutable reference to mutable static is discouraged
[INFO] [stdout]   --> fluffl/src/math/waves/noise.rs:68:32
[INFO] [stdout]    |
[INFO] [stdout] 68 |     let noise_table = unsafe { &mut UNIFORM_NOISE_TABLE };
[INFO] [stdout]    |                                ^^^^^^^^^^^^^^^^^^^^^^^^ mutable reference to mutable static
[INFO] [stdout]    |
[INFO] [stdout]    = note: for more information, see <https://doc.rust-lang.org/nightly/edition-guide/rust-2024/static-mut-references.html>
[INFO] [stdout]    = note: mutable references to mutable statics are dangerous; it's undefined behavior if any other pointer to the static is used or if any other reference is created for the static while the mutable reference lives
[INFO] [stdout] help: use `&raw mut` instead to create a raw pointer
[INFO] [stdout]    |
[INFO] [stdout] 68 |     let noise_table = unsafe { &raw mut UNIFORM_NOISE_TABLE };
[INFO] [stdout]    |                                ~~~~~~~~
[INFO] [stdout] 
[INFO] [stdout] 
[INFO] [stderr]     Finished `dev` profile [unoptimized + debuginfo] target(s) in 46.70s
[INFO] running `Command { std: "docker" "inspect" "5f640572f53550a8015ff4623fd257dc13ef407c2dd5c988388ab0864abdd395", kill_on_drop: false }`
[INFO] running `Command { std: "docker" "rm" "-f" "5f640572f53550a8015ff4623fd257dc13ef407c2dd5c988388ab0864abdd395", kill_on_drop: false }`
[INFO] [stdout] 5f640572f53550a8015ff4623fd257dc13ef407c2dd5c988388ab0864abdd395
[INFO] running `Command { std: "docker" "create" "-v" "/var/lib/crater-agent-workspace/builds/worker-6-tc1/target:/opt/rustwide/target:rw,Z" "-v" "/var/lib/crater-agent-workspace/builds/worker-6-tc1/source:/opt/rustwide/workdir:ro,Z" "-v" "/var/lib/crater-agent-workspace/cargo-home:/opt/rustwide/cargo-home:ro,Z" "-v" "/var/lib/crater-agent-workspace/rustup-home:/opt/rustwide/rustup-home:ro,Z" "-e" "SOURCE_DIR=/opt/rustwide/workdir" "-e" "CARGO_TARGET_DIR=/opt/rustwide/target" "-e" "CARGO_INCREMENTAL=0" "-e" "RUST_BACKTRACE=full" "-e" "RUSTFLAGS=--cap-lints=forbid" "-e" "RUSTDOCFLAGS=--cap-lints=forbid" "-e" "CARGO_HOME=/opt/rustwide/cargo-home" "-e" "RUSTUP_HOME=/opt/rustwide/rustup-home" "-w" "/opt/rustwide/workdir" "-m" "1610612736" "--user" "0:0" "--network" "none" "ghcr.io/rust-lang/crates-build-env/linux@sha256:4a844ea9eb2546a2d2c7022eacef16ef2e8229c7fbb2c7d4d55a9ceca922f72d" "/opt/rustwide/cargo-home/bin/cargo" "+nightly-2024-10-28" "test" "--frozen" "--no-run" "--message-format=json", kill_on_drop: false }`
[INFO] [stdout] 9647e88845a167950f39c626cc552e069e71d7840c2a2663f226449d1e35ec92
[INFO] running `Command { std: "docker" "start" "-a" "9647e88845a167950f39c626cc552e069e71d7840c2a2663f226449d1e35ec92", kill_on_drop: false }`
[INFO] [stderr] warning: virtual workspace defaulting to `resolver = "1"` despite one or more workspace members being on edition 2021 which implies `resolver = "2"`
[INFO] [stderr] note: to keep the current resolver, specify `workspace.resolver = "1"` in the workspace root's manifest
[INFO] [stderr] note: to use the edition 2021 resolver, specify `workspace.resolver = "2"` in the workspace root's manifest
[INFO] [stderr] note: for more details see https://doc.rust-lang.org/cargo/reference/resolver.html#resolver-versions
[INFO] [stdout] warning: unexpected `cfg` condition value: `net`
[INFO] [stdout]   --> fluffl/src/lib.rs:41:7
[INFO] [stdout]    |
[INFO] [stdout] 41 | #[cfg(feature = "net")]
[INFO] [stdout]    |       ^^^^^^^^^^^^^^^
[INFO] [stdout]    |
[INFO] [stdout]    = note: expected values for `feature` are: `be_glutin`, `be_sdl2`, `default`, `extras`, `glutin`, `http`, `lewton`, `native-tls`, `puremp3`, `sdl2`, and `tungstenite`
[INFO] [stdout]    = help: consider adding `net` as a feature in `Cargo.toml`
[INFO] [stdout]    = note: see <https://doc.rust-lang.org/nightly/rustc/check-cfg/cargo-specifics.html> for more information about checking conditional configuration
[INFO] [stdout]    = note: `#[warn(unexpected_cfgs)]` on by default
[INFO] [stdout] 
[INFO] [stdout] 
[INFO] [stdout] warning: ambiguous glob re-exports
[INFO] [stdout]   --> fluffl/src/text_writer.rs:13:9
[INFO] [stdout]    |
[INFO] [stdout] 9  |     *,
[INFO] [stdout]    |     - but the name `Error` in the type namespace is also re-exported here
[INFO] [stdout] ...
[INFO] [stdout] 13 | pub use hiero_pack::{self, *};
[INFO] [stdout]    |         ^^^^^^^^^^^^^^^^^^^^^ the name `Error` in the type namespace is first re-exported here
[INFO] [stdout]    |
[INFO] [stdout]    = note: `#[warn(ambiguous_glob_reexports)]` on by default
[INFO] [stdout] 
[INFO] [stdout] 
[INFO] [stdout] warning: trait `HasEventCollection` is never used
[INFO] [stdout]    --> fluffl/src/window.rs:170:7
[INFO] [stdout]     |
[INFO] [stdout] 170 | trait HasEventCollection {
[INFO] [stdout]     |       ^^^^^^^^^^^^^^^^^^
[INFO] [stdout]     |
[INFO] [stdout]     = note: `#[warn(dead_code)]` on by default
[INFO] [stdout] 
[INFO] [stdout] 
[INFO] [stdout] warning: creating a mutable reference to mutable static is discouraged
[INFO] [stdout]   --> fluffl/src/window/./window_backends/glutin_window.rs:33:13
[INFO] [stdout]    |
[INFO] [stdout] 33 | /             GLOBAL_TOUCH_TRACKER
[INFO] [stdout] 34 | |                 .as_mut()
[INFO] [stdout]    | |_________________________^ mutable reference to mutable static
[INFO] [stdout]    |
[INFO] [stdout]    = note: for more information, see <https://doc.rust-lang.org/nightly/edition-guide/rust-2024/static-mut-references.html>
[INFO] [stdout]    = note: mutable references to mutable statics are dangerous; it's undefined behavior if any other pointer to the static is used or if any other reference is created for the static while the mutable reference lives
[INFO] [stdout]    = note: `#[warn(static_mut_refs)]` on by default
[INFO] [stdout] 
[INFO] [stdout] 
[INFO] [stdout] warning: creating a mutable reference to mutable static is discouraged
[INFO] [stdout]   --> fluffl/src/math/waves/noise.rs:68:32
[INFO] [stdout]    |
[INFO] [stdout] 68 |     let noise_table = unsafe { &mut UNIFORM_NOISE_TABLE };
[INFO] [stdout]    |                                ^^^^^^^^^^^^^^^^^^^^^^^^ mutable reference to mutable static
[INFO] [stdout]    |
[INFO] [stdout]    = note: for more information, see <https://doc.rust-lang.org/nightly/edition-guide/rust-2024/static-mut-references.html>
[INFO] [stdout]    = note: mutable references to mutable statics are dangerous; it's undefined behavior if any other pointer to the static is used or if any other reference is created for the static while the mutable reference lives
[INFO] [stdout] help: use `&raw mut` instead to create a raw pointer
[INFO] [stdout]    |
[INFO] [stdout] 68 |     let noise_table = unsafe { &raw mut UNIFORM_NOISE_TABLE };
[INFO] [stdout]    |                                ~~~~~~~~
[INFO] [stdout] 
[INFO] [stdout] 
[INFO] [stderr]    Compiling fluffl v0.0.5 (/opt/rustwide/workdir/fluffl)
[INFO] [stdout] warning: unexpected `cfg` condition value: `net`
[INFO] [stdout]   --> fluffl/src/lib.rs:41:7
[INFO] [stdout]    |
[INFO] [stdout] 41 | #[cfg(feature = "net")]
[INFO] [stdout]    |       ^^^^^^^^^^^^^^^
[INFO] [stdout]    |
[INFO] [stdout]    = note: expected values for `feature` are: `be_glutin`, `be_sdl2`, `default`, `extras`, `glutin`, `http`, `lewton`, `native-tls`, `puremp3`, `sdl2`, and `tungstenite`
[INFO] [stdout]    = help: consider adding `net` as a feature in `Cargo.toml`
[INFO] [stdout]    = note: see <https://doc.rust-lang.org/nightly/rustc/check-cfg/cargo-specifics.html> for more information about checking conditional configuration
[INFO] [stdout]    = note: `#[warn(unexpected_cfgs)]` on by default
[INFO] [stdout] 
[INFO] [stdout] 
[INFO] [stdout] warning: ambiguous glob re-exports
[INFO] [stdout]   --> fluffl/src/text_writer.rs:13:9
[INFO] [stdout]    |
[INFO] [stdout] 9  |     *,
[INFO] [stdout]    |     - but the name `Error` in the type namespace is also re-exported here
[INFO] [stdout] ...
[INFO] [stdout] 13 | pub use hiero_pack::{self, *};
[INFO] [stdout]    |         ^^^^^^^^^^^^^^^^^^^^^ the name `Error` in the type namespace is first re-exported here
[INFO] [stdout]    |
[INFO] [stdout]    = note: `#[warn(ambiguous_glob_reexports)]` on by default
[INFO] [stdout] 
[INFO] [stdout] 
[INFO] [stdout] warning: trait `HasEventCollection` is never used
[INFO] [stdout]    --> fluffl/src/window.rs:170:7
[INFO] [stdout]     |
[INFO] [stdout] 170 | trait HasEventCollection {
[INFO] [stdout]     |       ^^^^^^^^^^^^^^^^^^
[INFO] [stdout]     |
[INFO] [stdout]     = note: `#[warn(dead_code)]` on by default
[INFO] [stdout] 
[INFO] [stdout] 
[INFO] [stdout] warning: creating a mutable reference to mutable static is discouraged
[INFO] [stdout]   --> fluffl/src/window/./window_backends/glutin_window.rs:33:13
[INFO] [stdout]    |
[INFO] [stdout] 33 | /             GLOBAL_TOUCH_TRACKER
[INFO] [stdout] 34 | |                 .as_mut()
[INFO] [stdout]    | |_________________________^ mutable reference to mutable static
[INFO] [stdout]    |
[INFO] [stdout]    = note: for more information, see <https://doc.rust-lang.org/nightly/edition-guide/rust-2024/static-mut-references.html>
[INFO] [stdout]    = note: mutable references to mutable statics are dangerous; it's undefined behavior if any other pointer to the static is used or if any other reference is created for the static while the mutable reference lives
[INFO] [stdout]    = note: `#[warn(static_mut_refs)]` on by default
[INFO] [stdout] 
[INFO] [stdout] 
[INFO] [stdout] warning: creating a mutable reference to mutable static is discouraged
[INFO] [stdout]   --> fluffl/src/math/waves/noise.rs:68:32
[INFO] [stdout]    |
[INFO] [stdout] 68 |     let noise_table = unsafe { &mut UNIFORM_NOISE_TABLE };
[INFO] [stdout]    |                                ^^^^^^^^^^^^^^^^^^^^^^^^ mutable reference to mutable static
[INFO] [stdout]    |
[INFO] [stdout]    = note: for more information, see <https://doc.rust-lang.org/nightly/edition-guide/rust-2024/static-mut-references.html>
[INFO] [stdout]    = note: mutable references to mutable statics are dangerous; it's undefined behavior if any other pointer to the static is used or if any other reference is created for the static while the mutable reference lives
[INFO] [stdout] help: use `&raw mut` instead to create a raw pointer
[INFO] [stdout]    |
[INFO] [stdout] 68 |     let noise_table = unsafe { &raw mut UNIFORM_NOISE_TABLE };
[INFO] [stdout]    |                                ~~~~~~~~
[INFO] [stdout] 
[INFO] [stdout] 
[INFO] [stderr]     Finished `test` profile [unoptimized + debuginfo] target(s) in 2.56s
[INFO] running `Command { std: "docker" "inspect" "9647e88845a167950f39c626cc552e069e71d7840c2a2663f226449d1e35ec92", kill_on_drop: false }`
[INFO] running `Command { std: "docker" "rm" "-f" "9647e88845a167950f39c626cc552e069e71d7840c2a2663f226449d1e35ec92", kill_on_drop: false }`
[INFO] [stdout] 9647e88845a167950f39c626cc552e069e71d7840c2a2663f226449d1e35ec92
[INFO] running `Command { std: "docker" "create" "-v" "/var/lib/crater-agent-workspace/builds/worker-6-tc1/target:/opt/rustwide/target:rw,Z" "-v" "/var/lib/crater-agent-workspace/builds/worker-6-tc1/source:/opt/rustwide/workdir:ro,Z" "-v" "/var/lib/crater-agent-workspace/cargo-home:/opt/rustwide/cargo-home:ro,Z" "-v" "/var/lib/crater-agent-workspace/rustup-home:/opt/rustwide/rustup-home:ro,Z" "-e" "SOURCE_DIR=/opt/rustwide/workdir" "-e" "CARGO_TARGET_DIR=/opt/rustwide/target" "-e" "CARGO_INCREMENTAL=0" "-e" "RUST_BACKTRACE=full" "-e" "RUSTFLAGS=--cap-lints=forbid" "-e" "RUSTDOCFLAGS=--cap-lints=forbid" "-e" "CARGO_HOME=/opt/rustwide/cargo-home" "-e" "RUSTUP_HOME=/opt/rustwide/rustup-home" "-w" "/opt/rustwide/workdir" "-m" "1610612736" "--user" "0:0" "--network" "none" "ghcr.io/rust-lang/crates-build-env/linux@sha256:4a844ea9eb2546a2d2c7022eacef16ef2e8229c7fbb2c7d4d55a9ceca922f72d" "/opt/rustwide/cargo-home/bin/cargo" "+nightly-2024-10-28" "test" "--frozen", kill_on_drop: false }`
[INFO] [stdout] 9645f836eef40d8ba0706ec36564dca1f6efaf22b2dfeed0f780d33b434f25aa
[INFO] running `Command { std: "docker" "start" "-a" "9645f836eef40d8ba0706ec36564dca1f6efaf22b2dfeed0f780d33b434f25aa", kill_on_drop: false }`
[INFO] [stderr] warning: virtual workspace defaulting to `resolver = "1"` despite one or more workspace members being on edition 2021 which implies `resolver = "2"`
[INFO] [stderr] note: to keep the current resolver, specify `workspace.resolver = "1"` in the workspace root's manifest
[INFO] [stderr] note: to use the edition 2021 resolver, specify `workspace.resolver = "2"` in the workspace root's manifest
[INFO] [stderr] note: for more details see https://doc.rust-lang.org/cargo/reference/resolver.html#resolver-versions
[INFO] [stderr] warning: unexpected `cfg` condition value: `net`
[INFO] [stderr]   --> fluffl/src/lib.rs:41:7
[INFO] [stderr]    |
[INFO] [stderr] 41 | #[cfg(feature = "net")]
[INFO] [stderr]    |       ^^^^^^^^^^^^^^^
[INFO] [stderr]    |
[INFO] [stderr]    = note: expected values for `feature` are: `be_glutin`, `be_sdl2`, `default`, `extras`, `glutin`, `http`, `lewton`, `native-tls`, `puremp3`, `sdl2`, and `tungstenite`
[INFO] [stderr]    = help: consider adding `net` as a feature in `Cargo.toml`
[INFO] [stderr]    = note: see <https://doc.rust-lang.org/nightly/rustc/check-cfg/cargo-specifics.html> for more information about checking conditional configuration
[INFO] [stderr]    = note: `#[warn(unexpected_cfgs)]` on by default
[INFO] [stderr] 
[INFO] [stderr] warning: ambiguous glob re-exports
[INFO] [stderr]   --> fluffl/src/text_writer.rs:13:9
[INFO] [stderr]    |
[INFO] [stderr] 9  |     *,
[INFO] [stderr]    |     - but the name `Error` in the type namespace is also re-exported here
[INFO] [stderr] ...
[INFO] [stderr] 13 | pub use hiero_pack::{self, *};
[INFO] [stderr]    |         ^^^^^^^^^^^^^^^^^^^^^ the name `Error` in the type namespace is first re-exported here
[INFO] [stderr]    |
[INFO] [stderr]    = note: `#[warn(ambiguous_glob_reexports)]` on by default
[INFO] [stderr] 
[INFO] [stderr] warning: trait `HasEventCollection` is never used
[INFO] [stderr]    --> fluffl/src/window.rs:170:7
[INFO] [stderr]     |
[INFO] [stderr] 170 | trait HasEventCollection {
[INFO] [stderr]     |       ^^^^^^^^^^^^^^^^^^
[INFO] [stderr]     |
[INFO] [stderr]     = note: `#[warn(dead_code)]` on by default
[INFO] [stderr] 
[INFO] [stderr] warning: creating a mutable reference to mutable static is discouraged
[INFO] [stderr]   --> fluffl/src/window/./window_backends/glutin_window.rs:33:13
[INFO] [stderr]    |
[INFO] [stderr] 33 | /             GLOBAL_TOUCH_TRACKER
[INFO] [stderr] 34 | |                 .as_mut()
[INFO] [stderr]    | |_________________________^ mutable reference to mutable static
[INFO] [stderr]    |
[INFO] [stderr]    = note: for more information, see <https://doc.rust-lang.org/nightly/edition-guide/rust-2024/static-mut-references.html>
[INFO] [stderr]    = note: mutable references to mutable statics are dangerous; it's undefined behavior if any other pointer to the static is used or if any other reference is created for the static while the mutable reference lives
[INFO] [stderr]    = note: `#[warn(static_mut_refs)]` on by default
[INFO] [stderr] 
[INFO] [stderr] warning: creating a mutable reference to mutable static is discouraged
[INFO] [stderr]   --> fluffl/src/math/waves/noise.rs:68:32
[INFO] [stderr]    |
[INFO] [stderr] 68 |     let noise_table = unsafe { &mut UNIFORM_NOISE_TABLE };
[INFO] [stderr]    |                                ^^^^^^^^^^^^^^^^^^^^^^^^ mutable reference to mutable static
[INFO] [stderr]    |
[INFO] [stderr]    = note: for more information, see <https://doc.rust-lang.org/nightly/edition-guide/rust-2024/static-mut-references.html>
[INFO] [stderr]    = note: mutable references to mutable statics are dangerous; it's undefined behavior if any other pointer to the static is used or if any other reference is created for the static while the mutable reference lives
[INFO] [stderr] help: use `&raw mut` instead to create a raw pointer
[INFO] [stderr]    |
[INFO] [stderr] 68 |     let noise_table = unsafe { &raw mut UNIFORM_NOISE_TABLE };
[INFO] [stderr]    |                                ~~~~~~~~
[INFO] [stderr] 
[INFO] [stderr] warning: `fluffl` (lib) generated 5 warnings
[INFO] [stderr] warning: `fluffl` (lib test) generated 5 warnings (5 duplicates)
[INFO] [stderr]     Finished `test` profile [unoptimized + debuginfo] target(s) in 0.12s
[INFO] [stderr]      Running unittests src/lib.rs (/opt/rustwide/target/debug/deps/fluffl-e3e077f4ee02cc2c)
[INFO] [stdout] 
[INFO] [stdout] running 36 tests
[INFO] [stdout] test codecs::base64::encode_sanity_test ... ok
[INFO] [stdout] test collections::bitarray::set_bit ... ok
[INFO] [stdout] test collections::flat_nary_tree::drop_sanity ... ok
[INFO] [stdout] test collections::flat_nary_tree::sort_util::partition_complex ... ok
[INFO] [stdout] test collections::flat_nary_tree::sort_util::partition_sanity ... ok
[INFO] [stdout] test collections::segment_tree::clip_interval_bug ... ok
[INFO] [stdout] test collections::flat_nary_tree::sort_util::quick_sort_sanity ... ok
[INFO] [stdout] test collections::segment_tree::tests::delete_by_global_id_simpe_test ... ok
[INFO] [stdout] test collections::flat_nary_tree::remove_sanity ... ok
[INFO] [stdout] test collections::segment_tree::tests::delete_overlapping_segments ... ok
[INFO] [stdout] test collections::segment_tree::tests::delete_sanity ... ok
[INFO] [stdout] test collections::segment_tree::tests::insert_search_by_interval_sanity ... ok
[INFO] [stdout] test math::fixedpoint::fp32::inv_test ... ok
[INFO] [stdout] test iterators::sanity ... ok
[INFO] [stdout] test math::fixedpoint::fp64::trig_eval_bug_1 ... ok
[INFO] [stdout] test math::fixedpoint::fp64::trig_eval_bug_2 ... ok
[INFO] [stdout] test math::matrix::tests::multiplication_mat_by_mat_and_mat_by_vec ... ok
[INFO] [stdout] test math::matrix::lu::lu_decomp_sanity ... ok
[INFO] [stdout] test math::matrix::tests::transpose_test ... ok
[INFO] [stdout] test math::aabb::verts_contained_sanity ... ok
[INFO] [stdout] test math::matrix::stack::sanity ... ok
[INFO] [stdout] test math::vector::component_writer::sanity ... ok
[INFO] [stdout] test math::vector::tests::position_test ... ok
[INFO] [stdout] test math::vector::tests::color_test ... ok
[INFO] [stdout] test math::fixedpoint::fp32::fast_mod_tests ... ok
[INFO] [stdout] test math::fixedpoint::fp32::trig_tests ... ok
[INFO] [stdout] test math::fixedpoint::fp64::trig_tests ... ok
[INFO] [stdout] test math::fixedpoint::fp32::qsqrt_test ... ok
[INFO] [stdout] test math::fixedpoint::fp32::conversion_tests ... ok
[INFO] [stdout] test text_writer::default_font::default_decode ... ok
[INFO] [stdout] test math::fixedpoint::fp64::fast_mod_tests ... ok
[INFO] [stdout] test codecs::ico::parse_ico ... FAILED
[INFO] [stdout] test collections::segment_tree::tests::delete_shotgun_0 ... ok
[INFO] [stdout] test math::fixedpoint::fp64::conversion_tests ... ok
[INFO] [stdout] test collections::segment_tree::tests::insert_search_by_scalar_shotgun_0 ... ok
[INFO] [stdout] test collections::segment_tree::tests::insert_search_by_interval_shotgun_0 ... ok
[INFO] [stdout] 
[INFO] [stdout] failures:
[INFO] [stdout] 
[INFO] [stdout] ---- codecs::ico::parse_ico stdout ----
[INFO] [stdout] thread 'codecs::ico::parse_ico' panicked at fluffl/src/codecs/ico.rs:199:37:
[INFO] [stdout] called `Result::unwrap()` on an `Err` value: Os { code: 30, kind: ReadOnlyFilesystem, message: "Read-only file system" }
[INFO] [stdout] stack backtrace:
[INFO] [stdout]    0:     0x57feb14e864a - std::backtrace_rs::backtrace::libunwind::trace::h207520d6e9873551
[INFO] [stdout]                                at /rustc/df4ca44d3fbc9301ee17f30f4d474e6ae4b05252/library/std/src/../../backtrace/src/backtrace/libunwind.rs:116:5
[INFO] [stdout]    1:     0x57feb14e864a - std::backtrace_rs::backtrace::trace_unsynchronized::h2ed7433f370e3eca
[INFO] [stdout]                                at /rustc/df4ca44d3fbc9301ee17f30f4d474e6ae4b05252/library/std/src/../../backtrace/src/backtrace/mod.rs:66:5
[INFO] [stdout]    2:     0x57feb14e864a - std::sys::backtrace::_print_fmt::h916fac51166b18d7
[INFO] [stdout]                                at /rustc/df4ca44d3fbc9301ee17f30f4d474e6ae4b05252/library/std/src/sys/backtrace.rs:66:9
[INFO] [stdout]    3:     0x57feb14e864a - <std::sys::backtrace::BacktraceLock::print::DisplayBacktrace as core::fmt::Display>::fmt::ha0a4c9b8ce3802e6
[INFO] [stdout]                                at /rustc/df4ca44d3fbc9301ee17f30f4d474e6ae4b05252/library/std/src/sys/backtrace.rs:39:26
[INFO] [stdout]    4:     0x57feb150f8a3 - core::fmt::rt::Argument::fmt::h4cfc8587d52b3eb5
[INFO] [stdout]                                at /rustc/df4ca44d3fbc9301ee17f30f4d474e6ae4b05252/library/core/src/fmt/rt.rs:177:76
[INFO] [stdout]    5:     0x57feb150f8a3 - core::fmt::write::h522cc39e5b36ae9f
[INFO] [stdout]                                at /rustc/df4ca44d3fbc9301ee17f30f4d474e6ae4b05252/library/core/src/fmt/mod.rs:1190:21
[INFO] [stdout]    6:     0x57feb14e52b3 - std::io::Write::write_fmt::h7d3c26752da97734
[INFO] [stdout]                                at /rustc/df4ca44d3fbc9301ee17f30f4d474e6ae4b05252/library/std/src/io/mod.rs:1839:15
[INFO] [stdout]    7:     0x57feb14e8492 - std::sys::backtrace::BacktraceLock::print::h4b9e00b29e9c0942
[INFO] [stdout]                                at /rustc/df4ca44d3fbc9301ee17f30f4d474e6ae4b05252/library/std/src/sys/backtrace.rs:42:9
[INFO] [stdout]    8:     0x57feb14e9ada - std::panicking::default_hook::{{closure}}::hb59b88280d0324d9
[INFO] [stdout]                                at /rustc/df4ca44d3fbc9301ee17f30f4d474e6ae4b05252/library/std/src/panicking.rs:268:22
[INFO] [stdout]    9:     0x57feb14e98e4 - std::panicking::default_hook::he1dd496665be4a29
[INFO] [stdout]                                at /rustc/df4ca44d3fbc9301ee17f30f4d474e6ae4b05252/library/std/src/panicking.rs:292:9
[INFO] [stdout]   10:     0x57feb1494eb9 - <alloc::boxed::Box<F,A> as core::ops::function::Fn<Args>>::call::h4ff71de18744e1dc
[INFO] [stdout]                                at /rustc/df4ca44d3fbc9301ee17f30f4d474e6ae4b05252/library/alloc/src/boxed.rs:2468:9
[INFO] [stdout]   11:     0x57feb1494eb9 - test::test_main::{{closure}}::hcf7c055ce117aa81
[INFO] [stdout]                                at /rustc/df4ca44d3fbc9301ee17f30f4d474e6ae4b05252/library/test/src/lib.rs:133:21
[INFO] [stdout]   12:     0x57feb14ea1d8 - <alloc::boxed::Box<F,A> as core::ops::function::Fn<Args>>::call::h1d66c6bbd60c9692
[INFO] [stdout]                                at /rustc/df4ca44d3fbc9301ee17f30f4d474e6ae4b05252/library/alloc/src/boxed.rs:2468:9
[INFO] [stdout]   13:     0x57feb14ea1d8 - std::panicking::rust_panic_with_hook::h2ff17fe8f26dfcf8
[INFO] [stdout]                                at /rustc/df4ca44d3fbc9301ee17f30f4d474e6ae4b05252/library/std/src/panicking.rs:809:13
[INFO] [stdout]   14:     0x57feb14e9f9a - std::panicking::begin_panic_handler::{{closure}}::h4fad77951c07e101
[INFO] [stdout]                                at /rustc/df4ca44d3fbc9301ee17f30f4d474e6ae4b05252/library/std/src/panicking.rs:674:13
[INFO] [stdout]   15:     0x57feb14e8b29 - std::sys::backtrace::__rust_end_short_backtrace::hb1a25b3da5d0ea08
[INFO] [stdout]                                at /rustc/df4ca44d3fbc9301ee17f30f4d474e6ae4b05252/library/std/src/sys/backtrace.rs:170:18
[INFO] [stdout]   16:     0x57feb14e9c2c - rust_begin_unwind
[INFO] [stdout]                                at /rustc/df4ca44d3fbc9301ee17f30f4d474e6ae4b05252/library/std/src/panicking.rs:665:5
[INFO] [stdout]   17:     0x57feb150d6a0 - core::panicking::panic_fmt::ha9db07b529f9b256
[INFO] [stdout]                                at /rustc/df4ca44d3fbc9301ee17f30f4d474e6ae4b05252/library/core/src/panicking.rs:75:14
[INFO] [stdout]   18:     0x57feb150dae6 - core::result::unwrap_failed::h5e8218e4d4338b8a
[INFO] [stdout]                                at /rustc/df4ca44d3fbc9301ee17f30f4d474e6ae4b05252/library/core/src/result.rs:1698:5
[INFO] [stdout]   19:     0x57feb1411d58 - core::result::Result<T,E>::unwrap::hd949bfa4ac6c9803
[INFO] [stdout]                                at /rustc/df4ca44d3fbc9301ee17f30f4d474e6ae4b05252/library/core/src/result.rs:1103:23
[INFO] [stdout]   20:     0x57feb1411d58 - fluffl::codecs::ico::parse_ico::h03a7e56f2d5fa2e1
[INFO] [stdout]                                at /opt/rustwide/workdir/fluffl/src/codecs/ico.rs:199:5
[INFO] [stdout]   21:     0x57feb1411aa7 - fluffl::codecs::ico::parse_ico::{{closure}}::hbfbe261300cc7b7f
[INFO] [stdout]                                at /opt/rustwide/workdir/fluffl/src/codecs/ico.rs:194:19
[INFO] [stdout]   22:     0x57feb1448e66 - core::ops::function::FnOnce::call_once::h4756b70f278f0185
[INFO] [stdout]                                at /rustc/df4ca44d3fbc9301ee17f30f4d474e6ae4b05252/library/core/src/ops/function.rs:250:5
[INFO] [stdout]   23:     0x57feb149978b - core::ops::function::FnOnce::call_once::h22c3ba5715e93f05
[INFO] [stdout]                                at /rustc/df4ca44d3fbc9301ee17f30f4d474e6ae4b05252/library/core/src/ops/function.rs:250:5
[INFO] [stdout]   24:     0x57feb149978b - test::__rust_begin_short_backtrace::h8e82d8113d0da17f
[INFO] [stdout]                                at /rustc/df4ca44d3fbc9301ee17f30f4d474e6ae4b05252/library/test/src/lib.rs:621:18
[INFO] [stdout]   25:     0x57feb1499107 - test::run_test_in_process::{{closure}}::h33235f4f20b7b7c7
[INFO] [stdout]                                at /rustc/df4ca44d3fbc9301ee17f30f4d474e6ae4b05252/library/test/src/lib.rs:644:60
[INFO] [stdout]   26:     0x57feb1499107 - <core::panic::unwind_safe::AssertUnwindSafe<F> as core::ops::function::FnOnce<()>>::call_once::hb5043206310c586f
[INFO] [stdout]                                at /rustc/df4ca44d3fbc9301ee17f30f4d474e6ae4b05252/library/core/src/panic/unwind_safe.rs:272:9
[INFO] [stdout]   27:     0x57feb1499107 - std::panicking::try::do_call::h9ad4731a60ab23e2
[INFO] [stdout]                                at /rustc/df4ca44d3fbc9301ee17f30f4d474e6ae4b05252/library/std/src/panicking.rs:557:40
[INFO] [stdout]   28:     0x57feb1499107 - std::panicking::try::h3824d23db772a716
[INFO] [stdout]                                at /rustc/df4ca44d3fbc9301ee17f30f4d474e6ae4b05252/library/std/src/panicking.rs:520:19
[INFO] [stdout]   29:     0x57feb1499107 - std::panic::catch_unwind::h5afd514605fde46b
[INFO] [stdout]                                at /rustc/df4ca44d3fbc9301ee17f30f4d474e6ae4b05252/library/std/src/panic.rs:358:14
[INFO] [stdout]   30:     0x57feb1499107 - test::run_test_in_process::h0d5cbfa7067d1720
[INFO] [stdout]                                at /rustc/df4ca44d3fbc9301ee17f30f4d474e6ae4b05252/library/test/src/lib.rs:644:27
[INFO] [stdout]   31:     0x57feb1499107 - test::run_test::{{closure}}::h708eb8872708115d
[INFO] [stdout]                                at /rustc/df4ca44d3fbc9301ee17f30f4d474e6ae4b05252/library/test/src/lib.rs:565:43
[INFO] [stdout]   32:     0x57feb145c824 - test::run_test::{{closure}}::h392c51cee94713ab
[INFO] [stdout]                                at /rustc/df4ca44d3fbc9301ee17f30f4d474e6ae4b05252/library/test/src/lib.rs:595:41
[INFO] [stdout]   33:     0x57feb145c824 - std::sys::backtrace::__rust_begin_short_backtrace::h2f40290710935a8b
[INFO] [stdout]                                at /rustc/df4ca44d3fbc9301ee17f30f4d474e6ae4b05252/library/std/src/sys/backtrace.rs:154:18
[INFO] [stdout]   34:     0x57feb145ffce - std::thread::Builder::spawn_unchecked_::{{closure}}::{{closure}}::h3fd968d89053a903
[INFO] [stdout]                                at /rustc/df4ca44d3fbc9301ee17f30f4d474e6ae4b05252/library/std/src/thread/mod.rs:541:17
[INFO] [stdout]   35:     0x57feb145ffce - <core::panic::unwind_safe::AssertUnwindSafe<F> as core::ops::function::FnOnce<()>>::call_once::h743f637ba4229880
[INFO] [stdout]                                at /rustc/df4ca44d3fbc9301ee17f30f4d474e6ae4b05252/library/core/src/panic/unwind_safe.rs:272:9
[INFO] [stdout]   36:     0x57feb145ffce - std::panicking::try::do_call::h07440897322525a6
[INFO] [stdout]                                at /rustc/df4ca44d3fbc9301ee17f30f4d474e6ae4b05252/library/std/src/panicking.rs:557:40
[INFO] [stdout]   37:     0x57feb145ffce - std::panicking::try::he5a2e00188156637
[INFO] [stdout]                                at /rustc/df4ca44d3fbc9301ee17f30f4d474e6ae4b05252/library/std/src/panicking.rs:520:19
[INFO] [stdout]   38:     0x57feb145ffce - std::panic::catch_unwind::hbaf3cae49b3c6433
[INFO] [stdout]                                at /rustc/df4ca44d3fbc9301ee17f30f4d474e6ae4b05252/library/std/src/panic.rs:358:14
[INFO] [stdout]   39:     0x57feb145ffce - std::thread::Builder::spawn_unchecked_::{{closure}}::h8e141ea224820bce
[INFO] [stdout]                                at /rustc/df4ca44d3fbc9301ee17f30f4d474e6ae4b05252/library/std/src/thread/mod.rs:540:30
[INFO] [stdout]   40:     0x57feb145ffce - core::ops::function::FnOnce::call_once{{vtable.shim}}::h90d312fedd7b8ea8
[INFO] [stdout]                                at /rustc/df4ca44d3fbc9301ee17f30f4d474e6ae4b05252/library/core/src/ops/function.rs:250:5
[INFO] [stdout]   41:     0x57feb14edfdb - <alloc::boxed::Box<F,A> as core::ops::function::FnOnce<Args>>::call_once::h69aa08ddb6adb8b6
[INFO] [stdout]                                at /rustc/df4ca44d3fbc9301ee17f30f4d474e6ae4b05252/library/alloc/src/boxed.rs:2454:9
[INFO] [stdout]   42:     0x57feb14edfdb - <alloc::boxed::Box<F,A> as core::ops::function::FnOnce<Args>>::call_once::h5aa36efdb79c806f
[INFO] [stdout]                                at /rustc/df4ca44d3fbc9301ee17f30f4d474e6ae4b05252/library/alloc/src/boxed.rs:2454:9
[INFO] [stdout]   43:     0x57feb14edfdb - std::sys::pal::unix::thread::Thread::new::thread_start::h6cd80a1b4be5158d
[INFO] [stdout]                                at /rustc/df4ca44d3fbc9301ee17f30f4d474e6ae4b05252/library/std/src/sys/pal/unix/thread.rs:105:17
[INFO] [stdout]   44:     0x7bda4fe54ac3 - <unknown>
[INFO] [stdout]   45:     0x7bda4fee5a04 - clone
[INFO] [stdout]   46:                0x0 - <unknown>
[INFO] [stdout] 
[INFO] [stdout] 
[INFO] [stdout] failures:
[INFO] [stdout]     codecs::ico::parse_ico
[INFO] [stdout] 
[INFO] [stdout] test result: FAILED. 35 passed; 1 failed; 0 ignored; 0 measured; 0 filtered out; finished in 10.62s
[INFO] [stdout] 
[INFO] [stderr] error: test failed, to rerun pass `--lib`
[INFO] running `Command { std: "docker" "inspect" "9645f836eef40d8ba0706ec36564dca1f6efaf22b2dfeed0f780d33b434f25aa", kill_on_drop: false }`
[INFO] running `Command { std: "docker" "rm" "-f" "9645f836eef40d8ba0706ec36564dca1f6efaf22b2dfeed0f780d33b434f25aa", kill_on_drop: false }`
[INFO] [stdout] 9645f836eef40d8ba0706ec36564dca1f6efaf22b2dfeed0f780d33b434f25aa
