[INFO] cloning repository https://github.com/JulieGibbs/FarmingStaking
[INFO] running `Command { std: "git" "-c" "credential.helper=" "-c" "credential.helper=/workspace/cargo-home/bin/git-credential-null" "clone" "--bare" "https://github.com/JulieGibbs/FarmingStaking" "/workspace/cache/git-repos/https%3A%2F%2Fgithub.com%2FJulieGibbs%2FFarmingStaking", kill_on_drop: false }`
[INFO] [stderr] Cloning into bare repository '/workspace/cache/git-repos/https%3A%2F%2Fgithub.com%2FJulieGibbs%2FFarmingStaking'...
[INFO] running `Command { std: "git" "rev-parse" "HEAD", kill_on_drop: false }`
[INFO] [stdout] fee61d170deb5db6b21115bb340c7ce99d86ec8a
[INFO] testing JulieGibbs/FarmingStaking/fee61d170deb5db6b21115bb340c7ce99d86ec8a against nightly-2024-10-28 for randomize-layout
[INFO] running `Command { std: "git" "clone" "/workspace/cache/git-repos/https%3A%2F%2Fgithub.com%2FJulieGibbs%2FFarmingStaking" "/workspace/builds/worker-0-tc1/source", kill_on_drop: false }`
[INFO] [stderr] Cloning into '/workspace/builds/worker-0-tc1/source'...
[INFO] [stderr] done.
[INFO] validating manifest of git repo https://github.com/JulieGibbs/FarmingStaking on toolchain nightly-2024-10-28
[INFO] running `Command { std: CARGO_HOME="/workspace/cargo-home" RUSTUP_HOME="/workspace/rustup-home" "/workspace/cargo-home/bin/cargo" "+nightly-2024-10-28" "metadata" "--manifest-path" "Cargo.toml" "--no-deps", kill_on_drop: false }`
[INFO] removed /workspace/builds/worker-0-tc1/source/.cargo/config
[INFO] started tweaking git repo https://github.com/JulieGibbs/FarmingStaking
[INFO] finished tweaking git repo https://github.com/JulieGibbs/FarmingStaking
[INFO] tweaked toml for git repo https://github.com/JulieGibbs/FarmingStaking written to /workspace/builds/worker-0-tc1/source/Cargo.toml
[INFO] crate git repo https://github.com/JulieGibbs/FarmingStaking already has a lockfile, it will not be regenerated
[INFO] running `Command { std: CARGO_HOME="/workspace/cargo-home" RUSTUP_HOME="/workspace/rustup-home" "/workspace/cargo-home/bin/cargo" "+nightly-2024-10-28" "fetch" "--manifest-path" "Cargo.toml", kill_on_drop: false }`
[INFO] [stderr]     Updating crates.io index
[INFO] [stderr]  Downloading crates ...
[INFO] [stderr]   Downloaded thiserror-impl v1.0.23
[INFO] [stderr]   Downloaded thiserror v1.0.23
[INFO] [stderr]   Downloaded proc-macro2 v1.0.29
[INFO] [stderr]   Downloaded syn v1.0.80
[INFO] [stderr]   Downloaded forward_ref v1.0.0
[INFO] [stderr]   Downloaded serde-json-wasm v0.3.2
[INFO] [stderr]   Downloaded byteorder v1.4.2
[INFO] [stderr]   Downloaded cw721 v0.12.0
[INFO] [stderr]   Downloaded cw721-base v0.12.0
[INFO] [stderr]   Downloaded cw2 v0.12.1
[INFO] [stderr]   Downloaded cw721 v0.11.1
[INFO] [stderr]   Downloaded cw-storage-plus v0.12.1
[INFO] [stderr]   Downloaded ecdsa v0.12.4
[INFO] [stderr]   Downloaded crypto-bigint v0.2.10
[INFO] [stderr]   Downloaded ff v0.10.1
[INFO] [stderr]   Downloaded ptr_meta_derive v0.1.4
[INFO] [stderr]   Downloaded redox_syscall v0.2.4
[INFO] [stderr]   Downloaded cosmwasm-schema v1.0.0-beta
[INFO] [stderr]   Downloaded rand v0.8.2
[INFO] [stderr]   Downloaded clru v0.4.0
[INFO] [stderr]   Downloaded rayon v1.5.0
[INFO] [stderr]   Downloaded wasmer-derive v2.0.0
[INFO] [stderr]   Downloaded pin-project-lite v0.2.4
[INFO] [stderr]   Downloaded tracing-attributes v0.1.11
[INFO] [stderr]   Downloaded gimli v0.23.0
[INFO] [stderr]   Downloaded cosmwasm-std v1.0.0-beta6
[INFO] [stderr]   Downloaded parity-wasm v0.42.1
[INFO] [stderr]   Downloaded enumset_derive v0.5.4
[INFO] [stderr]   Downloaded addr2line v0.14.1
[INFO] [stderr]   Downloaded object v0.23.0
[INFO] [stderr]   Downloaded loupe v0.1.3
[INFO] [stderr]   Downloaded elliptic-curve v0.10.6
[INFO] [stderr]   Downloaded sha2 v0.9.2
[INFO] [stderr]   Downloaded cosmwasm-vm v1.0.0-beta
[INFO] [stderr]   Downloaded k256 v0.9.6
[INFO] [stderr]   Downloaded cosmwasm-crypto v1.0.0-beta6
[INFO] [stderr]   Downloaded hex v0.4.2
[INFO] [stderr]   Downloaded cw-utils v0.12.1
[INFO] [stderr]   Downloaded cosmwasm-storage v1.0.0-beta
[INFO] [stderr]   Downloaded log v0.4.13
[INFO] [stderr]   Downloaded wasmer-compiler-cranelift v2.0.0
[INFO] [stderr]   Downloaded rayon-core v1.9.0
[INFO] [stderr]   Downloaded wasmer-compiler-singlepass v2.0.0
[INFO] [stderr]   Downloaded libloading v0.7.1
[INFO] [stderr]   Downloaded rkyv_derive v0.6.7
[INFO] [stderr]   Downloaded cw-utils v0.11.1
[INFO] [stderr]   Downloaded tracing-core v0.1.17
[INFO] [stderr]   Downloaded tracing v0.1.22
[INFO] [stderr]   Downloaded object v0.25.3
[INFO] [stderr]   Downloaded wasmer-object v2.0.0
[INFO] [stderr]   Downloaded which v4.0.2
[INFO] [stderr]   Downloaded wasmer-engine-dylib v2.0.0
[INFO] [stderr]   Downloaded memmap2 v0.2.0
[INFO] [stderr]   Downloaded darling_core v0.12.4
[INFO] [stderr]   Downloaded darling_macro v0.12.4
[INFO] [stderr]   Downloaded darling v0.12.4
[INFO] [stderr]   Downloaded enumset v1.0.6
[INFO] [stderr]   Downloaded serde_bytes v0.11.5
[INFO] [stderr]   Downloaded target-lexicon v0.12.2
[INFO] [stderr]   Downloaded wasmer-compiler v2.0.0
[INFO] [stderr]   Downloaded wasmer-engine v2.0.0
[INFO] [stderr]   Downloaded wasmer-engine-universal v2.0.0
[INFO] [stderr]   Downloaded wasmer v2.0.0
[INFO] [stderr]   Downloaded adler v0.2.3
[INFO] [stderr]   Downloaded miniz_oxide v0.4.3
[INFO] [stderr]   Downloaded rustc-demangle v0.1.18
[INFO] [stderr]   Downloaded backtrace v0.3.56
[INFO] [stderr]   Downloaded leb128 v0.2.4
[INFO] [stderr]   Downloaded indexmap v1.6.1
[INFO] [stderr]   Downloaded loupe-derive v0.1.3
[INFO] [stderr]   Downloaded rustversion v1.0.5
[INFO] [stderr]   Downloaded rkyv v0.6.7
[INFO] [stderr]   Downloaded wasmer-types v2.0.0
[INFO] [stderr]   Downloaded wasmer-vm v2.0.0
[INFO] [stderr]   Downloaded wasmer-middlewares v2.0.0
[INFO] [stderr]   Downloaded cw-storage-plus v0.11.1
[INFO] [stderr]   Downloaded cw20 v0.12.1
[INFO] [stderr]   Downloaded ptr_meta v0.1.4
[INFO] [stderr]   Downloaded seahash v4.1.0
[INFO] [stderr]   Downloaded group v0.10.0
[INFO] [stderr]   Downloaded const-oid v0.6.1
[INFO] [stderr]   Downloaded der v0.4.4
[INFO] [stderr]   Downloaded cosmwasm-derive v1.0.0-beta6
[INFO] [stderr]   Downloaded dynasmrt v1.0.1
[INFO] [stderr]   Downloaded spki v0.4.1
[INFO] [stderr]   Downloaded pkcs8 v0.7.6
[INFO] [stderr]   Downloaded wasi v0.10.1+wasi-snapshot-preview1
[INFO] [stderr]   Downloaded getrandom v0.2.2
[INFO] [stderr]   Downloaded cpuid-bool v0.1.2
[INFO] [stderr]   Downloaded libc v0.2.82
[INFO] [stderr]   Downloaded schemars_derive v0.8.6
[INFO] [stderr]   Downloaded schemars v0.8.6
[INFO] [stderr]   Downloaded serde_derive v1.0.120
[INFO] [stderr]   Downloaded serde v1.0.120
[INFO] [stderr]   Downloaded dynasm v1.0.1
[INFO] running `Command { std: "docker" "create" "-v" "/var/lib/crater-agent-workspace/builds/worker-0-tc1/target:/opt/rustwide/target:rw,Z" "-v" "/var/lib/crater-agent-workspace/builds/worker-0-tc1/source:/opt/rustwide/workdir:ro,Z" "-v" "/var/lib/crater-agent-workspace/cargo-home:/opt/rustwide/cargo-home:ro,Z" "-v" "/var/lib/crater-agent-workspace/rustup-home:/opt/rustwide/rustup-home:ro,Z" "-e" "SOURCE_DIR=/opt/rustwide/workdir" "-e" "CARGO_TARGET_DIR=/opt/rustwide/target" "-e" "CARGO_HOME=/opt/rustwide/cargo-home" "-e" "RUSTUP_HOME=/opt/rustwide/rustup-home" "-w" "/opt/rustwide/workdir" "-m" "1610612736" "--user" "0:0" "--network" "none" "ghcr.io/rust-lang/crates-build-env/linux@sha256:4a844ea9eb2546a2d2c7022eacef16ef2e8229c7fbb2c7d4d55a9ceca922f72d" "/opt/rustwide/cargo-home/bin/cargo" "+nightly-2024-10-28" "metadata" "--no-deps" "--format-version=1", kill_on_drop: false }`
[INFO] [stdout] 41dde09141403665ef67fee0bf3f11ba375b8b5f99b43c81e3d4b2bed2a35c1f
[INFO] running `Command { std: "docker" "start" "-a" "41dde09141403665ef67fee0bf3f11ba375b8b5f99b43c81e3d4b2bed2a35c1f", kill_on_drop: false }`
[INFO] running `Command { std: "docker" "inspect" "41dde09141403665ef67fee0bf3f11ba375b8b5f99b43c81e3d4b2bed2a35c1f", kill_on_drop: false }`
[INFO] running `Command { std: "docker" "rm" "-f" "41dde09141403665ef67fee0bf3f11ba375b8b5f99b43c81e3d4b2bed2a35c1f", kill_on_drop: false }`
[INFO] [stdout] 41dde09141403665ef67fee0bf3f11ba375b8b5f99b43c81e3d4b2bed2a35c1f
[INFO] running `Command { std: "docker" "create" "-v" "/var/lib/crater-agent-workspace/builds/worker-0-tc1/target:/opt/rustwide/target:rw,Z" "-v" "/var/lib/crater-agent-workspace/builds/worker-0-tc1/source:/opt/rustwide/workdir:ro,Z" "-v" "/var/lib/crater-agent-workspace/cargo-home:/opt/rustwide/cargo-home:ro,Z" "-v" "/var/lib/crater-agent-workspace/rustup-home:/opt/rustwide/rustup-home:ro,Z" "-e" "SOURCE_DIR=/opt/rustwide/workdir" "-e" "CARGO_TARGET_DIR=/opt/rustwide/target" "-e" "CARGO_INCREMENTAL=0" "-e" "RUST_BACKTRACE=full" "-e" "RUSTFLAGS=--cap-lints=forbid" "-e" "RUSTDOCFLAGS=--cap-lints=forbid" "-e" "CARGO_HOME=/opt/rustwide/cargo-home" "-e" "RUSTUP_HOME=/opt/rustwide/rustup-home" "-w" "/opt/rustwide/workdir" "-m" "1610612736" "--user" "0:0" "--network" "none" "ghcr.io/rust-lang/crates-build-env/linux@sha256:4a844ea9eb2546a2d2c7022eacef16ef2e8229c7fbb2c7d4d55a9ceca922f72d" "/opt/rustwide/cargo-home/bin/cargo" "+nightly-2024-10-28" "build" "--frozen" "--message-format=json", kill_on_drop: false }`
[INFO] [stdout] 4dad3d3b2cf74c15e9925d4edd7fe2e9b4abb6bd9a73cdbca153377d7303cdad
[INFO] running `Command { std: "docker" "start" "-a" "4dad3d3b2cf74c15e9925d4edd7fe2e9b4abb6bd9a73cdbca153377d7303cdad", kill_on_drop: false }`
[INFO] [stderr]    Compiling libc v0.2.82
[INFO] [stderr]    Compiling version_check v0.9.2
[INFO] [stderr]    Compiling proc-macro2 v1.0.29
[INFO] [stderr]    Compiling typenum v1.12.0
[INFO] [stderr]    Compiling unicode-xid v0.2.1
[INFO] [stderr]    Compiling syn v1.0.80
[INFO] [stderr]    Compiling getrandom v0.2.2
[INFO] [stderr]    Compiling subtle v2.4.0
[INFO] [stderr]    Compiling serde_derive v1.0.120
[INFO] [stderr]    Compiling serde v1.0.120
[INFO] [stderr]    Compiling zeroize v1.3.0
[INFO] [stderr]    Compiling const-oid v0.6.1
[INFO] [stderr]    Compiling getrandom v0.1.16
[INFO] [stderr]    Compiling ryu v1.0.5
[INFO] [stderr]    Compiling byteorder v1.4.2
[INFO] [stderr]    Compiling cpuid-bool v0.1.2
[INFO] [stderr]    Compiling serde_json v1.0.61
[INFO] [stderr]    Compiling crunchy v0.2.2
[INFO] [stderr]    Compiling der v0.4.4
[INFO] [stderr]    Compiling hex v0.4.2
[INFO] [stderr]    Compiling itoa v0.4.7
[INFO] [stderr]    Compiling schemars v0.8.6
[INFO] [stderr]    Compiling dyn-clone v1.0.4
[INFO] [stderr]    Compiling forward_ref v1.0.0
[INFO] [stderr]    Compiling generic-array v0.14.4
[INFO] [stderr]    Compiling uint v0.9.1
[INFO] [stderr]    Compiling quote v1.0.8
[INFO] [stderr]    Compiling spki v0.4.1
[INFO] [stderr]    Compiling pkcs8 v0.7.6
[INFO] [stderr]    Compiling rand_core v0.5.1
[INFO] [stderr]    Compiling rand_core v0.6.1
[INFO] [stderr]    Compiling ff v0.10.1
[INFO] [stderr]    Compiling group v0.10.0
[INFO] [stderr]    Compiling digest v0.9.0
[INFO] [stderr]    Compiling crypto-bigint v0.2.10
[INFO] [stderr]    Compiling block-buffer v0.9.0
[INFO] [stderr]    Compiling crypto-mac v0.11.1
[INFO] [stderr]    Compiling hmac v0.11.0
[INFO] [stderr]    Compiling signature v1.3.1
[INFO] [stderr]    Compiling sha2 v0.9.2
[INFO] [stderr]    Compiling curve25519-dalek v3.1.0
[INFO] [stderr]    Compiling elliptic-curve v0.10.6
[INFO] [stderr]    Compiling ecdsa v0.12.4
[INFO] [stderr]    Compiling k256 v0.9.6
[INFO] [stderr]    Compiling serde_derive_internals v0.25.0
[INFO] [stderr]    Compiling thiserror-impl v1.0.23
[INFO] [stderr]    Compiling schemars_derive v0.8.6
[INFO] [stderr]    Compiling cosmwasm-derive v1.0.0-beta6
[INFO] [stderr]    Compiling thiserror v1.0.23
[INFO] [stderr]    Compiling ed25519-zebra v2.2.0
[INFO] [stderr]    Compiling serde-json-wasm v0.3.2
[INFO] [stderr]    Compiling cosmwasm-crypto v1.0.0-beta6
[INFO] [stderr]    Compiling cosmwasm-std v1.0.0-beta6
[INFO] [stderr]    Compiling cw-utils v0.12.1
[INFO] [stderr]    Compiling cw-storage-plus v0.12.1
[INFO] [stderr]    Compiling cw-utils v0.11.1
[INFO] [stderr]    Compiling cosmwasm-storage v1.0.0-beta
[INFO] [stderr]    Compiling cw-storage-plus v0.11.1
[INFO] [stderr]    Compiling cw721 v0.11.1
[INFO] [stderr]    Compiling cw721 v0.12.0
[INFO] [stderr]    Compiling cw20 v0.12.1
[INFO] [stderr]    Compiling cw2 v0.12.1
[INFO] [stderr]    Compiling cw721-base v0.12.0
[INFO] [stderr]    Compiling Hope_Contract v0.10.0 (/opt/rustwide/workdir)
[INFO] [stdout] warning: unused import: `Cw20ExecuteMsg`
[INFO] [stdout]   --> src/contract.rs:13:12
[INFO] [stdout]    |
[INFO] [stdout] 13 | use cw20::{Cw20ExecuteMsg};
[INFO] [stdout]    |            ^^^^^^^^^^^^^^
[INFO] [stdout]    |
[INFO] [stdout]    = note: `#[warn(unused_imports)]` on by default
[INFO] [stdout] 
[INFO] [stdout] 
[INFO] [stdout] warning: unused variable: `my_nfts`
[INFO] [stdout]    --> src/contract.rs:118:10
[INFO] [stdout]     |
[INFO] [stdout] 118 |         |my_nfts|->StdResult<_>{
[INFO] [stdout]     |          ^^^^^^^ help: if this is intentional, prefix it with an underscore: `_my_nfts`
[INFO] [stdout]     |
[INFO] [stdout]     = note: `#[warn(unused_variables)]` on by default
[INFO] [stdout] 
[INFO] [stdout] 
[INFO] [stdout] warning: unused variable: `deps`
[INFO] [stdout]    --> src/contract.rs:556:31
[INFO] [stdout]     |
[INFO] [stdout] 556 | pub fn query_get_current_time(deps:Deps,env:Env) -> StdResult<u64>{
[INFO] [stdout]     |                               ^^^^ help: if this is intentional, prefix it with an underscore: `_deps`
[INFO] [stdout] 
[INFO] [stdout] 
[INFO] [stdout] warning: unused variable: `k`
[INFO] [stdout]    --> src/contract.rs:578:21
[INFO] [stdout]     |
[INFO] [stdout] 578 |     item.and_then(|(k, token_info)| {
[INFO] [stdout]     |                     ^ help: if this is intentional, prefix it with an underscore: `_k`
[INFO] [stdout] 
[INFO] [stdout] 
[INFO] [stdout] warning: crate `Hope_Contract` should have a snake case name
[INFO] [stdout]   |
[INFO] [stdout]   = help: convert the identifier to snake case: `hope_contract`
[INFO] [stdout]   = note: `#[warn(non_snake_case)]` on by default
[INFO] [stdout] 
[INFO] [stdout] 
[INFO] [stderr]     Finished `dev` profile [unoptimized + debuginfo] target(s) in 13.02s
[INFO] running `Command { std: "docker" "inspect" "4dad3d3b2cf74c15e9925d4edd7fe2e9b4abb6bd9a73cdbca153377d7303cdad", kill_on_drop: false }`
[INFO] running `Command { std: "docker" "rm" "-f" "4dad3d3b2cf74c15e9925d4edd7fe2e9b4abb6bd9a73cdbca153377d7303cdad", kill_on_drop: false }`
[INFO] [stdout] 4dad3d3b2cf74c15e9925d4edd7fe2e9b4abb6bd9a73cdbca153377d7303cdad
[INFO] running `Command { std: "docker" "create" "-v" "/var/lib/crater-agent-workspace/builds/worker-0-tc1/target:/opt/rustwide/target:rw,Z" "-v" "/var/lib/crater-agent-workspace/builds/worker-0-tc1/source:/opt/rustwide/workdir:ro,Z" "-v" "/var/lib/crater-agent-workspace/cargo-home:/opt/rustwide/cargo-home:ro,Z" "-v" "/var/lib/crater-agent-workspace/rustup-home:/opt/rustwide/rustup-home:ro,Z" "-e" "SOURCE_DIR=/opt/rustwide/workdir" "-e" "CARGO_TARGET_DIR=/opt/rustwide/target" "-e" "CARGO_INCREMENTAL=0" "-e" "RUST_BACKTRACE=full" "-e" "RUSTFLAGS=--cap-lints=forbid" "-e" "RUSTDOCFLAGS=--cap-lints=forbid" "-e" "CARGO_HOME=/opt/rustwide/cargo-home" "-e" "RUSTUP_HOME=/opt/rustwide/rustup-home" "-w" "/opt/rustwide/workdir" "-m" "1610612736" "--user" "0:0" "--network" "none" "ghcr.io/rust-lang/crates-build-env/linux@sha256:4a844ea9eb2546a2d2c7022eacef16ef2e8229c7fbb2c7d4d55a9ceca922f72d" "/opt/rustwide/cargo-home/bin/cargo" "+nightly-2024-10-28" "test" "--frozen" "--no-run" "--message-format=json", kill_on_drop: false }`
[INFO] [stdout] 25b7d9ced51dc72432cb3ede0ad843434c5dfdbb5aa252339bf75b64fc949d03
[INFO] running `Command { std: "docker" "start" "-a" "25b7d9ced51dc72432cb3ede0ad843434c5dfdbb5aa252339bf75b64fc949d03", kill_on_drop: false }`
[INFO] [stderr]    Compiling indexmap v1.6.1
[INFO] [stderr]    Compiling memoffset v0.6.1
[INFO] [stderr]    Compiling hashbrown v0.9.1
[INFO] [stderr]    Compiling bitflags v1.2.1
[INFO] [stderr]    Compiling rustversion v1.0.5
[INFO] [stderr]    Compiling ptr_meta_derive v0.1.4
[INFO] [stderr]    Compiling darling_core v0.12.4
[INFO] [stderr]    Compiling miniz_oxide v0.4.3
[INFO] [stderr]    Compiling rkyv v0.6.7
[INFO] [stderr]    Compiling target-lexicon v0.12.2
[INFO] [stderr]    Compiling loupe-derive v0.1.3
[INFO] [stderr]    Compiling rkyv_derive v0.6.7
[INFO] [stderr]    Compiling adler v0.2.3
[INFO] [stderr]    Compiling cc v1.0.66
[INFO] [stderr]    Compiling smallvec v1.6.1
[INFO] [stderr]    Compiling seahash v4.1.0
[INFO] [stderr]    Compiling gimli v0.23.0
[INFO] [stderr]    Compiling crossbeam-utils v0.8.1
[INFO] [stderr]    Compiling object v0.23.0
[INFO] [stderr]    Compiling rustc-demangle v0.1.18
[INFO] [stderr]    Compiling more-asserts v0.2.1
[INFO] [stderr]    Compiling const_fn v0.4.5
[INFO] [stderr]    Compiling region v2.2.0
[INFO] [stderr]    Compiling ptr_meta v0.1.4
[INFO] [stderr]    Compiling serde_bytes v0.11.5
[INFO] [stderr]    Compiling proc-macro-error-attr v1.0.4
[INFO] [stderr]    Compiling wasmparser v0.78.2
[INFO] [stderr]    Compiling cranelift-entity v0.74.0
[INFO] [stderr]    Compiling proc-macro-error v1.0.4
[INFO] [stderr]    Compiling log v0.4.13
[INFO] [stderr]    Compiling rayon-core v1.9.0
[INFO] [stderr]    Compiling cranelift-codegen-shared v0.74.0
[INFO] [stderr]    Compiling cranelift-codegen-meta v0.74.0
[INFO] [stderr]    Compiling memmap2 v0.2.0
[INFO] [stderr]    Compiling memchr v2.4.1
[INFO] [stderr]    Compiling crc32fast v1.2.1
[INFO] [stderr]    Compiling loupe v0.1.3
[INFO] [stderr]    Compiling num_cpus v1.13.0
[INFO] [stderr]    Compiling crossbeam-epoch v0.9.1
[INFO] [stderr]    Compiling wasmer-vm v2.0.0
[INFO] [stderr]    Compiling crossbeam-channel v0.5.0
[INFO] [stderr]    Compiling rayon v1.5.0
[INFO] [stderr]    Compiling rustc-hash v1.1.0
[INFO] [stderr]    Compiling ppv-lite86 v0.2.10
[INFO] [stderr]    Compiling stable_deref_trait v1.2.0
[INFO] [stderr]    Compiling fallible-iterator v0.2.0
[INFO] [stderr]    Compiling regalloc v0.0.31
[INFO] [stderr]    Compiling crossbeam-deque v0.8.0
[INFO] [stderr]    Compiling cranelift-bforest v0.74.0
[INFO] [stderr]    Compiling tracing-attributes v0.1.11
[INFO] [stderr]    Compiling tracing-core v0.1.17
[INFO] [stderr]    Compiling pin-project-lite v0.2.4
[INFO] [stderr]    Compiling dynasm v1.0.1
[INFO] [stderr]    Compiling wasmer-compiler-cranelift v2.0.0
[INFO] [stderr]    Compiling gimli v0.24.0
[INFO] [stderr]    Compiling rand_chacha v0.3.0
[INFO] [stderr]    Compiling remove_dir_all v0.5.3
[INFO] [stderr]    Compiling leb128 v0.2.4
[INFO] [stderr]    Compiling which v4.0.2
[INFO] [stderr]    Compiling libloading v0.7.1
[INFO] [stderr]    Compiling rand v0.8.2
[INFO] [stderr]    Compiling object v0.25.3
[INFO] [stderr]    Compiling addr2line v0.14.1
[INFO] [stderr]    Compiling wasmer-derive v2.0.0
[INFO] [stderr]    Compiling backtrace v0.3.56
[INFO] [stderr]    Compiling parity-wasm v0.42.1
[INFO] [stderr]    Compiling darling_macro v0.12.4
[INFO] [stderr]    Compiling tracing v0.1.22
[INFO] [stderr]    Compiling tempfile v3.2.0
[INFO] [stderr]    Compiling clru v0.4.0
[INFO] [stderr]    Compiling darling v0.12.4
[INFO] [stderr]    Compiling cosmwasm-schema v1.0.0-beta
[INFO] [stderr]    Compiling enumset_derive v0.5.4
[INFO] [stderr]    Compiling wasmer-types v2.0.0
[INFO] [stdout] warning: unused import: `Cw20ExecuteMsg`
[INFO] [stdout]   --> src/contract.rs:13:12
[INFO] [stdout]    |
[INFO] [stdout] 13 | use cw20::{Cw20ExecuteMsg};
[INFO] [stdout]    |            ^^^^^^^^^^^^^^
[INFO] [stdout]    |
[INFO] [stdout]    = note: `#[warn(unused_imports)]` on by default
[INFO] [stdout] 
[INFO] [stdout] 
[INFO] [stdout] warning: unused variable: `my_nfts`
[INFO] [stdout]    --> src/contract.rs:118:10
[INFO] [stdout]     |
[INFO] [stdout] 118 |         |my_nfts|->StdResult<_>{
[INFO] [stdout]     |          ^^^^^^^ help: if this is intentional, prefix it with an underscore: `_my_nfts`
[INFO] [stdout]     |
[INFO] [stdout]     = note: `#[warn(unused_variables)]` on by default
[INFO] [stdout] 
[INFO] [stdout] 
[INFO] [stdout] warning: unused variable: `deps`
[INFO] [stdout]    --> src/contract.rs:556:31
[INFO] [stdout]     |
[INFO] [stdout] 556 | pub fn query_get_current_time(deps:Deps,env:Env) -> StdResult<u64>{
[INFO] [stdout]     |                               ^^^^ help: if this is intentional, prefix it with an underscore: `_deps`
[INFO] [stdout] 
[INFO] [stdout] 
[INFO] [stdout] warning: unused variable: `k`
[INFO] [stdout]    --> src/contract.rs:578:21
[INFO] [stdout]     |
[INFO] [stdout] 578 |     item.and_then(|(k, token_info)| {
[INFO] [stdout]     |                     ^ help: if this is intentional, prefix it with an underscore: `_k`
[INFO] [stdout] 
[INFO] [stdout] 
[INFO] [stdout] warning: crate `Hope_Contract` should have a snake case name
[INFO] [stdout]   |
[INFO] [stdout]   = help: convert the identifier to snake case: `hope_contract`
[INFO] [stdout]   = note: `#[warn(non_snake_case)]` on by default
[INFO] [stdout] 
[INFO] [stdout] 
[INFO] [stderr]    Compiling enumset v1.0.6
[INFO] [stderr]    Compiling wasmer-compiler v2.0.0
[INFO] [stderr]    Compiling cranelift-codegen v0.74.0
[INFO] [stderr]    Compiling wasmer-engine v2.0.0
[INFO] [stderr]    Compiling wasmer-object v2.0.0
[INFO] [stderr]    Compiling wasmer-engine-dylib v2.0.0
[INFO] [stderr]    Compiling wasmer-engine-universal v2.0.0
[INFO] [stderr]    Compiling dynasmrt v1.0.1
[INFO] [stderr]    Compiling wasmer-compiler-singlepass v2.0.0
[INFO] [stderr]    Compiling cranelift-frontend v0.74.0
[INFO] [stderr]    Compiling wasmer v2.0.0
[INFO] [stderr]    Compiling wasmer-middlewares v2.0.0
[INFO] [stderr]    Compiling cosmwasm-vm v1.0.0-beta
[INFO] [stderr]    Compiling Hope_Contract v0.10.0 (/opt/rustwide/workdir)
[INFO] [stdout] warning: unused import: `Cw20ExecuteMsg`
[INFO] [stdout]   --> src/contract.rs:13:12
[INFO] [stdout]    |
[INFO] [stdout] 13 | use cw20::{Cw20ExecuteMsg};
[INFO] [stdout]    |            ^^^^^^^^^^^^^^
[INFO] [stdout]    |
[INFO] [stdout]    = note: `#[warn(unused_imports)]` on by default
[INFO] [stdout] 
[INFO] [stdout] 
[INFO] [stdout] warning: unused variable: `my_nfts`
[INFO] [stdout]    --> src/contract.rs:118:10
[INFO] [stdout]     |
[INFO] [stdout] 118 |         |my_nfts|->StdResult<_>{
[INFO] [stdout]     |          ^^^^^^^ help: if this is intentional, prefix it with an underscore: `_my_nfts`
[INFO] [stdout]     |
[INFO] [stdout]     = note: `#[warn(unused_variables)]` on by default
[INFO] [stdout] 
[INFO] [stdout] 
[INFO] [stdout] warning: unused variable: `deps`
[INFO] [stdout]    --> src/contract.rs:556:31
[INFO] [stdout]     |
[INFO] [stdout] 556 | pub fn query_get_current_time(deps:Deps,env:Env) -> StdResult<u64>{
[INFO] [stdout]     |                               ^^^^ help: if this is intentional, prefix it with an underscore: `_deps`
[INFO] [stdout] 
[INFO] [stdout] 
[INFO] [stdout] warning: unused variable: `k`
[INFO] [stdout]    --> src/contract.rs:578:21
[INFO] [stdout]     |
[INFO] [stdout] 578 |     item.and_then(|(k, token_info)| {
[INFO] [stdout]     |                     ^ help: if this is intentional, prefix it with an underscore: `_k`
[INFO] [stdout] 
[INFO] [stdout] 
[INFO] [stderr]     Finished `test` profile [unoptimized + debuginfo] target(s) in 18.92s
[INFO] [stderr] warning: the following packages contain code that will be rejected by a future version of Rust: cranelift-codegen-meta v0.74.0, wasmer-compiler-singlepass v2.0.0, wasmparser v0.78.2
[INFO] [stderr] note: to see what the problems were, use the option `--future-incompat-report`, or run `cargo report future-incompatibilities --id 1`
[INFO] running `Command { std: "docker" "inspect" "25b7d9ced51dc72432cb3ede0ad843434c5dfdbb5aa252339bf75b64fc949d03", kill_on_drop: false }`
[INFO] running `Command { std: "docker" "rm" "-f" "25b7d9ced51dc72432cb3ede0ad843434c5dfdbb5aa252339bf75b64fc949d03", kill_on_drop: false }`
[INFO] [stdout] 25b7d9ced51dc72432cb3ede0ad843434c5dfdbb5aa252339bf75b64fc949d03
[INFO] running `Command { std: "docker" "create" "-v" "/var/lib/crater-agent-workspace/builds/worker-0-tc1/target:/opt/rustwide/target:rw,Z" "-v" "/var/lib/crater-agent-workspace/builds/worker-0-tc1/source:/opt/rustwide/workdir:ro,Z" "-v" "/var/lib/crater-agent-workspace/cargo-home:/opt/rustwide/cargo-home:ro,Z" "-v" "/var/lib/crater-agent-workspace/rustup-home:/opt/rustwide/rustup-home:ro,Z" "-e" "SOURCE_DIR=/opt/rustwide/workdir" "-e" "CARGO_TARGET_DIR=/opt/rustwide/target" "-e" "CARGO_INCREMENTAL=0" "-e" "RUST_BACKTRACE=full" "-e" "RUSTFLAGS=--cap-lints=forbid" "-e" "RUSTDOCFLAGS=--cap-lints=forbid" "-e" "CARGO_HOME=/opt/rustwide/cargo-home" "-e" "RUSTUP_HOME=/opt/rustwide/rustup-home" "-w" "/opt/rustwide/workdir" "-m" "1610612736" "--user" "0:0" "--network" "none" "ghcr.io/rust-lang/crates-build-env/linux@sha256:4a844ea9eb2546a2d2c7022eacef16ef2e8229c7fbb2c7d4d55a9ceca922f72d" "/opt/rustwide/cargo-home/bin/cargo" "+nightly-2024-10-28" "test" "--frozen", kill_on_drop: false }`
[INFO] [stdout] 7f176826cfd017972c5d06a270c317cd79bf1313375d4a6a886e41e47e33e8cd
[INFO] running `Command { std: "docker" "start" "-a" "7f176826cfd017972c5d06a270c317cd79bf1313375d4a6a886e41e47e33e8cd", kill_on_drop: false }`
[INFO] [stderr] warning: unused import: `Cw20ExecuteMsg`
[INFO] [stderr]   --> src/contract.rs:13:12
[INFO] [stderr]    |
[INFO] [stderr] 13 | use cw20::{Cw20ExecuteMsg};
[INFO] [stderr]    |            ^^^^^^^^^^^^^^
[INFO] [stderr]    |
[INFO] [stderr]    = note: `#[warn(unused_imports)]` on by default
[INFO] [stderr] 
[INFO] [stderr] warning: unused variable: `my_nfts`
[INFO] [stderr]    --> src/contract.rs:118:10
[INFO] [stderr]     |
[INFO] [stderr] 118 |         |my_nfts|->StdResult<_>{
[INFO] [stderr]     |          ^^^^^^^ help: if this is intentional, prefix it with an underscore: `_my_nfts`
[INFO] [stderr]     |
[INFO] [stderr]     = note: `#[warn(unused_variables)]` on by default
[INFO] [stderr] 
[INFO] [stderr] warning: unused variable: `deps`
[INFO] [stderr]    --> src/contract.rs:556:31
[INFO] [stderr]     |
[INFO] [stderr] 556 | pub fn query_get_current_time(deps:Deps,env:Env) -> StdResult<u64>{
[INFO] [stderr]     |                               ^^^^ help: if this is intentional, prefix it with an underscore: `_deps`
[INFO] [stderr] 
[INFO] [stderr] warning: unused variable: `k`
[INFO] [stderr]    --> src/contract.rs:578:21
[INFO] [stderr]     |
[INFO] [stderr] 578 |     item.and_then(|(k, token_info)| {
[INFO] [stderr]     |                     ^ help: if this is intentional, prefix it with an underscore: `_k`
[INFO] [stderr] 
[INFO] [stderr] warning: crate `Hope_Contract` should have a snake case name
[INFO] [stderr]   |
[INFO] [stderr]   = help: convert the identifier to snake case: `hope_contract`
[INFO] [stderr]   = note: `#[warn(non_snake_case)]` on by default
[INFO] [stderr] 
[INFO] [stderr] warning: `Hope_Contract` (lib) generated 5 warnings (run `cargo fix --lib -p Hope_Contract` to apply 1 suggestion)
[INFO] [stderr] warning: `Hope_Contract` (lib test) generated 4 warnings (4 duplicates)
[INFO] [stderr]     Finished `test` profile [unoptimized + debuginfo] target(s) in 0.20s
[INFO] [stderr] warning: the following packages contain code that will be rejected by a future version of Rust: cranelift-codegen-meta v0.74.0, wasmer-compiler-singlepass v2.0.0, wasmparser v0.78.2
[INFO] [stderr] note: to see what the problems were, use the option `--future-incompat-report`, or run `cargo report future-incompatibilities --id 1`
[INFO] [stderr]      Running unittests src/lib.rs (/opt/rustwide/target/debug/deps/Hope_Contract-9f4b791cc286c0ce)
[INFO] [stdout] 
[INFO] [stdout] running 1 test
[INFO] [stdout] test contract::tests::testing ... FAILED
[INFO] [stdout] 
[INFO] [stdout] failures:
[INFO] [stdout] 
[INFO] [stdout] ---- contract::tests::testing stdout ----
[INFO] [stdout] thread 'contract::tests::testing' panicked at src/contract.rs:669:52:
[INFO] [stdout] called `Result::unwrap()` on an `Err` value: Unauthorized
[INFO] [stdout] stack backtrace:
[INFO] [stdout]    0:     0x621a218b91fa - std::backtrace_rs::backtrace::libunwind::trace::h207520d6e9873551
[INFO] [stdout]                                at /rustc/df4ca44d3fbc9301ee17f30f4d474e6ae4b05252/library/std/src/../../backtrace/src/backtrace/libunwind.rs:116:5
[INFO] [stdout]    1:     0x621a218b91fa - std::backtrace_rs::backtrace::trace_unsynchronized::h2ed7433f370e3eca
[INFO] [stdout]                                at /rustc/df4ca44d3fbc9301ee17f30f4d474e6ae4b05252/library/std/src/../../backtrace/src/backtrace/mod.rs:66:5
[INFO] [stdout]    2:     0x621a218b91fa - std::sys::backtrace::_print_fmt::h916fac51166b18d7
[INFO] [stdout]                                at /rustc/df4ca44d3fbc9301ee17f30f4d474e6ae4b05252/library/std/src/sys/backtrace.rs:66:9
[INFO] [stdout]    3:     0x621a218b91fa - <std::sys::backtrace::BacktraceLock::print::DisplayBacktrace as core::fmt::Display>::fmt::ha0a4c9b8ce3802e6
[INFO] [stdout]                                at /rustc/df4ca44d3fbc9301ee17f30f4d474e6ae4b05252/library/std/src/sys/backtrace.rs:39:26
[INFO] [stdout]    4:     0x621a218dfdc3 - core::fmt::rt::Argument::fmt::h4cfc8587d52b3eb5
[INFO] [stdout]                                at /rustc/df4ca44d3fbc9301ee17f30f4d474e6ae4b05252/library/core/src/fmt/rt.rs:177:76
[INFO] [stdout]    5:     0x621a218dfdc3 - core::fmt::write::h522cc39e5b36ae9f
[INFO] [stdout]                                at /rustc/df4ca44d3fbc9301ee17f30f4d474e6ae4b05252/library/core/src/fmt/mod.rs:1190:21
[INFO] [stdout]    6:     0x621a218b5e63 - std::io::Write::write_fmt::h7d3c26752da97734
[INFO] [stdout]                                at /rustc/df4ca44d3fbc9301ee17f30f4d474e6ae4b05252/library/std/src/io/mod.rs:1839:15
[INFO] [stdout]    7:     0x621a218b9042 - std::sys::backtrace::BacktraceLock::print::h4b9e00b29e9c0942
[INFO] [stdout]                                at /rustc/df4ca44d3fbc9301ee17f30f4d474e6ae4b05252/library/std/src/sys/backtrace.rs:42:9
[INFO] [stdout]    8:     0x621a218ba68a - std::panicking::default_hook::{{closure}}::hb59b88280d0324d9
[INFO] [stdout]                                at /rustc/df4ca44d3fbc9301ee17f30f4d474e6ae4b05252/library/std/src/panicking.rs:268:22
[INFO] [stdout]    9:     0x621a218ba494 - std::panicking::default_hook::he1dd496665be4a29
[INFO] [stdout]                                at /rustc/df4ca44d3fbc9301ee17f30f4d474e6ae4b05252/library/std/src/panicking.rs:292:9
[INFO] [stdout]   10:     0x621a217c8e69 - <alloc::boxed::Box<F,A> as core::ops::function::Fn<Args>>::call::h4ff71de18744e1dc
[INFO] [stdout]                                at /rustc/df4ca44d3fbc9301ee17f30f4d474e6ae4b05252/library/alloc/src/boxed.rs:2468:9
[INFO] [stdout]   11:     0x621a217c8e69 - test::test_main::{{closure}}::hcf7c055ce117aa81
[INFO] [stdout]                                at /rustc/df4ca44d3fbc9301ee17f30f4d474e6ae4b05252/library/test/src/lib.rs:133:21
[INFO] [stdout]   12:     0x621a218bad88 - <alloc::boxed::Box<F,A> as core::ops::function::Fn<Args>>::call::h1d66c6bbd60c9692
[INFO] [stdout]                                at /rustc/df4ca44d3fbc9301ee17f30f4d474e6ae4b05252/library/alloc/src/boxed.rs:2468:9
[INFO] [stdout]   13:     0x621a218bad88 - std::panicking::rust_panic_with_hook::h2ff17fe8f26dfcf8
[INFO] [stdout]                                at /rustc/df4ca44d3fbc9301ee17f30f4d474e6ae4b05252/library/std/src/panicking.rs:809:13
[INFO] [stdout]   14:     0x621a218bab4a - std::panicking::begin_panic_handler::{{closure}}::h4fad77951c07e101
[INFO] [stdout]                                at /rustc/df4ca44d3fbc9301ee17f30f4d474e6ae4b05252/library/std/src/panicking.rs:674:13
[INFO] [stdout]   15:     0x621a218b96d9 - std::sys::backtrace::__rust_end_short_backtrace::hb1a25b3da5d0ea08
[INFO] [stdout]                                at /rustc/df4ca44d3fbc9301ee17f30f4d474e6ae4b05252/library/std/src/sys/backtrace.rs:170:18
[INFO] [stdout]   16:     0x621a218ba7dc - rust_begin_unwind
[INFO] [stdout]                                at /rustc/df4ca44d3fbc9301ee17f30f4d474e6ae4b05252/library/std/src/panicking.rs:665:5
[INFO] [stdout]   17:     0x621a218de240 - core::panicking::panic_fmt::ha9db07b529f9b256
[INFO] [stdout]                                at /rustc/df4ca44d3fbc9301ee17f30f4d474e6ae4b05252/library/core/src/panicking.rs:75:14
[INFO] [stdout]   18:     0x621a218de6c6 - core::result::unwrap_failed::h5e8218e4d4338b8a
[INFO] [stdout]                                at /rustc/df4ca44d3fbc9301ee17f30f4d474e6ae4b05252/library/core/src/result.rs:1698:5
[INFO] [stdout]   19:     0x621a2175157a - core::result::Result<T,E>::unwrap::h499f3f02e7bf845f
[INFO] [stdout]                                at /rustc/df4ca44d3fbc9301ee17f30f4d474e6ae4b05252/library/core/src/result.rs:1103:23
[INFO] [stdout]   20:     0x621a2175157a - Hope_Contract::contract::tests::testing::h40527151cc7a0b2e
[INFO] [stdout]                                at /opt/rustwide/workdir/src/contract.rs:669:9
[INFO] [stdout]   21:     0x621a2174fca7 - Hope_Contract::contract::tests::testing::{{closure}}::hf0eb09700fc8559a
[INFO] [stdout]                                at /opt/rustwide/workdir/src/contract.rs:623:17
[INFO] [stdout]   22:     0x621a21763466 - core::ops::function::FnOnce::call_once::h2c366b5730de669b
[INFO] [stdout]                                at /rustc/df4ca44d3fbc9301ee17f30f4d474e6ae4b05252/library/core/src/ops/function.rs:250:5
[INFO] [stdout]   23:     0x621a217cd73b - core::ops::function::FnOnce::call_once::h22c3ba5715e93f05
[INFO] [stdout]                                at /rustc/df4ca44d3fbc9301ee17f30f4d474e6ae4b05252/library/core/src/ops/function.rs:250:5
[INFO] [stdout]   24:     0x621a217cd73b - test::__rust_begin_short_backtrace::h8e82d8113d0da17f
[INFO] [stdout]                                at /rustc/df4ca44d3fbc9301ee17f30f4d474e6ae4b05252/library/test/src/lib.rs:621:18
[INFO] [stdout]   25:     0x621a217cd0b7 - test::run_test_in_process::{{closure}}::h33235f4f20b7b7c7
[INFO] [stdout]                                at /rustc/df4ca44d3fbc9301ee17f30f4d474e6ae4b05252/library/test/src/lib.rs:644:60
[INFO] [stdout]   26:     0x621a217cd0b7 - <core::panic::unwind_safe::AssertUnwindSafe<F> as core::ops::function::FnOnce<()>>::call_once::hb5043206310c586f
[INFO] [stdout]                                at /rustc/df4ca44d3fbc9301ee17f30f4d474e6ae4b05252/library/core/src/panic/unwind_safe.rs:272:9
[INFO] [stdout]   27:     0x621a217cd0b7 - std::panicking::try::do_call::h9ad4731a60ab23e2
[INFO] [stdout]                                at /rustc/df4ca44d3fbc9301ee17f30f4d474e6ae4b05252/library/std/src/panicking.rs:557:40
[INFO] [stdout]   28:     0x621a217cd0b7 - std::panicking::try::h3824d23db772a716
[INFO] [stdout]                                at /rustc/df4ca44d3fbc9301ee17f30f4d474e6ae4b05252/library/std/src/panicking.rs:520:19
[INFO] [stdout]   29:     0x621a217cd0b7 - std::panic::catch_unwind::h5afd514605fde46b
[INFO] [stdout]                                at /rustc/df4ca44d3fbc9301ee17f30f4d474e6ae4b05252/library/std/src/panic.rs:358:14
[INFO] [stdout]   30:     0x621a217cd0b7 - test::run_test_in_process::h0d5cbfa7067d1720
[INFO] [stdout]                                at /rustc/df4ca44d3fbc9301ee17f30f4d474e6ae4b05252/library/test/src/lib.rs:644:27
[INFO] [stdout]   31:     0x621a217cd0b7 - test::run_test::{{closure}}::h708eb8872708115d
[INFO] [stdout]                                at /rustc/df4ca44d3fbc9301ee17f30f4d474e6ae4b05252/library/test/src/lib.rs:565:43
[INFO] [stdout]   32:     0x621a217907d4 - test::run_test::{{closure}}::h392c51cee94713ab
[INFO] [stdout]                                at /rustc/df4ca44d3fbc9301ee17f30f4d474e6ae4b05252/library/test/src/lib.rs:595:41
[INFO] [stdout]   33:     0x621a217907d4 - std::sys::backtrace::__rust_begin_short_backtrace::h2f40290710935a8b
[INFO] [stdout]                                at /rustc/df4ca44d3fbc9301ee17f30f4d474e6ae4b05252/library/std/src/sys/backtrace.rs:154:18
[INFO] [stdout]   34:     0x621a21793f7e - std::thread::Builder::spawn_unchecked_::{{closure}}::{{closure}}::h3fd968d89053a903
[INFO] [stdout]                                at /rustc/df4ca44d3fbc9301ee17f30f4d474e6ae4b05252/library/std/src/thread/mod.rs:541:17
[INFO] [stdout]   35:     0x621a21793f7e - <core::panic::unwind_safe::AssertUnwindSafe<F> as core::ops::function::FnOnce<()>>::call_once::h743f637ba4229880
[INFO] [stdout]                                at /rustc/df4ca44d3fbc9301ee17f30f4d474e6ae4b05252/library/core/src/panic/unwind_safe.rs:272:9
[INFO] [stdout]   36:     0x621a21793f7e - std::panicking::try::do_call::h07440897322525a6
[INFO] [stdout]                                at /rustc/df4ca44d3fbc9301ee17f30f4d474e6ae4b05252/library/std/src/panicking.rs:557:40
[INFO] [stdout]   37:     0x621a21793f7e - std::panicking::try::he5a2e00188156637
[INFO] [stdout]                                at /rustc/df4ca44d3fbc9301ee17f30f4d474e6ae4b05252/library/std/src/panicking.rs:520:19
[INFO] [stdout]   38:     0x621a21793f7e - std::panic::catch_unwind::hbaf3cae49b3c6433
[INFO] [stdout]                                at /rustc/df4ca44d3fbc9301ee17f30f4d474e6ae4b05252/library/std/src/panic.rs:358:14
[INFO] [stdout]   39:     0x621a21793f7e - std::thread::Builder::spawn_unchecked_::{{closure}}::h8e141ea224820bce
[INFO] [stdout]                                at /rustc/df4ca44d3fbc9301ee17f30f4d474e6ae4b05252/library/std/src/thread/mod.rs:540:30
[INFO] [stdout]   40:     0x621a21793f7e - core::ops::function::FnOnce::call_once{{vtable.shim}}::h90d312fedd7b8ea8
[INFO] [stdout]                                at /rustc/df4ca44d3fbc9301ee17f30f4d474e6ae4b05252/library/core/src/ops/function.rs:250:5
[INFO] [stdout]   41:     0x621a218beb7b - <alloc::boxed::Box<F,A> as core::ops::function::FnOnce<Args>>::call_once::h69aa08ddb6adb8b6
[INFO] [stdout]                                at /rustc/df4ca44d3fbc9301ee17f30f4d474e6ae4b05252/library/alloc/src/boxed.rs:2454:9
[INFO] [stdout]   42:     0x621a218beb7b - <alloc::boxed::Box<F,A> as core::ops::function::FnOnce<Args>>::call_once::h5aa36efdb79c806f
[INFO] [stdout]                                at /rustc/df4ca44d3fbc9301ee17f30f4d474e6ae4b05252/library/alloc/src/boxed.rs:2454:9
[INFO] [stdout]   43:     0x621a218beb7b - std::sys::pal::unix::thread::Thread::new::thread_start::h6cd80a1b4be5158d
[INFO] [stdout]                                at /rustc/df4ca44d3fbc9301ee17f30f4d474e6ae4b05252/library/std/src/sys/pal/unix/thread.rs:105:17
[INFO] [stdout]   44:     0x7981f0f66ac3 - <unknown>
[INFO] [stdout]   45:     0x7981f0ff7a04 - clone
[INFO] [stdout]   46:                0x0 - <unknown>
[INFO] [stdout] 
[INFO] [stdout] 
[INFO] [stdout] failures:
[INFO] [stdout]     contract::tests::testing
[INFO] [stdout] 
[INFO] [stdout] test result: FAILED. 0 passed; 1 failed; 0 ignored; 0 measured; 0 filtered out; finished in 0.02s
[INFO] [stdout] 
[INFO] [stderr] error: test failed, to rerun pass `--lib`
[INFO] running `Command { std: "docker" "inspect" "7f176826cfd017972c5d06a270c317cd79bf1313375d4a6a886e41e47e33e8cd", kill_on_drop: false }`
[INFO] running `Command { std: "docker" "rm" "-f" "7f176826cfd017972c5d06a270c317cd79bf1313375d4a6a886e41e47e33e8cd", kill_on_drop: false }`
[INFO] [stdout] 7f176826cfd017972c5d06a270c317cd79bf1313375d4a6a886e41e47e33e8cd
