[INFO] cloning repository https://github.com/Janmajayamall/Onion-PIR
[INFO] running `Command { std: "git" "-c" "credential.helper=" "-c" "credential.helper=/workspace/cargo-home/bin/git-credential-null" "clone" "--bare" "https://github.com/Janmajayamall/Onion-PIR" "/workspace/cache/git-repos/https%3A%2F%2Fgithub.com%2FJanmajayamall%2FOnion-PIR", kill_on_drop: false }`
[INFO] [stderr] Cloning into bare repository '/workspace/cache/git-repos/https%3A%2F%2Fgithub.com%2FJanmajayamall%2FOnion-PIR'...
[INFO] running `Command { std: "git" "rev-parse" "HEAD", kill_on_drop: false }`
[INFO] [stdout] d013b8a476a292f74f91d23cac25d9d038dc40ce
[INFO] testing Janmajayamall/Onion-PIR/d013b8a476a292f74f91d23cac25d9d038dc40ce against nightly-2024-10-28 for randomize-layout
[INFO] running `Command { std: "git" "clone" "/workspace/cache/git-repos/https%3A%2F%2Fgithub.com%2FJanmajayamall%2FOnion-PIR" "/workspace/builds/worker-4-tc1/source", kill_on_drop: false }`
[INFO] [stderr] Cloning into '/workspace/builds/worker-4-tc1/source'...
[INFO] [stderr] done.
[INFO] validating manifest of git repo https://github.com/Janmajayamall/Onion-PIR on toolchain nightly-2024-10-28
[INFO] running `Command { std: CARGO_HOME="/workspace/cargo-home" RUSTUP_HOME="/workspace/rustup-home" "/workspace/cargo-home/bin/cargo" "+nightly-2024-10-28" "metadata" "--manifest-path" "Cargo.toml" "--no-deps", kill_on_drop: false }`
[INFO] started tweaking git repo https://github.com/Janmajayamall/Onion-PIR
[INFO] finished tweaking git repo https://github.com/Janmajayamall/Onion-PIR
[INFO] tweaked toml for git repo https://github.com/Janmajayamall/Onion-PIR written to /workspace/builds/worker-4-tc1/source/Cargo.toml
[INFO] crate git repo https://github.com/Janmajayamall/Onion-PIR already has a lockfile, it will not be regenerated
[INFO] running `Command { std: CARGO_HOME="/workspace/cargo-home" RUSTUP_HOME="/workspace/rustup-home" "/workspace/cargo-home/bin/cargo" "+nightly-2024-10-28" "fetch" "--manifest-path" "Cargo.toml", kill_on_drop: false }`
[INFO] running `Command { std: "docker" "create" "-v" "/var/lib/crater-agent-workspace/builds/worker-4-tc1/target:/opt/rustwide/target:rw,Z" "-v" "/var/lib/crater-agent-workspace/builds/worker-4-tc1/source:/opt/rustwide/workdir:ro,Z" "-v" "/var/lib/crater-agent-workspace/cargo-home:/opt/rustwide/cargo-home:ro,Z" "-v" "/var/lib/crater-agent-workspace/rustup-home:/opt/rustwide/rustup-home:ro,Z" "-e" "SOURCE_DIR=/opt/rustwide/workdir" "-e" "CARGO_TARGET_DIR=/opt/rustwide/target" "-e" "CARGO_HOME=/opt/rustwide/cargo-home" "-e" "RUSTUP_HOME=/opt/rustwide/rustup-home" "-w" "/opt/rustwide/workdir" "-m" "1610612736" "--user" "0:0" "--network" "none" "ghcr.io/rust-lang/crates-build-env/linux@sha256:4a844ea9eb2546a2d2c7022eacef16ef2e8229c7fbb2c7d4d55a9ceca922f72d" "/opt/rustwide/cargo-home/bin/cargo" "+nightly-2024-10-28" "metadata" "--no-deps" "--format-version=1", kill_on_drop: false }`
[INFO] [stdout] f228fc94a727087d3ecb5d438fd4c730f4069d919135ea3d28654e94492fa4ad
[INFO] running `Command { std: "docker" "start" "-a" "f228fc94a727087d3ecb5d438fd4c730f4069d919135ea3d28654e94492fa4ad", kill_on_drop: false }`
[INFO] running `Command { std: "docker" "inspect" "f228fc94a727087d3ecb5d438fd4c730f4069d919135ea3d28654e94492fa4ad", kill_on_drop: false }`
[INFO] running `Command { std: "docker" "rm" "-f" "f228fc94a727087d3ecb5d438fd4c730f4069d919135ea3d28654e94492fa4ad", kill_on_drop: false }`
[INFO] [stdout] f228fc94a727087d3ecb5d438fd4c730f4069d919135ea3d28654e94492fa4ad
[INFO] running `Command { std: "docker" "create" "-v" "/var/lib/crater-agent-workspace/builds/worker-4-tc1/target:/opt/rustwide/target:rw,Z" "-v" "/var/lib/crater-agent-workspace/builds/worker-4-tc1/source:/opt/rustwide/workdir:ro,Z" "-v" "/var/lib/crater-agent-workspace/cargo-home:/opt/rustwide/cargo-home:ro,Z" "-v" "/var/lib/crater-agent-workspace/rustup-home:/opt/rustwide/rustup-home:ro,Z" "-e" "SOURCE_DIR=/opt/rustwide/workdir" "-e" "CARGO_TARGET_DIR=/opt/rustwide/target" "-e" "CARGO_INCREMENTAL=0" "-e" "RUST_BACKTRACE=full" "-e" "RUSTFLAGS=--cap-lints=forbid" "-e" "RUSTDOCFLAGS=--cap-lints=forbid" "-e" "CARGO_HOME=/opt/rustwide/cargo-home" "-e" "RUSTUP_HOME=/opt/rustwide/rustup-home" "-w" "/opt/rustwide/workdir" "-m" "1610612736" "--user" "0:0" "--network" "none" "ghcr.io/rust-lang/crates-build-env/linux@sha256:4a844ea9eb2546a2d2c7022eacef16ef2e8229c7fbb2c7d4d55a9ceca922f72d" "/opt/rustwide/cargo-home/bin/cargo" "+nightly-2024-10-28" "build" "--frozen" "--message-format=json", kill_on_drop: false }`
[INFO] [stdout] ab04d5e5d9a5973bc8d8ef69482fb1612554a4318ec763184cd5ad0e186c7ea6
[INFO] running `Command { std: "docker" "start" "-a" "ab04d5e5d9a5973bc8d8ef69482fb1612554a4318ec763184cd5ad0e186c7ea6", kill_on_drop: false }`
[INFO] [stderr]    Compiling autocfg v1.1.0
[INFO] [stderr]    Compiling libm v0.2.5
[INFO] [stderr]    Compiling libc v0.2.133
[INFO] [stderr]    Compiling cfg-if v1.0.0
[INFO] [stderr]    Compiling typenum v1.15.0
[INFO] [stderr]    Compiling version_check v0.9.4
[INFO] [stderr]    Compiling ppv-lite86 v0.2.16
[INFO] [stderr]    Compiling serde v1.0.145
[INFO] [stderr]    Compiling spin v0.5.2
[INFO] [stderr]    Compiling num-bigint-dig v0.8.1
[INFO] [stderr]    Compiling rawpointer v0.2.1
[INFO] [stderr]    Compiling matrixmultiply v0.3.2
[INFO] [stderr]    Compiling generic-array v0.14.6
[INFO] [stderr]    Compiling num-traits v0.2.15
[INFO] [stderr]    Compiling num-integer v0.1.45
[INFO] [stderr]    Compiling num-iter v0.1.43
[INFO] [stderr]    Compiling num-bigint v0.4.3
[INFO] [stderr]    Compiling lazy_static v1.4.0
[INFO] [stderr]    Compiling subtle v2.4.1
[INFO] [stderr]    Compiling getrandom v0.2.7
[INFO] [stderr]    Compiling cpufeatures v0.2.5
[INFO] [stderr]    Compiling byteorder v1.4.3
[INFO] [stderr]    Compiling smallvec v1.9.0
[INFO] [stderr]    Compiling rand_core v0.6.4
[INFO] [stderr]    Compiling either v1.8.0
[INFO] [stderr]    Compiling rand_chacha v0.3.1
[INFO] [stderr]    Compiling crypto-bigint v0.4.9
[INFO] [stderr]    Compiling itertools v0.10.5
[INFO] [stderr]    Compiling rand v0.8.5
[INFO] [stderr]    Compiling num-complex v0.4.2
[INFO] [stderr]    Compiling crypto-common v0.1.6
[INFO] [stderr]    Compiling block-buffer v0.10.3
[INFO] [stderr]    Compiling rand_distr v0.4.3
[INFO] [stderr]    Compiling digest v0.10.5
[INFO] [stderr]    Compiling sha2 v0.10.6
[INFO] [stderr]    Compiling ndarray v0.15.6
[INFO] [stderr]    Compiling onion-pir v0.1.0 (/opt/rustwide/workdir)
[INFO] [stdout] warning: unnecessary parentheses around assigned value
[INFO] [stdout]    --> src/bfv.rs:150:26
[INFO] [stdout]     |
[INFO] [stdout] 150 |             let index2 = (m - pos - 1);
[INFO] [stdout]     |                          ^           ^
[INFO] [stdout]     |
[INFO] [stdout]     = note: `#[warn(unused_parens)]` on by default
[INFO] [stdout] help: remove these parentheses
[INFO] [stdout]     |
[INFO] [stdout] 150 -             let index2 = (m - pos - 1);
[INFO] [stdout] 150 +             let index2 = m - pos - 1;
[INFO] [stdout]     |
[INFO] [stdout] 
[INFO] [stdout] 
[INFO] [stdout] warning: unnecessary parentheses around `for` iterator expression
[INFO] [stdout]    --> src/bfv.rs:353:18
[INFO] [stdout]     |
[INFO] [stdout] 353 |         for i in (1..ct.cts.len()) {
[INFO] [stdout]     |                  ^               ^
[INFO] [stdout]     |
[INFO] [stdout] help: remove these parentheses
[INFO] [stdout]     |
[INFO] [stdout] 353 -         for i in (1..ct.cts.len()) {
[INFO] [stdout] 353 +         for i in 1..ct.cts.len() {
[INFO] [stdout]     |
[INFO] [stdout] 
[INFO] [stdout] 
[INFO] [stdout] warning: unnecessary parentheses around function argument
[INFO] [stdout]    --> src/bfv.rs:495:13
[INFO] [stdout]     |
[INFO] [stdout] 495 |             (self.cts.len() + rhs.cts.len() - 1)
[INFO] [stdout]     |             ^                                  ^
[INFO] [stdout]     |
[INFO] [stdout] help: remove these parentheses
[INFO] [stdout]     |
[INFO] [stdout] 495 -             (self.cts.len() + rhs.cts.len() - 1)
[INFO] [stdout] 495 +             self.cts.len() + rhs.cts.len() - 1
[INFO] [stdout]     |
[INFO] [stdout] 
[INFO] [stdout] 
[INFO] [stdout] warning: unnecessary parentheses around `if` condition
[INFO] [stdout]    --> src/bfv.rs:763:12
[INFO] [stdout]     |
[INFO] [stdout] 763 |         if (p.representation == Representation::Ntt) {
[INFO] [stdout]     |            ^                                       ^
[INFO] [stdout]     |
[INFO] [stdout] help: remove these parentheses
[INFO] [stdout]     |
[INFO] [stdout] 763 -         if (p.representation == Representation::Ntt) {
[INFO] [stdout] 763 +         if p.representation == Representation::Ntt {
[INFO] [stdout]     |
[INFO] [stdout] 
[INFO] [stdout] 
[INFO] [stdout] warning: unused imports: `Encoding` and `modulus::Modulus`
[INFO] [stdout]  --> src/evaluations.rs:2:41
[INFO] [stdout]   |
[INFO] [stdout] 2 |     bfv::{BfvCipherText, BfvParameters, Encoding, GaliosKey, Plaintext, SecretKey},
[INFO] [stdout]   |                                         ^^^^^^^^
[INFO] [stdout] 3 |     ksk::Ksk,
[INFO] [stdout] 4 |     modulus::Modulus,
[INFO] [stdout]   |     ^^^^^^^^^^^^^^^^
[INFO] [stdout]   |
[INFO] [stdout]   = note: `#[warn(unused_imports)]` on by default
[INFO] [stdout] 
[INFO] [stdout] 
[INFO] [stdout] warning: unused import: `enumerate`
[INFO] [stdout]   --> src/evaluations.rs:10:17
[INFO] [stdout]    |
[INFO] [stdout] 10 | use itertools::{enumerate, izip, Itertools};
[INFO] [stdout]    |                 ^^^^^^^^^
[INFO] [stdout] 
[INFO] [stdout] 
[INFO] [stdout] warning: unused import: `ndarray::Array2`
[INFO] [stdout]   --> src/evaluations.rs:11:5
[INFO] [stdout]    |
[INFO] [stdout] 11 | use ndarray::Array2;
[INFO] [stdout]    |     ^^^^^^^^^^^^^^^
[INFO] [stdout] 
[INFO] [stdout] 
[INFO] [stdout] warning: unused imports: `One`, `ToPrimitive`, and `Zero`
[INFO] [stdout]   --> src/evaluations.rs:14:33
[INFO] [stdout]    |
[INFO] [stdout] 14 | use num_traits::{FromPrimitive, One, ToPrimitive, Zero};
[INFO] [stdout]    |                                 ^^^  ^^^^^^^^^^^  ^^^^
[INFO] [stdout] 
[INFO] [stdout] 
[INFO] [stdout] warning: unused imports: `Encoding` and `modulus::Modulus`
[INFO] [stdout]  --> src/ksk.rs:4:26
[INFO] [stdout]   |
[INFO] [stdout] 4 |     bfv::{BfvCipherText, Encoding, Plaintext},
[INFO] [stdout]   |                          ^^^^^^^^
[INFO] [stdout] 5 |     modulus::Modulus,
[INFO] [stdout]   |     ^^^^^^^^^^^^^^^^
[INFO] [stdout] 
[INFO] [stdout] 
[INFO] [stdout] warning: unused import: `Itertools`
[INFO] [stdout]  --> src/ksk.rs:8:23
[INFO] [stdout]   |
[INFO] [stdout] 8 | use itertools::{izip, Itertools};
[INFO] [stdout]   |                       ^^^^^^^^^
[INFO] [stdout] 
[INFO] [stdout] 
[INFO] [stdout] warning: unused import: `num_bigint::BigUint`
[INFO] [stdout]  --> src/ksk.rs:9:5
[INFO] [stdout]   |
[INFO] [stdout] 9 | use num_bigint::BigUint;
[INFO] [stdout]   |     ^^^^^^^^^^^^^^^^^^^
[INFO] [stdout] 
[INFO] [stdout] 
[INFO] [stdout] warning: unused import: `num_traits::FromPrimitive`
[INFO] [stdout]   --> src/ksk.rs:10:5
[INFO] [stdout]    |
[INFO] [stdout] 10 | use num_traits::FromPrimitive;
[INFO] [stdout]    |     ^^^^^^^^^^^^^^^^^^^^^^^^^
[INFO] [stdout] 
[INFO] [stdout] 
[INFO] [stdout] warning: unused import: `num_traits::cast::ToPrimitive`
[INFO] [stdout]  --> src/ntt.rs:2:5
[INFO] [stdout]   |
[INFO] [stdout] 2 | use num_traits::cast::ToPrimitive;
[INFO] [stdout]   |     ^^^^^^^^^^^^^^^^^^^^^^^^^^^^^
[INFO] [stdout] 
[INFO] [stdout] 
[INFO] [stdout] warning: unused import: `self`
[INFO] [stdout]  --> src/omr.rs:5:11
[INFO] [stdout]   |
[INFO] [stdout] 5 |     pvw::{self, PvwCiphertext, PvwParams},
[INFO] [stdout]   |           ^^^^
[INFO] [stdout] 
[INFO] [stdout] 
[INFO] [stdout] warning: unused imports: `Array2` and `Axis`
[INFO] [stdout]  --> src/pvw.rs:5:15
[INFO] [stdout]   |
[INFO] [stdout] 5 | use ndarray::{Array2, Axis};
[INFO] [stdout]   |               ^^^^^^  ^^^^
[INFO] [stdout] 
[INFO] [stdout] 
[INFO] [stdout] warning: unused import: `super::*`
[INFO] [stdout]    --> src/pvw.rs:160:9
[INFO] [stdout]     |
[INFO] [stdout] 160 |     use super::*;
[INFO] [stdout]     |         ^^^^^^^^
[INFO] [stdout] 
[INFO] [stdout] 
[INFO] [stdout] warning: unused imports: `sync::Arc` and `task::Poll`
[INFO] [stdout]  --> src/rgsw.rs:1:11
[INFO] [stdout]   |
[INFO] [stdout] 1 | use std::{sync::Arc, task::Poll};
[INFO] [stdout]   |           ^^^^^^^^^  ^^^^^^^^^^
[INFO] [stdout] 
[INFO] [stdout] 
[INFO] [stdout] warning: unused import: `crypto_bigint::rand_core::le`
[INFO] [stdout]  --> src/rgsw.rs:3:5
[INFO] [stdout]   |
[INFO] [stdout] 3 | use crypto_bigint::rand_core::le;
[INFO] [stdout]   |     ^^^^^^^^^^^^^^^^^^^^^^^^^^^^
[INFO] [stdout] 
[INFO] [stdout] 
[INFO] [stdout] warning: unused import: `itertools::izip`
[INFO] [stdout]  --> src/rgsw.rs:4:5
[INFO] [stdout]   |
[INFO] [stdout] 4 | use itertools::izip;
[INFO] [stdout]   |     ^^^^^^^^^^^^^^^
[INFO] [stdout] 
[INFO] [stdout] 
[INFO] [stdout] warning: unused import: `num_bigint::BigUint`
[INFO] [stdout]  --> src/rgsw.rs:5:5
[INFO] [stdout]   |
[INFO] [stdout] 5 | use num_bigint::BigUint;
[INFO] [stdout]   |     ^^^^^^^^^^^^^^^^^^^
[INFO] [stdout] 
[INFO] [stdout] 
[INFO] [stdout] warning: unused import: `sha2::digest::typenum::private::IsLessPrivate`
[INFO] [stdout]  --> src/rgsw.rs:6:5
[INFO] [stdout]   |
[INFO] [stdout] 6 | use sha2::digest::typenum::private::IsLessPrivate;
[INFO] [stdout]   |     ^^^^^^^^^^^^^^^^^^^^^^^^^^^^^^^^^^^^^^^^^^^^^
[INFO] [stdout] 
[INFO] [stdout] 
[INFO] [stdout] warning: unused import: `Encoding`
[INFO] [stdout]  --> src/rgsw.rs:8:33
[INFO] [stdout]   |
[INFO] [stdout] 8 | use super::bfv::{BfvCipherText, Encoding};
[INFO] [stdout]   |                                 ^^^^^^^^
[INFO] [stdout] 
[INFO] [stdout] 
[INFO] [stdout] warning: unused imports: `BfvParameters` and `RqContext`
[INFO] [stdout]   --> src/rgsw.rs:10:11
[INFO] [stdout]    |
[INFO] [stdout] 10 |     bfv::{BfvParameters, Plaintext, SecretKey},
[INFO] [stdout]    |           ^^^^^^^^^^^^^
[INFO] [stdout] 11 |     ksk::Ksk,
[INFO] [stdout] 12 |     rq::{Poly, Representation, RqContext},
[INFO] [stdout]    |                                ^^^^^^^^^
[INFO] [stdout] 
[INFO] [stdout] 
[INFO] [stdout] warning: unused import: `itertools::Itertools`
[INFO] [stdout]   --> src/rgsw.rs:15:5
[INFO] [stdout]    |
[INFO] [stdout] 15 | use itertools::Itertools;
[INFO] [stdout]    |     ^^^^^^^^^^^^^^^^^^^^
[INFO] [stdout] 
[INFO] [stdout] 
[INFO] [stdout] warning: unused import: `std::clone`
[INFO] [stdout]  --> src/rns.rs:9:5
[INFO] [stdout]   |
[INFO] [stdout] 9 | use std::clone;
[INFO] [stdout]   |     ^^^^^^^^^^
[INFO] [stdout] 
[INFO] [stdout] 
[INFO] [stdout] warning: unused import: `self`
[INFO] [stdout]  --> src/rq.rs:2:15
[INFO] [stdout]   |
[INFO] [stdout] 2 |     modulus::{self, Modulus},
[INFO] [stdout]   |               ^^^^
[INFO] [stdout] 
[INFO] [stdout] 
[INFO] [stdout] warning: unused import: `thread_rng`
[INFO] [stdout]   --> src/rq.rs:12:12
[INFO] [stdout]    |
[INFO] [stdout] 12 | use rand::{thread_rng, CryptoRng, RngCore, SeedableRng};
[INFO] [stdout]    |            ^^^^^^^^^^
[INFO] [stdout] 
[INFO] [stdout] 
[INFO] [stdout] warning: unused imports: `clone`, `error::Error`, `io::Repeat`, and `task::Context`
[INFO] [stdout]   --> src/rq.rs:16:5
[INFO] [stdout]    |
[INFO] [stdout] 16 |     clone,
[INFO] [stdout]    |     ^^^^^
[INFO] [stdout] 17 |     error::Error,
[INFO] [stdout]    |     ^^^^^^^^^^^^
[INFO] [stdout] 18 |     fmt::Debug,
[INFO] [stdout] 19 |     io::Repeat,
[INFO] [stdout]    |     ^^^^^^^^^^
[INFO] [stdout] ...
[INFO] [stdout] 22 |     task::Context,
[INFO] [stdout]    |     ^^^^^^^^^^^^^
[INFO] [stdout] 
[INFO] [stdout] 
[INFO] [stdout] warning: unnecessary parentheses around `while` condition
[INFO] [stdout]    --> src/rq.rs:239:15
[INFO] [stdout]     |
[INFO] [stdout] 239 |         while (curr_ctx.next_ctx.is_some()) {
[INFO] [stdout]     |               ^                           ^
[INFO] [stdout]     |
[INFO] [stdout] help: remove these parentheses
[INFO] [stdout]     |
[INFO] [stdout] 239 -         while (curr_ctx.next_ctx.is_some()) {
[INFO] [stdout] 239 +         while curr_ctx.next_ctx.is_some() {
[INFO] [stdout]     |
[INFO] [stdout] 
[INFO] [stdout] 
[INFO] [stdout] warning: unnecessary parentheses around `for` iterator expression
[INFO] [stdout]    --> src/rq.rs:322:26
[INFO] [stdout]     |
[INFO] [stdout] 322 |                 for i in (0..self.context.bit_decomposition.l) {
[INFO] [stdout]     |                          ^                                   ^
[INFO] [stdout]     |
[INFO] [stdout] help: remove these parentheses
[INFO] [stdout]     |
[INFO] [stdout] 322 -                 for i in (0..self.context.bit_decomposition.l) {
[INFO] [stdout] 322 +                 for i in 0..self.context.bit_decomposition.l {
[INFO] [stdout]     |
[INFO] [stdout] 
[INFO] [stdout] 
[INFO] [stdout] warning: unnecessary parentheses around pattern
[INFO] [stdout]    --> src/rq.rs:337:50
[INFO] [stdout]     |
[INFO] [stdout] 337 |                 izip!(cq.outer_iter()).for_each(|(c)| {
[INFO] [stdout]     |                                                  ^ ^
[INFO] [stdout]     |
[INFO] [stdout] help: remove these parentheses
[INFO] [stdout]     |
[INFO] [stdout] 337 -                 izip!(cq.outer_iter()).for_each(|(c)| {
[INFO] [stdout] 337 +                 izip!(cq.outer_iter()).for_each(|c| {
[INFO] [stdout]     |
[INFO] [stdout] 
[INFO] [stdout] 
[INFO] [stdout] warning: unused import: `num_bigint::BigUint`
[INFO] [stdout]  --> src/utils.rs:1:5
[INFO] [stdout]   |
[INFO] [stdout] 1 | use num_bigint::BigUint;
[INFO] [stdout]   |     ^^^^^^^^^^^^^^^^^^^
[INFO] [stdout] 
[INFO] [stdout] 
[INFO] [stdout] warning: unused import: `Uniform`
[INFO] [stdout]  --> src/utils.rs:5:32
[INFO] [stdout]   |
[INFO] [stdout] 5 | use rand_distr::{Distribution, Uniform};
[INFO] [stdout]   |                                ^^^^^^^
[INFO] [stdout] 
[INFO] [stdout] 
[INFO] [stdout] warning: unused import: `super::*`
[INFO] [stdout]    --> src/utils.rs:293:9
[INFO] [stdout]     |
[INFO] [stdout] 293 |     use super::*;
[INFO] [stdout]     |         ^^^^^^^^
[INFO] [stdout] 
[INFO] [stdout] 
[INFO] [stdout] warning: unused import: `Distribution`
[INFO] [stdout]  --> src/utils.rs:5:18
[INFO] [stdout]   |
[INFO] [stdout] 5 | use rand_distr::{Distribution, Uniform};
[INFO] [stdout]   |                  ^^^^^^^^^^^^
[INFO] [stdout] 
[INFO] [stdout] 
[INFO] [stdout] warning: variable does not need to be mutable
[INFO] [stdout]    --> src/bfv.rs:676:9
[INFO] [stdout]     |
[INFO] [stdout] 676 |     let mut c_0 = &c0_0 * &c1_0;
[INFO] [stdout]     |         ----^^^
[INFO] [stdout]     |         |
[INFO] [stdout]     |         help: remove this `mut`
[INFO] [stdout]     |
[INFO] [stdout]     = note: `#[warn(unused_mut)]` on by default
[INFO] [stdout] 
[INFO] [stdout] 
[INFO] [stdout] warning: variable does not need to be mutable
[INFO] [stdout]    --> src/bfv.rs:677:9
[INFO] [stdout]     |
[INFO] [stdout] 677 |     let mut c_1 = &(&c0_0 * &c1_1) + &(&c1_0 * &c0_1);
[INFO] [stdout]     |         ----^^^
[INFO] [stdout]     |         |
[INFO] [stdout]     |         help: remove this `mut`
[INFO] [stdout] 
[INFO] [stdout] 
[INFO] [stdout] warning: variable does not need to be mutable
[INFO] [stdout]    --> src/bfv.rs:678:9
[INFO] [stdout]     |
[INFO] [stdout] 678 |     let mut c_2 = &c0_1 * &c1_1;
[INFO] [stdout]     |         ----^^^
[INFO] [stdout]     |         |
[INFO] [stdout]     |         help: remove this `mut`
[INFO] [stdout] 
[INFO] [stdout] 
[INFO] [stdout] warning: variable does not need to be mutable
[INFO] [stdout]    --> src/bfv.rs:712:13
[INFO] [stdout]     |
[INFO] [stdout] 712 |         let mut sk_poly = Poly::try_from_vec_i64(&ctx, &sk.coeffs);
[INFO] [stdout]     |             ----^^^^^^^
[INFO] [stdout]     |             |
[INFO] [stdout]     |             help: remove this `mut`
[INFO] [stdout] 
[INFO] [stdout] 
[INFO] [stdout] warning: unused variable: `bfv_params`
[INFO] [stdout]   --> src/evaluations.rs:40:9
[INFO] [stdout]    |
[INFO] [stdout] 40 |         bfv_params: &Arc<BfvParameters>,
[INFO] [stdout]    |         ^^^^^^^^^^ help: if this is intentional, prefix it with an underscore: `_bfv_params`
[INFO] [stdout]    |
[INFO] [stdout]    = note: `#[warn(unused_variables)]` on by default
[INFO] [stdout] 
[INFO] [stdout] 
[INFO] [stdout] warning: unused variable: `sk`
[INFO] [stdout]   --> src/evaluations.rs:41:9
[INFO] [stdout]    |
[INFO] [stdout] 41 |         sk: &SecretKey,
[INFO] [stdout]    |         ^^ help: if this is intentional, prefix it with an underscore: `_sk`
[INFO] [stdout] 
[INFO] [stdout] 
[INFO] [stdout] warning: unused variable: `dim_index`
[INFO] [stdout]    --> src/evaluations.rs:192:25
[INFO] [stdout]     |
[INFO] [stdout] 192 |             .for_each(|(dim_index, dim_rgsws)| {
[INFO] [stdout]     |                         ^^^^^^^^^ help: if this is intentional, prefix it with an underscore: `_dim_index`
[INFO] [stdout] 
[INFO] [stdout] 
[INFO] [stdout] warning: unused variable: `row_index`
[INFO] [stdout]    --> src/evaluations.rs:197:28
[INFO] [stdout]     |
[INFO] [stdout] 197 |                     .map(|(row_index, db_chunk_cts)| {
[INFO] [stdout]     |                            ^^^^^^^^^ help: if this is intentional, prefix it with an underscore: `_row_index`
[INFO] [stdout] 
[INFO] [stdout] 
[INFO] [stdout] warning: value assigned to `representation` is never read
[INFO] [stdout]    --> src/rq.rs:121:13
[INFO] [stdout]     |
[INFO] [stdout] 121 |             representation = Representation::Ntt;
[INFO] [stdout]     |             ^^^^^^^^^^^^^^
[INFO] [stdout]     |
[INFO] [stdout]     = help: maybe it is overwritten before being read?
[INFO] [stdout]     = note: `#[warn(unused_assignments)]` on by default
[INFO] [stdout] 
[INFO] [stdout] 
[INFO] [stdout] warning: unused variable: `decomposed`
[INFO] [stdout]    --> src/rq.rs:332:25
[INFO] [stdout]     |
[INFO] [stdout] 332 |                     let decomposed = decompose_bits(*v, parent_bits as usize, base_bits);
[INFO] [stdout]     |                         ^^^^^^^^^^ help: if this is intentional, prefix it with an underscore: `_decomposed`
[INFO] [stdout] 
[INFO] [stdout] 
[INFO] [stdout] warning: unused variable: `g`
[INFO] [stdout]    --> src/rq.rs:334:25
[INFO] [stdout]     |
[INFO] [stdout] 334 |                     let g = poly.slice_mut(s![row_index, col_index, ..]);
[INFO] [stdout]     |                         ^ help: if this is intentional, prefix it with an underscore: `_g`
[INFO] [stdout] 
[INFO] [stdout] 
[INFO] [stdout] warning: unused variable: `c`
[INFO] [stdout]    --> src/rq.rs:337:51
[INFO] [stdout]     |
[INFO] [stdout] 337 |                 izip!(cq.outer_iter()).for_each(|(c)| {
[INFO] [stdout]     |                                                   ^ help: if this is intentional, prefix it with an underscore: `_c`
[INFO] [stdout] 
[INFO] [stdout] 
[INFO] [stdout] warning: unused variable: `p`
[INFO] [stdout]    --> src/rq.rs:372:25
[INFO] [stdout]     |
[INFO] [stdout] 372 |                 let mut p = self.clone();
[INFO] [stdout]     |                         ^ help: if this is intentional, prefix it with an underscore: `_p`
[INFO] [stdout] 
[INFO] [stdout] 
[INFO] [stdout] warning: variable does not need to be mutable
[INFO] [stdout]    --> src/rq.rs:372:21
[INFO] [stdout]     |
[INFO] [stdout] 372 |                 let mut p = self.clone();
[INFO] [stdout]     |                     ----^
[INFO] [stdout]     |                     |
[INFO] [stdout]     |                     help: remove this `mut`
[INFO] [stdout] 
[INFO] [stdout] 
[INFO] [stdout] warning: unused variable: `poly`
[INFO] [stdout]    --> src/rq.rs:507:13
[INFO] [stdout]     |
[INFO] [stdout] 507 |         let poly = Poly::zero(ctx, Representation::PowerBasis);
[INFO] [stdout]     |             ^^^^ help: if this is intentional, prefix it with an underscore: `_poly`
[INFO] [stdout] 
[INFO] [stdout] 
[INFO] [stdout] warning: struct `SecretKey` is never constructed
[INFO] [stdout]    --> src/bfv.rs:273:12
[INFO] [stdout]     |
[INFO] [stdout] 273 | pub struct SecretKey {
[INFO] [stdout]     |            ^^^^^^^^^
[INFO] [stdout]     |
[INFO] [stdout]     = note: `SecretKey` has a derived impl for the trait `Debug`, but this is intentionally ignored during dead code analysis
[INFO] [stdout]     = note: `#[warn(dead_code)]` on by default
[INFO] [stdout] 
[INFO] [stdout] 
[INFO] [stdout] warning: multiple associated items are never used
[INFO] [stdout]    --> src/bfv.rs:279:12
[INFO] [stdout]     |
[INFO] [stdout] 278 | impl SecretKey {
[INFO] [stdout]     | -------------- associated items in this implementation
[INFO] [stdout] 279 |     pub fn generate(params: &Arc<BfvParameters>) -> Self {
[INFO] [stdout]     |            ^^^^^^^^
[INFO] [stdout] ...
[INFO] [stdout] 292 |     pub fn new(coeffs: Vec<i64>, params: &Arc<BfvParameters>) -> Self {
[INFO] [stdout]     |            ^^^
[INFO] [stdout] ...
[INFO] [stdout] 299 |     pub fn encrypt_poly(&self, pt: &Poly) -> BfvCipherText {
[INFO] [stdout]     |            ^^^^^^^^^^^^
[INFO] [stdout] ...
[INFO] [stdout] 331 |     pub fn encrypt(&self, pt: &Plaintext) -> BfvCipherText {
[INFO] [stdout]     |            ^^^^^^^
[INFO] [stdout] ...
[INFO] [stdout] 336 |     pub fn decrypt_trial(&self, ct0: &Poly, ct1: &Poly) -> Poly {
[INFO] [stdout]     |            ^^^^^^^^^^^^^
[INFO] [stdout] ...
[INFO] [stdout] 347 |     pub fn decrypt(&self, ct: &BfvCipherText) -> Plaintext {
[INFO] [stdout]     |            ^^^^^^^
[INFO] [stdout] ...
[INFO] [stdout] 386 |     pub fn measure_noise(&self, ct: &BfvCipherText) -> usize {
[INFO] [stdout]     |            ^^^^^^^^^^^^^
[INFO] [stdout] 
[INFO] [stdout] 
[INFO] [stdout] warning: struct `BfvCiphertext` is never constructed
[INFO] [stdout]    --> src/bfv.rs:413:12
[INFO] [stdout]     |
[INFO] [stdout] 413 | pub struct BfvCiphertext {
[INFO] [stdout]     |            ^^^^^^^^^^^^^
[INFO] [stdout]     |
[INFO] [stdout]     = note: `BfvCiphertext` has a derived impl for the trait `Clone`, but this is intentionally ignored during dead code analysis
[INFO] [stdout] 
[INFO] [stdout] 
[INFO] [stdout] warning: function `multiply_with_strategy` is never used
[INFO] [stdout]    --> src/bfv.rs:657:8
[INFO] [stdout]     |
[INFO] [stdout] 657 | pub fn multiply_with_strategy(
[INFO] [stdout]     |        ^^^^^^^^^^^^^^^^^^^^^^
[INFO] [stdout] 
[INFO] [stdout] 
[INFO] [stdout] warning: struct `GaliosKey` is never constructed
[INFO] [stdout]    --> src/bfv.rs:700:12
[INFO] [stdout]     |
[INFO] [stdout] 700 | pub struct GaliosKey {
[INFO] [stdout]     |            ^^^^^^^^^
[INFO] [stdout] 
[INFO] [stdout] 
[INFO] [stdout] warning: associated items `new` and `relinearize` are never used
[INFO] [stdout]    --> src/bfv.rs:707:12
[INFO] [stdout]     |
[INFO] [stdout] 706 | impl GaliosKey {
[INFO] [stdout]     | -------------- associated items in this implementation
[INFO] [stdout] 707 |     pub fn new(sk: &SecretKey, i: &Substitution, galios_level: usize) -> Self {
[INFO] [stdout]     |            ^^^
[INFO] [stdout] ...
[INFO] [stdout] 725 |     pub fn relinearize(&self, ct: &BfvCipherText) -> BfvCipherText {
[INFO] [stdout]     |            ^^^^^^^^^^^
[INFO] [stdout] 
[INFO] [stdout] 
[INFO] [stdout] warning: struct `RelinearizationKey` is never constructed
[INFO] [stdout]    --> src/bfv.rs:743:12
[INFO] [stdout]     |
[INFO] [stdout] 743 | pub struct RelinearizationKey {
[INFO] [stdout]     |            ^^^^^^^^^^^^^^^^^^
[INFO] [stdout] 
[INFO] [stdout] 
[INFO] [stdout] warning: associated items `new` and `relinearize_poly` are never used
[INFO] [stdout]    --> src/bfv.rs:749:12
[INFO] [stdout]     |
[INFO] [stdout] 748 | impl RelinearizationKey {
[INFO] [stdout]     | ----------------------- associated items in this implementation
[INFO] [stdout] 749 |     pub fn new(sk: &SecretKey, level: usize) -> Self {
[INFO] [stdout]     |            ^^^
[INFO] [stdout] ...
[INFO] [stdout] 762 |     pub fn relinearize_poly(&self, p: &Poly) -> (Poly, Poly) {
[INFO] [stdout]     |            ^^^^^^^^^^^^^^^^
[INFO] [stdout] 
[INFO] [stdout] 
[INFO] [stdout] warning: fields `first_dim` and `dim` are never read
[INFO] [stdout]   --> src/evaluations.rs:18:5
[INFO] [stdout]    |
[INFO] [stdout] 17 | struct Client {
[INFO] [stdout]    |        ------ fields in this struct
[INFO] [stdout] 18 |     first_dim: usize,
[INFO] [stdout]    |     ^^^^^^^^^
[INFO] [stdout] 19 |     dim: usize,
[INFO] [stdout]    |     ^^^
[INFO] [stdout] 
[INFO] [stdout] 
[INFO] [stdout] warning: associated items `new` and `encode` are never used
[INFO] [stdout]   --> src/evaluations.rs:32:12
[INFO] [stdout]    |
[INFO] [stdout] 31 | impl Client {
[INFO] [stdout]    | ----------- associated items in this implementation
[INFO] [stdout] 32 |     pub fn new(first_dim: usize, dim: usize) -> Client {
[INFO] [stdout]    |            ^^^
[INFO] [stdout] ...
[INFO] [stdout] 36 |     pub fn encode(
[INFO] [stdout]    |            ^^^^^^
[INFO] [stdout] 
[INFO] [stdout] 
[INFO] [stdout] warning: struct `Server` is never constructed
[INFO] [stdout]   --> src/evaluations.rs:65:8
[INFO] [stdout]    |
[INFO] [stdout] 65 | struct Server {
[INFO] [stdout]    |        ^^^^^^
[INFO] [stdout] 
[INFO] [stdout] 
[INFO] [stdout] warning: associated items `new`, `no_of_cts`, and `decode` are never used
[INFO] [stdout]    --> src/evaluations.rs:73:12
[INFO] [stdout]     |
[INFO] [stdout] 72  | impl Server {
[INFO] [stdout]     | ----------- associated items in this implementation
[INFO] [stdout] 73  |     pub fn new(
[INFO] [stdout]     |            ^^^
[INFO] [stdout] ...
[INFO] [stdout] 95  |     fn no_of_cts(&self) -> usize {
[INFO] [stdout]     |        ^^^^^^^^^
[INFO] [stdout] ...
[INFO] [stdout] 109 |     pub fn decode(
[INFO] [stdout]     |            ^^^^^^
[INFO] [stdout] 
[INFO] [stdout] 
[INFO] [stdout] warning: struct `Evaluation` is never constructed
[INFO] [stdout]    --> src/evaluations.rs:229:8
[INFO] [stdout]     |
[INFO] [stdout] 229 | struct Evaluation {
[INFO] [stdout]     |        ^^^^^^^^^^
[INFO] [stdout] 
[INFO] [stdout] 
[INFO] [stdout] warning: associated items `build`, `unpack`, and `gen_x_pows` are never used
[INFO] [stdout]    --> src/evaluations.rs:235:12
[INFO] [stdout]     |
[INFO] [stdout] 234 | impl Evaluation {
[INFO] [stdout]     | --------------- associated items in this implementation
[INFO] [stdout] 235 |     pub fn build(sk: &SecretKey, params: &Arc<BfvParameters>) -> Self {
[INFO] [stdout]     |            ^^^^^
[INFO] [stdout] ...
[INFO] [stdout] 254 |     pub fn unpack(&self, mut ct: BfvCipherText) -> Vec<BfvCipherText> {
[INFO] [stdout]     |            ^^^^^^
[INFO] [stdout] ...
[INFO] [stdout] 301 |     fn gen_x_pows(n: usize, ctx: &Arc<RqContext>) -> Vec<Poly> {
[INFO] [stdout]     |        ^^^^^^^^^^
[INFO] [stdout] 
[INFO] [stdout] 
[INFO] [stdout] warning: struct `Ksk` is never constructed
[INFO] [stdout]   --> src/ksk.rs:20:12
[INFO] [stdout]    |
[INFO] [stdout] 20 | pub struct Ksk {
[INFO] [stdout]    |            ^^^
[INFO] [stdout]    |
[INFO] [stdout]    = note: `Ksk` has derived impls for the traits `Debug` and `Clone`, but these are intentionally ignored during dead code analysis
[INFO] [stdout] 
[INFO] [stdout] 
[INFO] [stdout] warning: enum `KskType` is never used
[INFO] [stdout]   --> src/ksk.rs:32:6
[INFO] [stdout]    |
[INFO] [stdout] 32 | enum KskType {
[INFO] [stdout]    |      ^^^^^^^
[INFO] [stdout] 
[INFO] [stdout] 
[INFO] [stdout] warning: associated items `new_with_pt`, `new`, `key_switch`, and `try_from_decomposed_rlwes` are never used
[INFO] [stdout]    --> src/ksk.rs:38:12
[INFO] [stdout]     |
[INFO] [stdout] 37  | impl Ksk {
[INFO] [stdout]     | -------- associated items in this implementation
[INFO] [stdout] 38  |     pub fn new_with_pt(
[INFO] [stdout]     |            ^^^^^^^^^^^
[INFO] [stdout] ...
[INFO] [stdout] 47  |     pub fn new(sk: &SecretKey, from: &Poly, ct_level: usize, ksk_level: usize) -> Self {
[INFO] [stdout]     |            ^^^
[INFO] [stdout] ...
[INFO] [stdout] 102 |     pub fn key_switch(&self, poly: &Poly) -> (Poly, Poly) {
[INFO] [stdout]     |            ^^^^^^^^^^
[INFO] [stdout] ...
[INFO] [stdout] 127 |     pub fn try_from_decomposed_rlwes(
[INFO] [stdout]     |            ^^^^^^^^^^^^^^^^^^^^^^^^^
[INFO] [stdout] 
[INFO] [stdout] 
[INFO] [stdout] warning: function `inner_product` is never used
[INFO] [stdout]  --> src/omr.rs:9:4
[INFO] [stdout]   |
[INFO] [stdout] 9 | fn inner_product(cts: &Vec<BfvCipherText>, polys: &Vec<Poly>) -> BfvCipherText {
[INFO] [stdout]   |    ^^^^^^^^^^^^^
[INFO] [stdout] 
[INFO] [stdout] 
[INFO] [stdout] warning: function `process` is never used
[INFO] [stdout]   --> src/omr.rs:21:4
[INFO] [stdout]    |
[INFO] [stdout] 21 | fn process() {
[INFO] [stdout]    |    ^^^^^^^
[INFO] [stdout] 
[INFO] [stdout] 
[INFO] [stdout] warning: fields `n`, `ell`, `m`, `q`, and `variance` are never read
[INFO] [stdout]   --> src/pvw.rs:12:9
[INFO] [stdout]    |
[INFO] [stdout] 11 | pub struct PvwParams {
[INFO] [stdout]    |            --------- fields in this struct
[INFO] [stdout] 12 |     pub n: usize,
[INFO] [stdout]    |         ^
[INFO] [stdout] 13 |     pub ell: usize,
[INFO] [stdout]    |         ^^^
[INFO] [stdout] 14 |     pub m: usize,
[INFO] [stdout]    |         ^
[INFO] [stdout] 15 |     pub q: u64,
[INFO] [stdout]    |         ^
[INFO] [stdout] 16 |     pub variance: usize,
[INFO] [stdout]    |         ^^^^^^^^
[INFO] [stdout]    |
[INFO] [stdout]    = note: `PvwParams` has a derived impl for the trait `Debug`, but this is intentionally ignored during dead code analysis
[INFO] [stdout] 
[INFO] [stdout] 
[INFO] [stdout] warning: associated function `new` is never used
[INFO] [stdout]   --> src/pvw.rs:32:12
[INFO] [stdout]    |
[INFO] [stdout] 31 | impl PvwParams {
[INFO] [stdout]    | -------------- associated function in this implementation
[INFO] [stdout] 32 |     pub fn new() -> PvwParams {
[INFO] [stdout]    |            ^^^
[INFO] [stdout] 
[INFO] [stdout] 
[INFO] [stdout] warning: struct `PvwSk` is never constructed
[INFO] [stdout]   --> src/pvw.rs:37:12
[INFO] [stdout]    |
[INFO] [stdout] 37 | pub struct PvwSk(Vec<Vec<u64>>);
[INFO] [stdout]    |            ^^^^^
[INFO] [stdout] 
[INFO] [stdout] 
[INFO] [stdout] warning: associated items `gen_sk`, `gen_pk`, and `decrypt` are never used
[INFO] [stdout]   --> src/pvw.rs:40:12
[INFO] [stdout]    |
[INFO] [stdout] 39 | impl PvwSk {
[INFO] [stdout]    | ---------- associated items in this implementation
[INFO] [stdout] 40 |     pub fn gen_sk(params: &PvwParams) -> PvwSk {
[INFO] [stdout]    |            ^^^^^^
[INFO] [stdout] ...
[INFO] [stdout] 56 |     pub fn gen_pk(&self, params: &PvwParams) -> PvwPk {
[INFO] [stdout]    |            ^^^^^^
[INFO] [stdout] ...
[INFO] [stdout] 94 |     pub fn decrypt(&self, params: &PvwParams, ct: &PvwCiphertext) -> Vec<u64> {
[INFO] [stdout]    |            ^^^^^^^
[INFO] [stdout] 
[INFO] [stdout] 
[INFO] [stdout] warning: struct `PvwPk` is never constructed
[INFO] [stdout]    --> src/pvw.rs:117:12
[INFO] [stdout]     |
[INFO] [stdout] 117 | pub struct PvwPk(Vec<PvwCiphertext>);
[INFO] [stdout]     |            ^^^^^
[INFO] [stdout] 
[INFO] [stdout] 
[INFO] [stdout] warning: method `encrypt` is never used
[INFO] [stdout]    --> src/pvw.rs:120:12
[INFO] [stdout]     |
[INFO] [stdout] 119 | impl PvwPk {
[INFO] [stdout]     | ---------- method in this implementation
[INFO] [stdout] 120 |     pub fn encrypt(&self, params: &PvwParams, m: Vec<u64>) -> PvwCiphertext {
[INFO] [stdout]     |            ^^^^^^^
[INFO] [stdout] 
[INFO] [stdout] 
[INFO] [stdout] warning: struct `PvwCiphertext` is never constructed
[INFO] [stdout]    --> src/pvw.rs:152:12
[INFO] [stdout]     |
[INFO] [stdout] 152 | pub struct PvwCiphertext {
[INFO] [stdout]     |            ^^^^^^^^^^^^^
[INFO] [stdout]     |
[INFO] [stdout]     = note: `PvwCiphertext` has derived impls for the traits `Debug` and `Clone`, but these are intentionally ignored during dead code analysis
[INFO] [stdout] 
[INFO] [stdout] 
[INFO] [stdout] warning: struct `RGSW` is never constructed
[INFO] [stdout]   --> src/rgsw.rs:17:12
[INFO] [stdout]    |
[INFO] [stdout] 17 | pub struct RGSW {
[INFO] [stdout]    |            ^^^^
[INFO] [stdout] 
[INFO] [stdout] 
[INFO] [stdout] warning: struct `RgswCt` is never constructed
[INFO] [stdout]   --> src/rgsw.rs:22:12
[INFO] [stdout]    |
[INFO] [stdout] 22 | pub struct RgswCt {
[INFO] [stdout]    |            ^^^^^^
[INFO] [stdout]    |
[INFO] [stdout]    = note: `RgswCt` has a derived impl for the trait `Debug`, but this is intentionally ignored during dead code analysis
[INFO] [stdout] 
[INFO] [stdout] 
[INFO] [stdout] warning: associated functions `encrypt_poly`, `encrypt`, `external_product`, and `try_from_ksks` are never used
[INFO] [stdout]   --> src/rgsw.rs:28:12
[INFO] [stdout]    |
[INFO] [stdout] 27 | impl RgswCt {
[INFO] [stdout]    | ----------- associated functions in this implementation
[INFO] [stdout] 28 |     pub fn encrypt_poly(sk: &SecretKey, m: &Poly) -> Self {
[INFO] [stdout]    |            ^^^^^^^^^^^^
[INFO] [stdout] ...
[INFO] [stdout] 44 |     pub fn encrypt(sk: &SecretKey, m: &Plaintext) -> Self {
[INFO] [stdout]    |            ^^^^^^^
[INFO] [stdout] ...
[INFO] [stdout] 63 |     pub fn external_product(rgsw: &RgswCt, bfv: &BfvCipherText) -> (Poly, Poly) {
[INFO] [stdout]    |            ^^^^^^^^^^^^^^^^
[INFO] [stdout] ...
[INFO] [stdout] 80 |     pub fn try_from_ksks(ksk0: &Ksk, ksk1: &Ksk) -> Self {
[INFO] [stdout]    |            ^^^^^^^^^^^^^
[INFO] [stdout] 
[INFO] [stdout] 
[INFO] [stdout] warning: associated function `new` is never used
[INFO] [stdout]   --> src/rq.rs:70:8
[INFO] [stdout]    |
[INFO] [stdout] 69 | impl BitDecomposition {
[INFO] [stdout]    | --------------------- associated function in this implementation
[INFO] [stdout] 70 |     fn new(base: usize, l: usize) -> Self {
[INFO] [stdout]    |        ^^^
[INFO] [stdout] 
[INFO] [stdout] 
[INFO] [stdout] warning: function `mod_inverse` is never used
[INFO] [stdout]   --> src/utils.rs:95:8
[INFO] [stdout]    |
[INFO] [stdout] 95 | pub fn mod_inverse(v: u64, q: u64) -> Option<u64> {
[INFO] [stdout]    |        ^^^^^^^^^^^
[INFO] [stdout] 
[INFO] [stdout] 
[INFO] [stdout] warning: variable `D` should have a snake case name
[INFO] [stdout]   --> src/omr.rs:28:9
[INFO] [stdout]    |
[INFO] [stdout] 28 |     let D = 64;
[INFO] [stdout]    |         ^ help: convert the identifier to snake case: `d`
[INFO] [stdout]    |
[INFO] [stdout]    = note: `#[warn(non_snake_case)]` on by default
[INFO] [stdout] 
[INFO] [stdout] 
[INFO] [stderr]     Finished `dev` profile [unoptimized + debuginfo] target(s) in 6.53s
[INFO] running `Command { std: "docker" "inspect" "ab04d5e5d9a5973bc8d8ef69482fb1612554a4318ec763184cd5ad0e186c7ea6", kill_on_drop: false }`
[INFO] running `Command { std: "docker" "rm" "-f" "ab04d5e5d9a5973bc8d8ef69482fb1612554a4318ec763184cd5ad0e186c7ea6", kill_on_drop: false }`
[INFO] [stdout] ab04d5e5d9a5973bc8d8ef69482fb1612554a4318ec763184cd5ad0e186c7ea6
[INFO] running `Command { std: "docker" "create" "-v" "/var/lib/crater-agent-workspace/builds/worker-4-tc1/target:/opt/rustwide/target:rw,Z" "-v" "/var/lib/crater-agent-workspace/builds/worker-4-tc1/source:/opt/rustwide/workdir:ro,Z" "-v" "/var/lib/crater-agent-workspace/cargo-home:/opt/rustwide/cargo-home:ro,Z" "-v" "/var/lib/crater-agent-workspace/rustup-home:/opt/rustwide/rustup-home:ro,Z" "-e" "SOURCE_DIR=/opt/rustwide/workdir" "-e" "CARGO_TARGET_DIR=/opt/rustwide/target" "-e" "CARGO_INCREMENTAL=0" "-e" "RUST_BACKTRACE=full" "-e" "RUSTFLAGS=--cap-lints=forbid" "-e" "RUSTDOCFLAGS=--cap-lints=forbid" "-e" "CARGO_HOME=/opt/rustwide/cargo-home" "-e" "RUSTUP_HOME=/opt/rustwide/rustup-home" "-w" "/opt/rustwide/workdir" "-m" "1610612736" "--user" "0:0" "--network" "none" "ghcr.io/rust-lang/crates-build-env/linux@sha256:4a844ea9eb2546a2d2c7022eacef16ef2e8229c7fbb2c7d4d55a9ceca922f72d" "/opt/rustwide/cargo-home/bin/cargo" "+nightly-2024-10-28" "test" "--frozen" "--no-run" "--message-format=json", kill_on_drop: false }`
[INFO] [stdout] 4722b887b0bca49d179db591680ea7c97bb17ceabad2f63359fb4941ba1e2303
[INFO] running `Command { std: "docker" "start" "-a" "4722b887b0bca49d179db591680ea7c97bb17ceabad2f63359fb4941ba1e2303", kill_on_drop: false }`
[INFO] [stdout] warning: unnecessary parentheses around assigned value
[INFO] [stdout]    --> src/bfv.rs:150:26
[INFO] [stdout]     |
[INFO] [stdout] 150 |             let index2 = (m - pos - 1);
[INFO] [stdout]     |                          ^           ^
[INFO] [stdout]     |
[INFO] [stdout]     = note: `#[warn(unused_parens)]` on by default
[INFO] [stdout] help: remove these parentheses
[INFO] [stdout]     |
[INFO] [stdout] 150 -             let index2 = (m - pos - 1);
[INFO] [stdout] 150 +             let index2 = m - pos - 1;
[INFO] [stdout]     |
[INFO] [stdout] 
[INFO] [stdout] 
[INFO] [stdout] warning: unnecessary parentheses around `for` iterator expression
[INFO] [stdout]    --> src/bfv.rs:353:18
[INFO] [stdout]     |
[INFO] [stdout] 353 |         for i in (1..ct.cts.len()) {
[INFO] [stdout]     |                  ^               ^
[INFO] [stdout]     |
[INFO] [stdout] help: remove these parentheses
[INFO] [stdout]     |
[INFO] [stdout] 353 -         for i in (1..ct.cts.len()) {
[INFO] [stdout] 353 +         for i in 1..ct.cts.len() {
[INFO] [stdout]     |
[INFO] [stdout] 
[INFO] [stdout] 
[INFO] [stdout] warning: unnecessary parentheses around function argument
[INFO] [stdout]    --> src/bfv.rs:495:13
[INFO] [stdout]     |
[INFO] [stdout] 495 |             (self.cts.len() + rhs.cts.len() - 1)
[INFO] [stdout]     |             ^                                  ^
[INFO] [stdout]     |
[INFO] [stdout] help: remove these parentheses
[INFO] [stdout]     |
[INFO] [stdout] 495 -             (self.cts.len() + rhs.cts.len() - 1)
[INFO] [stdout] 495 +             self.cts.len() + rhs.cts.len() - 1
[INFO] [stdout]     |
[INFO] [stdout] 
[INFO] [stdout] 
[INFO] [stdout] warning: unnecessary parentheses around `if` condition
[INFO] [stdout]    --> src/bfv.rs:763:12
[INFO] [stdout]     |
[INFO] [stdout] 763 |         if (p.representation == Representation::Ntt) {
[INFO] [stdout]     |            ^                                       ^
[INFO] [stdout]     |
[INFO] [stdout] help: remove these parentheses
[INFO] [stdout]     |
[INFO] [stdout] 763 -         if (p.representation == Representation::Ntt) {
[INFO] [stdout] 763 +         if p.representation == Representation::Ntt {
[INFO] [stdout]     |
[INFO] [stdout] 
[INFO] [stdout] 
[INFO] [stdout] warning: unused imports: `Encoding` and `modulus::Modulus`
[INFO] [stdout]  --> src/evaluations.rs:2:41
[INFO] [stdout]   |
[INFO] [stdout] 2 |     bfv::{BfvCipherText, BfvParameters, Encoding, GaliosKey, Plaintext, SecretKey},
[INFO] [stdout]   |                                         ^^^^^^^^
[INFO] [stdout] 3 |     ksk::Ksk,
[INFO] [stdout] 4 |     modulus::Modulus,
[INFO] [stdout]   |     ^^^^^^^^^^^^^^^^
[INFO] [stdout]   |
[INFO] [stdout]   = note: `#[warn(unused_imports)]` on by default
[INFO] [stdout] 
[INFO] [stdout] 
[INFO] [stdout] warning: unused import: `enumerate`
[INFO] [stdout]   --> src/evaluations.rs:10:17
[INFO] [stdout]    |
[INFO] [stdout] 10 | use itertools::{enumerate, izip, Itertools};
[INFO] [stdout]    |                 ^^^^^^^^^
[INFO] [stdout] 
[INFO] [stdout] 
[INFO] [stdout] warning: unused import: `ndarray::Array2`
[INFO] [stdout]   --> src/evaluations.rs:11:5
[INFO] [stdout]    |
[INFO] [stdout] 11 | use ndarray::Array2;
[INFO] [stdout]    |     ^^^^^^^^^^^^^^^
[INFO] [stdout] 
[INFO] [stdout] 
[INFO] [stdout] warning: unused imports: `One`, `ToPrimitive`, and `Zero`
[INFO] [stdout]   --> src/evaluations.rs:14:33
[INFO] [stdout]    |
[INFO] [stdout] 14 | use num_traits::{FromPrimitive, One, ToPrimitive, Zero};
[INFO] [stdout]    |                                 ^^^  ^^^^^^^^^^^  ^^^^
[INFO] [stdout] 
[INFO] [stdout] 
[INFO] [stdout] warning: unused imports: `Encoding` and `modulus::Modulus`
[INFO] [stdout]  --> src/ksk.rs:4:26
[INFO] [stdout]   |
[INFO] [stdout] 4 |     bfv::{BfvCipherText, Encoding, Plaintext},
[INFO] [stdout]   |                          ^^^^^^^^
[INFO] [stdout] 5 |     modulus::Modulus,
[INFO] [stdout]   |     ^^^^^^^^^^^^^^^^
[INFO] [stdout] 
[INFO] [stdout] 
[INFO] [stdout] warning: unused import: `Itertools`
[INFO] [stdout]  --> src/ksk.rs:8:23
[INFO] [stdout]   |
[INFO] [stdout] 8 | use itertools::{izip, Itertools};
[INFO] [stdout]   |                       ^^^^^^^^^
[INFO] [stdout] 
[INFO] [stdout] 
[INFO] [stdout] warning: unused import: `num_bigint::BigUint`
[INFO] [stdout]  --> src/ksk.rs:9:5
[INFO] [stdout]   |
[INFO] [stdout] 9 | use num_bigint::BigUint;
[INFO] [stdout]   |     ^^^^^^^^^^^^^^^^^^^
[INFO] [stdout] 
[INFO] [stdout] 
[INFO] [stdout] warning: unused import: `num_traits::FromPrimitive`
[INFO] [stdout]   --> src/ksk.rs:10:5
[INFO] [stdout]    |
[INFO] [stdout] 10 | use num_traits::FromPrimitive;
[INFO] [stdout]    |     ^^^^^^^^^^^^^^^^^^^^^^^^^
[INFO] [stdout] 
[INFO] [stdout] 
[INFO] [stdout] warning: unused import: `num_traits::cast::ToPrimitive`
[INFO] [stdout]  --> src/ntt.rs:2:5
[INFO] [stdout]   |
[INFO] [stdout] 2 | use num_traits::cast::ToPrimitive;
[INFO] [stdout]   |     ^^^^^^^^^^^^^^^^^^^^^^^^^^^^^
[INFO] [stdout] 
[INFO] [stdout] 
[INFO] [stdout] warning: unused import: `self`
[INFO] [stdout]  --> src/omr.rs:5:11
[INFO] [stdout]   |
[INFO] [stdout] 5 |     pvw::{self, PvwCiphertext, PvwParams},
[INFO] [stdout]   |           ^^^^
[INFO] [stdout] 
[INFO] [stdout] 
[INFO] [stdout] warning: unused imports: `Array2` and `Axis`
[INFO] [stdout]  --> src/pvw.rs:5:15
[INFO] [stdout]   |
[INFO] [stdout] 5 | use ndarray::{Array2, Axis};
[INFO] [stdout]   |               ^^^^^^  ^^^^
[INFO] [stdout] 
[INFO] [stdout] 
[INFO] [stdout] warning: unused import: `super::*`
[INFO] [stdout]    --> src/pvw.rs:160:9
[INFO] [stdout]     |
[INFO] [stdout] 160 |     use super::*;
[INFO] [stdout]     |         ^^^^^^^^
[INFO] [stdout] 
[INFO] [stdout] 
[INFO] [stdout] warning: unused imports: `sync::Arc` and `task::Poll`
[INFO] [stdout]  --> src/rgsw.rs:1:11
[INFO] [stdout]   |
[INFO] [stdout] 1 | use std::{sync::Arc, task::Poll};
[INFO] [stdout]   |           ^^^^^^^^^  ^^^^^^^^^^
[INFO] [stdout] 
[INFO] [stdout] 
[INFO] [stdout] warning: unused import: `crypto_bigint::rand_core::le`
[INFO] [stdout]  --> src/rgsw.rs:3:5
[INFO] [stdout]   |
[INFO] [stdout] 3 | use crypto_bigint::rand_core::le;
[INFO] [stdout]   |     ^^^^^^^^^^^^^^^^^^^^^^^^^^^^
[INFO] [stdout] 
[INFO] [stdout] 
[INFO] [stdout] warning: unused import: `itertools::izip`
[INFO] [stdout]  --> src/rgsw.rs:4:5
[INFO] [stdout]   |
[INFO] [stdout] 4 | use itertools::izip;
[INFO] [stdout]   |     ^^^^^^^^^^^^^^^
[INFO] [stdout] 
[INFO] [stdout] 
[INFO] [stdout] warning: unused import: `num_bigint::BigUint`
[INFO] [stdout]  --> src/rgsw.rs:5:5
[INFO] [stdout]   |
[INFO] [stdout] 5 | use num_bigint::BigUint;
[INFO] [stdout]   |     ^^^^^^^^^^^^^^^^^^^
[INFO] [stdout] 
[INFO] [stdout] 
[INFO] [stdout] warning: unused import: `sha2::digest::typenum::private::IsLessPrivate`
[INFO] [stdout]  --> src/rgsw.rs:6:5
[INFO] [stdout]   |
[INFO] [stdout] 6 | use sha2::digest::typenum::private::IsLessPrivate;
[INFO] [stdout]   |     ^^^^^^^^^^^^^^^^^^^^^^^^^^^^^^^^^^^^^^^^^^^^^
[INFO] [stdout] 
[INFO] [stdout] 
[INFO] [stdout] warning: unused import: `Encoding`
[INFO] [stdout]  --> src/rgsw.rs:8:33
[INFO] [stdout]   |
[INFO] [stdout] 8 | use super::bfv::{BfvCipherText, Encoding};
[INFO] [stdout]   |                                 ^^^^^^^^
[INFO] [stdout] 
[INFO] [stdout] 
[INFO] [stdout] warning: unused imports: `BfvParameters` and `RqContext`
[INFO] [stdout]   --> src/rgsw.rs:10:11
[INFO] [stdout]    |
[INFO] [stdout] 10 |     bfv::{BfvParameters, Plaintext, SecretKey},
[INFO] [stdout]    |           ^^^^^^^^^^^^^
[INFO] [stdout] 11 |     ksk::Ksk,
[INFO] [stdout] 12 |     rq::{Poly, Representation, RqContext},
[INFO] [stdout]    |                                ^^^^^^^^^
[INFO] [stdout] 
[INFO] [stdout] 
[INFO] [stdout] warning: unused import: `itertools::Itertools`
[INFO] [stdout]   --> src/rgsw.rs:15:5
[INFO] [stdout]    |
[INFO] [stdout] 15 | use itertools::Itertools;
[INFO] [stdout]    |     ^^^^^^^^^^^^^^^^^^^^
[INFO] [stdout] 
[INFO] [stdout] 
[INFO] [stdout] warning: unused import: `std::clone`
[INFO] [stdout]  --> src/rns.rs:9:5
[INFO] [stdout]   |
[INFO] [stdout] 9 | use std::clone;
[INFO] [stdout]   |     ^^^^^^^^^^
[INFO] [stdout] 
[INFO] [stdout] 
[INFO] [stdout] warning: unused import: `self`
[INFO] [stdout]  --> src/rq.rs:2:15
[INFO] [stdout]   |
[INFO] [stdout] 2 |     modulus::{self, Modulus},
[INFO] [stdout]   |               ^^^^
[INFO] [stdout] 
[INFO] [stdout] 
[INFO] [stdout] warning: unused import: `thread_rng`
[INFO] [stdout]   --> src/rq.rs:12:12
[INFO] [stdout]    |
[INFO] [stdout] 12 | use rand::{thread_rng, CryptoRng, RngCore, SeedableRng};
[INFO] [stdout]    |            ^^^^^^^^^^
[INFO] [stdout] 
[INFO] [stdout] 
[INFO] [stdout] warning: unused imports: `clone`, `error::Error`, `io::Repeat`, and `task::Context`
[INFO] [stdout]   --> src/rq.rs:16:5
[INFO] [stdout]    |
[INFO] [stdout] 16 |     clone,
[INFO] [stdout]    |     ^^^^^
[INFO] [stdout] 17 |     error::Error,
[INFO] [stdout]    |     ^^^^^^^^^^^^
[INFO] [stdout] 18 |     fmt::Debug,
[INFO] [stdout] 19 |     io::Repeat,
[INFO] [stdout]    |     ^^^^^^^^^^
[INFO] [stdout] ...
[INFO] [stdout] 22 |     task::Context,
[INFO] [stdout]    |     ^^^^^^^^^^^^^
[INFO] [stdout] 
[INFO] [stdout] 
[INFO] [stdout] warning: unnecessary parentheses around `while` condition
[INFO] [stdout]    --> src/rq.rs:239:15
[INFO] [stdout]     |
[INFO] [stdout] 239 |         while (curr_ctx.next_ctx.is_some()) {
[INFO] [stdout]     |               ^                           ^
[INFO] [stdout]     |
[INFO] [stdout] help: remove these parentheses
[INFO] [stdout]     |
[INFO] [stdout] 239 -         while (curr_ctx.next_ctx.is_some()) {
[INFO] [stdout] 239 +         while curr_ctx.next_ctx.is_some() {
[INFO] [stdout]     |
[INFO] [stdout] 
[INFO] [stdout] 
[INFO] [stdout] warning: unnecessary parentheses around `for` iterator expression
[INFO] [stdout]    --> src/rq.rs:322:26
[INFO] [stdout]     |
[INFO] [stdout] 322 |                 for i in (0..self.context.bit_decomposition.l) {
[INFO] [stdout]     |                          ^                                   ^
[INFO] [stdout]     |
[INFO] [stdout] help: remove these parentheses
[INFO] [stdout]     |
[INFO] [stdout] 322 -                 for i in (0..self.context.bit_decomposition.l) {
[INFO] [stdout] 322 +                 for i in 0..self.context.bit_decomposition.l {
[INFO] [stdout]     |
[INFO] [stdout] 
[INFO] [stdout] 
[INFO] [stdout] warning: unnecessary parentheses around pattern
[INFO] [stdout]    --> src/rq.rs:337:50
[INFO] [stdout]     |
[INFO] [stdout] 337 |                 izip!(cq.outer_iter()).for_each(|(c)| {
[INFO] [stdout]     |                                                  ^ ^
[INFO] [stdout]     |
[INFO] [stdout] help: remove these parentheses
[INFO] [stdout]     |
[INFO] [stdout] 337 -                 izip!(cq.outer_iter()).for_each(|(c)| {
[INFO] [stdout] 337 +                 izip!(cq.outer_iter()).for_each(|c| {
[INFO] [stdout]     |
[INFO] [stdout] 
[INFO] [stdout] 
[INFO] [stdout] warning: unused import: `num_bigint::BigUint`
[INFO] [stdout]  --> src/utils.rs:1:5
[INFO] [stdout]   |
[INFO] [stdout] 1 | use num_bigint::BigUint;
[INFO] [stdout]   |     ^^^^^^^^^^^^^^^^^^^
[INFO] [stdout] 
[INFO] [stdout] 
[INFO] [stdout] warning: unused import: `Uniform`
[INFO] [stdout]  --> src/utils.rs:5:32
[INFO] [stdout]   |
[INFO] [stdout] 5 | use rand_distr::{Distribution, Uniform};
[INFO] [stdout]   |                                ^^^^^^^
[INFO] [stdout] 
[INFO] [stdout] 
[INFO] [stdout] warning: unused import: `super::*`
[INFO] [stdout]    --> src/utils.rs:293:9
[INFO] [stdout]     |
[INFO] [stdout] 293 |     use super::*;
[INFO] [stdout]     |         ^^^^^^^^
[INFO] [stdout] 
[INFO] [stdout] 
[INFO] [stdout] warning: unused import: `Distribution`
[INFO] [stdout]  --> src/utils.rs:5:18
[INFO] [stdout]   |
[INFO] [stdout] 5 | use rand_distr::{Distribution, Uniform};
[INFO] [stdout]   |                  ^^^^^^^^^^^^
[INFO] [stdout] 
[INFO] [stdout] 
[INFO] [stdout] warning: variable does not need to be mutable
[INFO] [stdout]    --> src/bfv.rs:676:9
[INFO] [stdout]     |
[INFO] [stdout] 676 |     let mut c_0 = &c0_0 * &c1_0;
[INFO] [stdout]     |         ----^^^
[INFO] [stdout]     |         |
[INFO] [stdout]     |         help: remove this `mut`
[INFO] [stdout]     |
[INFO] [stdout]     = note: `#[warn(unused_mut)]` on by default
[INFO] [stdout] 
[INFO] [stdout] 
[INFO] [stdout] warning: variable does not need to be mutable
[INFO] [stdout]    --> src/bfv.rs:677:9
[INFO] [stdout]     |
[INFO] [stdout] 677 |     let mut c_1 = &(&c0_0 * &c1_1) + &(&c1_0 * &c0_1);
[INFO] [stdout]     |         ----^^^
[INFO] [stdout]     |         |
[INFO] [stdout]     |         help: remove this `mut`
[INFO] [stdout] 
[INFO] [stdout] 
[INFO] [stdout] warning: variable does not need to be mutable
[INFO] [stdout]    --> src/bfv.rs:678:9
[INFO] [stdout]     |
[INFO] [stdout] 678 |     let mut c_2 = &c0_1 * &c1_1;
[INFO] [stdout]     |         ----^^^
[INFO] [stdout]     |         |
[INFO] [stdout]     |         help: remove this `mut`
[INFO] [stdout] 
[INFO] [stdout] 
[INFO] [stdout] warning: variable does not need to be mutable
[INFO] [stdout]    --> src/bfv.rs:712:13
[INFO] [stdout]     |
[INFO] [stdout] 712 |         let mut sk_poly = Poly::try_from_vec_i64(&ctx, &sk.coeffs);
[INFO] [stdout]     |             ----^^^^^^^
[INFO] [stdout]     |             |
[INFO] [stdout]     |             help: remove this `mut`
[INFO] [stdout] 
[INFO] [stdout] 
[INFO] [stdout] warning: unused variable: `bfv_params`
[INFO] [stdout]   --> src/evaluations.rs:40:9
[INFO] [stdout]    |
[INFO] [stdout] 40 |         bfv_params: &Arc<BfvParameters>,
[INFO] [stdout]    |         ^^^^^^^^^^ help: if this is intentional, prefix it with an underscore: `_bfv_params`
[INFO] [stdout]    |
[INFO] [stdout]    = note: `#[warn(unused_variables)]` on by default
[INFO] [stdout] 
[INFO] [stdout] 
[INFO] [stdout] warning: unused variable: `sk`
[INFO] [stdout]   --> src/evaluations.rs:41:9
[INFO] [stdout]    |
[INFO] [stdout] 41 |         sk: &SecretKey,
[INFO] [stdout]    |         ^^ help: if this is intentional, prefix it with an underscore: `_sk`
[INFO] [stdout] 
[INFO] [stdout] 
[INFO] [stdout] warning: unused variable: `dim_index`
[INFO] [stdout]    --> src/evaluations.rs:192:25
[INFO] [stdout]     |
[INFO] [stdout] 192 |             .for_each(|(dim_index, dim_rgsws)| {
[INFO] [stdout]     |                         ^^^^^^^^^ help: if this is intentional, prefix it with an underscore: `_dim_index`
[INFO] [stdout] 
[INFO] [stdout] 
[INFO] [stdout] warning: unused variable: `row_index`
[INFO] [stdout]    --> src/evaluations.rs:197:28
[INFO] [stdout]     |
[INFO] [stdout] 197 |                     .map(|(row_index, db_chunk_cts)| {
[INFO] [stdout]     |                            ^^^^^^^^^ help: if this is intentional, prefix it with an underscore: `_row_index`
[INFO] [stdout] 
[INFO] [stdout] 
[INFO] [stdout] warning: value assigned to `representation` is never read
[INFO] [stdout]    --> src/rq.rs:121:13
[INFO] [stdout]     |
[INFO] [stdout] 121 |             representation = Representation::Ntt;
[INFO] [stdout]     |             ^^^^^^^^^^^^^^
[INFO] [stdout]     |
[INFO] [stdout]     = help: maybe it is overwritten before being read?
[INFO] [stdout]     = note: `#[warn(unused_assignments)]` on by default
[INFO] [stdout] 
[INFO] [stdout] 
[INFO] [stdout] warning: unused variable: `decomposed`
[INFO] [stdout]    --> src/rq.rs:332:25
[INFO] [stdout]     |
[INFO] [stdout] 332 |                     let decomposed = decompose_bits(*v, parent_bits as usize, base_bits);
[INFO] [stdout]     |                         ^^^^^^^^^^ help: if this is intentional, prefix it with an underscore: `_decomposed`
[INFO] [stdout] 
[INFO] [stdout] 
[INFO] [stdout] warning: unused variable: `g`
[INFO] [stdout]    --> src/rq.rs:334:25
[INFO] [stdout]     |
[INFO] [stdout] 334 |                     let g = poly.slice_mut(s![row_index, col_index, ..]);
[INFO] [stdout]     |                         ^ help: if this is intentional, prefix it with an underscore: `_g`
[INFO] [stdout] 
[INFO] [stdout] 
[INFO] [stdout] warning: unused variable: `c`
[INFO] [stdout]    --> src/rq.rs:337:51
[INFO] [stdout]     |
[INFO] [stdout] 337 |                 izip!(cq.outer_iter()).for_each(|(c)| {
[INFO] [stdout]     |                                                   ^ help: if this is intentional, prefix it with an underscore: `_c`
[INFO] [stdout] 
[INFO] [stdout] 
[INFO] [stdout] warning: unused variable: `p`
[INFO] [stdout]    --> src/rq.rs:372:25
[INFO] [stdout]     |
[INFO] [stdout] 372 |                 let mut p = self.clone();
[INFO] [stdout]     |                         ^ help: if this is intentional, prefix it with an underscore: `_p`
[INFO] [stdout] 
[INFO] [stdout] 
[INFO] [stdout] warning: variable does not need to be mutable
[INFO] [stdout]    --> src/rq.rs:372:21
[INFO] [stdout]     |
[INFO] [stdout] 372 |                 let mut p = self.clone();
[INFO] [stdout]     |                     ----^
[INFO] [stdout]     |                     |
[INFO] [stdout]     |                     help: remove this `mut`
[INFO] [stdout] 
[INFO] [stdout] 
[INFO] [stdout] warning: unused variable: `poly`
[INFO] [stdout]    --> src/rq.rs:507:13
[INFO] [stdout]     |
[INFO] [stdout] 507 |         let poly = Poly::zero(ctx, Representation::PowerBasis);
[INFO] [stdout]     |             ^^^^ help: if this is intentional, prefix it with an underscore: `_poly`
[INFO] [stdout] 
[INFO] [stdout] 
[INFO] [stdout] warning: struct `SecretKey` is never constructed
[INFO] [stdout]    --> src/bfv.rs:273:12
[INFO] [stdout]     |
[INFO] [stdout] 273 | pub struct SecretKey {
[INFO] [stdout]     |            ^^^^^^^^^
[INFO] [stdout]     |
[INFO] [stdout]     = note: `SecretKey` has a derived impl for the trait `Debug`, but this is intentionally ignored during dead code analysis
[INFO] [stdout]     = note: `#[warn(dead_code)]` on by default
[INFO] [stdout] 
[INFO] [stdout] 
[INFO] [stdout] warning: multiple associated items are never used
[INFO] [stdout]    --> src/bfv.rs:279:12
[INFO] [stdout]     |
[INFO] [stdout] 278 | impl SecretKey {
[INFO] [stdout]     | -------------- associated items in this implementation
[INFO] [stdout] 279 |     pub fn generate(params: &Arc<BfvParameters>) -> Self {
[INFO] [stdout]     |            ^^^^^^^^
[INFO] [stdout] ...
[INFO] [stdout] 292 |     pub fn new(coeffs: Vec<i64>, params: &Arc<BfvParameters>) -> Self {
[INFO] [stdout]     |            ^^^
[INFO] [stdout] ...
[INFO] [stdout] 299 |     pub fn encrypt_poly(&self, pt: &Poly) -> BfvCipherText {
[INFO] [stdout]     |            ^^^^^^^^^^^^
[INFO] [stdout] ...
[INFO] [stdout] 331 |     pub fn encrypt(&self, pt: &Plaintext) -> BfvCipherText {
[INFO] [stdout]     |            ^^^^^^^
[INFO] [stdout] ...
[INFO] [stdout] 336 |     pub fn decrypt_trial(&self, ct0: &Poly, ct1: &Poly) -> Poly {
[INFO] [stdout]     |            ^^^^^^^^^^^^^
[INFO] [stdout] ...
[INFO] [stdout] 347 |     pub fn decrypt(&self, ct: &BfvCipherText) -> Plaintext {
[INFO] [stdout]     |            ^^^^^^^
[INFO] [stdout] ...
[INFO] [stdout] 386 |     pub fn measure_noise(&self, ct: &BfvCipherText) -> usize {
[INFO] [stdout]     |            ^^^^^^^^^^^^^
[INFO] [stdout] 
[INFO] [stdout] 
[INFO] [stdout] warning: struct `BfvCiphertext` is never constructed
[INFO] [stdout]    --> src/bfv.rs:413:12
[INFO] [stdout]     |
[INFO] [stdout] 413 | pub struct BfvCiphertext {
[INFO] [stdout]     |            ^^^^^^^^^^^^^
[INFO] [stdout]     |
[INFO] [stdout]     = note: `BfvCiphertext` has a derived impl for the trait `Clone`, but this is intentionally ignored during dead code analysis
[INFO] [stdout] 
[INFO] [stdout] 
[INFO] [stdout] warning: function `multiply_with_strategy` is never used
[INFO] [stdout]    --> src/bfv.rs:657:8
[INFO] [stdout]     |
[INFO] [stdout] 657 | pub fn multiply_with_strategy(
[INFO] [stdout]     |        ^^^^^^^^^^^^^^^^^^^^^^
[INFO] [stdout] 
[INFO] [stdout] 
[INFO] [stdout] warning: struct `GaliosKey` is never constructed
[INFO] [stdout]    --> src/bfv.rs:700:12
[INFO] [stdout]     |
[INFO] [stdout] 700 | pub struct GaliosKey {
[INFO] [stdout]     |            ^^^^^^^^^
[INFO] [stdout] 
[INFO] [stdout] 
[INFO] [stdout] warning: associated items `new` and `relinearize` are never used
[INFO] [stdout]    --> src/bfv.rs:707:12
[INFO] [stdout]     |
[INFO] [stdout] 706 | impl GaliosKey {
[INFO] [stdout]     | -------------- associated items in this implementation
[INFO] [stdout] 707 |     pub fn new(sk: &SecretKey, i: &Substitution, galios_level: usize) -> Self {
[INFO] [stdout]     |            ^^^
[INFO] [stdout] ...
[INFO] [stdout] 725 |     pub fn relinearize(&self, ct: &BfvCipherText) -> BfvCipherText {
[INFO] [stdout]     |            ^^^^^^^^^^^
[INFO] [stdout] 
[INFO] [stdout] 
[INFO] [stdout] warning: struct `RelinearizationKey` is never constructed
[INFO] [stdout]    --> src/bfv.rs:743:12
[INFO] [stdout]     |
[INFO] [stdout] 743 | pub struct RelinearizationKey {
[INFO] [stdout]     |            ^^^^^^^^^^^^^^^^^^
[INFO] [stdout] 
[INFO] [stdout] 
[INFO] [stdout] warning: associated items `new` and `relinearize_poly` are never used
[INFO] [stdout]    --> src/bfv.rs:749:12
[INFO] [stdout]     |
[INFO] [stdout] 748 | impl RelinearizationKey {
[INFO] [stdout]     | ----------------------- associated items in this implementation
[INFO] [stdout] 749 |     pub fn new(sk: &SecretKey, level: usize) -> Self {
[INFO] [stdout]     |            ^^^
[INFO] [stdout] ...
[INFO] [stdout] 762 |     pub fn relinearize_poly(&self, p: &Poly) -> (Poly, Poly) {
[INFO] [stdout]     |            ^^^^^^^^^^^^^^^^
[INFO] [stdout] 
[INFO] [stdout] 
[INFO] [stdout] warning: fields `first_dim` and `dim` are never read
[INFO] [stdout]   --> src/evaluations.rs:18:5
[INFO] [stdout]    |
[INFO] [stdout] 17 | struct Client {
[INFO] [stdout]    |        ------ fields in this struct
[INFO] [stdout] 18 |     first_dim: usize,
[INFO] [stdout]    |     ^^^^^^^^^
[INFO] [stdout] 19 |     dim: usize,
[INFO] [stdout]    |     ^^^
[INFO] [stdout] 
[INFO] [stdout] 
[INFO] [stdout] warning: associated items `new` and `encode` are never used
[INFO] [stdout]   --> src/evaluations.rs:32:12
[INFO] [stdout]    |
[INFO] [stdout] 31 | impl Client {
[INFO] [stdout]    | ----------- associated items in this implementation
[INFO] [stdout] 32 |     pub fn new(first_dim: usize, dim: usize) -> Client {
[INFO] [stdout]    |            ^^^
[INFO] [stdout] ...
[INFO] [stdout] 36 |     pub fn encode(
[INFO] [stdout]    |            ^^^^^^
[INFO] [stdout] 
[INFO] [stdout] 
[INFO] [stdout] warning: struct `Server` is never constructed
[INFO] [stdout]   --> src/evaluations.rs:65:8
[INFO] [stdout]    |
[INFO] [stdout] 65 | struct Server {
[INFO] [stdout]    |        ^^^^^^
[INFO] [stdout] 
[INFO] [stdout] 
[INFO] [stdout] warning: associated items `new`, `no_of_cts`, and `decode` are never used
[INFO] [stdout]    --> src/evaluations.rs:73:12
[INFO] [stdout]     |
[INFO] [stdout] 72  | impl Server {
[INFO] [stdout]     | ----------- associated items in this implementation
[INFO] [stdout] 73  |     pub fn new(
[INFO] [stdout]     |            ^^^
[INFO] [stdout] ...
[INFO] [stdout] 95  |     fn no_of_cts(&self) -> usize {
[INFO] [stdout]     |        ^^^^^^^^^
[INFO] [stdout] ...
[INFO] [stdout] 109 |     pub fn decode(
[INFO] [stdout]     |            ^^^^^^
[INFO] [stdout] 
[INFO] [stdout] 
[INFO] [stdout] warning: struct `Evaluation` is never constructed
[INFO] [stdout]    --> src/evaluations.rs:229:8
[INFO] [stdout]     |
[INFO] [stdout] 229 | struct Evaluation {
[INFO] [stdout]     |        ^^^^^^^^^^
[INFO] [stdout] 
[INFO] [stdout] 
[INFO] [stdout] warning: associated items `build`, `unpack`, and `gen_x_pows` are never used
[INFO] [stdout]    --> src/evaluations.rs:235:12
[INFO] [stdout]     |
[INFO] [stdout] 234 | impl Evaluation {
[INFO] [stdout]     | --------------- associated items in this implementation
[INFO] [stdout] 235 |     pub fn build(sk: &SecretKey, params: &Arc<BfvParameters>) -> Self {
[INFO] [stdout]     |            ^^^^^
[INFO] [stdout] ...
[INFO] [stdout] 254 |     pub fn unpack(&self, mut ct: BfvCipherText) -> Vec<BfvCipherText> {
[INFO] [stdout]     |            ^^^^^^
[INFO] [stdout] ...
[INFO] [stdout] 301 |     fn gen_x_pows(n: usize, ctx: &Arc<RqContext>) -> Vec<Poly> {
[INFO] [stdout]     |        ^^^^^^^^^^
[INFO] [stdout] 
[INFO] [stdout] 
[INFO] [stdout] warning: struct `Ksk` is never constructed
[INFO] [stdout]   --> src/ksk.rs:20:12
[INFO] [stdout]    |
[INFO] [stdout] 20 | pub struct Ksk {
[INFO] [stdout]    |            ^^^
[INFO] [stdout]    |
[INFO] [stdout]    = note: `Ksk` has derived impls for the traits `Debug` and `Clone`, but these are intentionally ignored during dead code analysis
[INFO] [stdout] 
[INFO] [stdout] 
[INFO] [stdout] warning: enum `KskType` is never used
[INFO] [stdout]   --> src/ksk.rs:32:6
[INFO] [stdout]    |
[INFO] [stdout] 32 | enum KskType {
[INFO] [stdout]    |      ^^^^^^^
[INFO] [stdout] 
[INFO] [stdout] 
[INFO] [stdout] warning: associated items `new_with_pt`, `new`, `key_switch`, and `try_from_decomposed_rlwes` are never used
[INFO] [stdout]    --> src/ksk.rs:38:12
[INFO] [stdout]     |
[INFO] [stdout] 37  | impl Ksk {
[INFO] [stdout]     | -------- associated items in this implementation
[INFO] [stdout] 38  |     pub fn new_with_pt(
[INFO] [stdout]     |            ^^^^^^^^^^^
[INFO] [stdout] ...
[INFO] [stdout] 47  |     pub fn new(sk: &SecretKey, from: &Poly, ct_level: usize, ksk_level: usize) -> Self {
[INFO] [stdout]     |            ^^^
[INFO] [stdout] ...
[INFO] [stdout] 102 |     pub fn key_switch(&self, poly: &Poly) -> (Poly, Poly) {
[INFO] [stdout]     |            ^^^^^^^^^^
[INFO] [stdout] ...
[INFO] [stdout] 127 |     pub fn try_from_decomposed_rlwes(
[INFO] [stdout]     |            ^^^^^^^^^^^^^^^^^^^^^^^^^
[INFO] [stdout] 
[INFO] [stdout] 
[INFO] [stdout] warning: function `inner_product` is never used
[INFO] [stdout]  --> src/omr.rs:9:4
[INFO] [stdout]   |
[INFO] [stdout] 9 | fn inner_product(cts: &Vec<BfvCipherText>, polys: &Vec<Poly>) -> BfvCipherText {
[INFO] [stdout]   |    ^^^^^^^^^^^^^
[INFO] [stdout] 
[INFO] [stdout] 
[INFO] [stdout] warning: function `process` is never used
[INFO] [stdout]   --> src/omr.rs:21:4
[INFO] [stdout]    |
[INFO] [stdout] 21 | fn process() {
[INFO] [stdout]    |    ^^^^^^^
[INFO] [stdout] 
[INFO] [stdout] 
[INFO] [stdout] warning: fields `n`, `ell`, `m`, `q`, and `variance` are never read
[INFO] [stdout]   --> src/pvw.rs:12:9
[INFO] [stdout]    |
[INFO] [stdout] 11 | pub struct PvwParams {
[INFO] [stdout]    |            --------- fields in this struct
[INFO] [stdout] 12 |     pub n: usize,
[INFO] [stdout]    |         ^
[INFO] [stdout] 13 |     pub ell: usize,
[INFO] [stdout]    |         ^^^
[INFO] [stdout] 14 |     pub m: usize,
[INFO] [stdout]    |         ^
[INFO] [stdout] 15 |     pub q: u64,
[INFO] [stdout]    |         ^
[INFO] [stdout] 16 |     pub variance: usize,
[INFO] [stdout]    |         ^^^^^^^^
[INFO] [stdout]    |
[INFO] [stdout]    = note: `PvwParams` has a derived impl for the trait `Debug`, but this is intentionally ignored during dead code analysis
[INFO] [stdout] 
[INFO] [stdout] 
[INFO] [stdout] warning: associated function `new` is never used
[INFO] [stdout]   --> src/pvw.rs:32:12
[INFO] [stdout]    |
[INFO] [stdout] 31 | impl PvwParams {
[INFO] [stdout]    | -------------- associated function in this implementation
[INFO] [stdout] 32 |     pub fn new() -> PvwParams {
[INFO] [stdout]    |            ^^^
[INFO] [stdout] 
[INFO] [stdout] 
[INFO] [stdout] warning: struct `PvwSk` is never constructed
[INFO] [stdout]   --> src/pvw.rs:37:12
[INFO] [stdout]    |
[INFO] [stdout] 37 | pub struct PvwSk(Vec<Vec<u64>>);
[INFO] [stdout]    |            ^^^^^
[INFO] [stdout] 
[INFO] [stdout] 
[INFO] [stdout] warning: associated items `gen_sk`, `gen_pk`, and `decrypt` are never used
[INFO] [stdout]   --> src/pvw.rs:40:12
[INFO] [stdout]    |
[INFO] [stdout] 39 | impl PvwSk {
[INFO] [stdout]    | ---------- associated items in this implementation
[INFO] [stdout] 40 |     pub fn gen_sk(params: &PvwParams) -> PvwSk {
[INFO] [stdout]    |            ^^^^^^
[INFO] [stdout] ...
[INFO] [stdout] 56 |     pub fn gen_pk(&self, params: &PvwParams) -> PvwPk {
[INFO] [stdout]    |            ^^^^^^
[INFO] [stdout] ...
[INFO] [stdout] 94 |     pub fn decrypt(&self, params: &PvwParams, ct: &PvwCiphertext) -> Vec<u64> {
[INFO] [stdout]    |            ^^^^^^^
[INFO] [stdout] 
[INFO] [stdout] 
[INFO] [stdout] warning: struct `PvwPk` is never constructed
[INFO] [stdout]    --> src/pvw.rs:117:12
[INFO] [stdout]     |
[INFO] [stdout] 117 | pub struct PvwPk(Vec<PvwCiphertext>);
[INFO] [stdout]     |            ^^^^^
[INFO] [stdout] 
[INFO] [stdout] 
[INFO] [stdout] warning: method `encrypt` is never used
[INFO] [stdout]    --> src/pvw.rs:120:12
[INFO] [stdout]     |
[INFO] [stdout] 119 | impl PvwPk {
[INFO] [stdout]     | ---------- method in this implementation
[INFO] [stdout] 120 |     pub fn encrypt(&self, params: &PvwParams, m: Vec<u64>) -> PvwCiphertext {
[INFO] [stdout]     |            ^^^^^^^
[INFO] [stdout] 
[INFO] [stdout] 
[INFO] [stdout] warning: struct `PvwCiphertext` is never constructed
[INFO] [stdout]    --> src/pvw.rs:152:12
[INFO] [stdout]     |
[INFO] [stdout] 152 | pub struct PvwCiphertext {
[INFO] [stdout]     |            ^^^^^^^^^^^^^
[INFO] [stdout]     |
[INFO] [stdout]     = note: `PvwCiphertext` has derived impls for the traits `Debug` and `Clone`, but these are intentionally ignored during dead code analysis
[INFO] [stdout] 
[INFO] [stdout] 
[INFO] [stdout] warning: struct `RGSW` is never constructed
[INFO] [stdout]   --> src/rgsw.rs:17:12
[INFO] [stdout]    |
[INFO] [stdout] 17 | pub struct RGSW {
[INFO] [stdout]    |            ^^^^
[INFO] [stdout] 
[INFO] [stdout] 
[INFO] [stdout] warning: struct `RgswCt` is never constructed
[INFO] [stdout]   --> src/rgsw.rs:22:12
[INFO] [stdout]    |
[INFO] [stdout] 22 | pub struct RgswCt {
[INFO] [stdout]    |            ^^^^^^
[INFO] [stdout]    |
[INFO] [stdout]    = note: `RgswCt` has a derived impl for the trait `Debug`, but this is intentionally ignored during dead code analysis
[INFO] [stdout] 
[INFO] [stdout] 
[INFO] [stderr]    Compiling onion-pir v0.1.0 (/opt/rustwide/workdir)
[INFO] [stdout] warning: associated functions `encrypt_poly`, `encrypt`, `external_product`, and `try_from_ksks` are never used
[INFO] [stdout]   --> src/rgsw.rs:28:12
[INFO] [stdout]    |
[INFO] [stdout] 27 | impl RgswCt {
[INFO] [stdout]    | ----------- associated functions in this implementation
[INFO] [stdout] 28 |     pub fn encrypt_poly(sk: &SecretKey, m: &Poly) -> Self {
[INFO] [stdout]    |            ^^^^^^^^^^^^
[INFO] [stdout] ...
[INFO] [stdout] 44 |     pub fn encrypt(sk: &SecretKey, m: &Plaintext) -> Self {
[INFO] [stdout]    |            ^^^^^^^
[INFO] [stdout] ...
[INFO] [stdout] 63 |     pub fn external_product(rgsw: &RgswCt, bfv: &BfvCipherText) -> (Poly, Poly) {
[INFO] [stdout]    |            ^^^^^^^^^^^^^^^^
[INFO] [stdout] ...
[INFO] [stdout] 80 |     pub fn try_from_ksks(ksk0: &Ksk, ksk1: &Ksk) -> Self {
[INFO] [stdout]    |            ^^^^^^^^^^^^^
[INFO] [stdout] 
[INFO] [stdout] 
[INFO] [stdout] warning: associated function `new` is never used
[INFO] [stdout]   --> src/rq.rs:70:8
[INFO] [stdout]    |
[INFO] [stdout] 69 | impl BitDecomposition {
[INFO] [stdout]    | --------------------- associated function in this implementation
[INFO] [stdout] 70 |     fn new(base: usize, l: usize) -> Self {
[INFO] [stdout]    |        ^^^
[INFO] [stdout] 
[INFO] [stdout] 
[INFO] [stdout] warning: function `mod_inverse` is never used
[INFO] [stdout]   --> src/utils.rs:95:8
[INFO] [stdout]    |
[INFO] [stdout] 95 | pub fn mod_inverse(v: u64, q: u64) -> Option<u64> {
[INFO] [stdout]    |        ^^^^^^^^^^^
[INFO] [stdout] 
[INFO] [stdout] 
[INFO] [stdout] warning: variable `D` should have a snake case name
[INFO] [stdout]   --> src/omr.rs:28:9
[INFO] [stdout]    |
[INFO] [stdout] 28 |     let D = 64;
[INFO] [stdout]    |         ^ help: convert the identifier to snake case: `d`
[INFO] [stdout]    |
[INFO] [stdout]    = note: `#[warn(non_snake_case)]` on by default
[INFO] [stdout] 
[INFO] [stdout] 
[INFO] [stdout] warning: unnecessary parentheses around assigned value
[INFO] [stdout]    --> src/bfv.rs:150:26
[INFO] [stdout]     |
[INFO] [stdout] 150 |             let index2 = (m - pos - 1);
[INFO] [stdout]     |                          ^           ^
[INFO] [stdout]     |
[INFO] [stdout]     = note: `#[warn(unused_parens)]` on by default
[INFO] [stdout] help: remove these parentheses
[INFO] [stdout]     |
[INFO] [stdout] 150 -             let index2 = (m - pos - 1);
[INFO] [stdout] 150 +             let index2 = m - pos - 1;
[INFO] [stdout]     |
[INFO] [stdout] 
[INFO] [stdout] 
[INFO] [stdout] warning: unnecessary parentheses around `for` iterator expression
[INFO] [stdout]    --> src/bfv.rs:353:18
[INFO] [stdout]     |
[INFO] [stdout] 353 |         for i in (1..ct.cts.len()) {
[INFO] [stdout]     |                  ^               ^
[INFO] [stdout]     |
[INFO] [stdout] help: remove these parentheses
[INFO] [stdout]     |
[INFO] [stdout] 353 -         for i in (1..ct.cts.len()) {
[INFO] [stdout] 353 +         for i in 1..ct.cts.len() {
[INFO] [stdout]     |
[INFO] [stdout] 
[INFO] [stdout] 
[INFO] [stdout] warning: unnecessary parentheses around function argument
[INFO] [stdout]    --> src/bfv.rs:495:13
[INFO] [stdout]     |
[INFO] [stdout] 495 |             (self.cts.len() + rhs.cts.len() - 1)
[INFO] [stdout]     |             ^                                  ^
[INFO] [stdout]     |
[INFO] [stdout] help: remove these parentheses
[INFO] [stdout]     |
[INFO] [stdout] 495 -             (self.cts.len() + rhs.cts.len() - 1)
[INFO] [stdout] 495 +             self.cts.len() + rhs.cts.len() - 1
[INFO] [stdout]     |
[INFO] [stdout] 
[INFO] [stdout] 
[INFO] [stdout] warning: unnecessary parentheses around `if` condition
[INFO] [stdout]    --> src/bfv.rs:763:12
[INFO] [stdout]     |
[INFO] [stdout] 763 |         if (p.representation == Representation::Ntt) {
[INFO] [stdout]     |            ^                                       ^
[INFO] [stdout]     |
[INFO] [stdout] help: remove these parentheses
[INFO] [stdout]     |
[INFO] [stdout] 763 -         if (p.representation == Representation::Ntt) {
[INFO] [stdout] 763 +         if p.representation == Representation::Ntt {
[INFO] [stdout]     |
[INFO] [stdout] 
[INFO] [stdout] 
[INFO] [stdout] warning: unused import: `enumerate`
[INFO] [stdout]   --> src/evaluations.rs:10:17
[INFO] [stdout]    |
[INFO] [stdout] 10 | use itertools::{enumerate, izip, Itertools};
[INFO] [stdout]    |                 ^^^^^^^^^
[INFO] [stdout]    |
[INFO] [stdout]    = note: `#[warn(unused_imports)]` on by default
[INFO] [stdout] 
[INFO] [stdout] 
[INFO] [stdout] warning: unused import: `ndarray::Array2`
[INFO] [stdout]   --> src/evaluations.rs:11:5
[INFO] [stdout]    |
[INFO] [stdout] 11 | use ndarray::Array2;
[INFO] [stdout]    |     ^^^^^^^^^^^^^^^
[INFO] [stdout] 
[INFO] [stdout] 
[INFO] [stdout] warning: unused imports: `One`, `ToPrimitive`, and `Zero`
[INFO] [stdout]   --> src/evaluations.rs:14:33
[INFO] [stdout]    |
[INFO] [stdout] 14 | use num_traits::{FromPrimitive, One, ToPrimitive, Zero};
[INFO] [stdout]    |                                 ^^^  ^^^^^^^^^^^  ^^^^
[INFO] [stdout] 
[INFO] [stdout] 
[INFO] [stdout] warning: unused import: `utils::generate_prime`
[INFO] [stdout]    --> src/evaluations.rs:322:9
[INFO] [stdout]     |
[INFO] [stdout] 322 |         utils::generate_prime,
[INFO] [stdout]     |         ^^^^^^^^^^^^^^^^^^^^^
[INFO] [stdout] 
[INFO] [stdout] 
[INFO] [stdout] warning: unused import: `crypto_bigint::rand_core::le`
[INFO] [stdout]    --> src/evaluations.rs:324:9
[INFO] [stdout]     |
[INFO] [stdout] 324 |     use crypto_bigint::rand_core::le;
[INFO] [stdout]     |         ^^^^^^^^^^^^^^^^^^^^^^^^^^^^
[INFO] [stdout] 
[INFO] [stdout] 
[INFO] [stdout] warning: unused import: `ndarray::Axis`
[INFO] [stdout]    --> src/evaluations.rs:325:9
[INFO] [stdout]     |
[INFO] [stdout] 325 |     use ndarray::Axis;
[INFO] [stdout]     |         ^^^^^^^^^^^^^
[INFO] [stdout] 
[INFO] [stdout] 
[INFO] [stdout] warning: unused import: `num_traits::FromPrimitive`
[INFO] [stdout]    --> src/evaluations.rs:327:9
[INFO] [stdout]     |
[INFO] [stdout] 327 |     use num_traits::FromPrimitive;
[INFO] [stdout]     |         ^^^^^^^^^^^^^^^^^^^^^^^^^
[INFO] [stdout] 
[INFO] [stdout] 
[INFO] [stdout] warning: unused import: `modulus::Modulus`
[INFO] [stdout]  --> src/ksk.rs:5:5
[INFO] [stdout]   |
[INFO] [stdout] 5 |     modulus::Modulus,
[INFO] [stdout]   |     ^^^^^^^^^^^^^^^^
[INFO] [stdout] 
[INFO] [stdout] 
[INFO] [stdout] warning: unused import: `Itertools`
[INFO] [stdout]  --> src/ksk.rs:8:23
[INFO] [stdout]   |
[INFO] [stdout] 8 | use itertools::{izip, Itertools};
[INFO] [stdout]   |                       ^^^^^^^^^
[INFO] [stdout] 
[INFO] [stdout] 
[INFO] [stdout] warning: unused import: `num_bigint::BigUint`
[INFO] [stdout]  --> src/ksk.rs:9:5
[INFO] [stdout]   |
[INFO] [stdout] 9 | use num_bigint::BigUint;
[INFO] [stdout]   |     ^^^^^^^^^^^^^^^^^^^
[INFO] [stdout] 
[INFO] [stdout] 
[INFO] [stdout] warning: unused import: `num_traits::cast::ToPrimitive`
[INFO] [stdout]  --> src/ntt.rs:2:5
[INFO] [stdout]   |
[INFO] [stdout] 2 | use num_traits::cast::ToPrimitive;
[INFO] [stdout]   |     ^^^^^^^^^^^^^^^^^^^^^^^^^^^^^
[INFO] [stdout] 
[INFO] [stdout] 
[INFO] [stdout] warning: unused import: `self`
[INFO] [stdout]  --> src/omr.rs:5:11
[INFO] [stdout]   |
[INFO] [stdout] 5 |     pvw::{self, PvwCiphertext, PvwParams},
[INFO] [stdout]   |           ^^^^
[INFO] [stdout] 
[INFO] [stdout] 
[INFO] [stdout] warning: unused imports: `Array2` and `Axis`
[INFO] [stdout]  --> src/pvw.rs:5:15
[INFO] [stdout]   |
[INFO] [stdout] 5 | use ndarray::{Array2, Axis};
[INFO] [stdout]   |               ^^^^^^  ^^^^
[INFO] [stdout] 
[INFO] [stdout] 
[INFO] [stdout] warning: unused imports: `sync::Arc` and `task::Poll`
[INFO] [stdout]  --> src/rgsw.rs:1:11
[INFO] [stdout]   |
[INFO] [stdout] 1 | use std::{sync::Arc, task::Poll};
[INFO] [stdout]   |           ^^^^^^^^^  ^^^^^^^^^^
[INFO] [stdout] 
[INFO] [stdout] 
[INFO] [stdout] warning: unused import: `crypto_bigint::rand_core::le`
[INFO] [stdout]  --> src/rgsw.rs:3:5
[INFO] [stdout]   |
[INFO] [stdout] 3 | use crypto_bigint::rand_core::le;
[INFO] [stdout]   |     ^^^^^^^^^^^^^^^^^^^^^^^^^^^^
[INFO] [stdout] 
[INFO] [stdout] 
[INFO] [stdout] warning: unused import: `itertools::izip`
[INFO] [stdout]  --> src/rgsw.rs:4:5
[INFO] [stdout]   |
[INFO] [stdout] 4 | use itertools::izip;
[INFO] [stdout]   |     ^^^^^^^^^^^^^^^
[INFO] [stdout] 
[INFO] [stdout] 
[INFO] [stdout] warning: unused import: `num_bigint::BigUint`
[INFO] [stdout]  --> src/rgsw.rs:5:5
[INFO] [stdout]   |
[INFO] [stdout] 5 | use num_bigint::BigUint;
[INFO] [stdout]   |     ^^^^^^^^^^^^^^^^^^^
[INFO] [stdout] 
[INFO] [stdout] 
[INFO] [stdout] warning: unused import: `sha2::digest::typenum::private::IsLessPrivate`
[INFO] [stdout]  --> src/rgsw.rs:6:5
[INFO] [stdout]   |
[INFO] [stdout] 6 | use sha2::digest::typenum::private::IsLessPrivate;
[INFO] [stdout]   |     ^^^^^^^^^^^^^^^^^^^^^^^^^^^^^^^^^^^^^^^^^^^^^
[INFO] [stdout] 
[INFO] [stdout] 
[INFO] [stdout] warning: unused imports: `BfvParameters` and `RqContext`
[INFO] [stdout]   --> src/rgsw.rs:10:11
[INFO] [stdout]    |
[INFO] [stdout] 10 |     bfv::{BfvParameters, Plaintext, SecretKey},
[INFO] [stdout]    |           ^^^^^^^^^^^^^
[INFO] [stdout] 11 |     ksk::Ksk,
[INFO] [stdout] 12 |     rq::{Poly, Representation, RqContext},
[INFO] [stdout]    |                                ^^^^^^^^^
[INFO] [stdout] 
[INFO] [stdout] 
[INFO] [stdout] warning: unused import: `std::clone`
[INFO] [stdout]  --> src/rns.rs:9:5
[INFO] [stdout]   |
[INFO] [stdout] 9 | use std::clone;
[INFO] [stdout]   |     ^^^^^^^^^^
[INFO] [stdout] 
[INFO] [stdout] 
[INFO] [stdout] warning: unused import: `self`
[INFO] [stdout]  --> src/rq.rs:2:15
[INFO] [stdout]   |
[INFO] [stdout] 2 |     modulus::{self, Modulus},
[INFO] [stdout]   |               ^^^^
[INFO] [stdout] 
[INFO] [stdout] 
[INFO] [stdout] warning: unused imports: `clone`, `error::Error`, `io::Repeat`, and `task::Context`
[INFO] [stdout]   --> src/rq.rs:16:5
[INFO] [stdout]    |
[INFO] [stdout] 16 |     clone,
[INFO] [stdout]    |     ^^^^^
[INFO] [stdout] 17 |     error::Error,
[INFO] [stdout]    |     ^^^^^^^^^^^^
[INFO] [stdout] 18 |     fmt::Debug,
[INFO] [stdout] 19 |     io::Repeat,
[INFO] [stdout]    |     ^^^^^^^^^^
[INFO] [stdout] ...
[INFO] [stdout] 22 |     task::Context,
[INFO] [stdout]    |     ^^^^^^^^^^^^^
[INFO] [stdout] 
[INFO] [stdout] 
[INFO] [stdout] warning: unnecessary parentheses around `while` condition
[INFO] [stdout]    --> src/rq.rs:239:15
[INFO] [stdout]     |
[INFO] [stdout] 239 |         while (curr_ctx.next_ctx.is_some()) {
[INFO] [stdout]     |               ^                           ^
[INFO] [stdout]     |
[INFO] [stdout] help: remove these parentheses
[INFO] [stdout]     |
[INFO] [stdout] 239 -         while (curr_ctx.next_ctx.is_some()) {
[INFO] [stdout] 239 +         while curr_ctx.next_ctx.is_some() {
[INFO] [stdout]     |
[INFO] [stdout] 
[INFO] [stdout] 
[INFO] [stdout] warning: unnecessary parentheses around `for` iterator expression
[INFO] [stdout]    --> src/rq.rs:322:26
[INFO] [stdout]     |
[INFO] [stdout] 322 |                 for i in (0..self.context.bit_decomposition.l) {
[INFO] [stdout]     |                          ^                                   ^
[INFO] [stdout]     |
[INFO] [stdout] help: remove these parentheses
[INFO] [stdout]     |
[INFO] [stdout] 322 -                 for i in (0..self.context.bit_decomposition.l) {
[INFO] [stdout] 322 +                 for i in 0..self.context.bit_decomposition.l {
[INFO] [stdout]     |
[INFO] [stdout] 
[INFO] [stdout] 
[INFO] [stdout] warning: unnecessary parentheses around pattern
[INFO] [stdout]    --> src/rq.rs:337:50
[INFO] [stdout]     |
[INFO] [stdout] 337 |                 izip!(cq.outer_iter()).for_each(|(c)| {
[INFO] [stdout]     |                                                  ^ ^
[INFO] [stdout]     |
[INFO] [stdout] help: remove these parentheses
[INFO] [stdout]     |
[INFO] [stdout] 337 -                 izip!(cq.outer_iter()).for_each(|(c)| {
[INFO] [stdout] 337 +                 izip!(cq.outer_iter()).for_each(|c| {
[INFO] [stdout]     |
[INFO] [stdout] 
[INFO] [stdout] 
[INFO] [stdout] warning: unused import: `SecretKey`
[INFO] [stdout]    --> src/rq.rs:681:37
[INFO] [stdout]     |
[INFO] [stdout] 681 |     use crate::bfv::{BfvParameters, SecretKey};
[INFO] [stdout]     |                                     ^^^^^^^^^
[INFO] [stdout] 
[INFO] [stdout] 
[INFO] [stdout] warning: unused import: `num_bigint::BigUint`
[INFO] [stdout]  --> src/utils.rs:1:5
[INFO] [stdout]   |
[INFO] [stdout] 1 | use num_bigint::BigUint;
[INFO] [stdout]   |     ^^^^^^^^^^^^^^^^^^^
[INFO] [stdout] 
[INFO] [stdout] 
[INFO] [stdout] warning: unused import: `Uniform`
[INFO] [stdout]  --> src/utils.rs:5:32
[INFO] [stdout]   |
[INFO] [stdout] 5 | use rand_distr::{Distribution, Uniform};
[INFO] [stdout]   |                                ^^^^^^^
[INFO] [stdout] 
[INFO] [stdout] 
[INFO] [stdout] warning: unused import: `Distribution`
[INFO] [stdout]  --> src/utils.rs:5:18
[INFO] [stdout]   |
[INFO] [stdout] 5 | use rand_distr::{Distribution, Uniform};
[INFO] [stdout]   |                  ^^^^^^^^^^^^
[INFO] [stdout] 
[INFO] [stdout] 
[INFO] [stdout] warning: variable does not need to be mutable
[INFO] [stdout]    --> src/bfv.rs:676:9
[INFO] [stdout]     |
[INFO] [stdout] 676 |     let mut c_0 = &c0_0 * &c1_0;
[INFO] [stdout]     |         ----^^^
[INFO] [stdout]     |         |
[INFO] [stdout]     |         help: remove this `mut`
[INFO] [stdout]     |
[INFO] [stdout]     = note: `#[warn(unused_mut)]` on by default
[INFO] [stdout] 
[INFO] [stdout] 
[INFO] [stdout] warning: variable does not need to be mutable
[INFO] [stdout]    --> src/bfv.rs:677:9
[INFO] [stdout]     |
[INFO] [stdout] 677 |     let mut c_1 = &(&c0_0 * &c1_1) + &(&c1_0 * &c0_1);
[INFO] [stdout]     |         ----^^^
[INFO] [stdout]     |         |
[INFO] [stdout]     |         help: remove this `mut`
[INFO] [stdout] 
[INFO] [stdout] 
[INFO] [stdout] warning: variable does not need to be mutable
[INFO] [stdout]    --> src/bfv.rs:678:9
[INFO] [stdout]     |
[INFO] [stdout] 678 |     let mut c_2 = &c0_1 * &c1_1;
[INFO] [stdout]     |         ----^^^
[INFO] [stdout]     |         |
[INFO] [stdout]     |         help: remove this `mut`
[INFO] [stdout] 
[INFO] [stdout] 
[INFO] [stdout] warning: variable does not need to be mutable
[INFO] [stdout]    --> src/bfv.rs:712:13
[INFO] [stdout]     |
[INFO] [stdout] 712 |         let mut sk_poly = Poly::try_from_vec_i64(&ctx, &sk.coeffs);
[INFO] [stdout]     |             ----^^^^^^^
[INFO] [stdout]     |             |
[INFO] [stdout]     |             help: remove this `mut`
[INFO] [stdout] 
[INFO] [stdout] 
[INFO] [stdout] warning: unused variable: `rng`
[INFO] [stdout]    --> src/bfv.rs:809:13
[INFO] [stdout]     |
[INFO] [stdout] 809 |         let rng = thread_rng();
[INFO] [stdout]     |             ^^^ help: if this is intentional, prefix it with an underscore: `_rng`
[INFO] [stdout]     |
[INFO] [stdout]     = note: `#[warn(unused_variables)]` on by default
[INFO] [stdout] 
[INFO] [stdout] 
[INFO] [stdout] warning: unused variable: `bfv_params`
[INFO] [stdout]   --> src/evaluations.rs:40:9
[INFO] [stdout]    |
[INFO] [stdout] 40 |         bfv_params: &Arc<BfvParameters>,
[INFO] [stdout]    |         ^^^^^^^^^^ help: if this is intentional, prefix it with an underscore: `_bfv_params`
[INFO] [stdout] 
[INFO] [stdout] 
[INFO] [stdout] warning: unused variable: `sk`
[INFO] [stdout]   --> src/evaluations.rs:41:9
[INFO] [stdout]    |
[INFO] [stdout] 41 |         sk: &SecretKey,
[INFO] [stdout]    |         ^^ help: if this is intentional, prefix it with an underscore: `_sk`
[INFO] [stdout] 
[INFO] [stdout] 
[INFO] [stdout] warning: unused variable: `dim_index`
[INFO] [stdout]    --> src/evaluations.rs:192:25
[INFO] [stdout]     |
[INFO] [stdout] 192 |             .for_each(|(dim_index, dim_rgsws)| {
[INFO] [stdout]     |                         ^^^^^^^^^ help: if this is intentional, prefix it with an underscore: `_dim_index`
[INFO] [stdout] 
[INFO] [stdout] 
[INFO] [stdout] warning: unused variable: `row_index`
[INFO] [stdout]    --> src/evaluations.rs:197:28
[INFO] [stdout]     |
[INFO] [stdout] 197 |                     .map(|(row_index, db_chunk_cts)| {
[INFO] [stdout]     |                            ^^^^^^^^^ help: if this is intentional, prefix it with an underscore: `_row_index`
[INFO] [stdout] 
[INFO] [stdout] 
[INFO] [stdout] warning: unused variable: `gi`
[INFO] [stdout]    --> src/evaluations.rs:365:27
[INFO] [stdout]     |
[INFO] [stdout] 365 |             .map(|(index, gi)| unpacked_query_cts[index][0].clone())
[INFO] [stdout]     |                           ^^ help: if this is intentional, prefix it with an underscore: `_gi`
[INFO] [stdout] 
[INFO] [stdout] 
[INFO] [stdout] warning: unused variable: `rng`
[INFO] [stdout]    --> src/evaluations.rs:422:17
[INFO] [stdout]     |
[INFO] [stdout] 422 |         let mut rng = thread_rng();
[INFO] [stdout]     |                 ^^^ help: if this is intentional, prefix it with an underscore: `_rng`
[INFO] [stdout] 
[INFO] [stdout] 
[INFO] [stdout] warning: variable does not need to be mutable
[INFO] [stdout]    --> src/evaluations.rs:422:13
[INFO] [stdout]     |
[INFO] [stdout] 422 |         let mut rng = thread_rng();
[INFO] [stdout]     |             ----^^^
[INFO] [stdout]     |             |
[INFO] [stdout]     |             help: remove this `mut`
[INFO] [stdout] 
[INFO] [stdout] 
[INFO] [stdout] warning: unused variable: `rng`
[INFO] [stdout]    --> src/evaluations.rs:470:17
[INFO] [stdout]     |
[INFO] [stdout] 470 |         let mut rng = thread_rng();
[INFO] [stdout]     |                 ^^^ help: if this is intentional, prefix it with an underscore: `_rng`
[INFO] [stdout] 
[INFO] [stdout] 
[INFO] [stdout] warning: variable does not need to be mutable
[INFO] [stdout]    --> src/evaluations.rs:470:13
[INFO] [stdout]     |
[INFO] [stdout] 470 |         let mut rng = thread_rng();
[INFO] [stdout]     |             ----^^^
[INFO] [stdout]     |             |
[INFO] [stdout]     |             help: remove this `mut`
[INFO] [stdout] 
[INFO] [stdout] 
[INFO] [stdout] warning: variable does not need to be mutable
[INFO] [stdout]    --> src/evaluations.rs:503:13
[INFO] [stdout]     |
[INFO] [stdout] 503 |         let mut rng = thread_rng();
[INFO] [stdout]     |             ----^^^
[INFO] [stdout]     |             |
[INFO] [stdout]     |             help: remove this `mut`
[INFO] [stdout] 
[INFO] [stdout] 
[INFO] [stdout] warning: variable does not need to be mutable
[INFO] [stdout]    --> src/evaluations.rs:552:13
[INFO] [stdout]     |
[INFO] [stdout] 552 |         let mut rng = thread_rng();
[INFO] [stdout]     |             ----^^^
[INFO] [stdout]     |             |
[INFO] [stdout]     |             help: remove this `mut`
[INFO] [stdout] 
[INFO] [stdout] 
[INFO] [stdout] warning: unused variable: `rng`
[INFO] [stdout]    --> src/ksk.rs:172:17
[INFO] [stdout]     |
[INFO] [stdout] 172 |         let mut rng = thread_rng();
[INFO] [stdout]     |                 ^^^ help: if this is intentional, prefix it with an underscore: `_rng`
[INFO] [stdout] 
[INFO] [stdout] 
[INFO] [stdout] warning: variable does not need to be mutable
[INFO] [stdout]    --> src/ksk.rs:172:13
[INFO] [stdout]     |
[INFO] [stdout] 172 |         let mut rng = thread_rng();
[INFO] [stdout]     |             ----^^^
[INFO] [stdout]     |             |
[INFO] [stdout]     |             help: remove this `mut`
[INFO] [stdout] 
[INFO] [stdout] 
[INFO] [stdout] warning: variable does not need to be mutable
[INFO] [stdout]    --> src/ksk.rs:191:13
[INFO] [stdout]     |
[INFO] [stdout] 191 |         let mut one_enc = sk.encrypt(&Plaintext::new(&params, &vec![1], 0, Encoding::Poly));
[INFO] [stdout]     |             ----^^^^^^^
[INFO] [stdout]     |             |
[INFO] [stdout]     |             help: remove this `mut`
[INFO] [stdout] 
[INFO] [stdout] 
[INFO] [stdout] warning: unused variable: `rng`
[INFO] [stdout]    --> src/ksk.rs:199:17
[INFO] [stdout]     |
[INFO] [stdout] 199 |         let mut rng = thread_rng();
[INFO] [stdout]     |                 ^^^ help: if this is intentional, prefix it with an underscore: `_rng`
[INFO] [stdout] 
[INFO] [stdout] 
[INFO] [stdout] warning: unused variable: `sk_poly`
[INFO] [stdout]    --> src/ksk.rs:207:13
[INFO] [stdout]     |
[INFO] [stdout] 207 |         let sk_poly = Poly::try_from_vec_i64(&params.q_ctxs[0], &sk.coeffs);
[INFO] [stdout]     |             ^^^^^^^ help: if this is intentional, prefix it with an underscore: `_sk_poly`
[INFO] [stdout] 
[INFO] [stdout] 
[INFO] [stdout] warning: variable does not need to be mutable
[INFO] [stdout]    --> src/ksk.rs:199:13
[INFO] [stdout]     |
[INFO] [stdout] 199 |         let mut rng = thread_rng();
[INFO] [stdout]     |             ----^^^
[INFO] [stdout]     |             |
[INFO] [stdout]     |             help: remove this `mut`
[INFO] [stdout] 
[INFO] [stdout] 
[INFO] [stdout] warning: unused variable: `root`
[INFO] [stdout]    --> src/ntt.rs:263:13
[INFO] [stdout]     |
[INFO] [stdout] 263 |         let root = primitive_root(size, &moduli);
[INFO] [stdout]     |             ^^^^ help: if this is intentional, prefix it with an underscore: `_root`
[INFO] [stdout] 
[INFO] [stdout] 
[INFO] [stdout] warning: variable does not need to be mutable
[INFO] [stdout]    --> src/pvw.rs:169:17
[INFO] [stdout]     |
[INFO] [stdout] 169 |             let mut rng = thread_rng();
[INFO] [stdout]     |                 ----^^^
[INFO] [stdout]     |                 |
[INFO] [stdout]     |                 help: remove this `mut`
[INFO] [stdout] 
[INFO] [stdout] 
[INFO] [stdout] warning: unused variable: `rng`
[INFO] [stdout]    --> src/rgsw.rs:246:17
[INFO] [stdout]     |
[INFO] [stdout] 246 |         let mut rng = thread_rng();
[INFO] [stdout]     |                 ^^^ help: if this is intentional, prefix it with an underscore: `_rng`
[INFO] [stdout] 
[INFO] [stdout] 
[INFO] [stdout] warning: unused variable: `sk_poly`
[INFO] [stdout]    --> src/rgsw.rs:254:13
[INFO] [stdout]     |
[INFO] [stdout] 254 |         let sk_poly = Poly::try_from_vec_i64(&ctx, &sk.coeffs);
[INFO] [stdout]     |             ^^^^^^^ help: if this is intentional, prefix it with an underscore: `_sk_poly`
[INFO] [stdout] 
[INFO] [stdout] 
[INFO] [stdout] warning: variable does not need to be mutable
[INFO] [stdout]    --> src/rgsw.rs:246:13
[INFO] [stdout]     |
[INFO] [stdout] 246 |         let mut rng = thread_rng();
[INFO] [stdout]     |             ----^^^
[INFO] [stdout]     |             |
[INFO] [stdout]     |             help: remove this `mut`
[INFO] [stdout] 
[INFO] [stdout] 
[INFO] [stdout] warning: variable does not need to be mutable
[INFO] [stdout]    --> src/rgsw.rs:258:13
[INFO] [stdout]     |
[INFO] [stdout] 258 |         let mut m = &Plaintext::new(&params, &vec![2], 0, Encoding::Poly);
[INFO] [stdout]     |             ----^
[INFO] [stdout]     |             |
[INFO] [stdout]     |             help: remove this `mut`
[INFO] [stdout] 
[INFO] [stdout] 
[INFO] [stdout] warning: value assigned to `representation` is never read
[INFO] [stdout]    --> src/rq.rs:121:13
[INFO] [stdout]     |
[INFO] [stdout] 121 |             representation = Representation::Ntt;
[INFO] [stdout]     |             ^^^^^^^^^^^^^^
[INFO] [stdout]     |
[INFO] [stdout]     = help: maybe it is overwritten before being read?
[INFO] [stdout]     = note: `#[warn(unused_assignments)]` on by default
[INFO] [stdout] 
[INFO] [stdout] 
[INFO] [stdout] warning: unused variable: `decomposed`
[INFO] [stdout]    --> src/rq.rs:332:25
[INFO] [stdout]     |
[INFO] [stdout] 332 |                     let decomposed = decompose_bits(*v, parent_bits as usize, base_bits);
[INFO] [stdout]     |                         ^^^^^^^^^^ help: if this is intentional, prefix it with an underscore: `_decomposed`
[INFO] [stdout] 
[INFO] [stdout] 
[INFO] [stdout] warning: unused variable: `g`
[INFO] [stdout]    --> src/rq.rs:334:25
[INFO] [stdout]     |
[INFO] [stdout] 334 |                     let g = poly.slice_mut(s![row_index, col_index, ..]);
[INFO] [stdout]     |                         ^ help: if this is intentional, prefix it with an underscore: `_g`
[INFO] [stdout] 
[INFO] [stdout] 
[INFO] [stdout] warning: unused variable: `c`
[INFO] [stdout]    --> src/rq.rs:337:51
[INFO] [stdout]     |
[INFO] [stdout] 337 |                 izip!(cq.outer_iter()).for_each(|(c)| {
[INFO] [stdout]     |                                                   ^ help: if this is intentional, prefix it with an underscore: `_c`
[INFO] [stdout] 
[INFO] [stdout] 
[INFO] [stdout] warning: unused variable: `p`
[INFO] [stdout]    --> src/rq.rs:372:25
[INFO] [stdout]     |
[INFO] [stdout] 372 |                 let mut p = self.clone();
[INFO] [stdout]     |                         ^ help: if this is intentional, prefix it with an underscore: `_p`
[INFO] [stdout] 
[INFO] [stdout] 
[INFO] [stdout] warning: variable does not need to be mutable
[INFO] [stdout]    --> src/rq.rs:372:21
[INFO] [stdout]     |
[INFO] [stdout] 372 |                 let mut p = self.clone();
[INFO] [stdout]     |                     ----^
[INFO] [stdout]     |                     |
[INFO] [stdout]     |                     help: remove this `mut`
[INFO] [stdout] 
[INFO] [stdout] 
[INFO] [stdout] warning: unused variable: `poly`
[INFO] [stdout]    --> src/rq.rs:507:13
[INFO] [stdout]     |
[INFO] [stdout] 507 |         let poly = Poly::zero(ctx, Representation::PowerBasis);
[INFO] [stdout]     |             ^^^^ help: if this is intentional, prefix it with an underscore: `_poly`
[INFO] [stdout] 
[INFO] [stdout] 
[INFO] [stdout] warning: variable does not need to be mutable
[INFO] [stdout]    --> src/rq.rs:704:17
[INFO] [stdout]     |
[INFO] [stdout] 704 |             let mut q = p.clone();
[INFO] [stdout]     |                 ----^
[INFO] [stdout]     |                 |
[INFO] [stdout]     |                 help: remove this `mut`
[INFO] [stdout] 
[INFO] [stdout] 
[INFO] [stdout] warning: associated function `new` is never used
[INFO] [stdout]    --> src/bfv.rs:292:12
[INFO] [stdout]     |
[INFO] [stdout] 278 | impl SecretKey {
[INFO] [stdout]     | -------------- associated function in this implementation
[INFO] [stdout] ...
[INFO] [stdout] 292 |     pub fn new(coeffs: Vec<i64>, params: &Arc<BfvParameters>) -> Self {
[INFO] [stdout]     |            ^^^
[INFO] [stdout]     |
[INFO] [stdout]     = note: `#[warn(dead_code)]` on by default
[INFO] [stdout] 
[INFO] [stdout] 
[INFO] [stdout] warning: struct `BfvCiphertext` is never constructed
[INFO] [stdout]    --> src/bfv.rs:413:12
[INFO] [stdout]     |
[INFO] [stdout] 413 | pub struct BfvCiphertext {
[INFO] [stdout]     |            ^^^^^^^^^^^^^
[INFO] [stdout]     |
[INFO] [stdout]     = note: `BfvCiphertext` has a derived impl for the trait `Clone`, but this is intentionally ignored during dead code analysis
[INFO] [stdout] 
[INFO] [stdout] 
[INFO] [stdout] warning: method `no_of_cts` is never used
[INFO] [stdout]   --> src/evaluations.rs:95:8
[INFO] [stdout]    |
[INFO] [stdout] 72 | impl Server {
[INFO] [stdout]    | ----------- method in this implementation
[INFO] [stdout] ...
[INFO] [stdout] 95 |     fn no_of_cts(&self) -> usize {
[INFO] [stdout]    |        ^^^^^^^^^
[INFO] [stdout] 
[INFO] [stdout] 
[INFO] [stdout] warning: field `params` is never read
[INFO] [stdout]   --> src/ksk.rs:21:9
[INFO] [stdout]    |
[INFO] [stdout] 20 | pub struct Ksk {
[INFO] [stdout]    |            --- field in this struct
[INFO] [stdout] 21 |     pub params: Arc<BfvParameters>,
[INFO] [stdout]    |         ^^^^^^
[INFO] [stdout]    |
[INFO] [stdout]    = note: `Ksk` has derived impls for the traits `Debug` and `Clone`, but these are intentionally ignored during dead code analysis
[INFO] [stdout] 
[INFO] [stdout] 
[INFO] [stdout] warning: enum `KskType` is never used
[INFO] [stdout]   --> src/ksk.rs:32:6
[INFO] [stdout]    |
[INFO] [stdout] 32 | enum KskType {
[INFO] [stdout]    |      ^^^^^^^
[INFO] [stdout] 
[INFO] [stdout] 
[INFO] [stdout] warning: function `inner_product` is never used
[INFO] [stdout]  --> src/omr.rs:9:4
[INFO] [stdout]   |
[INFO] [stdout] 9 | fn inner_product(cts: &Vec<BfvCipherText>, polys: &Vec<Poly>) -> BfvCipherText {
[INFO] [stdout]   |    ^^^^^^^^^^^^^
[INFO] [stdout] 
[INFO] [stdout] 
[INFO] [stdout] warning: function `process` is never used
[INFO] [stdout]   --> src/omr.rs:21:4
[INFO] [stdout]    |
[INFO] [stdout] 21 | fn process() {
[INFO] [stdout]    |    ^^^^^^^
[INFO] [stdout] 
[INFO] [stdout] 
[INFO] [stdout] warning: associated function `new` is never used
[INFO] [stdout]   --> src/pvw.rs:32:12
[INFO] [stdout]    |
[INFO] [stdout] 31 | impl PvwParams {
[INFO] [stdout]    | -------------- associated function in this implementation
[INFO] [stdout] 32 |     pub fn new() -> PvwParams {
[INFO] [stdout]    |            ^^^
[INFO] [stdout] 
[INFO] [stdout] 
[INFO] [stdout] warning: struct `RGSW` is never constructed
[INFO] [stdout]   --> src/rgsw.rs:17:12
[INFO] [stdout]    |
[INFO] [stdout] 17 | pub struct RGSW {
[INFO] [stdout]    |            ^^^^
[INFO] [stdout] 
[INFO] [stdout] 
[INFO] [stdout] warning: function `mod_inverse` is never used
[INFO] [stdout]   --> src/utils.rs:95:8
[INFO] [stdout]    |
[INFO] [stdout] 95 | pub fn mod_inverse(v: u64, q: u64) -> Option<u64> {
[INFO] [stdout]    |        ^^^^^^^^^^^
[INFO] [stdout] 
[INFO] [stdout] 
[INFO] [stdout] warning: variable `D` should have a snake case name
[INFO] [stdout]   --> src/omr.rs:28:9
[INFO] [stdout]    |
[INFO] [stdout] 28 |     let D = 64;
[INFO] [stdout]    |         ^ help: convert the identifier to snake case: `d`
[INFO] [stdout]    |
[INFO] [stdout]    = note: `#[warn(non_snake_case)]` on by default
[INFO] [stdout] 
[INFO] [stdout] 
[INFO] [stderr]     Finished `test` profile [unoptimized + debuginfo] target(s) in 1.59s
[INFO] running `Command { std: "docker" "inspect" "4722b887b0bca49d179db591680ea7c97bb17ceabad2f63359fb4941ba1e2303", kill_on_drop: false }`
[INFO] running `Command { std: "docker" "rm" "-f" "4722b887b0bca49d179db591680ea7c97bb17ceabad2f63359fb4941ba1e2303", kill_on_drop: false }`
[INFO] [stdout] 4722b887b0bca49d179db591680ea7c97bb17ceabad2f63359fb4941ba1e2303
[INFO] running `Command { std: "docker" "create" "-v" "/var/lib/crater-agent-workspace/builds/worker-4-tc1/target:/opt/rustwide/target:rw,Z" "-v" "/var/lib/crater-agent-workspace/builds/worker-4-tc1/source:/opt/rustwide/workdir:ro,Z" "-v" "/var/lib/crater-agent-workspace/cargo-home:/opt/rustwide/cargo-home:ro,Z" "-v" "/var/lib/crater-agent-workspace/rustup-home:/opt/rustwide/rustup-home:ro,Z" "-e" "SOURCE_DIR=/opt/rustwide/workdir" "-e" "CARGO_TARGET_DIR=/opt/rustwide/target" "-e" "CARGO_INCREMENTAL=0" "-e" "RUST_BACKTRACE=full" "-e" "RUSTFLAGS=--cap-lints=forbid" "-e" "RUSTDOCFLAGS=--cap-lints=forbid" "-e" "CARGO_HOME=/opt/rustwide/cargo-home" "-e" "RUSTUP_HOME=/opt/rustwide/rustup-home" "-w" "/opt/rustwide/workdir" "-m" "1610612736" "--user" "0:0" "--network" "none" "ghcr.io/rust-lang/crates-build-env/linux@sha256:4a844ea9eb2546a2d2c7022eacef16ef2e8229c7fbb2c7d4d55a9ceca922f72d" "/opt/rustwide/cargo-home/bin/cargo" "+nightly-2024-10-28" "test" "--frozen", kill_on_drop: false }`
[INFO] [stdout] 160e40792a2691e870aa03efac4236d4802114571e9ee58eb6630d9c50ea467e
[INFO] running `Command { std: "docker" "start" "-a" "160e40792a2691e870aa03efac4236d4802114571e9ee58eb6630d9c50ea467e", kill_on_drop: false }`
[INFO] [stderr] warning: unnecessary parentheses around assigned value
[INFO] [stderr]    --> src/bfv.rs:150:26
[INFO] [stderr]     |
[INFO] [stderr] 150 |             let index2 = (m - pos - 1);
[INFO] [stderr]     |                          ^           ^
[INFO] [stderr]     |
[INFO] [stderr]     = note: `#[warn(unused_parens)]` on by default
[INFO] [stderr] help: remove these parentheses
[INFO] [stderr]     |
[INFO] [stderr] 150 -             let index2 = (m - pos - 1);
[INFO] [stderr] 150 +             let index2 = m - pos - 1;
[INFO] [stderr]     |
[INFO] [stderr] 
[INFO] [stderr] warning: unnecessary parentheses around `for` iterator expression
[INFO] [stderr]    --> src/bfv.rs:353:18
[INFO] [stderr]     |
[INFO] [stderr] 353 |         for i in (1..ct.cts.len()) {
[INFO] [stderr]     |                  ^               ^
[INFO] [stderr]     |
[INFO] [stderr] help: remove these parentheses
[INFO] [stderr]     |
[INFO] [stderr] 353 -         for i in (1..ct.cts.len()) {
[INFO] [stderr] 353 +         for i in 1..ct.cts.len() {
[INFO] [stderr]     |
[INFO] [stderr] 
[INFO] [stderr] warning: unnecessary parentheses around function argument
[INFO] [stderr]    --> src/bfv.rs:495:13
[INFO] [stderr]     |
[INFO] [stderr] 495 |             (self.cts.len() + rhs.cts.len() - 1)
[INFO] [stderr]     |             ^                                  ^
[INFO] [stderr]     |
[INFO] [stderr] help: remove these parentheses
[INFO] [stderr]     |
[INFO] [stderr] 495 -             (self.cts.len() + rhs.cts.len() - 1)
[INFO] [stderr] 495 +             self.cts.len() + rhs.cts.len() - 1
[INFO] [stderr]     |
[INFO] [stderr] 
[INFO] [stderr] warning: unnecessary parentheses around `if` condition
[INFO] [stderr]    --> src/bfv.rs:763:12
[INFO] [stderr]     |
[INFO] [stderr] 763 |         if (p.representation == Representation::Ntt) {
[INFO] [stderr]     |            ^                                       ^
[INFO] [stderr]     |
[INFO] [stderr] help: remove these parentheses
[INFO] [stderr]     |
[INFO] [stderr] 763 -         if (p.representation == Representation::Ntt) {
[INFO] [stderr] 763 +         if p.representation == Representation::Ntt {
[INFO] [stderr]     |
[INFO] [stderr] 
[INFO] [stderr] warning: unused imports: `Encoding` and `modulus::Modulus`
[INFO] [stderr]  --> src/evaluations.rs:2:41
[INFO] [stderr]   |
[INFO] [stderr] 2 |     bfv::{BfvCipherText, BfvParameters, Encoding, GaliosKey, Plaintext, SecretKey},
[INFO] [stderr]   |                                         ^^^^^^^^
[INFO] [stderr] 3 |     ksk::Ksk,
[INFO] [stderr] 4 |     modulus::Modulus,
[INFO] [stderr]   |     ^^^^^^^^^^^^^^^^
[INFO] [stderr]   |
[INFO] [stderr]   = note: `#[warn(unused_imports)]` on by default
[INFO] [stderr] 
[INFO] [stderr] warning: unused import: `enumerate`
[INFO] [stderr]   --> src/evaluations.rs:10:17
[INFO] [stderr]    |
[INFO] [stderr] 10 | use itertools::{enumerate, izip, Itertools};
[INFO] [stderr]    |                 ^^^^^^^^^
[INFO] [stderr] 
[INFO] [stderr] warning: unused import: `ndarray::Array2`
[INFO] [stderr]   --> src/evaluations.rs:11:5
[INFO] [stderr]    |
[INFO] [stderr] 11 | use ndarray::Array2;
[INFO] [stderr]    |     ^^^^^^^^^^^^^^^
[INFO] [stderr] 
[INFO] [stderr] warning: unused imports: `One`, `ToPrimitive`, and `Zero`
[INFO] [stderr]   --> src/evaluations.rs:14:33
[INFO] [stderr]    |
[INFO] [stderr] 14 | use num_traits::{FromPrimitive, One, ToPrimitive, Zero};
[INFO] [stderr]    |                                 ^^^  ^^^^^^^^^^^  ^^^^
[INFO] [stderr] 
[INFO] [stderr] warning: unused imports: `Encoding` and `modulus::Modulus`
[INFO] [stderr]  --> src/ksk.rs:4:26
[INFO] [stderr]   |
[INFO] [stderr] 4 |     bfv::{BfvCipherText, Encoding, Plaintext},
[INFO] [stderr]   |                          ^^^^^^^^
[INFO] [stderr] 5 |     modulus::Modulus,
[INFO] [stderr]   |     ^^^^^^^^^^^^^^^^
[INFO] [stderr] 
[INFO] [stderr] warning: unused import: `Itertools`
[INFO] [stderr]  --> src/ksk.rs:8:23
[INFO] [stderr]   |
[INFO] [stderr] 8 | use itertools::{izip, Itertools};
[INFO] [stderr]   |                       ^^^^^^^^^
[INFO] [stderr] 
[INFO] [stderr] warning: unused import: `num_bigint::BigUint`
[INFO] [stderr]  --> src/ksk.rs:9:5
[INFO] [stderr]   |
[INFO] [stderr] 9 | use num_bigint::BigUint;
[INFO] [stderr]   |     ^^^^^^^^^^^^^^^^^^^
[INFO] [stderr] 
[INFO] [stderr] warning: unused import: `num_traits::FromPrimitive`
[INFO] [stderr]   --> src/ksk.rs:10:5
[INFO] [stderr]    |
[INFO] [stderr] 10 | use num_traits::FromPrimitive;
[INFO] [stderr]    |     ^^^^^^^^^^^^^^^^^^^^^^^^^
[INFO] [stderr] 
[INFO] [stderr] warning: unused import: `num_traits::cast::ToPrimitive`
[INFO] [stderr]  --> src/ntt.rs:2:5
[INFO] [stderr]   |
[INFO] [stderr] 2 | use num_traits::cast::ToPrimitive;
[INFO] [stderr]   |     ^^^^^^^^^^^^^^^^^^^^^^^^^^^^^
[INFO] [stderr] 
[INFO] [stderr] warning: unused import: `self`
[INFO] [stderr]  --> src/omr.rs:5:11
[INFO] [stderr]   |
[INFO] [stderr] 5 |     pvw::{self, PvwCiphertext, PvwParams},
[INFO] [stderr]   |           ^^^^
[INFO] [stderr] 
[INFO] [stderr] warning: unused imports: `Array2` and `Axis`
[INFO] [stderr]  --> src/pvw.rs:5:15
[INFO] [stderr]   |
[INFO] [stderr] 5 | use ndarray::{Array2, Axis};
[INFO] [stderr]   |               ^^^^^^  ^^^^
[INFO] [stderr] 
[INFO] [stderr] warning: unused import: `super::*`
[INFO] [stderr]    --> src/pvw.rs:160:9
[INFO] [stderr]     |
[INFO] [stderr] 160 |     use super::*;
[INFO] [stderr]     |         ^^^^^^^^
[INFO] [stderr] 
[INFO] [stderr] warning: unused imports: `sync::Arc` and `task::Poll`
[INFO] [stderr]  --> src/rgsw.rs:1:11
[INFO] [stderr]   |
[INFO] [stderr] 1 | use std::{sync::Arc, task::Poll};
[INFO] [stderr]   |           ^^^^^^^^^  ^^^^^^^^^^
[INFO] [stderr] 
[INFO] [stderr] warning: unused import: `crypto_bigint::rand_core::le`
[INFO] [stderr]  --> src/rgsw.rs:3:5
[INFO] [stderr]   |
[INFO] [stderr] 3 | use crypto_bigint::rand_core::le;
[INFO] [stderr]   |     ^^^^^^^^^^^^^^^^^^^^^^^^^^^^
[INFO] [stderr] 
[INFO] [stderr] warning: unused import: `itertools::izip`
[INFO] [stderr]  --> src/rgsw.rs:4:5
[INFO] [stderr]   |
[INFO] [stderr] 4 | use itertools::izip;
[INFO] [stderr]   |     ^^^^^^^^^^^^^^^
[INFO] [stderr] 
[INFO] [stderr] warning: unused import: `num_bigint::BigUint`
[INFO] [stderr]  --> src/rgsw.rs:5:5
[INFO] [stderr]   |
[INFO] [stderr] 5 | use num_bigint::BigUint;
[INFO] [stderr]   |     ^^^^^^^^^^^^^^^^^^^
[INFO] [stderr] 
[INFO] [stderr] warning: unused import: `sha2::digest::typenum::private::IsLessPrivate`
[INFO] [stderr]  --> src/rgsw.rs:6:5
[INFO] [stderr]   |
[INFO] [stderr] 6 | use sha2::digest::typenum::private::IsLessPrivate;
[INFO] [stderr]   |     ^^^^^^^^^^^^^^^^^^^^^^^^^^^^^^^^^^^^^^^^^^^^^
[INFO] [stderr] 
[INFO] [stderr] warning: unused import: `Encoding`
[INFO] [stderr]  --> src/rgsw.rs:8:33
[INFO] [stderr]   |
[INFO] [stderr] 8 | use super::bfv::{BfvCipherText, Encoding};
[INFO] [stderr]   |                                 ^^^^^^^^
[INFO] [stderr] 
[INFO] [stderr] warning: unused imports: `BfvParameters` and `RqContext`
[INFO] [stderr]   --> src/rgsw.rs:10:11
[INFO] [stderr]    |
[INFO] [stderr] 10 |     bfv::{BfvParameters, Plaintext, SecretKey},
[INFO] [stderr]    |           ^^^^^^^^^^^^^
[INFO] [stderr] 11 |     ksk::Ksk,
[INFO] [stderr] 12 |     rq::{Poly, Representation, RqContext},
[INFO] [stderr]    |                                ^^^^^^^^^
[INFO] [stderr] 
[INFO] [stderr] warning: unused import: `itertools::Itertools`
[INFO] [stderr]   --> src/rgsw.rs:15:5
[INFO] [stderr]    |
[INFO] [stderr] 15 | use itertools::Itertools;
[INFO] [stderr]    |     ^^^^^^^^^^^^^^^^^^^^
[INFO] [stderr] 
[INFO] [stderr] warning: unused import: `std::clone`
[INFO] [stderr]  --> src/rns.rs:9:5
[INFO] [stderr]   |
[INFO] [stderr] 9 | use std::clone;
[INFO] [stderr]   |     ^^^^^^^^^^
[INFO] [stderr] 
[INFO] [stderr] warning: unused import: `self`
[INFO] [stderr]  --> src/rq.rs:2:15
[INFO] [stderr]   |
[INFO] [stderr] 2 |     modulus::{self, Modulus},
[INFO] [stderr]   |               ^^^^
[INFO] [stderr] 
[INFO] [stderr] warning: unused import: `thread_rng`
[INFO] [stderr]   --> src/rq.rs:12:12
[INFO] [stderr]    |
[INFO] [stderr] 12 | use rand::{thread_rng, CryptoRng, RngCore, SeedableRng};
[INFO] [stderr]    |            ^^^^^^^^^^
[INFO] [stderr] 
[INFO] [stderr] warning: unused imports: `clone`, `error::Error`, `io::Repeat`, and `task::Context`
[INFO] [stderr]   --> src/rq.rs:16:5
[INFO] [stderr]    |
[INFO] [stderr] 16 |     clone,
[INFO] [stderr]    |     ^^^^^
[INFO] [stderr] 17 |     error::Error,
[INFO] [stderr]    |     ^^^^^^^^^^^^
[INFO] [stderr] 18 |     fmt::Debug,
[INFO] [stderr] 19 |     io::Repeat,
[INFO] [stderr]    |     ^^^^^^^^^^
[INFO] [stderr] ...
[INFO] [stderr] 22 |     task::Context,
[INFO] [stderr]    |     ^^^^^^^^^^^^^
[INFO] [stderr] 
[INFO] [stderr] warning: unnecessary parentheses around `while` condition
[INFO] [stderr]    --> src/rq.rs:239:15
[INFO] [stderr]     |
[INFO] [stderr] 239 |         while (curr_ctx.next_ctx.is_some()) {
[INFO] [stderr]     |               ^                           ^
[INFO] [stderr]     |
[INFO] [stderr] help: remove these parentheses
[INFO] [stderr]     |
[INFO] [stderr] 239 -         while (curr_ctx.next_ctx.is_some()) {
[INFO] [stderr] 239 +         while curr_ctx.next_ctx.is_some() {
[INFO] [stderr]     |
[INFO] [stderr] 
[INFO] [stderr] warning: unnecessary parentheses around `for` iterator expression
[INFO] [stderr]    --> src/rq.rs:322:26
[INFO] [stderr]     |
[INFO] [stderr] 322 |                 for i in (0..self.context.bit_decomposition.l) {
[INFO] [stderr]     |                          ^                                   ^
[INFO] [stderr]     |
[INFO] [stderr] help: remove these parentheses
[INFO] [stderr]     |
[INFO] [stderr] 322 -                 for i in (0..self.context.bit_decomposition.l) {
[INFO] [stderr] 322 +                 for i in 0..self.context.bit_decomposition.l {
[INFO] [stderr]     |
[INFO] [stderr] 
[INFO] [stderr] warning: unnecessary parentheses around pattern
[INFO] [stderr]    --> src/rq.rs:337:50
[INFO] [stderr]     |
[INFO] [stderr] 337 |                 izip!(cq.outer_iter()).for_each(|(c)| {
[INFO] [stderr]     |                                                  ^ ^
[INFO] [stderr]     |
[INFO] [stderr] help: remove these parentheses
[INFO] [stderr]     |
[INFO] [stderr] 337 -                 izip!(cq.outer_iter()).for_each(|(c)| {
[INFO] [stderr] 337 +                 izip!(cq.outer_iter()).for_each(|c| {
[INFO] [stderr]     |
[INFO] [stderr] 
[INFO] [stderr] warning: unused import: `num_bigint::BigUint`
[INFO] [stderr]  --> src/utils.rs:1:5
[INFO] [stderr]   |
[INFO] [stderr] 1 | use num_bigint::BigUint;
[INFO] [stderr]   |     ^^^^^^^^^^^^^^^^^^^
[INFO] [stderr] 
[INFO] [stderr] warning: unused import: `Uniform`
[INFO] [stderr]  --> src/utils.rs:5:32
[INFO] [stderr]   |
[INFO] [stderr] 5 | use rand_distr::{Distribution, Uniform};
[INFO] [stderr]   |                                ^^^^^^^
[INFO] [stderr] 
[INFO] [stderr] warning: unused import: `super::*`
[INFO] [stderr]    --> src/utils.rs:293:9
[INFO] [stderr]     |
[INFO] [stderr] 293 |     use super::*;
[INFO] [stderr]     |         ^^^^^^^^
[INFO] [stderr] 
[INFO] [stderr] warning: unused import: `Distribution`
[INFO] [stderr]  --> src/utils.rs:5:18
[INFO] [stderr]   |
[INFO] [stderr] 5 | use rand_distr::{Distribution, Uniform};
[INFO] [stderr]   |                  ^^^^^^^^^^^^
[INFO] [stderr] 
[INFO] [stderr] warning: variable does not need to be mutable
[INFO] [stderr]    --> src/bfv.rs:676:9
[INFO] [stderr]     |
[INFO] [stderr] 676 |     let mut c_0 = &c0_0 * &c1_0;
[INFO] [stderr]     |         ----^^^
[INFO] [stderr]     |         |
[INFO] [stderr]     |         help: remove this `mut`
[INFO] [stderr]     |
[INFO] [stderr]     = note: `#[warn(unused_mut)]` on by default
[INFO] [stderr] 
[INFO] [stderr] warning: variable does not need to be mutable
[INFO] [stderr]    --> src/bfv.rs:677:9
[INFO] [stderr]     |
[INFO] [stderr] 677 |     let mut c_1 = &(&c0_0 * &c1_1) + &(&c1_0 * &c0_1);
[INFO] [stderr]     |         ----^^^
[INFO] [stderr]     |         |
[INFO] [stderr]     |         help: remove this `mut`
[INFO] [stderr] 
[INFO] [stderr] warning: variable does not need to be mutable
[INFO] [stderr]    --> src/bfv.rs:678:9
[INFO] [stderr]     |
[INFO] [stderr] 678 |     let mut c_2 = &c0_1 * &c1_1;
[INFO] [stderr]     |         ----^^^
[INFO] [stderr]     |         |
[INFO] [stderr]     |         help: remove this `mut`
[INFO] [stderr] 
[INFO] [stderr] warning: variable does not need to be mutable
[INFO] [stderr]    --> src/bfv.rs:712:13
[INFO] [stderr]     |
[INFO] [stderr] 712 |         let mut sk_poly = Poly::try_from_vec_i64(&ctx, &sk.coeffs);
[INFO] [stderr]     |             ----^^^^^^^
[INFO] [stderr]     |             |
[INFO] [stderr]     |             help: remove this `mut`
[INFO] [stderr] 
[INFO] [stderr] warning: unused variable: `bfv_params`
[INFO] [stderr]   --> src/evaluations.rs:40:9
[INFO] [stderr]    |
[INFO] [stderr] 40 |         bfv_params: &Arc<BfvParameters>,
[INFO] [stderr]    |         ^^^^^^^^^^ help: if this is intentional, prefix it with an underscore: `_bfv_params`
[INFO] [stderr]    |
[INFO] [stderr]    = note: `#[warn(unused_variables)]` on by default
[INFO] [stderr] 
[INFO] [stderr] warning: unused variable: `sk`
[INFO] [stderr]   --> src/evaluations.rs:41:9
[INFO] [stderr]    |
[INFO] [stderr] 41 |         sk: &SecretKey,
[INFO] [stderr]    |         ^^ help: if this is intentional, prefix it with an underscore: `_sk`
[INFO] [stderr] 
[INFO] [stderr] warning: unused variable: `dim_index`
[INFO] [stderr]    --> src/evaluations.rs:192:25
[INFO] [stderr]     |
[INFO] [stderr] 192 |             .for_each(|(dim_index, dim_rgsws)| {
[INFO] [stderr]     |                         ^^^^^^^^^ help: if this is intentional, prefix it with an underscore: `_dim_index`
[INFO] [stderr] 
[INFO] [stderr] warning: unused variable: `row_index`
[INFO] [stderr]    --> src/evaluations.rs:197:28
[INFO] [stderr]     |
[INFO] [stderr] 197 |                     .map(|(row_index, db_chunk_cts)| {
[INFO] [stderr]     |                            ^^^^^^^^^ help: if this is intentional, prefix it with an underscore: `_row_index`
[INFO] [stderr] 
[INFO] [stderr] warning: value assigned to `representation` is never read
[INFO] [stderr]    --> src/rq.rs:121:13
[INFO] [stderr]     |
[INFO] [stderr] 121 |             representation = Representation::Ntt;
[INFO] [stderr]     |             ^^^^^^^^^^^^^^
[INFO] [stderr]     |
[INFO] [stderr]     = help: maybe it is overwritten before being read?
[INFO] [stderr]     = note: `#[warn(unused_assignments)]` on by default
[INFO] [stderr] 
[INFO] [stderr] warning: unused variable: `decomposed`
[INFO] [stderr]    --> src/rq.rs:332:25
[INFO] [stderr]     |
[INFO] [stderr] 332 |                     let decomposed = decompose_bits(*v, parent_bits as usize, base_bits);
[INFO] [stderr]     |                         ^^^^^^^^^^ help: if this is intentional, prefix it with an underscore: `_decomposed`
[INFO] [stderr] 
[INFO] [stderr] warning: unused variable: `g`
[INFO] [stderr]    --> src/rq.rs:334:25
[INFO] [stderr]     |
[INFO] [stderr] 334 |                     let g = poly.slice_mut(s![row_index, col_index, ..]);
[INFO] [stderr]     |                         ^ help: if this is intentional, prefix it with an underscore: `_g`
[INFO] [stderr] 
[INFO] [stderr] warning: unused variable: `c`
[INFO] [stderr]    --> src/rq.rs:337:51
[INFO] [stderr]     |
[INFO] [stderr] 337 |                 izip!(cq.outer_iter()).for_each(|(c)| {
[INFO] [stderr]     |                                                   ^ help: if this is intentional, prefix it with an underscore: `_c`
[INFO] [stderr] 
[INFO] [stderr] warning: unused variable: `p`
[INFO] [stderr]    --> src/rq.rs:372:25
[INFO] [stderr]     |
[INFO] [stderr] 372 |                 let mut p = self.clone();
[INFO] [stderr]     |                         ^ help: if this is intentional, prefix it with an underscore: `_p`
[INFO] [stderr] 
[INFO] [stderr] warning: variable does not need to be mutable
[INFO] [stderr]    --> src/rq.rs:372:21
[INFO] [stderr]     |
[INFO] [stderr] 372 |                 let mut p = self.clone();
[INFO] [stderr]     |                     ----^
[INFO] [stderr]     |                     |
[INFO] [stderr]     |                     help: remove this `mut`
[INFO] [stderr] 
[INFO] [stderr] warning: unused variable: `poly`
[INFO] [stderr]    --> src/rq.rs:507:13
[INFO] [stderr]     |
[INFO] [stderr] 507 |         let poly = Poly::zero(ctx, Representation::PowerBasis);
[INFO] [stderr]     |             ^^^^ help: if this is intentional, prefix it with an underscore: `_poly`
[INFO] [stderr] 
[INFO] [stderr] warning: struct `SecretKey` is never constructed
[INFO] [stderr]    --> src/bfv.rs:273:12
[INFO] [stderr]     |
[INFO] [stderr] 273 | pub struct SecretKey {
[INFO] [stderr]     |            ^^^^^^^^^
[INFO] [stderr]     |
[INFO] [stderr]     = note: `SecretKey` has a derived impl for the trait `Debug`, but this is intentionally ignored during dead code analysis
[INFO] [stderr]     = note: `#[warn(dead_code)]` on by default
[INFO] [stderr] 
[INFO] [stderr] warning: multiple associated items are never used
[INFO] [stderr]    --> src/bfv.rs:279:12
[INFO] [stderr]     |
[INFO] [stderr] 278 | impl SecretKey {
[INFO] [stderr]     | -------------- associated items in this implementation
[INFO] [stderr] 279 |     pub fn generate(params: &Arc<BfvParameters>) -> Self {
[INFO] [stderr]     |            ^^^^^^^^
[INFO] [stderr] ...
[INFO] [stderr] 292 |     pub fn new(coeffs: Vec<i64>, params: &Arc<BfvParameters>) -> Self {
[INFO] [stderr]     |            ^^^
[INFO] [stderr] ...
[INFO] [stderr] 299 |     pub fn encrypt_poly(&self, pt: &Poly) -> BfvCipherText {
[INFO] [stderr]     |            ^^^^^^^^^^^^
[INFO] [stderr] ...
[INFO] [stderr] 331 |     pub fn encrypt(&self, pt: &Plaintext) -> BfvCipherText {
[INFO] [stderr]     |            ^^^^^^^
[INFO] [stderr] ...
[INFO] [stderr] 336 |     pub fn decrypt_trial(&self, ct0: &Poly, ct1: &Poly) -> Poly {
[INFO] [stderr]     |            ^^^^^^^^^^^^^
[INFO] [stderr] ...
[INFO] [stderr] 347 |     pub fn decrypt(&self, ct: &BfvCipherText) -> Plaintext {
[INFO] [stderr]     |            ^^^^^^^
[INFO] [stderr] ...
[INFO] [stderr] 386 |     pub fn measure_noise(&self, ct: &BfvCipherText) -> usize {
[INFO] [stderr]     |            ^^^^^^^^^^^^^
[INFO] [stderr] 
[INFO] [stderr] warning: struct `BfvCiphertext` is never constructed
[INFO] [stderr]    --> src/bfv.rs:413:12
[INFO] [stderr]     |
[INFO] [stderr] 413 | pub struct BfvCiphertext {
[INFO] [stderr]     |            ^^^^^^^^^^^^^
[INFO] [stderr]     |
[INFO] [stderr]     = note: `BfvCiphertext` has a derived impl for the trait `Clone`, but this is intentionally ignored during dead code analysis
[INFO] [stderr] 
[INFO] [stderr] warning: function `multiply_with_strategy` is never used
[INFO] [stderr]    --> src/bfv.rs:657:8
[INFO] [stderr]     |
[INFO] [stderr] 657 | pub fn multiply_with_strategy(
[INFO] [stderr]     |        ^^^^^^^^^^^^^^^^^^^^^^
[INFO] [stderr] 
[INFO] [stderr] warning: struct `GaliosKey` is never constructed
[INFO] [stderr]    --> src/bfv.rs:700:12
[INFO] [stderr]     |
[INFO] [stderr] 700 | pub struct GaliosKey {
[INFO] [stderr]     |            ^^^^^^^^^
[INFO] [stderr] 
[INFO] [stderr] warning: associated items `new` and `relinearize` are never used
[INFO] [stderr]    --> src/bfv.rs:707:12
[INFO] [stderr]     |
[INFO] [stderr] 706 | impl GaliosKey {
[INFO] [stderr]     | -------------- associated items in this implementation
[INFO] [stderr] 707 |     pub fn new(sk: &SecretKey, i: &Substitution, galios_level: usize) -> Self {
[INFO] [stderr]     |            ^^^
[INFO] [stderr] ...
[INFO] [stderr] 725 |     pub fn relinearize(&self, ct: &BfvCipherText) -> BfvCipherText {
[INFO] [stderr]     |            ^^^^^^^^^^^
[INFO] [stderr] 
[INFO] [stderr] warning: struct `RelinearizationKey` is never constructed
[INFO] [stderr]    --> src/bfv.rs:743:12
[INFO] [stderr]     |
[INFO] [stderr] 743 | pub struct RelinearizationKey {
[INFO] [stderr]     |            ^^^^^^^^^^^^^^^^^^
[INFO] [stderr] 
[INFO] [stderr] warning: associated items `new` and `relinearize_poly` are never used
[INFO] [stderr]    --> src/bfv.rs:749:12
[INFO] [stderr]     |
[INFO] [stderr] 748 | impl RelinearizationKey {
[INFO] [stderr]     | ----------------------- associated items in this implementation
[INFO] [stderr] 749 |     pub fn new(sk: &SecretKey, level: usize) -> Self {
[INFO] [stderr]     |            ^^^
[INFO] [stderr] ...
[INFO] [stderr] 762 |     pub fn relinearize_poly(&self, p: &Poly) -> (Poly, Poly) {
[INFO] [stderr]     |            ^^^^^^^^^^^^^^^^
[INFO] [stderr] 
[INFO] [stderr] warning: fields `first_dim` and `dim` are never read
[INFO] [stderr]   --> src/evaluations.rs:18:5
[INFO] [stderr]    |
[INFO] [stderr] 17 | struct Client {
[INFO] [stderr]    |        ------ fields in this struct
[INFO] [stderr] 18 |     first_dim: usize,
[INFO] [stderr]    |     ^^^^^^^^^
[INFO] [stderr] 19 |     dim: usize,
[INFO] [stderr]    |     ^^^
[INFO] [stderr] 
[INFO] [stderr] warning: associated items `new` and `encode` are never used
[INFO] [stderr]   --> src/evaluations.rs:32:12
[INFO] [stderr]    |
[INFO] [stderr] 31 | impl Client {
[INFO] [stderr]    | ----------- associated items in this implementation
[INFO] [stderr] 32 |     pub fn new(first_dim: usize, dim: usize) -> Client {
[INFO] [stderr]    |            ^^^
[INFO] [stderr] ...
[INFO] [stderr] 36 |     pub fn encode(
[INFO] [stderr]    |            ^^^^^^
[INFO] [stderr] 
[INFO] [stderr] warning: struct `Server` is never constructed
[INFO] [stderr]   --> src/evaluations.rs:65:8
[INFO] [stderr]    |
[INFO] [stderr] 65 | struct Server {
[INFO] [stderr]    |        ^^^^^^
[INFO] [stderr] 
[INFO] [stderr] warning: associated items `new`, `no_of_cts`, and `decode` are never used
[INFO] [stderr]    --> src/evaluations.rs:73:12
[INFO] [stderr]     |
[INFO] [stderr] 72  | impl Server {
[INFO] [stderr]     | ----------- associated items in this implementation
[INFO] [stderr] 73  |     pub fn new(
[INFO] [stderr]     |            ^^^
[INFO] [stderr] ...
[INFO] [stderr] 95  |     fn no_of_cts(&self) -> usize {
[INFO] [stderr]     |        ^^^^^^^^^
[INFO] [stderr] ...
[INFO] [stderr] 109 |     pub fn decode(
[INFO] [stderr]     |            ^^^^^^
[INFO] [stderr] 
[INFO] [stderr] warning: struct `Evaluation` is never constructed
[INFO] [stderr]    --> src/evaluations.rs:229:8
[INFO] [stderr]     |
[INFO] [stderr] 229 | struct Evaluation {
[INFO] [stderr]     |        ^^^^^^^^^^
[INFO] [stderr] 
[INFO] [stderr] warning: associated items `build`, `unpack`, and `gen_x_pows` are never used
[INFO] [stderr]    --> src/evaluations.rs:235:12
[INFO] [stderr]     |
[INFO] [stderr] 234 | impl Evaluation {
[INFO] [stderr]     | --------------- associated items in this implementation
[INFO] [stderr] 235 |     pub fn build(sk: &SecretKey, params: &Arc<BfvParameters>) -> Self {
[INFO] [stderr]     |            ^^^^^
[INFO] [stderr] ...
[INFO] [stderr] 254 |     pub fn unpack(&self, mut ct: BfvCipherText) -> Vec<BfvCipherText> {
[INFO] [stderr]     |            ^^^^^^
[INFO] [stderr] ...
[INFO] [stderr] 301 |     fn gen_x_pows(n: usize, ctx: &Arc<RqContext>) -> Vec<Poly> {
[INFO] [stderr]     |        ^^^^^^^^^^
[INFO] [stderr] 
[INFO] [stderr] warning: struct `Ksk` is never constructed
[INFO] [stderr]   --> src/ksk.rs:20:12
[INFO] [stderr]    |
[INFO] [stderr] 20 | pub struct Ksk {
[INFO] [stderr]    |            ^^^
[INFO] [stderr]    |
[INFO] [stderr]    = note: `Ksk` has derived impls for the traits `Debug` and `Clone`, but these are intentionally ignored during dead code analysis
[INFO] [stderr] 
[INFO] [stderr] warning: enum `KskType` is never used
[INFO] [stderr]   --> src/ksk.rs:32:6
[INFO] [stderr]    |
[INFO] [stderr] 32 | enum KskType {
[INFO] [stderr]    |      ^^^^^^^
[INFO] [stderr] 
[INFO] [stderr] warning: associated items `new_with_pt`, `new`, `key_switch`, and `try_from_decomposed_rlwes` are never used
[INFO] [stderr]    --> src/ksk.rs:38:12
[INFO] [stderr]     |
[INFO] [stderr] 37  | impl Ksk {
[INFO] [stderr]     | -------- associated items in this implementation
[INFO] [stderr] 38  |     pub fn new_with_pt(
[INFO] [stderr]     |            ^^^^^^^^^^^
[INFO] [stderr] ...
[INFO] [stderr] 47  |     pub fn new(sk: &SecretKey, from: &Poly, ct_level: usize, ksk_level: usize) -> Self {
[INFO] [stderr]     |            ^^^
[INFO] [stderr] ...
[INFO] [stderr] 102 |     pub fn key_switch(&self, poly: &Poly) -> (Poly, Poly) {
[INFO] [stderr]     |            ^^^^^^^^^^
[INFO] [stderr] ...
[INFO] [stderr] 127 |     pub fn try_from_decomposed_rlwes(
[INFO] [stderr]     |            ^^^^^^^^^^^^^^^^^^^^^^^^^
[INFO] [stderr] 
[INFO] [stderr] warning: function `inner_product` is never used
[INFO] [stderr]  --> src/omr.rs:9:4
[INFO] [stderr]   |
[INFO] [stderr] 9 | fn inner_product(cts: &Vec<BfvCipherText>, polys: &Vec<Poly>) -> BfvCipherText {
[INFO] [stderr]   |    ^^^^^^^^^^^^^
[INFO] [stderr] 
[INFO] [stderr] warning: function `process` is never used
[INFO] [stderr]   --> src/omr.rs:21:4
[INFO] [stderr]    |
[INFO] [stderr] 21 | fn process() {
[INFO] [stderr]    |    ^^^^^^^
[INFO] [stderr] 
[INFO] [stderr] warning: fields `n`, `ell`, `m`, `q`, and `variance` are never read
[INFO] [stderr]   --> src/pvw.rs:12:9
[INFO] [stderr]    |
[INFO] [stderr] 11 | pub struct PvwParams {
[INFO] [stderr]    |            --------- fields in this struct
[INFO] [stderr] 12 |     pub n: usize,
[INFO] [stderr]    |         ^
[INFO] [stderr] 13 |     pub ell: usize,
[INFO] [stderr]    |         ^^^
[INFO] [stderr] 14 |     pub m: usize,
[INFO] [stderr]    |         ^
[INFO] [stderr] 15 |     pub q: u64,
[INFO] [stderr]    |         ^
[INFO] [stderr] 16 |     pub variance: usize,
[INFO] [stderr]    |         ^^^^^^^^
[INFO] [stderr]    |
[INFO] [stderr]    = note: `PvwParams` has a derived impl for the trait `Debug`, but this is intentionally ignored during dead code analysis
[INFO] [stderr] 
[INFO] [stderr] warning: associated function `new` is never used
[INFO] [stderr]   --> src/pvw.rs:32:12
[INFO] [stderr]    |
[INFO] [stderr] 31 | impl PvwParams {
[INFO] [stderr]    | -------------- associated function in this implementation
[INFO] [stderr] 32 |     pub fn new() -> PvwParams {
[INFO] [stderr]    |            ^^^
[INFO] [stderr] 
[INFO] [stderr] warning: struct `PvwSk` is never constructed
[INFO] [stderr]   --> src/pvw.rs:37:12
[INFO] [stderr]    |
[INFO] [stderr] 37 | pub struct PvwSk(Vec<Vec<u64>>);
[INFO] [stderr]    |            ^^^^^
[INFO] [stderr] 
[INFO] [stderr] warning: associated items `gen_sk`, `gen_pk`, and `decrypt` are never used
[INFO] [stderr]   --> src/pvw.rs:40:12
[INFO] [stderr]    |
[INFO] [stderr] 39 | impl PvwSk {
[INFO] [stderr]    | ---------- associated items in this implementation
[INFO] [stderr] 40 |     pub fn gen_sk(params: &PvwParams) -> PvwSk {
[INFO] [stderr]    |            ^^^^^^
[INFO] [stderr] ...
[INFO] [stderr] 56 |     pub fn gen_pk(&self, params: &PvwParams) -> PvwPk {
[INFO] [stderr]    |            ^^^^^^
[INFO] [stderr] ...
[INFO] [stderr] 94 |     pub fn decrypt(&self, params: &PvwParams, ct: &PvwCiphertext) -> Vec<u64> {
[INFO] [stderr]    |            ^^^^^^^
[INFO] [stderr] 
[INFO] [stderr] warning: struct `PvwPk` is never constructed
[INFO] [stderr]    --> src/pvw.rs:117:12
[INFO] [stderr]     |
[INFO] [stderr] 117 | pub struct PvwPk(Vec<PvwCiphertext>);
[INFO] [stderr]     |            ^^^^^
[INFO] [stderr] 
[INFO] [stderr] warning: method `encrypt` is never used
[INFO] [stderr]    --> src/pvw.rs:120:12
[INFO] [stderr]     |
[INFO] [stderr] 119 | impl PvwPk {
[INFO] [stderr]     | ---------- method in this implementation
[INFO] [stderr] 120 |     pub fn encrypt(&self, params: &PvwParams, m: Vec<u64>) -> PvwCiphertext {
[INFO] [stderr]     |            ^^^^^^^
[INFO] [stderr] 
[INFO] [stderr] warning: struct `PvwCiphertext` is never constructed
[INFO] [stderr]    --> src/pvw.rs:152:12
[INFO] [stderr]     |
[INFO] [stderr] 152 | pub struct PvwCiphertext {
[INFO] [stderr]     |            ^^^^^^^^^^^^^
[INFO] [stderr]     |
[INFO] [stderr]     = note: `PvwCiphertext` has derived impls for the traits `Debug` and `Clone`, but these are intentionally ignored during dead code analysis
[INFO] [stderr] 
[INFO] [stderr] warning: struct `RGSW` is never constructed
[INFO] [stderr]   --> src/rgsw.rs:17:12
[INFO] [stderr]    |
[INFO] [stderr] 17 | pub struct RGSW {
[INFO] [stderr]    |            ^^^^
[INFO] [stderr] 
[INFO] [stderr] warning: struct `RgswCt` is never constructed
[INFO] [stderr]   --> src/rgsw.rs:22:12
[INFO] [stderr]    |
[INFO] [stderr] 22 | pub struct RgswCt {
[INFO] [stderr]    |            ^^^^^^
[INFO] [stderr]    |
[INFO] [stderr]    = note: `RgswCt` has a derived impl for the trait `Debug`, but this is intentionally ignored during dead code analysis
[INFO] [stderr] 
[INFO] [stderr] warning: associated functions `encrypt_poly`, `encrypt`, `external_product`, and `try_from_ksks` are never used
[INFO] [stderr]   --> src/rgsw.rs:28:12
[INFO] [stderr]    |
[INFO] [stderr] 27 | impl RgswCt {
[INFO] [stderr]    | ----------- associated functions in this implementation
[INFO] [stderr] 28 |     pub fn encrypt_poly(sk: &SecretKey, m: &Poly) -> Self {
[INFO] [stderr]    |            ^^^^^^^^^^^^
[INFO] [stderr] ...
[INFO] [stderr] 44 |     pub fn encrypt(sk: &SecretKey, m: &Plaintext) -> Self {
[INFO] [stderr]    |            ^^^^^^^
[INFO] [stderr] ...
[INFO] [stderr] 63 |     pub fn external_product(rgsw: &RgswCt, bfv: &BfvCipherText) -> (Poly, Poly) {
[INFO] [stderr]    |            ^^^^^^^^^^^^^^^^
[INFO] [stderr] ...
[INFO] [stderr] 80 |     pub fn try_from_ksks(ksk0: &Ksk, ksk1: &Ksk) -> Self {
[INFO] [stderr]    |            ^^^^^^^^^^^^^
[INFO] [stderr] 
[INFO] [stderr] warning: associated function `new` is never used
[INFO] [stderr]   --> src/rq.rs:70:8
[INFO] [stderr]    |
[INFO] [stderr] 69 | impl BitDecomposition {
[INFO] [stderr]    | --------------------- associated function in this implementation
[INFO] [stderr] 70 |     fn new(base: usize, l: usize) -> Self {
[INFO] [stderr]    |        ^^^
[INFO] [stderr] 
[INFO] [stderr] warning: function `mod_inverse` is never used
[INFO] [stderr]   --> src/utils.rs:95:8
[INFO] [stderr]    |
[INFO] [stderr] 95 | pub fn mod_inverse(v: u64, q: u64) -> Option<u64> {
[INFO] [stderr]    |        ^^^^^^^^^^^
[INFO] [stderr] 
[INFO] [stderr] warning: variable `D` should have a snake case name
[INFO] [stderr]   --> src/omr.rs:28:9
[INFO] [stderr]    |
[INFO] [stderr] 28 |     let D = 64;
[INFO] [stderr]    |         ^ help: convert the identifier to snake case: `d`
[INFO] [stderr]    |
[INFO] [stderr]    = note: `#[warn(non_snake_case)]` on by default
[INFO] [stderr] 
[INFO] [stderr] warning: unused import: `enumerate`
[INFO] [stderr]   --> src/evaluations.rs:10:17
[INFO] [stderr]    |
[INFO] [stderr] 10 | use itertools::{enumerate, izip, Itertools};
[INFO] [stderr]    |                 ^^^^^^^^^
[INFO] [stderr]    |
[INFO] [stderr]    = note: `#[warn(unused_imports)]` on by default
[INFO] [stderr] 
[INFO] [stderr] warning: unused import: `utils::generate_prime`
[INFO] [stderr]    --> src/evaluations.rs:322:9
[INFO] [stderr]     |
[INFO] [stderr] 322 |         utils::generate_prime,
[INFO] [stderr]     |         ^^^^^^^^^^^^^^^^^^^^^
[INFO] [stderr] 
[INFO] [stderr] warning: unused import: `crypto_bigint::rand_core::le`
[INFO] [stderr]    --> src/evaluations.rs:324:9
[INFO] [stderr]     |
[INFO] [stderr] 324 |     use crypto_bigint::rand_core::le;
[INFO] [stderr]     |         ^^^^^^^^^^^^^^^^^^^^^^^^^^^^
[INFO] [stderr] 
[INFO] [stderr] warning: unused import: `ndarray::Axis`
[INFO] [stderr]    --> src/evaluations.rs:325:9
[INFO] [stderr]     |
[INFO] [stderr] 325 |     use ndarray::Axis;
[INFO] [stderr]     |         ^^^^^^^^^^^^^
[INFO] [stderr] 
[INFO] [stderr] warning: unused import: `num_traits::FromPrimitive`
[INFO] [stderr]    --> src/evaluations.rs:327:9
[INFO] [stderr]     |
[INFO] [stderr] 327 |     use num_traits::FromPrimitive;
[INFO] [stderr]     |         ^^^^^^^^^^^^^^^^^^^^^^^^^
[INFO] [stderr] 
[INFO] [stderr] warning: unused import: `modulus::Modulus`
[INFO] [stderr]  --> src/ksk.rs:5:5
[INFO] [stderr]   |
[INFO] [stderr] 5 |     modulus::Modulus,
[INFO] [stderr]   |     ^^^^^^^^^^^^^^^^
[INFO] [stderr] 
[INFO] [stderr] warning: unused import: `SecretKey`
[INFO] [stderr]    --> src/rq.rs:681:37
[INFO] [stderr]     |
[INFO] [stderr] 681 |     use crate::bfv::{BfvParameters, SecretKey};
[INFO] [stderr]     |                                     ^^^^^^^^^
[INFO] [stderr] 
[INFO] [stderr] warning: unused variable: `rng`
[INFO] [stderr]    --> src/bfv.rs:809:13
[INFO] [stderr]     |
[INFO] [stderr] 809 |         let rng = thread_rng();
[INFO] [stderr]     |             ^^^ help: if this is intentional, prefix it with an underscore: `_rng`
[INFO] [stderr]     |
[INFO] [stderr]     = note: `#[warn(unused_variables)]` on by default
[INFO] [stderr] 
[INFO] [stderr] warning: unused variable: `bfv_params`
[INFO] [stderr]   --> src/evaluations.rs:40:9
[INFO] [stderr]    |
[INFO] [stderr] 40 |         bfv_params: &Arc<BfvParameters>,
[INFO] [stderr]    |         ^^^^^^^^^^ help: if this is intentional, prefix it with an underscore: `_bfv_params`
[INFO] [stderr] 
[INFO] [stderr] warning: unused variable: `gi`
[INFO] [stderr]    --> src/evaluations.rs:365:27
[INFO] [stderr]     |
[INFO] [stderr] 365 |             .map(|(index, gi)| unpacked_query_cts[index][0].clone())
[INFO] [stderr]     |                           ^^ help: if this is intentional, prefix it with an underscore: `_gi`
[INFO] [stderr] 
[INFO] [stderr] warning: unused variable: `rng`
[INFO] [stderr]    --> src/evaluations.rs:422:17
[INFO] [stderr]     |
[INFO] [stderr] 422 |         let mut rng = thread_rng();
[INFO] [stderr]     |                 ^^^ help: if this is intentional, prefix it with an underscore: `_rng`
[INFO] [stderr] 
[INFO] [stderr] warning: variable does not need to be mutable
[INFO] [stderr]    --> src/evaluations.rs:422:13
[INFO] [stderr]     |
[INFO] [stderr] 422 |         let mut rng = thread_rng();
[INFO] [stderr]     |             ----^^^
[INFO] [stderr]     |             |
[INFO] [stderr]     |             help: remove this `mut`
[INFO] [stderr] 
[INFO] [stderr] warning: unused variable: `rng`
[INFO] [stderr]    --> src/evaluations.rs:470:17
[INFO] [stderr]     |
[INFO] [stderr] 470 |         let mut rng = thread_rng();
[INFO] [stderr]     |                 ^^^ help: if this is intentional, prefix it with an underscore: `_rng`
[INFO] [stderr] 
[INFO] [stderr] warning: variable does not need to be mutable
[INFO] [stderr]    --> src/evaluations.rs:470:13
[INFO] [stderr]     |
[INFO] [stderr] 470 |         let mut rng = thread_rng();
[INFO] [stderr]     |             ----^^^
[INFO] [stderr]     |             |
[INFO] [stderr]     |             help: remove this `mut`
[INFO] [stderr] 
[INFO] [stderr] warning: variable does not need to be mutable
[INFO] [stderr]    --> src/evaluations.rs:503:13
[INFO] [stderr]     |
[INFO] [stderr] 503 |         let mut rng = thread_rng();
[INFO] [stderr]     |             ----^^^
[INFO] [stderr]     |             |
[INFO] [stderr]     |             help: remove this `mut`
[INFO] [stderr] 
[INFO] [stderr] warning: variable does not need to be mutable
[INFO] [stderr]    --> src/evaluations.rs:552:13
[INFO] [stderr]     |
[INFO] [stderr] 552 |         let mut rng = thread_rng();
[INFO] [stderr]     |             ----^^^
[INFO] [stderr]     |             |
[INFO] [stderr]     |             help: remove this `mut`
[INFO] [stderr] 
[INFO] [stderr] warning: unused variable: `rng`
[INFO] [stderr]    --> src/ksk.rs:172:17
[INFO] [stderr]     |
[INFO] [stderr] 172 |         let mut rng = thread_rng();
[INFO] [stderr]     |                 ^^^ help: if this is intentional, prefix it with an underscore: `_rng`
[INFO] [stderr] 
[INFO] [stderr] warning: variable does not need to be mutable
[INFO] [stderr]    --> src/ksk.rs:172:13
[INFO] [stderr]     |
[INFO] [stderr] 172 |         let mut rng = thread_rng();
[INFO] [stderr]     |             ----^^^
[INFO] [stderr]     |             |
[INFO] [stderr]     |             help: remove this `mut`
[INFO] [stderr] 
[INFO] [stderr] warning: variable does not need to be mutable
[INFO] [stderr]    --> src/ksk.rs:191:13
[INFO] [stderr]     |
[INFO] [stderr] 191 |         let mut one_enc = sk.encrypt(&Plaintext::new(&params, &vec![1], 0, Encoding::Poly));
[INFO] [stderr]     |             ----^^^^^^^
[INFO] [stderr]     |             |
[INFO] [stderr]     |             help: remove this `mut`
[INFO] [stderr] 
[INFO] [stderr] warning: unused variable: `rng`
[INFO] [stderr]    --> src/ksk.rs:199:17
[INFO] [stderr]     |
[INFO] [stderr] 199 |         let mut rng = thread_rng();
[INFO] [stderr]     |                 ^^^ help: if this is intentional, prefix it with an underscore: `_rng`
[INFO] [stderr] 
[INFO] [stderr] warning: unused variable: `sk_poly`
[INFO] [stderr]    --> src/ksk.rs:207:13
[INFO] [stderr]     |
[INFO] [stderr] 207 |         let sk_poly = Poly::try_from_vec_i64(&params.q_ctxs[0], &sk.coeffs);
[INFO] [stderr]     |             ^^^^^^^ help: if this is intentional, prefix it with an underscore: `_sk_poly`
[INFO] [stderr] 
[INFO] [stderr] warning: variable does not need to be mutable
[INFO] [stderr]    --> src/ksk.rs:199:13
[INFO] [stderr]     |
[INFO] [stderr] 199 |         let mut rng = thread_rng();
[INFO] [stderr]     |             ----^^^
[INFO] [stderr]     |             |
[INFO] [stderr]     |             help: remove this `mut`
[INFO] [stderr] 
[INFO] [stderr] warning: unused variable: `root`
[INFO] [stderr]    --> src/ntt.rs:263:13
[INFO] [stderr]     |
[INFO] [stderr] 263 |         let root = primitive_root(size, &moduli);
[INFO] [stderr]     |             ^^^^ help: if this is intentional, prefix it with an underscore: `_root`
[INFO] [stderr] 
[INFO] [stderr] warning: variable does not need to be mutable
[INFO] [stderr]    --> src/pvw.rs:169:17
[INFO] [stderr]     |
[INFO] [stderr] 169 |             let mut rng = thread_rng();
[INFO] [stderr]     |                 ----^^^
[INFO] [stderr]     |                 |
[INFO] [stderr]     |                 help: remove this `mut`
[INFO] [stderr] 
[INFO] [stderr] warning: unused variable: `rng`
[INFO] [stderr]    --> src/rgsw.rs:246:17
[INFO] [stderr]     |
[INFO] [stderr] 246 |         let mut rng = thread_rng();
[INFO] [stderr]     |                 ^^^ help: if this is intentional, prefix it with an underscore: `_rng`
[INFO] [stderr] 
[INFO] [stderr] warning: unused variable: `sk_poly`
[INFO] [stderr]    --> src/rgsw.rs:254:13
[INFO] [stderr]     |
[INFO] [stderr] 254 |         let sk_poly = Poly::try_from_vec_i64(&ctx, &sk.coeffs);
[INFO] [stderr]     |             ^^^^^^^ help: if this is intentional, prefix it with an underscore: `_sk_poly`
[INFO] [stderr] 
[INFO] [stderr] warning: variable does not need to be mutable
[INFO] [stderr]    --> src/rgsw.rs:246:13
[INFO] [stderr]     |
[INFO] [stderr] 246 |         let mut rng = thread_rng();
[INFO] [stderr]     |             ----^^^
[INFO] [stderr]     |             |
[INFO] [stderr]     |             help: remove this `mut`
[INFO] [stderr] 
[INFO] [stderr] warning: variable does not need to be mutable
[INFO] [stderr]    --> src/rgsw.rs:258:13
[INFO] [stderr]     |
[INFO] [stderr] 258 |         let mut m = &Plaintext::new(&params, &vec![2], 0, Encoding::Poly);
[INFO] [stderr]     |             ----^
[INFO] [stderr]     |             |
[INFO] [stderr]     |             help: remove this `mut`
[INFO] [stderr] 
[INFO] [stderr] warning: variable does not need to be mutable
[INFO] [stderr]    --> src/rq.rs:704:17
[INFO] [stderr]     |
[INFO] [stderr] 704 |             let mut q = p.clone();
[INFO] [stderr]     |                 ----^
[INFO] [stderr]     |                 |
[INFO] [stderr]     |                 help: remove this `mut`
[INFO] [stderr] 
[INFO] [stderr] warning: associated function `new` is never used
[INFO] [stderr]    --> src/bfv.rs:292:12
[INFO] [stderr]     |
[INFO] [stderr] 278 | impl SecretKey {
[INFO] [stderr]     | -------------- associated function in this implementation
[INFO] [stderr] ...
[INFO] [stderr] 292 |     pub fn new(coeffs: Vec<i64>, params: &Arc<BfvParameters>) -> Self {
[INFO] [stderr]     |            ^^^
[INFO] [stderr]     |
[INFO] [stderr]     = note: `#[warn(dead_code)]` on by default
[INFO] [stderr] 
[INFO] [stderr] warning: method `no_of_cts` is never used
[INFO] [stderr]   --> src/evaluations.rs:95:8
[INFO] [stderr]    |
[INFO] [stderr] 72 | impl Server {
[INFO] [stderr]    | ----------- method in this implementation
[INFO] [stderr] ...
[INFO] [stderr] 95 |     fn no_of_cts(&self) -> usize {
[INFO] [stderr]    |        ^^^^^^^^^
[INFO] [stderr] 
[INFO] [stderr] warning: field `params` is never read
[INFO] [stderr]   --> src/ksk.rs:21:9
[INFO] [stderr]    |
[INFO] [stderr] 20 | pub struct Ksk {
[INFO] [stderr]    |            --- field in this struct
[INFO] [stderr] 21 |     pub params: Arc<BfvParameters>,
[INFO] [stderr]    |         ^^^^^^
[INFO] [stderr]    |
[INFO] [stderr]    = note: `Ksk` has derived impls for the traits `Debug` and `Clone`, but these are intentionally ignored during dead code analysis
[INFO] [stderr] 
[INFO] [stderr] warning: `onion-pir` (lib) generated 82 warnings (run `cargo fix --lib -p onion-pir` to apply 39 suggestions)
[INFO] [stderr] warning: `onion-pir` (lib test) generated 80 warnings (48 duplicates) (run `cargo fix --lib -p onion-pir --tests` to apply 18 suggestions)
[INFO] [stderr]     Finished `test` profile [unoptimized + debuginfo] target(s) in 0.05s
[INFO] [stderr]      Running unittests src/lib.rs (/opt/rustwide/target/debug/deps/onion_pir-03615058883fbec8)
[INFO] [stdout] 
[INFO] [stdout] running 24 tests
[INFO] [stdout] test evaluations::tests::unpack ... FAILED
[INFO] [stdout] test bfv::tests::simd_slot_rotations ... ok
[INFO] [stdout] test bfv::tests::mul_op ... ok
[INFO] [stdout] test bfv::tests::encrypt_decrypt ... FAILED
[INFO] [stdout] test evaluations::tests::pack_and_construct_rgsw ... FAILED
[INFO] [stdout] test ntt::tests::bijection ... ok
[INFO] [stdout] test ntt::tests::construct_ntt_operator ... ok
[INFO] [stdout] test evaluations::tests::unpack_decomp ... FAILED
[INFO] [stdout] test ksk::tests::ksk_with_pt ... ok
[INFO] [stdout] test evaluations::tests::query ... FAILED
[INFO] [stdout] test ksk::tests::trial ... ok
[INFO] [stdout] test rgsw::tests::construct_full_from_half ... ok
[INFO] [stdout] test rgsw::tests::encrypt_poly ... ok
[INFO] [stdout] test rq::tests::mod_switch ... ok
[INFO] [stdout] test rq::tests::substitute ... ok
[INFO] [stdout] test utils::tests::test_bit_vector ... ok
[INFO] [stdout] test utils::tests::test_decompose_bits ... ok
[INFO] [stdout] test rgsw::tests::contruct_ksk_from_rgsw ... ok
[INFO] [stdout] test evaluations::tests::client_encode ... FAILED
[INFO] [stdout] test rq::tests::change_representation ... ok
[INFO] [stdout] test bfv::tests::galois_key ... ok
[INFO] [stdout] test ksk::tests::ksk ... ok
[INFO] [stdout] test rgsw::tests::external_product ... ok
[INFO] [stdout] test pvw::tests::encrypt_decrypt ... ok
[INFO] [stdout] 
[INFO] [stdout] failures:
[INFO] [stdout] 
[INFO] [stdout] ---- evaluations::tests::unpack stdout ----
[INFO] [stdout] thread 'evaluations::tests::unpack' panicked at src/rq.rs:42:9:
[INFO] [stdout] assertion failed: exponent & 1 == 1
[INFO] [stdout] stack backtrace:
[INFO] [stdout]    0:     0x5cdb6b46943a - std::backtrace_rs::backtrace::libunwind::trace::h207520d6e9873551
[INFO] [stdout]                                at /rustc/df4ca44d3fbc9301ee17f30f4d474e6ae4b05252/library/std/src/../../backtrace/src/backtrace/libunwind.rs:116:5
[INFO] [stdout]    1:     0x5cdb6b46943a - std::backtrace_rs::backtrace::trace_unsynchronized::h2ed7433f370e3eca
[INFO] [stdout]                                at /rustc/df4ca44d3fbc9301ee17f30f4d474e6ae4b05252/library/std/src/../../backtrace/src/backtrace/mod.rs:66:5
[INFO] [stdout]    2:     0x5cdb6b46943a - std::sys::backtrace::_print_fmt::h916fac51166b18d7
[INFO] [stdout]                                at /rustc/df4ca44d3fbc9301ee17f30f4d474e6ae4b05252/library/std/src/sys/backtrace.rs:66:9
[INFO] [stdout]    3:     0x5cdb6b46943a - <std::sys::backtrace::BacktraceLock::print::DisplayBacktrace as core::fmt::Display>::fmt::ha0a4c9b8ce3802e6
[INFO] [stdout]                                at /rustc/df4ca44d3fbc9301ee17f30f4d474e6ae4b05252/library/std/src/sys/backtrace.rs:39:26
[INFO] [stdout]    4:     0x5cdb6b490023 - core::fmt::rt::Argument::fmt::h4cfc8587d52b3eb5
[INFO] [stdout]                                at /rustc/df4ca44d3fbc9301ee17f30f4d474e6ae4b05252/library/core/src/fmt/rt.rs:177:76
[INFO] [stdout]    5:     0x5cdb6b490023 - core::fmt::write::h522cc39e5b36ae9f
[INFO] [stdout]                                at /rustc/df4ca44d3fbc9301ee17f30f4d474e6ae4b05252/library/core/src/fmt/mod.rs:1190:21
[INFO] [stdout]    6:     0x5cdb6b4660a3 - std::io::Write::write_fmt::h7d3c26752da97734
[INFO] [stdout]                                at /rustc/df4ca44d3fbc9301ee17f30f4d474e6ae4b05252/library/std/src/io/mod.rs:1839:15
[INFO] [stdout]    7:     0x5cdb6b469282 - std::sys::backtrace::BacktraceLock::print::h4b9e00b29e9c0942
[INFO] [stdout]                                at /rustc/df4ca44d3fbc9301ee17f30f4d474e6ae4b05252/library/std/src/sys/backtrace.rs:42:9
[INFO] [stdout]    8:     0x5cdb6b46a8ca - std::panicking::default_hook::{{closure}}::hb59b88280d0324d9
[INFO] [stdout]                                at /rustc/df4ca44d3fbc9301ee17f30f4d474e6ae4b05252/library/std/src/panicking.rs:268:22
[INFO] [stdout]    9:     0x5cdb6b46a6d4 - std::panicking::default_hook::he1dd496665be4a29
[INFO] [stdout]                                at /rustc/df4ca44d3fbc9301ee17f30f4d474e6ae4b05252/library/std/src/panicking.rs:292:9
[INFO] [stdout]   10:     0x5cdb6b3a74e9 - <alloc::boxed::Box<F,A> as core::ops::function::Fn<Args>>::call::h4ff71de18744e1dc
[INFO] [stdout]                                at /rustc/df4ca44d3fbc9301ee17f30f4d474e6ae4b05252/library/alloc/src/boxed.rs:2468:9
[INFO] [stdout]   11:     0x5cdb6b3a74e9 - test::test_main::{{closure}}::hcf7c055ce117aa81
[INFO] [stdout]                                at /rustc/df4ca44d3fbc9301ee17f30f4d474e6ae4b05252/library/test/src/lib.rs:133:21
[INFO] [stdout]   12:     0x5cdb6b46afc8 - <alloc::boxed::Box<F,A> as core::ops::function::Fn<Args>>::call::h1d66c6bbd60c9692
[INFO] [stdout]                                at /rustc/df4ca44d3fbc9301ee17f30f4d474e6ae4b05252/library/alloc/src/boxed.rs:2468:9
[INFO] [stdout]   13:     0x5cdb6b46afc8 - std::panicking::rust_panic_with_hook::h2ff17fe8f26dfcf8
[INFO] [stdout]                                at /rustc/df4ca44d3fbc9301ee17f30f4d474e6ae4b05252/library/std/src/panicking.rs:809:13
[INFO] [stdout]   14:     0x5cdb6b46ad56 - std::panicking::begin_panic_handler::{{closure}}::h4fad77951c07e101
[INFO] [stdout]                                at /rustc/df4ca44d3fbc9301ee17f30f4d474e6ae4b05252/library/std/src/panicking.rs:667:13
[INFO] [stdout]   15:     0x5cdb6b469919 - std::sys::backtrace::__rust_end_short_backtrace::hb1a25b3da5d0ea08
[INFO] [stdout]                                at /rustc/df4ca44d3fbc9301ee17f30f4d474e6ae4b05252/library/std/src/sys/backtrace.rs:170:18
[INFO] [stdout]   16:     0x5cdb6b46aa1c - rust_begin_unwind
[INFO] [stdout]                                at /rustc/df4ca44d3fbc9301ee17f30f4d474e6ae4b05252/library/std/src/panicking.rs:665:5
[INFO] [stdout]   17:     0x5cdb6b48e9c0 - core::panicking::panic_fmt::ha9db07b529f9b256
[INFO] [stdout]                                at /rustc/df4ca44d3fbc9301ee17f30f4d474e6ae4b05252/library/core/src/panicking.rs:75:14
[INFO] [stdout]   18:     0x5cdb6b48ea4c - core::panicking::panic::h993086813d94accc
[INFO] [stdout]                                at /rustc/df4ca44d3fbc9301ee17f30f4d474e6ae4b05252/library/core/src/panicking.rs:152:5
[INFO] [stdout]   19:     0x5cdb6b30cce8 - onion_pir::rq::Substitution::new::h462398e335e6f5c6
[INFO] [stdout]                                at /opt/rustwide/workdir/src/rq.rs:42:9
[INFO] [stdout]   20:     0x5cdb6b34fee4 - onion_pir::evaluations::Evaluation::gen_x_pows::h68c8f010c3d64ff5
[INFO] [stdout]                                at /opt/rustwide/workdir/src/evaluations.rs:309:35
[INFO] [stdout]   21:     0x5cdb6b34ec52 - onion_pir::evaluations::Evaluation::unpack::he56e53697e178ae5
[INFO] [stdout]                                at /opt/rustwide/workdir/src/evaluations.rs:255:22
[INFO] [stdout]   22:     0x5cdb6b32ed0b - onion_pir::evaluations::tests::unpack::hc1d1087c18d1750c
[INFO] [stdout]                                at /opt/rustwide/workdir/src/evaluations.rs:569:28
[INFO] [stdout]   23:     0x5cdb6b32e7c7 - onion_pir::evaluations::tests::unpack::{{closure}}::hcaa03970f2189f09
[INFO] [stdout]                                at /opt/rustwide/workdir/src/evaluations.rs:551:16
[INFO] [stdout]   24:     0x5cdb6b314516 - core::ops::function::FnOnce::call_once::h79a34c87311064c0
[INFO] [stdout]                                at /rustc/df4ca44d3fbc9301ee17f30f4d474e6ae4b05252/library/core/src/ops/function.rs:250:5
[INFO] [stdout]   25:     0x5cdb6b3abdbb - core::ops::function::FnOnce::call_once::h22c3ba5715e93f05
[INFO] [stdout]                                at /rustc/df4ca44d3fbc9301ee17f30f4d474e6ae4b05252/library/core/src/ops/function.rs:250:5
[INFO] [stdout]   26:     0x5cdb6b3abdbb - test::__rust_begin_short_backtrace::h8e82d8113d0da17f
[INFO] [stdout]                                at /rustc/df4ca44d3fbc9301ee17f30f4d474e6ae4b05252/library/test/src/lib.rs:621:18
[INFO] [stdout]   27:     0x5cdb6b3ab737 - test::run_test_in_process::{{closure}}::h33235f4f20b7b7c7
[INFO] [stdout]                                at /rustc/df4ca44d3fbc9301ee17f30f4d474e6ae4b05252/library/test/src/lib.rs:644:60
[INFO] [stdout]   28:     0x5cdb6b3ab737 - <core::panic::unwind_safe::AssertUnwindSafe<F> as core::ops::function::FnOnce<()>>::call_once::hb5043206310c586f
[INFO] [stdout]                                at /rustc/df4ca44d3fbc9301ee17f30f4d474e6ae4b05252/library/core/src/panic/unwind_safe.rs:272:9
[INFO] [stdout]   29:     0x5cdb6b3ab737 - std::panicking::try::do_call::h9ad4731a60ab23e2
[INFO] [stdout]                                at /rustc/df4ca44d3fbc9301ee17f30f4d474e6ae4b05252/library/std/src/panicking.rs:557:40
[INFO] [stdout]   30:     0x5cdb6b3ab737 - std::panicking::try::h3824d23db772a716
[INFO] [stdout]                                at /rustc/df4ca44d3fbc9301ee17f30f4d474e6ae4b05252/library/std/src/panicking.rs:520:19
[INFO] [stdout]   31:     0x5cdb6b3ab737 - std::panic::catch_unwind::h5afd514605fde46b
[INFO] [stdout]                                at /rustc/df4ca44d3fbc9301ee17f30f4d474e6ae4b05252/library/std/src/panic.rs:358:14
[INFO] [stdout]   32:     0x5cdb6b3ab737 - test::run_test_in_process::h0d5cbfa7067d1720
[INFO] [stdout]                                at /rustc/df4ca44d3fbc9301ee17f30f4d474e6ae4b05252/library/test/src/lib.rs:644:27
[INFO] [stdout]   33:     0x5cdb6b3ab737 - test::run_test::{{closure}}::h708eb8872708115d
[INFO] [stdout]                                at /rustc/df4ca44d3fbc9301ee17f30f4d474e6ae4b05252/library/test/src/lib.rs:565:43
[INFO] [stdout]   34:     0x5cdb6b36ee54 - test::run_test::{{closure}}::h392c51cee94713ab
[INFO] [stdout]                                at /rustc/df4ca44d3fbc9301ee17f30f4d474e6ae4b05252/library/test/src/lib.rs:595:41
[INFO] [stdout]   35:     0x5cdb6b36ee54 - std::sys::backtrace::__rust_begin_short_backtrace::h2f40290710935a8b
[INFO] [stdout]                                at /rustc/df4ca44d3fbc9301ee17f30f4d474e6ae4b05252/library/std/src/sys/backtrace.rs:154:18
[INFO] [stdout]   36:     0x5cdb6b3725fe - std::thread::Builder::spawn_unchecked_::{{closure}}::{{closure}}::h3fd968d89053a903
[INFO] [stdout]                                at /rustc/df4ca44d3fbc9301ee17f30f4d474e6ae4b05252/library/std/src/thread/mod.rs:541:17
[INFO] [stdout]   37:     0x5cdb6b3725fe - <core::panic::unwind_safe::AssertUnwindSafe<F> as core::ops::function::FnOnce<()>>::call_once::h743f637ba4229880
[INFO] [stdout]                                at /rustc/df4ca44d3fbc9301ee17f30f4d474e6ae4b05252/library/core/src/panic/unwind_safe.rs:272:9
[INFO] [stdout]   38:     0x5cdb6b3725fe - std::panicking::try::do_call::h07440897322525a6
[INFO] [stdout]                                at /rustc/df4ca44d3fbc9301ee17f30f4d474e6ae4b05252/library/std/src/panicking.rs:557:40
[INFO] [stdout]   39:     0x5cdb6b3725fe - std::panicking::try::he5a2e00188156637
[INFO] [stdout]                                at /rustc/df4ca44d3fbc9301ee17f30f4d474e6ae4b05252/library/std/src/panicking.rs:520:19
[INFO] [stdout]   40:     0x5cdb6b3725fe - std::panic::catch_unwind::hbaf3cae49b3c6433
[INFO] [stdout]                                at /rustc/df4ca44d3fbc9301ee17f30f4d474e6ae4b05252/library/std/src/panic.rs:358:14
[INFO] [stdout]   41:     0x5cdb6b3725fe - std::thread::Builder::spawn_unchecked_::{{closure}}::h8e141ea224820bce
[INFO] [stdout]                                at /rustc/df4ca44d3fbc9301ee17f30f4d474e6ae4b05252/library/std/src/thread/mod.rs:540:30
[INFO] [stdout]   42:     0x5cdb6b3725fe - core::ops::function::FnOnce::call_once{{vtable.shim}}::h90d312fedd7b8ea8
[INFO] [stdout]                                at /rustc/df4ca44d3fbc9301ee17f30f4d474e6ae4b05252/library/core/src/ops/function.rs:250:5
[INFO] [stdout]   43:     0x5cdb6b46edbb - <alloc::boxed::Box<F,A> as core::ops::function::FnOnce<Args>>::call_once::h69aa08ddb6adb8b6
[INFO] [stdout]                                at /rustc/df4ca44d3fbc9301ee17f30f4d474e6ae4b05252/library/alloc/src/boxed.rs:2454:9
[INFO] [stdout]   44:     0x5cdb6b46edbb - <alloc::boxed::Box<F,A> as core::ops::function::FnOnce<Args>>::call_once::h5aa36efdb79c806f
[INFO] [stdout]                                at /rustc/df4ca44d3fbc9301ee17f30f4d474e6ae4b05252/library/alloc/src/boxed.rs:2454:9
[INFO] [stdout]   45:     0x5cdb6b46edbb - std::sys::pal::unix::thread::Thread::new::thread_start::h6cd80a1b4be5158d
[INFO] [stdout]                                at /rustc/df4ca44d3fbc9301ee17f30f4d474e6ae4b05252/library/std/src/sys/pal/unix/thread.rs:105:17
[INFO] [stdout]   46:     0x706851a3fac3 - <unknown>
[INFO] [stdout]   47:     0x706851ad0a04 - clone
[INFO] [stdout]   48:                0x0 - <unknown>
[INFO] [stdout] 
[INFO] [stdout] ---- bfv::tests::encrypt_decrypt stdout ----
[INFO] [stdout] thread 'bfv::tests::encrypt_decrypt' panicked at src/bfv.rs:803:13:
[INFO] [stdout] assertion `left == right` failed
[INFO] [stdout]   left: [612, 203, 1004, 470, 317, 159, 843, 1113]
[INFO] [stdout]  right: [612, 203, 1113, 470, 843, 1113, 843, 1113]
[INFO] [stdout] stack backtrace:
[INFO] [stdout]    0:     0x5cdb6b46943a - std::backtrace_rs::backtrace::libunwind::trace::h207520d6e9873551
[INFO] [stdout]                                at /rustc/df4ca44d3fbc9301ee17f30f4d474e6ae4b05252/library/std/src/../../backtrace/src/backtrace/libunwind.rs:116:5
[INFO] [stdout]    1:     0x5cdb6b46943a - std::backtrace_rs::backtrace::trace_unsynchronized::h2ed7433f370e3eca
[INFO] [stdout]                                at /rustc/df4ca44d3fbc9301ee17f30f4d474e6ae4b05252/library/std/src/../../backtrace/src/backtrace/mod.rs:66:5
[INFO] [stdout]    2:     0x5cdb6b46943a - std::sys::backtrace::_print_fmt::h916fac51166b18d7
[INFO] [stdout]                                at /rustc/df4ca44d3fbc9301ee17f30f4d474e6ae4b05252/library/std/src/sys/backtrace.rs:66:9
[INFO] [stdout]    3:     0x5cdb6b46943a - <std::sys::backtrace::BacktraceLock::print::DisplayBacktrace as core::fmt::Display>::fmt::ha0a4c9b8ce3802e6
[INFO] [stdout]                                at /rustc/df4ca44d3fbc9301ee17f30f4d474e6ae4b05252/library/std/src/sys/backtrace.rs:39:26
[INFO] [stdout]    4:     0x5cdb6b490023 - core::fmt::rt::Argument::fmt::h4cfc8587d52b3eb5
[INFO] [stdout]                                at /rustc/df4ca44d3fbc9301ee17f30f4d474e6ae4b05252/library/core/src/fmt/rt.rs:177:76
[INFO] [stdout]    5:     0x5cdb6b490023 - core::fmt::write::h522cc39e5b36ae9f
[INFO] [stdout]                                at /rustc/df4ca44d3fbc9301ee17f30f4d474e6ae4b05252/library/core/src/fmt/mod.rs:1190:21
[INFO] [stdout]    6:     0x5cdb6b4660a3 - std::io::Write::write_fmt::h7d3c26752da97734
[INFO] [stdout]                                at /rustc/df4ca44d3fbc9301ee17f30f4d474e6ae4b05252/library/std/src/io/mod.rs:1839:15
[INFO] [stdout]    7:     0x5cdb6b469282 - std::sys::backtrace::BacktraceLock::print::h4b9e00b29e9c0942
[INFO] [stdout]                                at /rustc/df4ca44d3fbc9301ee17f30f4d474e6ae4b05252/library/std/src/sys/backtrace.rs:42:9
[INFO] [stdout]    8:     0x5cdb6b46a8ca - std::panicking::default_hook::{{closure}}::hb59b88280d0324d9
[INFO] [stdout]                                at /rustc/df4ca44d3fbc9301ee17f30f4d474e6ae4b05252/library/std/src/panicking.rs:268:22
[INFO] [stdout]    9:     0x5cdb6b46a6d4 - std::panicking::default_hook::he1dd496665be4a29
[INFO] [stdout]                                at /rustc/df4ca44d3fbc9301ee17f30f4d474e6ae4b05252/library/std/src/panicking.rs:292:9
[INFO] [stdout]   10:     0x5cdb6b3a74e9 - <alloc::boxed::Box<F,A> as core::ops::function::Fn<Args>>::call::h4ff71de18744e1dc
[INFO] [stdout]                                at /rustc/df4ca44d3fbc9301ee17f30f4d474e6ae4b05252/library/alloc/src/boxed.rs:2468:9
[INFO] [stdout]   11:     0x5cdb6b3a74e9 - test::test_main::{{closure}}::hcf7c055ce117aa81
[INFO] [stdout]                                at /rustc/df4ca44d3fbc9301ee17f30f4d474e6ae4b05252/library/test/src/lib.rs:133:21
[INFO] [stdout]   12:     0x5cdb6b46afc8 - <alloc::boxed::Box<F,A> as core::ops::function::Fn<Args>>::call::h1d66c6bbd60c9692
[INFO] [stdout]                                at /rustc/df4ca44d3fbc9301ee17f30f4d474e6ae4b05252/library/alloc/src/boxed.rs:2468:9
[INFO] [stdout]   13:     0x5cdb6b46afc8 - std::panicking::rust_panic_with_hook::h2ff17fe8f26dfcf8
[INFO] [stdout]                                at /rustc/df4ca44d3fbc9301ee17f30f4d474e6ae4b05252/library/std/src/panicking.rs:809:13
[INFO] [stdout]   14:     0x5cdb6b46ad8a - std::panicking::begin_panic_handler::{{closure}}::h4fad77951c07e101
[INFO] [stdout]                                at /rustc/df4ca44d3fbc9301ee17f30f4d474e6ae4b05252/library/std/src/panicking.rs:674:13
[INFO] [stdout]   15:     0x5cdb6b469919 - std::sys::backtrace::__rust_end_short_backtrace::hb1a25b3da5d0ea08
[INFO] [stdout]                                at /rustc/df4ca44d3fbc9301ee17f30f4d474e6ae4b05252/library/std/src/sys/backtrace.rs:170:18
[INFO] [stdout]   16:     0x5cdb6b46aa1c - rust_begin_unwind
[INFO] [stdout]                                at /rustc/df4ca44d3fbc9301ee17f30f4d474e6ae4b05252/library/std/src/panicking.rs:665:5
[INFO] [stdout]   17:     0x5cdb6b48e9c0 - core::panicking::panic_fmt::ha9db07b529f9b256
[INFO] [stdout]                                at /rustc/df4ca44d3fbc9301ee17f30f4d474e6ae4b05252/library/core/src/panicking.rs:75:14
[INFO] [stdout]   18:     0x5cdb6b48edec - core::panicking::assert_failed_inner::h04f38944d74a80a8
[INFO] [stdout]   19:     0x5cdb6b324ae4 - core::panicking::assert_failed::h87cf59d36f194cd9
[INFO] [stdout]                                at /rustc/df4ca44d3fbc9301ee17f30f4d474e6ae4b05252/library/core/src/panicking.rs:377:5
[INFO] [stdout]   20:     0x5cdb6b35dd4d - onion_pir::bfv::tests::encrypt_decrypt::h0d774e4a27b3a33c
[INFO] [stdout]                                at /opt/rustwide/workdir/src/bfv.rs:803:13
[INFO] [stdout]   21:     0x5cdb6b35d7c7 - onion_pir::bfv::tests::encrypt_decrypt::{{closure}}::hb8f6e8452b94f945
[INFO] [stdout]                                at /opt/rustwide/workdir/src/bfv.rs:778:25
[INFO] [stdout]   22:     0x5cdb6b3146a6 - core::ops::function::FnOnce::call_once::hbf4b77e7413b4742
[INFO] [stdout]                                at /rustc/df4ca44d3fbc9301ee17f30f4d474e6ae4b05252/library/core/src/ops/function.rs:250:5
[INFO] [stdout]   23:     0x5cdb6b3abdbb - core::ops::function::FnOnce::call_once::h22c3ba5715e93f05
[INFO] [stdout]                                at /rustc/df4ca44d3fbc9301ee17f30f4d474e6ae4b05252/library/core/src/ops/function.rs:250:5
[INFO] [stdout]   24:     0x5cdb6b3abdbb - test::__rust_begin_short_backtrace::h8e82d8113d0da17f
[INFO] [stdout]                                at /rustc/df4ca44d3fbc9301ee17f30f4d474e6ae4b05252/library/test/src/lib.rs:621:18
[INFO] [stdout]   25:     0x5cdb6b3ab737 - test::run_test_in_process::{{closure}}::h33235f4f20b7b7c7
[INFO] [stdout]                                at /rustc/df4ca44d3fbc9301ee17f30f4d474e6ae4b05252/library/test/src/lib.rs:644:60
[INFO] [stdout]   26:     0x5cdb6b3ab737 - <core::panic::unwind_safe::AssertUnwindSafe<F> as core::ops::function::FnOnce<()>>::call_once::hb5043206310c586f
[INFO] [stdout]                                at /rustc/df4ca44d3fbc9301ee17f30f4d474e6ae4b05252/library/core/src/panic/unwind_safe.rs:272:9
[INFO] [stdout]   27:     0x5cdb6b3ab737 - std::panicking::try::do_call::h9ad4731a60ab23e2
[INFO] [stdout]                                at /rustc/df4ca44d3fbc9301ee17f30f4d474e6ae4b05252/library/std/src/panicking.rs:557:40
[INFO] [stdout]   28:     0x5cdb6b3ab737 - std::panicking::try::h3824d23db772a716
[INFO] [stdout]                                at /rustc/df4ca44d3fbc9301ee17f30f4d474e6ae4b05252/library/std/src/panicking.rs:520:19
[INFO] [stdout]   29:     0x5cdb6b3ab737 - std::panic::catch_unwind::h5afd514605fde46b
[INFO] [stdout]                                at /rustc/df4ca44d3fbc9301ee17f30f4d474e6ae4b05252/library/std/src/panic.rs:358:14
[INFO] [stdout]   30:     0x5cdb6b3ab737 - test::run_test_in_process::h0d5cbfa7067d1720
[INFO] [stdout]                                at /rustc/df4ca44d3fbc9301ee17f30f4d474e6ae4b05252/library/test/src/lib.rs:644:27
[INFO] [stdout]   31:     0x5cdb6b3ab737 - test::run_test::{{closure}}::h708eb8872708115d
[INFO] [stdout]                                at /rustc/df4ca44d3fbc9301ee17f30f4d474e6ae4b05252/library/test/src/lib.rs:565:43
[INFO] [stdout]   32:     0x5cdb6b36ee54 - test::run_test::{{closure}}::h392c51cee94713ab
[INFO] [stdout]                                at /rustc/df4ca44d3fbc9301ee17f30f4d474e6ae4b05252/library/test/src/lib.rs:595:41
[INFO] [stdout]   33:     0x5cdb6b36ee54 - std::sys::backtrace::__rust_begin_short_backtrace::h2f40290710935a8b
[INFO] [stdout]                                at /rustc/df4ca44d3fbc9301ee17f30f4d474e6ae4b05252/library/std/src/sys/backtrace.rs:154:18
[INFO] [stdout]   34:     0x5cdb6b3725fe - std::thread::Builder::spawn_unchecked_::{{closure}}::{{closure}}::h3fd968d89053a903
[INFO] [stdout]                                at /rustc/df4ca44d3fbc9301ee17f30f4d474e6ae4b05252/library/std/src/thread/mod.rs:541:17
[INFO] [stdout]   35:     0x5cdb6b3725fe - <core::panic::unwind_safe::AssertUnwindSafe<F> as core::ops::function::FnOnce<()>>::call_once::h743f637ba4229880
[INFO] [stdout]                                at /rustc/df4ca44d3fbc9301ee17f30f4d474e6ae4b05252/library/core/src/panic/unwind_safe.rs:272:9
[INFO] [stdout]   36:     0x5cdb6b3725fe - std::panicking::try::do_call::h07440897322525a6
[INFO] [stdout]                                at /rustc/df4ca44d3fbc9301ee17f30f4d474e6ae4b05252/library/std/src/panicking.rs:557:40
[INFO] [stdout]   37:     0x5cdb6b3725fe - std::panicking::try::he5a2e00188156637
[INFO] [stdout]                                at /rustc/df4ca44d3fbc9301ee17f30f4d474e6ae4b05252/library/std/src/panicking.rs:520:19
[INFO] [stdout]   38:     0x5cdb6b3725fe - std::panic::catch_unwind::hbaf3cae49b3c6433
[INFO] [stdout]                                at /rustc/df4ca44d3fbc9301ee17f30f4d474e6ae4b05252/library/std/src/panic.rs:358:14
[INFO] [stdout]   39:     0x5cdb6b3725fe - std::thread::Builder::spawn_unchecked_::{{closure}}::h8e141ea224820bce
[INFO] [stdout]                                at /rustc/df4ca44d3fbc9301ee17f30f4d474e6ae4b05252/library/std/src/thread/mod.rs:540:30
[INFO] [stdout]   40:     0x5cdb6b3725fe - core::ops::function::FnOnce::call_once{{vtable.shim}}::h90d312fedd7b8ea8
[INFO] [stdout]                                at /rustc/df4ca44d3fbc9301ee17f30f4d474e6ae4b05252/library/core/src/ops/function.rs:250:5
[INFO] [stdout]   41:     0x5cdb6b46edbb - <alloc::boxed::Box<F,A> as core::ops::function::FnOnce<Args>>::call_once::h69aa08ddb6adb8b6
[INFO] [stdout]                                at /rustc/df4ca44d3fbc9301ee17f30f4d474e6ae4b05252/library/alloc/src/boxed.rs:2454:9
[INFO] [stdout]   42:     0x5cdb6b46edbb - <alloc::boxed::Box<F,A> as core::ops::function::FnOnce<Args>>::call_once::h5aa36efdb79c806f
[INFO] [stdout]                                at /rustc/df4ca44d3fbc9301ee17f30f4d474e6ae4b05252/library/alloc/src/boxed.rs:2454:9
[INFO] [stdout]   43:     0x5cdb6b46edbb - std::sys::pal::unix::thread::Thread::new::thread_start::h6cd80a1b4be5158d
[INFO] [stdout]                                at /rustc/df4ca44d3fbc9301ee17f30f4d474e6ae4b05252/library/std/src/sys/pal/unix/thread.rs:105:17
[INFO] [stdout]   44:     0x706851a3fac3 - <unknown>
[INFO] [stdout]   45:     0x706851ad0a04 - clone
[INFO] [stdout]   46:                0x0 - <unknown>
[INFO] [stdout] 
[INFO] [stdout] ---- evaluations::tests::pack_and_construct_rgsw stdout ----
[INFO] [stdout] thread 'evaluations::tests::pack_and_construct_rgsw' panicked at src/rq.rs:42:9:
[INFO] [stdout] assertion failed: exponent & 1 == 1
[INFO] [stdout] stack backtrace:
[INFO] [stdout]    0:     0x5cdb6b46943a - std::backtrace_rs::backtrace::libunwind::trace::h207520d6e9873551
[INFO] [stdout]                                at /rustc/df4ca44d3fbc9301ee17f30f4d474e6ae4b05252/library/std/src/../../backtrace/src/backtrace/libunwind.rs:116:5
[INFO] [stdout]    1:     0x5cdb6b46943a - std::backtrace_rs::backtrace::trace_unsynchronized::h2ed7433f370e3eca
[INFO] [stdout]                                at /rustc/df4ca44d3fbc9301ee17f30f4d474e6ae4b05252/library/std/src/../../backtrace/src/backtrace/mod.rs:66:5
[INFO] [stdout]    2:     0x5cdb6b46943a - std::sys::backtrace::_print_fmt::h916fac51166b18d7
[INFO] [stdout]                                at /rustc/df4ca44d3fbc9301ee17f30f4d474e6ae4b05252/library/std/src/sys/backtrace.rs:66:9
[INFO] [stdout]    3:     0x5cdb6b46943a - <std::sys::backtrace::BacktraceLock::print::DisplayBacktrace as core::fmt::Display>::fmt::ha0a4c9b8ce3802e6
[INFO] [stdout]                                at /rustc/df4ca44d3fbc9301ee17f30f4d474e6ae4b05252/library/std/src/sys/backtrace.rs:39:26
[INFO] [stdout]    4:     0x5cdb6b490023 - core::fmt::rt::Argument::fmt::h4cfc8587d52b3eb5
[INFO] [stdout]                                at /rustc/df4ca44d3fbc9301ee17f30f4d474e6ae4b05252/library/core/src/fmt/rt.rs:177:76
[INFO] [stdout]    5:     0x5cdb6b490023 - core::fmt::write::h522cc39e5b36ae9f
[INFO] [stdout]                                at /rustc/df4ca44d3fbc9301ee17f30f4d474e6ae4b05252/library/core/src/fmt/mod.rs:1190:21
[INFO] [stdout]    6:     0x5cdb6b4660a3 - std::io::Write::write_fmt::h7d3c26752da97734
[INFO] [stdout]                                at /rustc/df4ca44d3fbc9301ee17f30f4d474e6ae4b05252/library/std/src/io/mod.rs:1839:15
[INFO] [stdout]    7:     0x5cdb6b469282 - std::sys::backtrace::BacktraceLock::print::h4b9e00b29e9c0942
[INFO] [stdout]                                at /rustc/df4ca44d3fbc9301ee17f30f4d474e6ae4b05252/library/std/src/sys/backtrace.rs:42:9
[INFO] [stdout]    8:     0x5cdb6b46a8ca - std::panicking::default_hook::{{closure}}::hb59b88280d0324d9
[INFO] [stdout]                                at /rustc/df4ca44d3fbc9301ee17f30f4d474e6ae4b05252/library/std/src/panicking.rs:268:22
[INFO] [stdout]    9:     0x5cdb6b46a6d4 - std::panicking::default_hook::he1dd496665be4a29
[INFO] [stdout]                                at /rustc/df4ca44d3fbc9301ee17f30f4d474e6ae4b05252/library/std/src/panicking.rs:292:9
[INFO] [stdout]   10:     0x5cdb6b3a74e9 - <alloc::boxed::Box<F,A> as core::ops::function::Fn<Args>>::call::h4ff71de18744e1dc
[INFO] [stdout]                                at /rustc/df4ca44d3fbc9301ee17f30f4d474e6ae4b05252/library/alloc/src/boxed.rs:2468:9
[INFO] [stdout]   11:     0x5cdb6b3a74e9 - test::test_main::{{closure}}::hcf7c055ce117aa81
[INFO] [stdout]                                at /rustc/df4ca44d3fbc9301ee17f30f4d474e6ae4b05252/library/test/src/lib.rs:133:21
[INFO] [stdout]   12:     0x5cdb6b46afc8 - <alloc::boxed::Box<F,A> as core::ops::function::Fn<Args>>::call::h1d66c6bbd60c9692
[INFO] [stdout]                                at /rustc/df4ca44d3fbc9301ee17f30f4d474e6ae4b05252/library/alloc/src/boxed.rs:2468:9
[INFO] [stdout]   13:     0x5cdb6b46afc8 - std::panicking::rust_panic_with_hook::h2ff17fe8f26dfcf8
[INFO] [stdout]                                at /rustc/df4ca44d3fbc9301ee17f30f4d474e6ae4b05252/library/std/src/panicking.rs:809:13
[INFO] [stdout]   14:     0x5cdb6b46ad56 - std::panicking::begin_panic_handler::{{closure}}::h4fad77951c07e101
[INFO] [stdout]                                at /rustc/df4ca44d3fbc9301ee17f30f4d474e6ae4b05252/library/std/src/panicking.rs:667:13
[INFO] [stdout]   15:     0x5cdb6b469919 - std::sys::backtrace::__rust_end_short_backtrace::hb1a25b3da5d0ea08
[INFO] [stdout]                                at /rustc/df4ca44d3fbc9301ee17f30f4d474e6ae4b05252/library/std/src/sys/backtrace.rs:170:18
[INFO] [stdout]   16:     0x5cdb6b46aa1c - rust_begin_unwind
[INFO] [stdout]                                at /rustc/df4ca44d3fbc9301ee17f30f4d474e6ae4b05252/library/std/src/panicking.rs:665:5
[INFO] [stdout]   17:     0x5cdb6b48e9c0 - core::panicking::panic_fmt::ha9db07b529f9b256
[INFO] [stdout]                                at /rustc/df4ca44d3fbc9301ee17f30f4d474e6ae4b05252/library/core/src/panicking.rs:75:14
[INFO] [stdout]   18:     0x5cdb6b48ea4c - core::panicking::panic::h993086813d94accc
[INFO] [stdout]                                at /rustc/df4ca44d3fbc9301ee17f30f4d474e6ae4b05252/library/core/src/panicking.rs:152:5
[INFO] [stdout]   19:     0x5cdb6b30cce8 - onion_pir::rq::Substitution::new::h462398e335e6f5c6
[INFO] [stdout]                                at /opt/rustwide/workdir/src/rq.rs:42:9
[INFO] [stdout]   20:     0x5cdb6b34fee4 - onion_pir::evaluations::Evaluation::gen_x_pows::h68c8f010c3d64ff5
[INFO] [stdout]                                at /opt/rustwide/workdir/src/evaluations.rs:309:35
[INFO] [stdout]   21:     0x5cdb6b34ec52 - onion_pir::evaluations::Evaluation::unpack::he56e53697e178ae5
[INFO] [stdout]                                at /opt/rustwide/workdir/src/evaluations.rs:255:22
[INFO] [stdout]   22:     0x5cdb6b32b9f9 - onion_pir::evaluations::tests::pack_and_construct_rgsw::{{closure}}::he39b74cd54d513e5
[INFO] [stdout]                                at /opt/rustwide/workdir/src/evaluations.rs:356:23
[INFO] [stdout]   23:     0x5cdb6b323129 - core::iter::adapters::map::map_fold::{{closure}}::h339197c72c10dd4f
[INFO] [stdout]                                at /rustc/df4ca44d3fbc9301ee17f30f4d474e6ae4b05252/library/core/src/iter/adapters/map.rs:88:28
[INFO] [stdout]   24:     0x5cdb6b322ada - core::iter::adapters::map::map_fold::{{closure}}::h10021a9cdff9ea74
[INFO] [stdout]                                at /rustc/df4ca44d3fbc9301ee17f30f4d474e6ae4b05252/library/core/src/iter/adapters/map.rs:88:21
[INFO] [stdout]   25:     0x5cdb6b322d16 - core::iter::adapters::map::map_fold::{{closure}}::h180c8305761c1b0a
[INFO] [stdout]                                at /rustc/df4ca44d3fbc9301ee17f30f4d474e6ae4b05252/library/core/src/iter/adapters/map.rs:88:21
[INFO] [stdout]   26:     0x5cdb6b2e3ee7 - <core::slice::iter::Iter<T> as core::iter::traits::iterator::Iterator>::fold::hec3336f20ce33346
[INFO] [stdout]                                at /rustc/df4ca44d3fbc9301ee17f30f4d474e6ae4b05252/library/core/src/slice/iter/macros.rs:232:27
[INFO] [stdout]   27:     0x5cdb6b31f54e - <core::iter::adapters::map::Map<I,F> as core::iter::traits::iterator::Iterator>::fold::hc07235b780366051
[INFO] [stdout]                                at /rustc/df4ca44d3fbc9301ee17f30f4d474e6ae4b05252/library/core/src/iter/adapters/map.rs:128:9
[INFO] [stdout]   28:     0x5cdb6b31f7be - <core::iter::adapters::map::Map<I,F> as core::iter::traits::iterator::Iterator>::fold::he1710cfcf777b240
[INFO] [stdout]                                at /rustc/df4ca44d3fbc9301ee17f30f4d474e6ae4b05252/library/core/src/iter/adapters/map.rs:128:9
[INFO] [stdout]   29:     0x5cdb6b31ef0e - <core::iter::adapters::map::Map<I,F> as core::iter::traits::iterator::Iterator>::fold::h79f788d84633aed3
[INFO] [stdout]                                at /rustc/df4ca44d3fbc9301ee17f30f4d474e6ae4b05252/library/core/src/iter/adapters/map.rs:128:9
[INFO] [stdout]   30:     0x5cdb6b3220f5 - core::iter::traits::iterator::Iterator::for_each::h7820528a9a690cf4
[INFO] [stdout]                                at /rustc/df4ca44d3fbc9301ee17f30f4d474e6ae4b05252/library/core/src/iter/traits/iterator.rs:813:9
[INFO] [stdout]   31:     0x5cdb6b2d3ada - alloc::vec::Vec<T,A>::extend_trusted::h45a03d3745113b24
[INFO] [stdout]                                at /rustc/df4ca44d3fbc9301ee17f30f4d474e6ae4b05252/library/alloc/src/vec/mod.rs:3551:17
[INFO] [stdout]   32:     0x5cdb6b2dd9fa - <alloc::vec::Vec<T,A> as alloc::vec::spec_extend::SpecExtend<T,I>>::spec_extend::hf19d102f452730aa
[INFO] [stdout]                                at /rustc/df4ca44d3fbc9301ee17f30f4d474e6ae4b05252/library/alloc/src/vec/spec_extend.rs:29:9
[INFO] [stdout]   33:     0x5cdb6b2cc64f - <alloc::vec::Vec<T> as alloc::vec::spec_from_iter_nested::SpecFromIterNested<T,I>>::from_iter::h249755972a34c0fa
[INFO] [stdout]                                at /rustc/df4ca44d3fbc9301ee17f30f4d474e6ae4b05252/library/alloc/src/vec/spec_from_iter_nested.rs:62:9
[INFO] [stdout]   34:     0x5cdb6b2ddd3d - <alloc::vec::Vec<T> as alloc::vec::spec_from_iter::SpecFromIter<T,I>>::from_iter::h687ceb3d77b497fe
[INFO] [stdout]                                at /rustc/df4ca44d3fbc9301ee17f30f4d474e6ae4b05252/library/alloc/src/vec/spec_from_iter.rs:34:9
[INFO] [stdout]   35:     0x5cdb6b2dce41 - <alloc::vec::Vec<T> as core::iter::traits::collect::FromIterator<T>>::from_iter::h343e35c8b064a504
[INFO] [stdout]                                at /rustc/df4ca44d3fbc9301ee17f30f4d474e6ae4b05252/library/alloc/src/vec/mod.rs:3410:9
[INFO] [stdout]   36:     0x5cdb6b321814 - core::iter::traits::iterator::Iterator::collect::h049fbaa507b0948c
[INFO] [stdout]                                at /rustc/df4ca44d3fbc9301ee17f30f4d474e6ae4b05252/library/core/src/iter/traits/iterator.rs:2001:9
[INFO] [stdout]   37:     0x5cdb6b325a8d - itertools::Itertools::collect_vec::hb50ac4cea88ea56c
[INFO] [stdout]                                at /opt/rustwide/cargo-home/registry/src/index.crates.io-6f17d22bba15001f/itertools-0.10.5/src/lib.rs:1985:9
[INFO] [stdout]   38:     0x5cdb6b32adc1 - onion_pir::evaluations::tests::pack_and_construct_rgsw::h5016e71ade26363e
[INFO] [stdout]                                at /opt/rustwide/workdir/src/evaluations.rs:355:34
[INFO] [stdout]   39:     0x5cdb6b32a787 - onion_pir::evaluations::tests::pack_and_construct_rgsw::{{closure}}::h136c75030994bca9
[INFO] [stdout]                                at /opt/rustwide/workdir/src/evaluations.rs:332:33
[INFO] [stdout]   40:     0x5cdb6b314186 - core::ops::function::FnOnce::call_once::h284f99f08f1bfee9
[INFO] [stdout]                                at /rustc/df4ca44d3fbc9301ee17f30f4d474e6ae4b05252/library/core/src/ops/function.rs:250:5
[INFO] [stdout]   41:     0x5cdb6b3abdbb - core::ops::function::FnOnce::call_once::h22c3ba5715e93f05
[INFO] [stdout]                                at /rustc/df4ca44d3fbc9301ee17f30f4d474e6ae4b05252/library/core/src/ops/function.rs:250:5
[INFO] [stdout]   42:     0x5cdb6b3abdbb - test::__rust_begin_short_backtrace::h8e82d8113d0da17f
[INFO] [stdout]                                at /rustc/df4ca44d3fbc9301ee17f30f4d474e6ae4b05252/library/test/src/lib.rs:621:18
[INFO] [stdout]   43:     0x5cdb6b3ab737 - test::run_test_in_process::{{closure}}::h33235f4f20b7b7c7
[INFO] [stdout]                                at /rustc/df4ca44d3fbc9301ee17f30f4d474e6ae4b05252/library/test/src/lib.rs:644:60
[INFO] [stdout]   44:     0x5cdb6b3ab737 - <core::panic::unwind_safe::AssertUnwindSafe<F> as core::ops::function::FnOnce<()>>::call_once::hb5043206310c586f
[INFO] [stdout]                                at /rustc/df4ca44d3fbc9301ee17f30f4d474e6ae4b05252/library/core/src/panic/unwind_safe.rs:272:9
[INFO] [stdout]   45:     0x5cdb6b3ab737 - std::panicking::try::do_call::h9ad4731a60ab23e2
[INFO] [stdout]                                at /rustc/df4ca44d3fbc9301ee17f30f4d474e6ae4b05252/library/std/src/panicking.rs:557:40
[INFO] [stdout]   46:     0x5cdb6b3ab737 - std::panicking::try::h3824d23db772a716
[INFO] [stdout]                                at /rustc/df4ca44d3fbc9301ee17f30f4d474e6ae4b05252/library/std/src/panicking.rs:520:19
[INFO] [stdout]   47:     0x5cdb6b3ab737 - std::panic::catch_unwind::h5afd514605fde46b
[INFO] [stdout]                                at /rustc/df4ca44d3fbc9301ee17f30f4d474e6ae4b05252/library/std/src/panic.rs:358:14
[INFO] [stdout]   48:     0x5cdb6b3ab737 - test::run_test_in_process::h0d5cbfa7067d1720
[INFO] [stdout]                                at /rustc/df4ca44d3fbc9301ee17f30f4d474e6ae4b05252/library/test/src/lib.rs:644:27
[INFO] [stdout]   49:     0x5cdb6b3ab737 - test::run_test::{{closure}}::h708eb8872708115d
[INFO] [stdout]                                at /rustc/df4ca44d3fbc9301ee17f30f4d474e6ae4b05252/library/test/src/lib.rs:565:43
[INFO] [stdout]   50:     0x5cdb6b36ee54 - test::run_test::{{closure}}::h392c51cee94713ab
[INFO] [stdout]                                at /rustc/df4ca44d3fbc9301ee17f30f4d474e6ae4b05252/library/test/src/lib.rs:595:41
[INFO] [stdout]   51:     0x5cdb6b36ee54 - std::sys::backtrace::__rust_begin_short_backtrace::h2f40290710935a8b
[INFO] [stdout]                                at /rustc/df4ca44d3fbc9301ee17f30f4d474e6ae4b05252/library/std/src/sys/backtrace.rs:154:18
[INFO] [stdout]   52:     0x5cdb6b3725fe - std::thread::Builder::spawn_unchecked_::{{closure}}::{{closure}}::h3fd968d89053a903
[INFO] [stdout]                                at /rustc/df4ca44d3fbc9301ee17f30f4d474e6ae4b05252/library/std/src/thread/mod.rs:541:17
[INFO] [stdout]   53:     0x5cdb6b3725fe - <core::panic::unwind_safe::AssertUnwindSafe<F> as core::ops::function::FnOnce<()>>::call_once::h743f637ba4229880
[INFO] [stdout]                                at /rustc/df4ca44d3fbc9301ee17f30f4d474e6ae4b05252/library/core/src/panic/unwind_safe.rs:272:9
[INFO] [stdout]   54:     0x5cdb6b3725fe - std::panicking::try::do_call::h07440897322525a6
[INFO] [stdout]                                at /rustc/df4ca44d3fbc9301ee17f30f4d474e6ae4b05252/library/std/src/panicking.rs:557:40
[INFO] [stdout]   55:     0x5cdb6b3725fe - std::panicking::try::he5a2e00188156637
[INFO] [stdout]                                at /rustc/df4ca44d3fbc9301ee17f30f4d474e6ae4b05252/library/std/src/panicking.rs:520:19
[INFO] [stdout]   56:     0x5cdb6b3725fe - std::panic::catch_unwind::hbaf3cae49b3c6433
[INFO] [stdout]                                at /rustc/df4ca44d3fbc9301ee17f30f4d474e6ae4b05252/library/std/src/panic.rs:358:14
[INFO] [stdout]   57:     0x5cdb6b3725fe - std::thread::Builder::spawn_unchecked_::{{closure}}::h8e141ea224820bce
[INFO] [stdout]                                at /rustc/df4ca44d3fbc9301ee17f30f4d474e6ae4b05252/library/std/src/thread/mod.rs:540:30
[INFO] [stdout]   58:     0x5cdb6b3725fe - core::ops::function::FnOnce::call_once{{vtable.shim}}::h90d312fedd7b8ea8
[INFO] [stdout]                                at /rustc/df4ca44d3fbc9301ee17f30f4d474e6ae4b05252/library/core/src/ops/function.rs:250:5
[INFO] [stdout]   59:     0x5cdb6b46edbb - <alloc::boxed::Box<F,A> as core::ops::function::FnOnce<Args>>::call_once::h69aa08ddb6adb8b6
[INFO] [stdout]                                at /rustc/df4ca44d3fbc9301ee17f30f4d474e6ae4b05252/library/alloc/src/boxed.rs:2454:9
[INFO] [stdout]   60:     0x5cdb6b46edbb - <alloc::boxed::Box<F,A> as core::ops::function::FnOnce<Args>>::call_once::h5aa36efdb79c806f
[INFO] [stdout]                                at /rustc/df4ca44d3fbc9301ee17f30f4d474e6ae4b05252/library/alloc/src/boxed.rs:2454:9
[INFO] [stdout]   61:     0x5cdb6b46edbb - std::sys::pal::unix::thread::Thread::new::thread_start::h6cd80a1b4be5158d
[INFO] [stdout]                                at /rustc/df4ca44d3fbc9301ee17f30f4d474e6ae4b05252/library/std/src/sys/pal/unix/thread.rs:105:17
[INFO] [stdout]   62:     0x706851a3fac3 - <unknown>
[INFO] [stdout]   63:     0x706851ad0a04 - clone
[INFO] [stdout]   64:                0x0 - <unknown>
[INFO] [stdout] 
[INFO] [stdout] ---- evaluations::tests::unpack_decomp stdout ----
[INFO] [stdout] thread 'evaluations::tests::unpack_decomp' panicked at src/rq.rs:42:9:
[INFO] [stdout] assertion failed: exponent & 1 == 1
[INFO] [stdout] stack backtrace:
[INFO] [stdout]    0:     0x5cdb6b46943a - std::backtrace_rs::backtrace::libunwind::trace::h207520d6e9873551
[INFO] [stdout]                                at /rustc/df4ca44d3fbc9301ee17f30f4d474e6ae4b05252/library/std/src/../../backtrace/src/backtrace/libunwind.rs:116:5
[INFO] [stdout]    1:     0x5cdb6b46943a - std::backtrace_rs::backtrace::trace_unsynchronized::h2ed7433f370e3eca
[INFO] [stdout]                                at /rustc/df4ca44d3fbc9301ee17f30f4d474e6ae4b05252/library/std/src/../../backtrace/src/backtrace/mod.rs:66:5
[INFO] [stdout]    2:     0x5cdb6b46943a - std::sys::backtrace::_print_fmt::h916fac51166b18d7
[INFO] [stdout]                                at /rustc/df4ca44d3fbc9301ee17f30f4d474e6ae4b05252/library/std/src/sys/backtrace.rs:66:9
[INFO] [stdout]    3:     0x5cdb6b46943a - <std::sys::backtrace::BacktraceLock::print::DisplayBacktrace as core::fmt::Display>::fmt::ha0a4c9b8ce3802e6
[INFO] [stdout]                                at /rustc/df4ca44d3fbc9301ee17f30f4d474e6ae4b05252/library/std/src/sys/backtrace.rs:39:26
[INFO] [stdout]    4:     0x5cdb6b490023 - core::fmt::rt::Argument::fmt::h4cfc8587d52b3eb5
[INFO] [stdout]                                at /rustc/df4ca44d3fbc9301ee17f30f4d474e6ae4b05252/library/core/src/fmt/rt.rs:177:76
[INFO] [stdout]    5:     0x5cdb6b490023 - core::fmt::write::h522cc39e5b36ae9f
[INFO] [stdout]                                at /rustc/df4ca44d3fbc9301ee17f30f4d474e6ae4b05252/library/core/src/fmt/mod.rs:1190:21
[INFO] [stdout]    6:     0x5cdb6b4660a3 - std::io::Write::write_fmt::h7d3c26752da97734
[INFO] [stdout]                                at /rustc/df4ca44d3fbc9301ee17f30f4d474e6ae4b05252/library/std/src/io/mod.rs:1839:15
[INFO] [stdout]    7:     0x5cdb6b469282 - std::sys::backtrace::BacktraceLock::print::h4b9e00b29e9c0942
[INFO] [stdout]                                at /rustc/df4ca44d3fbc9301ee17f30f4d474e6ae4b05252/library/std/src/sys/backtrace.rs:42:9
[INFO] [stdout]    8:     0x5cdb6b46a8ca - std::panicking::default_hook::{{closure}}::hb59b88280d0324d9
[INFO] [stdout]                                at /rustc/df4ca44d3fbc9301ee17f30f4d474e6ae4b05252/library/std/src/panicking.rs:268:22
[INFO] [stdout]    9:     0x5cdb6b46a6d4 - std::panicking::default_hook::he1dd496665be4a29
[INFO] [stdout]                                at /rustc/df4ca44d3fbc9301ee17f30f4d474e6ae4b05252/library/std/src/panicking.rs:292:9
[INFO] [stdout]   10:     0x5cdb6b3a74e9 - <alloc::boxed::Box<F,A> as core::ops::function::Fn<Args>>::call::h4ff71de18744e1dc
[INFO] [stdout]                                at /rustc/df4ca44d3fbc9301ee17f30f4d474e6ae4b05252/library/alloc/src/boxed.rs:2468:9
[INFO] [stdout]   11:     0x5cdb6b3a74e9 - test::test_main::{{closure}}::hcf7c055ce117aa81
[INFO] [stdout]                                at /rustc/df4ca44d3fbc9301ee17f30f4d474e6ae4b05252/library/test/src/lib.rs:133:21
[INFO] [stdout]   12:     0x5cdb6b46afc8 - <alloc::boxed::Box<F,A> as core::ops::function::Fn<Args>>::call::h1d66c6bbd60c9692
[INFO] [stdout]                                at /rustc/df4ca44d3fbc9301ee17f30f4d474e6ae4b05252/library/alloc/src/boxed.rs:2468:9
[INFO] [stdout]   13:     0x5cdb6b46afc8 - std::panicking::rust_panic_with_hook::h2ff17fe8f26dfcf8
[INFO] [stdout]                                at /rustc/df4ca44d3fbc9301ee17f30f4d474e6ae4b05252/library/std/src/panicking.rs:809:13
[INFO] [stdout]   14:     0x5cdb6b46ad56 - std::panicking::begin_panic_handler::{{closure}}::h4fad77951c07e101
[INFO] [stdout]                                at /rustc/df4ca44d3fbc9301ee17f30f4d474e6ae4b05252/library/std/src/panicking.rs:667:13
[INFO] [stdout]   15:     0x5cdb6b469919 - std::sys::backtrace::__rust_end_short_backtrace::hb1a25b3da5d0ea08
[INFO] [stdout]                                at /rustc/df4ca44d3fbc9301ee17f30f4d474e6ae4b05252/library/std/src/sys/backtrace.rs:170:18
[INFO] [stdout]   16:     0x5cdb6b46aa1c - rust_begin_unwind
[INFO] [stdout]                                at /rustc/df4ca44d3fbc9301ee17f30f4d474e6ae4b05252/library/std/src/panicking.rs:665:5
[INFO] [stdout]   17:     0x5cdb6b48e9c0 - core::panicking::panic_fmt::ha9db07b529f9b256
[INFO] [stdout]                                at /rustc/df4ca44d3fbc9301ee17f30f4d474e6ae4b05252/library/core/src/panicking.rs:75:14
[INFO] [stdout]   18:     0x5cdb6b48ea4c - core::panicking::panic::h993086813d94accc
[INFO] [stdout]                                at /rustc/df4ca44d3fbc9301ee17f30f4d474e6ae4b05252/library/core/src/panicking.rs:152:5
[INFO] [stdout]   19:     0x5cdb6b30cce8 - onion_pir::rq::Substitution::new::h462398e335e6f5c6
[INFO] [stdout]                                at /opt/rustwide/workdir/src/rq.rs:42:9
[INFO] [stdout]   20:     0x5cdb6b34fee4 - onion_pir::evaluations::Evaluation::gen_x_pows::h68c8f010c3d64ff5
[INFO] [stdout]                                at /opt/rustwide/workdir/src/evaluations.rs:309:35
[INFO] [stdout]   21:     0x5cdb6b34ec52 - onion_pir::evaluations::Evaluation::unpack::he56e53697e178ae5
[INFO] [stdout]                                at /opt/rustwide/workdir/src/evaluations.rs:255:22
[INFO] [stdout]   22:     0x5cdb6b32dff9 - onion_pir::evaluations::tests::unpack_decomp::hb044aaf0a45d5692
[INFO] [stdout]                                at /opt/rustwide/workdir/src/evaluations.rs:531:28
[INFO] [stdout]   23:     0x5cdb6b32d977 - onion_pir::evaluations::tests::unpack_decomp::{{closure}}::haab472a8c4bd762f
[INFO] [stdout]                                at /opt/rustwide/workdir/src/evaluations.rs:502:23
[INFO] [stdout]   24:     0x5cdb6b3147c6 - core::ops::function::FnOnce::call_once::hdf4ac420f631abab
[INFO] [stdout]                                at /rustc/df4ca44d3fbc9301ee17f30f4d474e6ae4b05252/library/core/src/ops/function.rs:250:5
[INFO] [stdout]   25:     0x5cdb6b3abdbb - core::ops::function::FnOnce::call_once::h22c3ba5715e93f05
[INFO] [stdout]                                at /rustc/df4ca44d3fbc9301ee17f30f4d474e6ae4b05252/library/core/src/ops/function.rs:250:5
[INFO] [stdout]   26:     0x5cdb6b3abdbb - test::__rust_begin_short_backtrace::h8e82d8113d0da17f
[INFO] [stdout]                                at /rustc/df4ca44d3fbc9301ee17f30f4d474e6ae4b05252/library/test/src/lib.rs:621:18
[INFO] [stdout]   27:     0x5cdb6b3ab737 - test::run_test_in_process::{{closure}}::h33235f4f20b7b7c7
[INFO] [stdout]                                at /rustc/df4ca44d3fbc9301ee17f30f4d474e6ae4b05252/library/test/src/lib.rs:644:60
[INFO] [stdout]   28:     0x5cdb6b3ab737 - <core::panic::unwind_safe::AssertUnwindSafe<F> as core::ops::function::FnOnce<()>>::call_once::hb5043206310c586f
[INFO] [stdout]                                at /rustc/df4ca44d3fbc9301ee17f30f4d474e6ae4b05252/library/core/src/panic/unwind_safe.rs:272:9
[INFO] [stdout]   29:     0x5cdb6b3ab737 - std::panicking::try::do_call::h9ad4731a60ab23e2
[INFO] [stdout]                                at /rustc/df4ca44d3fbc9301ee17f30f4d474e6ae4b05252/library/std/src/panicking.rs:557:40
[INFO] [stdout]   30:     0x5cdb6b3ab737 - std::panicking::try::h3824d23db772a716
[INFO] [stdout]                                at /rustc/df4ca44d3fbc9301ee17f30f4d474e6ae4b05252/library/std/src/panicking.rs:520:19
[INFO] [stdout]   31:     0x5cdb6b3ab737 - std::panic::catch_unwind::h5afd514605fde46b
[INFO] [stdout]                                at /rustc/df4ca44d3fbc9301ee17f30f4d474e6ae4b05252/library/std/src/panic.rs:358:14
[INFO] [stdout]   32:     0x5cdb6b3ab737 - test::run_test_in_process::h0d5cbfa7067d1720
[INFO] [stdout]                                at /rustc/df4ca44d3fbc9301ee17f30f4d474e6ae4b05252/library/test/src/lib.rs:644:27
[INFO] [stdout]   33:     0x5cdb6b3ab737 - test::run_test::{{closure}}::h708eb8872708115d
[INFO] [stdout]                                at /rustc/df4ca44d3fbc9301ee17f30f4d474e6ae4b05252/library/test/src/lib.rs:565:43
[INFO] [stdout]   34:     0x5cdb6b36ee54 - test::run_test::{{closure}}::h392c51cee94713ab
[INFO] [stdout]                                at /rustc/df4ca44d3fbc9301ee17f30f4d474e6ae4b05252/library/test/src/lib.rs:595:41
[INFO] [stdout]   35:     0x5cdb6b36ee54 - std::sys::backtrace::__rust_begin_short_backtrace::h2f40290710935a8b
[INFO] [stdout]                                at /rustc/df4ca44d3fbc9301ee17f30f4d474e6ae4b05252/library/std/src/sys/backtrace.rs:154:18
[INFO] [stdout]   36:     0x5cdb6b3725fe - std::thread::Builder::spawn_unchecked_::{{closure}}::{{closure}}::h3fd968d89053a903
[INFO] [stdout]                                at /rustc/df4ca44d3fbc9301ee17f30f4d474e6ae4b05252/library/std/src/thread/mod.rs:541:17
[INFO] [stdout]   37:     0x5cdb6b3725fe - <core::panic::unwind_safe::AssertUnwindSafe<F> as core::ops::function::FnOnce<()>>::call_once::h743f637ba4229880
[INFO] [stdout]                                at /rustc/df4ca44d3fbc9301ee17f30f4d474e6ae4b05252/library/core/src/panic/unwind_safe.rs:272:9
[INFO] [stdout]   38:     0x5cdb6b3725fe - std::panicking::try::do_call::h07440897322525a6
[INFO] [stdout]                                at /rustc/df4ca44d3fbc9301ee17f30f4d474e6ae4b05252/library/std/src/panicking.rs:557:40
[INFO] [stdout]   39:     0x5cdb6b3725fe - std::panicking::try::he5a2e00188156637
[INFO] [stdout]                                at /rustc/df4ca44d3fbc9301ee17f30f4d474e6ae4b05252/library/std/src/panicking.rs:520:19
[INFO] [stdout]   40:     0x5cdb6b3725fe - std::panic::catch_unwind::hbaf3cae49b3c6433
[INFO] [stdout]                                at /rustc/df4ca44d3fbc9301ee17f30f4d474e6ae4b05252/library/std/src/panic.rs:358:14
[INFO] [stdout]   41:     0x5cdb6b3725fe - std::thread::Builder::spawn_unchecked_::{{closure}}::h8e141ea224820bce
[INFO] [stdout]                                at /rustc/df4ca44d3fbc9301ee17f30f4d474e6ae4b05252/library/std/src/thread/mod.rs:540:30
[INFO] [stdout]   42:     0x5cdb6b3725fe - core::ops::function::FnOnce::call_once{{vtable.shim}}::h90d312fedd7b8ea8
[INFO] [stdout]                                at /rustc/df4ca44d3fbc9301ee17f30f4d474e6ae4b05252/library/core/src/ops/function.rs:250:5
[INFO] [stdout]   43:     0x5cdb6b46edbb - <alloc::boxed::Box<F,A> as core::ops::function::FnOnce<Args>>::call_once::h69aa08ddb6adb8b6
[INFO] [stdout]                                at /rustc/df4ca44d3fbc9301ee17f30f4d474e6ae4b05252/library/alloc/src/boxed.rs:2454:9
[INFO] [stdout]   44:     0x5cdb6b46edbb - <alloc::boxed::Box<F,A> as core::ops::function::FnOnce<Args>>::call_once::h5aa36efdb79c806f
[INFO] [stdout]                                at /rustc/df4ca44d3fbc9301ee17f30f4d474e6ae4b05252/library/alloc/src/boxed.rs:2454:9
[INFO] [stdout]   45:     0x5cdb6b46edbb - std::sys::pal::unix::thread::Thread::new::thread_start::h6cd80a1b4be5158d
[INFO] [stdout]                                at /rustc/df4ca44d3fbc9301ee17f30f4d474e6ae4b05252/library/std/src/sys/pal/unix/thread.rs:105:17
[INFO] [stdout]   46:     0x706851a3fac3 - <unknown>
[INFO] [stdout]   47:     0x706851ad0a04 - clone
[INFO] [stdout]   48:                0x0 - <unknown>
[INFO] [stdout] 
[INFO] [stdout] ---- evaluations::tests::query stdout ----
[INFO] [stdout] [src/evaluations.rs:443:9] &query_encoded = [
[INFO] [stdout]     0,
[INFO] [stdout]     0,
[INFO] [stdout]     0,
[INFO] [stdout]     1,
[INFO] [stdout]     0,
[INFO] [stdout]     1,
[INFO] [stdout]     0,
[INFO] [stdout]     1,
[INFO] [stdout] ]
[INFO] [stdout] thread 'evaluations::tests::query' panicked at src/rq.rs:42:9:
[INFO] [stdout] assertion failed: exponent & 1 == 1
[INFO] [stdout] stack backtrace:
[INFO] [stdout]    0:     0x5cdb6b46943a - std::backtrace_rs::backtrace::libunwind::trace::h207520d6e9873551
[INFO] [stdout]                                at /rustc/df4ca44d3fbc9301ee17f30f4d474e6ae4b05252/library/std/src/../../backtrace/src/backtrace/libunwind.rs:116:5
[INFO] [stdout]    1:     0x5cdb6b46943a - std::backtrace_rs::backtrace::trace_unsynchronized::h2ed7433f370e3eca
[INFO] [stdout]                                at /rustc/df4ca44d3fbc9301ee17f30f4d474e6ae4b05252/library/std/src/../../backtrace/src/backtrace/mod.rs:66:5
[INFO] [stdout]    2:     0x5cdb6b46943a - std::sys::backtrace::_print_fmt::h916fac51166b18d7
[INFO] [stdout]                                at /rustc/df4ca44d3fbc9301ee17f30f4d474e6ae4b05252/library/std/src/sys/backtrace.rs:66:9
[INFO] [stdout]    3:     0x5cdb6b46943a - <std::sys::backtrace::BacktraceLock::print::DisplayBacktrace as core::fmt::Display>::fmt::ha0a4c9b8ce3802e6
[INFO] [stdout]                                at /rustc/df4ca44d3fbc9301ee17f30f4d474e6ae4b05252/library/std/src/sys/backtrace.rs:39:26
[INFO] [stdout]    4:     0x5cdb6b490023 - core::fmt::rt::Argument::fmt::h4cfc8587d52b3eb5
[INFO] [stdout]                                at /rustc/df4ca44d3fbc9301ee17f30f4d474e6ae4b05252/library/core/src/fmt/rt.rs:177:76
[INFO] [stdout]    5:     0x5cdb6b490023 - core::fmt::write::h522cc39e5b36ae9f
[INFO] [stdout]                                at /rustc/df4ca44d3fbc9301ee17f30f4d474e6ae4b05252/library/core/src/fmt/mod.rs:1190:21
[INFO] [stdout]    6:     0x5cdb6b4660a3 - std::io::Write::write_fmt::h7d3c26752da97734
[INFO] [stdout]                                at /rustc/df4ca44d3fbc9301ee17f30f4d474e6ae4b05252/library/std/src/io/mod.rs:1839:15
[INFO] [stdout]    7:     0x5cdb6b469282 - std::sys::backtrace::BacktraceLock::print::h4b9e00b29e9c0942
[INFO] [stdout]                                at /rustc/df4ca44d3fbc9301ee17f30f4d474e6ae4b05252/library/std/src/sys/backtrace.rs:42:9
[INFO] [stdout]    8:     0x5cdb6b46a8ca - std::panicking::default_hook::{{closure}}::hb59b88280d0324d9
[INFO] [stdout]                                at /rustc/df4ca44d3fbc9301ee17f30f4d474e6ae4b05252/library/std/src/panicking.rs:268:22
[INFO] [stdout]    9:     0x5cdb6b46a6d4 - std::panicking::default_hook::he1dd496665be4a29
[INFO] [stdout]                                at /rustc/df4ca44d3fbc9301ee17f30f4d474e6ae4b05252/library/std/src/panicking.rs:292:9
[INFO] [stdout]   10:     0x5cdb6b3a74e9 - <alloc::boxed::Box<F,A> as core::ops::function::Fn<Args>>::call::h4ff71de18744e1dc
[INFO] [stdout]                                at /rustc/df4ca44d3fbc9301ee17f30f4d474e6ae4b05252/library/alloc/src/boxed.rs:2468:9
[INFO] [stdout]   11:     0x5cdb6b3a74e9 - test::test_main::{{closure}}::hcf7c055ce117aa81
[INFO] [stdout]                                at /rustc/df4ca44d3fbc9301ee17f30f4d474e6ae4b05252/library/test/src/lib.rs:133:21
[INFO] [stdout]   12:     0x5cdb6b46afc8 - <alloc::boxed::Box<F,A> as core::ops::function::Fn<Args>>::call::h1d66c6bbd60c9692
[INFO] [stdout]                                at /rustc/df4ca44d3fbc9301ee17f30f4d474e6ae4b05252/library/alloc/src/boxed.rs:2468:9
[INFO] [stdout]   13:     0x5cdb6b46afc8 - std::panicking::rust_panic_with_hook::h2ff17fe8f26dfcf8
[INFO] [stdout]                                at /rustc/df4ca44d3fbc9301ee17f30f4d474e6ae4b05252/library/std/src/panicking.rs:809:13
[INFO] [stdout]   14:     0x5cdb6b46ad56 - std::panicking::begin_panic_handler::{{closure}}::h4fad77951c07e101
[INFO] [stdout]                                at /rustc/df4ca44d3fbc9301ee17f30f4d474e6ae4b05252/library/std/src/panicking.rs:667:13
[INFO] [stdout]   15:     0x5cdb6b469919 - std::sys::backtrace::__rust_end_short_backtrace::hb1a25b3da5d0ea08
[INFO] [stdout]                                at /rustc/df4ca44d3fbc9301ee17f30f4d474e6ae4b05252/library/std/src/sys/backtrace.rs:170:18
[INFO] [stdout]   16:     0x5cdb6b46aa1c - rust_begin_unwind
[INFO] [stdout]                                at /rustc/df4ca44d3fbc9301ee17f30f4d474e6ae4b05252/library/std/src/panicking.rs:665:5
[INFO] [stdout]   17:     0x5cdb6b48e9c0 - core::panicking::panic_fmt::ha9db07b529f9b256
[INFO] [stdout]                                at /rustc/df4ca44d3fbc9301ee17f30f4d474e6ae4b05252/library/core/src/panicking.rs:75:14
[INFO] [stdout]   18:     0x5cdb6b48ea4c - core::panicking::panic::h993086813d94accc
[INFO] [stdout]                                at /rustc/df4ca44d3fbc9301ee17f30f4d474e6ae4b05252/library/core/src/panicking.rs:152:5
[INFO] [stdout]   19:     0x5cdb6b30cce8 - onion_pir::rq::Substitution::new::h462398e335e6f5c6
[INFO] [stdout]                                at /opt/rustwide/workdir/src/rq.rs:42:9
[INFO] [stdout]   20:     0x5cdb6b34fee4 - onion_pir::evaluations::Evaluation::gen_x_pows::h68c8f010c3d64ff5
[INFO] [stdout]                                at /opt/rustwide/workdir/src/evaluations.rs:309:35
[INFO] [stdout]   21:     0x5cdb6b34ec52 - onion_pir::evaluations::Evaluation::unpack::he56e53697e178ae5
[INFO] [stdout]                                at /opt/rustwide/workdir/src/evaluations.rs:255:22
[INFO] [stdout]   22:     0x5cdb6b34caae - onion_pir::evaluations::Server::decode::hdf648b1a99984f74
[INFO] [stdout]                                at /opt/rustwide/workdir/src/evaluations.rs:117:33
[INFO] [stdout]   23:     0x5cdb6b32c759 - onion_pir::evaluations::tests::query::h1abf893a1d30a041
[INFO] [stdout]                                at /opt/rustwide/workdir/src/evaluations.rs:460:22
[INFO] [stdout]   24:     0x5cdb6b32bd17 - onion_pir::evaluations::tests::query::{{closure}}::h322eaf08e1dfe3be
[INFO] [stdout]                                at /opt/rustwide/workdir/src/evaluations.rs:421:15
[INFO] [stdout]   25:     0x5cdb6b314886 - core::ops::function::FnOnce::call_once::hf18099e9a2b8c98a
[INFO] [stdout]                                at /rustc/df4ca44d3fbc9301ee17f30f4d474e6ae4b05252/library/core/src/ops/function.rs:250:5
[INFO] [stdout]   26:     0x5cdb6b3abdbb - core::ops::function::FnOnce::call_once::h22c3ba5715e93f05
[INFO] [stdout]                                at /rustc/df4ca44d3fbc9301ee17f30f4d474e6ae4b05252/library/core/src/ops/function.rs:250:5
[INFO] [stdout]   27:     0x5cdb6b3abdbb - test::__rust_begin_short_backtrace::h8e82d8113d0da17f
[INFO] [stdout]                                at /rustc/df4ca44d3fbc9301ee17f30f4d474e6ae4b05252/library/test/src/lib.rs:621:18
[INFO] [stdout]   28:     0x5cdb6b3ab737 - test::run_test_in_process::{{closure}}::h33235f4f20b7b7c7
[INFO] [stdout]                                at /rustc/df4ca44d3fbc9301ee17f30f4d474e6ae4b05252/library/test/src/lib.rs:644:60
[INFO] [stdout]   29:     0x5cdb6b3ab737 - <core::panic::unwind_safe::AssertUnwindSafe<F> as core::ops::function::FnOnce<()>>::call_once::hb5043206310c586f
[INFO] [stdout]                                at /rustc/df4ca44d3fbc9301ee17f30f4d474e6ae4b05252/library/core/src/panic/unwind_safe.rs:272:9
[INFO] [stdout]   30:     0x5cdb6b3ab737 - std::panicking::try::do_call::h9ad4731a60ab23e2
[INFO] [stdout]                                at /rustc/df4ca44d3fbc9301ee17f30f4d474e6ae4b05252/library/std/src/panicking.rs:557:40
[INFO] [stdout]   31:     0x5cdb6b3ab737 - std::panicking::try::h3824d23db772a716
[INFO] [stdout]                                at /rustc/df4ca44d3fbc9301ee17f30f4d474e6ae4b05252/library/std/src/panicking.rs:520:19
[INFO] [stdout]   32:     0x5cdb6b3ab737 - std::panic::catch_unwind::h5afd514605fde46b
[INFO] [stdout]                                at /rustc/df4ca44d3fbc9301ee17f30f4d474e6ae4b05252/library/std/src/panic.rs:358:14
[INFO] [stdout]   33:     0x5cdb6b3ab737 - test::run_test_in_process::h0d5cbfa7067d1720
[INFO] [stdout]                                at /rustc/df4ca44d3fbc9301ee17f30f4d474e6ae4b05252/library/test/src/lib.rs:644:27
[INFO] [stdout]   34:     0x5cdb6b3ab737 - test::run_test::{{closure}}::h708eb8872708115d
[INFO] [stdout]                                at /rustc/df4ca44d3fbc9301ee17f30f4d474e6ae4b05252/library/test/src/lib.rs:565:43
[INFO] [stdout]   35:     0x5cdb6b36ee54 - test::run_test::{{closure}}::h392c51cee94713ab
[INFO] [stdout]                                at /rustc/df4ca44d3fbc9301ee17f30f4d474e6ae4b05252/library/test/src/lib.rs:595:41
[INFO] [stdout]   36:     0x5cdb6b36ee54 - std::sys::backtrace::__rust_begin_short_backtrace::h2f40290710935a8b
[INFO] [stdout]                                at /rustc/df4ca44d3fbc9301ee17f30f4d474e6ae4b05252/library/std/src/sys/backtrace.rs:154:18
[INFO] [stdout]   37:     0x5cdb6b3725fe - std::thread::Builder::spawn_unchecked_::{{closure}}::{{closure}}::h3fd968d89053a903
[INFO] [stdout]                                at /rustc/df4ca44d3fbc9301ee17f30f4d474e6ae4b05252/library/std/src/thread/mod.rs:541:17
[INFO] [stdout]   38:     0x5cdb6b3725fe - <core::panic::unwind_safe::AssertUnwindSafe<F> as core::ops::function::FnOnce<()>>::call_once::h743f637ba4229880
[INFO] [stdout]                                at /rustc/df4ca44d3fbc9301ee17f30f4d474e6ae4b05252/library/core/src/panic/unwind_safe.rs:272:9
[INFO] [stdout]   39:     0x5cdb6b3725fe - std::panicking::try::do_call::h07440897322525a6
[INFO] [stdout]                                at /rustc/df4ca44d3fbc9301ee17f30f4d474e6ae4b05252/library/std/src/panicking.rs:557:40
[INFO] [stdout]   40:     0x5cdb6b3725fe - std::panicking::try::he5a2e00188156637
[INFO] [stdout]                                at /rustc/df4ca44d3fbc9301ee17f30f4d474e6ae4b05252/library/std/src/panicking.rs:520:19
[INFO] [stdout]   41:     0x5cdb6b3725fe - std::panic::catch_unwind::hbaf3cae49b3c6433
[INFO] [stdout]                                at /rustc/df4ca44d3fbc9301ee17f30f4d474e6ae4b05252/library/std/src/panic.rs:358:14
[INFO] [stdout]   42:     0x5cdb6b3725fe - std::thread::Builder::spawn_unchecked_::{{closure}}::h8e141ea224820bce
[INFO] [stdout]                                at /rustc/df4ca44d3fbc9301ee17f30f4d474e6ae4b05252/library/std/src/thread/mod.rs:540:30
[INFO] [stdout]   43:     0x5cdb6b3725fe - core::ops::function::FnOnce::call_once{{vtable.shim}}::h90d312fedd7b8ea8
[INFO] [stdout]                                at /rustc/df4ca44d3fbc9301ee17f30f4d474e6ae4b05252/library/core/src/ops/function.rs:250:5
[INFO] [stdout]   44:     0x5cdb6b46edbb - <alloc::boxed::Box<F,A> as core::ops::function::FnOnce<Args>>::call_once::h69aa08ddb6adb8b6
[INFO] [stdout]                                at /rustc/df4ca44d3fbc9301ee17f30f4d474e6ae4b05252/library/alloc/src/boxed.rs:2454:9
[INFO] [stdout]   45:     0x5cdb6b46edbb - <alloc::boxed::Box<F,A> as core::ops::function::FnOnce<Args>>::call_once::h5aa36efdb79c806f
[INFO] [stdout]                                at /rustc/df4ca44d3fbc9301ee17f30f4d474e6ae4b05252/library/alloc/src/boxed.rs:2454:9
[INFO] [stdout]   46:     0x5cdb6b46edbb - std::sys::pal::unix::thread::Thread::new::thread_start::h6cd80a1b4be5158d
[INFO] [stdout]                                at /rustc/df4ca44d3fbc9301ee17f30f4d474e6ae4b05252/library/std/src/sys/pal/unix/thread.rs:105:17
[INFO] [stdout]   47:     0x706851a3fac3 - <unknown>
[INFO] [stdout]   48:     0x706851ad0a04 - clone
[INFO] [stdout]   49:                0x0 - <unknown>
[INFO] [stdout] 
[INFO] [stdout] ---- evaluations::tests::client_encode stdout ----
[INFO] [stdout] [src/evaluations.rs:484:9] &query = [
[INFO] [stdout]     0,
[INFO] [stdout]     0,
[INFO] [stdout]     0,
[INFO] [stdout]     1,
[INFO] [stdout]     1,
[INFO] [stdout]     0,
[INFO] [stdout]     0,
[INFO] [stdout]     0,
[INFO] [stdout]     1,
[INFO] [stdout]     0,
[INFO] [stdout]     0,
[INFO] [stdout]     0,
[INFO] [stdout] ]
[INFO] [stdout] thread 'evaluations::tests::client_encode' panicked at src/rq.rs:42:9:
[INFO] [stdout] assertion failed: exponent & 1 == 1
[INFO] [stdout] stack backtrace:
[INFO] [stdout]    0:     0x5cdb6b46943a - std::backtrace_rs::backtrace::libunwind::trace::h207520d6e9873551
[INFO] [stdout]                                at /rustc/df4ca44d3fbc9301ee17f30f4d474e6ae4b05252/library/std/src/../../backtrace/src/backtrace/libunwind.rs:116:5
[INFO] [stdout]    1:     0x5cdb6b46943a - std::backtrace_rs::backtrace::trace_unsynchronized::h2ed7433f370e3eca
[INFO] [stdout]                                at /rustc/df4ca44d3fbc9301ee17f30f4d474e6ae4b05252/library/std/src/../../backtrace/src/backtrace/mod.rs:66:5
[INFO] [stdout]    2:     0x5cdb6b46943a - std::sys::backtrace::_print_fmt::h916fac51166b18d7
[INFO] [stdout]                                at /rustc/df4ca44d3fbc9301ee17f30f4d474e6ae4b05252/library/std/src/sys/backtrace.rs:66:9
[INFO] [stdout]    3:     0x5cdb6b46943a - <std::sys::backtrace::BacktraceLock::print::DisplayBacktrace as core::fmt::Display>::fmt::ha0a4c9b8ce3802e6
[INFO] [stdout]                                at /rustc/df4ca44d3fbc9301ee17f30f4d474e6ae4b05252/library/std/src/sys/backtrace.rs:39:26
[INFO] [stdout]    4:     0x5cdb6b490023 - core::fmt::rt::Argument::fmt::h4cfc8587d52b3eb5
[INFO] [stdout]                                at /rustc/df4ca44d3fbc9301ee17f30f4d474e6ae4b05252/library/core/src/fmt/rt.rs:177:76
[INFO] [stdout]    5:     0x5cdb6b490023 - core::fmt::write::h522cc39e5b36ae9f
[INFO] [stdout]                                at /rustc/df4ca44d3fbc9301ee17f30f4d474e6ae4b05252/library/core/src/fmt/mod.rs:1190:21
[INFO] [stdout]    6:     0x5cdb6b4660a3 - std::io::Write::write_fmt::h7d3c26752da97734
[INFO] [stdout]                                at /rustc/df4ca44d3fbc9301ee17f30f4d474e6ae4b05252/library/std/src/io/mod.rs:1839:15
[INFO] [stdout]    7:     0x5cdb6b469282 - std::sys::backtrace::BacktraceLock::print::h4b9e00b29e9c0942
[INFO] [stdout]                                at /rustc/df4ca44d3fbc9301ee17f30f4d474e6ae4b05252/library/std/src/sys/backtrace.rs:42:9
[INFO] [stdout]    8:     0x5cdb6b46a8ca - std::panicking::default_hook::{{closure}}::hb59b88280d0324d9
[INFO] [stdout]                                at /rustc/df4ca44d3fbc9301ee17f30f4d474e6ae4b05252/library/std/src/panicking.rs:268:22
[INFO] [stdout]    9:     0x5cdb6b46a6d4 - std::panicking::default_hook::he1dd496665be4a29
[INFO] [stdout]                                at /rustc/df4ca44d3fbc9301ee17f30f4d474e6ae4b05252/library/std/src/panicking.rs:292:9
[INFO] [stdout]   10:     0x5cdb6b3a74e9 - <alloc::boxed::Box<F,A> as core::ops::function::Fn<Args>>::call::h4ff71de18744e1dc
[INFO] [stdout]                                at /rustc/df4ca44d3fbc9301ee17f30f4d474e6ae4b05252/library/alloc/src/boxed.rs:2468:9
[INFO] [stdout]   11:     0x5cdb6b3a74e9 - test::test_main::{{closure}}::hcf7c055ce117aa81
[INFO] [stdout]                                at /rustc/df4ca44d3fbc9301ee17f30f4d474e6ae4b05252/library/test/src/lib.rs:133:21
[INFO] [stdout]   12:     0x5cdb6b46afc8 - <alloc::boxed::Box<F,A> as core::ops::function::Fn<Args>>::call::h1d66c6bbd60c9692
[INFO] [stdout]                                at /rustc/df4ca44d3fbc9301ee17f30f4d474e6ae4b05252/library/alloc/src/boxed.rs:2468:9
[INFO] [stdout]   13:     0x5cdb6b46afc8 - std::panicking::rust_panic_with_hook::h2ff17fe8f26dfcf8
[INFO] [stdout]                                at /rustc/df4ca44d3fbc9301ee17f30f4d474e6ae4b05252/library/std/src/panicking.rs:809:13
[INFO] [stdout]   14:     0x5cdb6b46ad56 - std::panicking::begin_panic_handler::{{closure}}::h4fad77951c07e101
[INFO] [stdout]                                at /rustc/df4ca44d3fbc9301ee17f30f4d474e6ae4b05252/library/std/src/panicking.rs:667:13
[INFO] [stdout]   15:     0x5cdb6b469919 - std::sys::backtrace::__rust_end_short_backtrace::hb1a25b3da5d0ea08
[INFO] [stdout]                                at /rustc/df4ca44d3fbc9301ee17f30f4d474e6ae4b05252/library/std/src/sys/backtrace.rs:170:18
[INFO] [stdout]   16:     0x5cdb6b46aa1c - rust_begin_unwind
[INFO] [stdout]                                at /rustc/df4ca44d3fbc9301ee17f30f4d474e6ae4b05252/library/std/src/panicking.rs:665:5
[INFO] [stdout]   17:     0x5cdb6b48e9c0 - core::panicking::panic_fmt::ha9db07b529f9b256
[INFO] [stdout]                                at /rustc/df4ca44d3fbc9301ee17f30f4d474e6ae4b05252/library/core/src/panicking.rs:75:14
[INFO] [stdout]   18:     0x5cdb6b48ea4c - core::panicking::panic::h993086813d94accc
[INFO] [stdout]                                at /rustc/df4ca44d3fbc9301ee17f30f4d474e6ae4b05252/library/core/src/panicking.rs:152:5
[INFO] [stdout]   19:     0x5cdb6b30cce8 - onion_pir::rq::Substitution::new::h462398e335e6f5c6
[INFO] [stdout]                                at /opt/rustwide/workdir/src/rq.rs:42:9
[INFO] [stdout]   20:     0x5cdb6b34fee4 - onion_pir::evaluations::Evaluation::gen_x_pows::h68c8f010c3d64ff5
[INFO] [stdout]                                at /opt/rustwide/workdir/src/evaluations.rs:309:35
[INFO] [stdout]   21:     0x5cdb6b34ec52 - onion_pir::evaluations::Evaluation::unpack::he56e53697e178ae5
[INFO] [stdout]                                at /opt/rustwide/workdir/src/evaluations.rs:255:22
[INFO] [stdout]   22:     0x5cdb6b32d71e - onion_pir::evaluations::tests::client_encode::h811431e1e5144780
[INFO] [stdout]                                at /opt/rustwide/workdir/src/evaluations.rs:491:19
[INFO] [stdout]   23:     0x5cdb6b32d057 - onion_pir::evaluations::tests::client_encode::{{closure}}::hb0d70a650ab2ebc8
[INFO] [stdout]                                at /opt/rustwide/workdir/src/evaluations.rs:469:23
[INFO] [stdout]   24:     0x5cdb6b314456 - core::ops::function::FnOnce::call_once::h6e186fa4676a5935
[INFO] [stdout]                                at /rustc/df4ca44d3fbc9301ee17f30f4d474e6ae4b05252/library/core/src/ops/function.rs:250:5
[INFO] [stdout]   25:     0x5cdb6b3abdbb - core::ops::function::FnOnce::call_once::h22c3ba5715e93f05
[INFO] [stdout]                                at /rustc/df4ca44d3fbc9301ee17f30f4d474e6ae4b05252/library/core/src/ops/function.rs:250:5
[INFO] [stdout]   26:     0x5cdb6b3abdbb - test::__rust_begin_short_backtrace::h8e82d8113d0da17f
[INFO] [stdout]                                at /rustc/df4ca44d3fbc9301ee17f30f4d474e6ae4b05252/library/test/src/lib.rs:621:18
[INFO] [stdout]   27:     0x5cdb6b3ab737 - test::run_test_in_process::{{closure}}::h33235f4f20b7b7c7
[INFO] [stdout]                                at /rustc/df4ca44d3fbc9301ee17f30f4d474e6ae4b05252/library/test/src/lib.rs:644:60
[INFO] [stdout]   28:     0x5cdb6b3ab737 - <core::panic::unwind_safe::AssertUnwindSafe<F> as core::ops::function::FnOnce<()>>::call_once::hb5043206310c586f
[INFO] [stdout]                                at /rustc/df4ca44d3fbc9301ee17f30f4d474e6ae4b05252/library/core/src/panic/unwind_safe.rs:272:9
[INFO] [stdout]   29:     0x5cdb6b3ab737 - std::panicking::try::do_call::h9ad4731a60ab23e2
[INFO] [stdout]                                at /rustc/df4ca44d3fbc9301ee17f30f4d474e6ae4b05252/library/std/src/panicking.rs:557:40
[INFO] [stdout]   30:     0x5cdb6b3ab737 - std::panicking::try::h3824d23db772a716
[INFO] [stdout]                                at /rustc/df4ca44d3fbc9301ee17f30f4d474e6ae4b05252/library/std/src/panicking.rs:520:19
[INFO] [stdout]   31:     0x5cdb6b3ab737 - std::panic::catch_unwind::h5afd514605fde46b
[INFO] [stdout]                                at /rustc/df4ca44d3fbc9301ee17f30f4d474e6ae4b05252/library/std/src/panic.rs:358:14
[INFO] [stdout]   32:     0x5cdb6b3ab737 - test::run_test_in_process::h0d5cbfa7067d1720
[INFO] [stdout]                                at /rustc/df4ca44d3fbc9301ee17f30f4d474e6ae4b05252/library/test/src/lib.rs:644:27
[INFO] [stdout]   33:     0x5cdb6b3ab737 - test::run_test::{{closure}}::h708eb8872708115d
[INFO] [stdout]                                at /rustc/df4ca44d3fbc9301ee17f30f4d474e6ae4b05252/library/test/src/lib.rs:565:43
[INFO] [stdout]   34:     0x5cdb6b36ee54 - test::run_test::{{closure}}::h392c51cee94713ab
[INFO] [stdout]                                at /rustc/df4ca44d3fbc9301ee17f30f4d474e6ae4b05252/library/test/src/lib.rs:595:41
[INFO] [stdout]   35:     0x5cdb6b36ee54 - std::sys::backtrace::__rust_begin_short_backtrace::h2f40290710935a8b
[INFO] [stdout]                                at /rustc/df4ca44d3fbc9301ee17f30f4d474e6ae4b05252/library/std/src/sys/backtrace.rs:154:18
[INFO] [stdout]   36:     0x5cdb6b3725fe - std::thread::Builder::spawn_unchecked_::{{closure}}::{{closure}}::h3fd968d89053a903
[INFO] [stdout]                                at /rustc/df4ca44d3fbc9301ee17f30f4d474e6ae4b05252/library/std/src/thread/mod.rs:541:17
[INFO] [stdout]   37:     0x5cdb6b3725fe - <core::panic::unwind_safe::AssertUnwindSafe<F> as core::ops::function::FnOnce<()>>::call_once::h743f637ba4229880
[INFO] [stdout]                                at /rustc/df4ca44d3fbc9301ee17f30f4d474e6ae4b05252/library/core/src/panic/unwind_safe.rs:272:9
[INFO] [stdout]   38:     0x5cdb6b3725fe - std::panicking::try::do_call::h07440897322525a6
[INFO] [stdout]                                at /rustc/df4ca44d3fbc9301ee17f30f4d474e6ae4b05252/library/std/src/panicking.rs:557:40
[INFO] [stdout]   39:     0x5cdb6b3725fe - std::panicking::try::he5a2e00188156637
[INFO] [stdout]                                at /rustc/df4ca44d3fbc9301ee17f30f4d474e6ae4b05252/library/std/src/panicking.rs:520:19
[INFO] [stdout]   40:     0x5cdb6b3725fe - std::panic::catch_unwind::hbaf3cae49b3c6433
[INFO] [stdout]                                at /rustc/df4ca44d3fbc9301ee17f30f4d474e6ae4b05252/library/std/src/panic.rs:358:14
[INFO] [stdout]   41:     0x5cdb6b3725fe - std::thread::Builder::spawn_unchecked_::{{closure}}::h8e141ea224820bce
[INFO] [stdout]                                at /rustc/df4ca44d3fbc9301ee17f30f4d474e6ae4b05252/library/std/src/thread/mod.rs:540:30
[INFO] [stdout]   42:     0x5cdb6b3725fe - core::ops::function::FnOnce::call_once{{vtable.shim}}::h90d312fedd7b8ea8
[INFO] [stdout]                                at /rustc/df4ca44d3fbc9301ee17f30f4d474e6ae4b05252/library/core/src/ops/function.rs:250:5
[INFO] [stdout]   43:     0x5cdb6b46edbb - <alloc::boxed::Box<F,A> as core::ops::function::FnOnce<Args>>::call_once::h69aa08ddb6adb8b6
[INFO] [stdout]                                at /rustc/df4ca44d3fbc9301ee17f30f4d474e6ae4b05252/library/alloc/src/boxed.rs:2454:9
[INFO] [stdout]   44:     0x5cdb6b46edbb - <alloc::boxed::Box<F,A> as core::ops::function::FnOnce<Args>>::call_once::h5aa36efdb79c806f
[INFO] [stdout]                                at /rustc/df4ca44d3fbc9301ee17f30f4d474e6ae4b05252/library/alloc/src/boxed.rs:2454:9
[INFO] [stdout]   45:     0x5cdb6b46edbb - std::sys::pal::unix::thread::Thread::new::thread_start::h6cd80a1b4be5158d
[INFO] [stdout]                                at /rustc/df4ca44d3fbc9301ee17f30f4d474e6ae4b05252/library/std/src/sys/pal/unix/thread.rs:105:17
[INFO] [stdout]   46:     0x706851a3fac3 - <unknown>
[INFO] [stdout]   47:     0x706851ad0a04 - clone
[INFO] [stdout]   48:                0x0 - <unknown>
[INFO] [stdout] 
[INFO] [stdout] 
[INFO] [stdout] failures:
[INFO] [stdout]     bfv::tests::encrypt_decrypt
[INFO] [stdout]     evaluations::tests::client_encode
[INFO] [stdout]     evaluations::tests::pack_and_construct_rgsw
[INFO] [stdout]     evaluations::tests::query
[INFO] [stdout]     evaluations::tests::unpack
[INFO] [stdout]     evaluations::tests::unpack_decomp
[INFO] [stdout] 
[INFO] [stdout] test result: FAILED. 18 passed; 6 failed; 0 ignored; 0 measured; 0 filtered out; finished in 54.45s
[INFO] [stdout] 
[INFO] [stderr] error: test failed, to rerun pass `--lib`
[INFO] running `Command { std: "docker" "inspect" "160e40792a2691e870aa03efac4236d4802114571e9ee58eb6630d9c50ea467e", kill_on_drop: false }`
[INFO] running `Command { std: "docker" "rm" "-f" "160e40792a2691e870aa03efac4236d4802114571e9ee58eb6630d9c50ea467e", kill_on_drop: false }`
[INFO] [stdout] 160e40792a2691e870aa03efac4236d4802114571e9ee58eb6630d9c50ea467e
