[INFO] cloning repository https://github.com/JackSpagnoli/advent_of_code_2023
[INFO] running `Command { std: "git" "-c" "credential.helper=" "-c" "credential.helper=/workspace/cargo-home/bin/git-credential-null" "clone" "--bare" "https://github.com/JackSpagnoli/advent_of_code_2023" "/workspace/cache/git-repos/https%3A%2F%2Fgithub.com%2FJackSpagnoli%2Fadvent_of_code_2023", kill_on_drop: false }`
[INFO] [stderr] Cloning into bare repository '/workspace/cache/git-repos/https%3A%2F%2Fgithub.com%2FJackSpagnoli%2Fadvent_of_code_2023'...
[INFO] running `Command { std: "git" "rev-parse" "HEAD", kill_on_drop: false }`
[INFO] [stdout] 48920b9f224271192fb1e1e7cf0be4b791cf031e
[INFO] testing JackSpagnoli/advent_of_code_2023/48920b9f224271192fb1e1e7cf0be4b791cf031e against nightly-2024-10-28+rustflags=-Zrandomize-layout for randomize-layout
[INFO] running `Command { std: "git" "clone" "/workspace/cache/git-repos/https%3A%2F%2Fgithub.com%2FJackSpagnoli%2Fadvent_of_code_2023" "/workspace/builds/worker-1-tc2/source", kill_on_drop: false }`
[INFO] [stderr] Cloning into '/workspace/builds/worker-1-tc2/source'...
[INFO] [stderr] done.
[INFO] validating manifest of git repo https://github.com/JackSpagnoli/advent_of_code_2023 on toolchain nightly-2024-10-28
[INFO] running `Command { std: CARGO_HOME="/workspace/cargo-home" RUSTUP_HOME="/workspace/rustup-home" "/workspace/cargo-home/bin/cargo" "+nightly-2024-10-28" "metadata" "--manifest-path" "Cargo.toml" "--no-deps", kill_on_drop: false }`
[INFO] started tweaking git repo https://github.com/JackSpagnoli/advent_of_code_2023
[INFO] finished tweaking git repo https://github.com/JackSpagnoli/advent_of_code_2023
[INFO] tweaked toml for git repo https://github.com/JackSpagnoli/advent_of_code_2023 written to /workspace/builds/worker-1-tc2/source/Cargo.toml
[INFO] crate git repo https://github.com/JackSpagnoli/advent_of_code_2023 already has a lockfile, it will not be regenerated
[INFO] running `Command { std: CARGO_HOME="/workspace/cargo-home" RUSTUP_HOME="/workspace/rustup-home" "/workspace/cargo-home/bin/cargo" "+nightly-2024-10-28" "fetch" "--manifest-path" "Cargo.toml", kill_on_drop: false }`
[INFO] running `Command { std: "docker" "create" "-v" "/var/lib/crater-agent-workspace/builds/worker-1-tc2/target:/opt/rustwide/target:rw,Z" "-v" "/var/lib/crater-agent-workspace/builds/worker-1-tc2/source:/opt/rustwide/workdir:ro,Z" "-v" "/var/lib/crater-agent-workspace/cargo-home:/opt/rustwide/cargo-home:ro,Z" "-v" "/var/lib/crater-agent-workspace/rustup-home:/opt/rustwide/rustup-home:ro,Z" "-e" "SOURCE_DIR=/opt/rustwide/workdir" "-e" "CARGO_TARGET_DIR=/opt/rustwide/target" "-e" "CARGO_HOME=/opt/rustwide/cargo-home" "-e" "RUSTUP_HOME=/opt/rustwide/rustup-home" "-w" "/opt/rustwide/workdir" "-m" "1610612736" "--user" "0:0" "--network" "none" "ghcr.io/rust-lang/crates-build-env/linux@sha256:4a844ea9eb2546a2d2c7022eacef16ef2e8229c7fbb2c7d4d55a9ceca922f72d" "/opt/rustwide/cargo-home/bin/cargo" "+nightly-2024-10-28" "metadata" "--no-deps" "--format-version=1", kill_on_drop: false }`
[INFO] [stdout] 4fc505bce680cd6f54dfed50cfaac4d21a1f912823fc821f32409dedf596e991
[INFO] running `Command { std: "docker" "start" "-a" "4fc505bce680cd6f54dfed50cfaac4d21a1f912823fc821f32409dedf596e991", kill_on_drop: false }`
[INFO] running `Command { std: "docker" "inspect" "4fc505bce680cd6f54dfed50cfaac4d21a1f912823fc821f32409dedf596e991", kill_on_drop: false }`
[INFO] running `Command { std: "docker" "rm" "-f" "4fc505bce680cd6f54dfed50cfaac4d21a1f912823fc821f32409dedf596e991", kill_on_drop: false }`
[INFO] [stdout] 4fc505bce680cd6f54dfed50cfaac4d21a1f912823fc821f32409dedf596e991
[INFO] running `Command { std: "docker" "create" "-v" "/var/lib/crater-agent-workspace/builds/worker-1-tc2/target:/opt/rustwide/target:rw,Z" "-v" "/var/lib/crater-agent-workspace/builds/worker-1-tc2/source:/opt/rustwide/workdir:ro,Z" "-v" "/var/lib/crater-agent-workspace/cargo-home:/opt/rustwide/cargo-home:ro,Z" "-v" "/var/lib/crater-agent-workspace/rustup-home:/opt/rustwide/rustup-home:ro,Z" "-e" "SOURCE_DIR=/opt/rustwide/workdir" "-e" "CARGO_TARGET_DIR=/opt/rustwide/target" "-e" "CARGO_INCREMENTAL=0" "-e" "RUST_BACKTRACE=full" "-e" "RUSTFLAGS=--cap-lints=forbid -Zrandomize-layout" "-e" "RUSTDOCFLAGS=--cap-lints=forbid" "-e" "CARGO_HOME=/opt/rustwide/cargo-home" "-e" "RUSTUP_HOME=/opt/rustwide/rustup-home" "-w" "/opt/rustwide/workdir" "-m" "1610612736" "--user" "0:0" "--network" "none" "ghcr.io/rust-lang/crates-build-env/linux@sha256:4a844ea9eb2546a2d2c7022eacef16ef2e8229c7fbb2c7d4d55a9ceca922f72d" "/opt/rustwide/cargo-home/bin/cargo" "+nightly-2024-10-28" "build" "--frozen" "--message-format=json", kill_on_drop: false }`
[INFO] [stdout] b8611a57e1234f7c9897561d428effeed87e4dcb07662cce37b192a455d93953
[INFO] running `Command { std: "docker" "start" "-a" "b8611a57e1234f7c9897561d428effeed87e4dcb07662cce37b192a455d93953", kill_on_drop: false }`
[INFO] [stderr]    Compiling autocfg v1.1.0
[INFO] [stderr]    Compiling proc-macro2 v1.0.70
[INFO] [stderr]    Compiling unicode-ident v1.0.12
[INFO] [stderr]    Compiling paste v1.0.14
[INFO] [stderr]    Compiling semver v1.0.20
[INFO] [stderr]    Compiling bytemuck v1.14.0
[INFO] [stderr]    Compiling syn v1.0.109
[INFO] [stderr]    Compiling hashbrown v0.14.3
[INFO] [stderr]    Compiling thiserror v1.0.50
[INFO] [stderr]    Compiling safe_arch v0.7.1
[INFO] [stderr]    Compiling memchr v2.6.4
[INFO] [stderr]    Compiling typenum v1.17.0
[INFO] [stderr]    Compiling equivalent v1.0.1
[INFO] [stderr]    Compiling num-traits v0.2.17
[INFO] [stderr]    Compiling num-integer v0.1.45
[INFO] [stderr]    Compiling num-bigint v0.4.4
[INFO] [stderr]    Compiling num-rational v0.4.1
[INFO] [stderr]    Compiling num-iter v0.1.43
[INFO] [stderr]    Compiling matrixmultiply v0.3.8
[INFO] [stderr]    Compiling quote v1.0.33
[INFO] [stderr]    Compiling aho-corasick v1.1.2
[INFO] [stderr]    Compiling indexmap v2.1.0
[INFO] [stderr]    Compiling wide v0.7.13
[INFO] [stderr]    Compiling substring v1.4.5
[INFO] [stderr]    Compiling syn v2.0.39
[INFO] [stderr]    Compiling regex-syntax v0.8.2
[INFO] [stderr]    Compiling fixedbitset v0.4.2
[INFO] [stderr]    Compiling rawpointer v0.2.1
[INFO] [stderr]    Compiling num-complex v0.4.4
[INFO] [stderr]    Compiling approx v0.5.1
[INFO] [stderr]    Compiling integer-sqrt v0.1.5
[INFO] [stderr]    Compiling simba v0.8.1
[INFO] [stderr]    Compiling rustc-hash v1.1.0
[INFO] [stderr]    Compiling either v1.9.0
[INFO] [stderr]    Compiling itertools v0.12.0
[INFO] [stderr]    Compiling petgraph v0.6.4
[INFO] [stderr]    Compiling thiserror-impl v1.0.50
[INFO] [stderr]    Compiling deprecate-until v0.1.1
[INFO] [stderr]    Compiling num v0.4.1
[INFO] [stderr]    Compiling regex-automata v0.4.3
[INFO] [stderr]    Compiling fraction v0.14.0
[INFO] [stderr]    Compiling json v0.12.4
[INFO] [stderr]    Compiling pathfinding v4.4.0
[INFO] [stderr]    Compiling nalgebra-macros v0.2.1
[INFO] [stderr]    Compiling regex v1.10.2
[INFO] [stderr]    Compiling nalgebra v0.32.3
[INFO] [stderr]    Compiling advent-of-code v0.1.0 (/opt/rustwide/workdir)
[INFO] [stderr]     Finished `dev` profile [unoptimized + debuginfo] target(s) in 12.61s
[INFO] running `Command { std: "docker" "inspect" "b8611a57e1234f7c9897561d428effeed87e4dcb07662cce37b192a455d93953", kill_on_drop: false }`
[INFO] running `Command { std: "docker" "rm" "-f" "b8611a57e1234f7c9897561d428effeed87e4dcb07662cce37b192a455d93953", kill_on_drop: false }`
[INFO] [stdout] b8611a57e1234f7c9897561d428effeed87e4dcb07662cce37b192a455d93953
[INFO] running `Command { std: "docker" "create" "-v" "/var/lib/crater-agent-workspace/builds/worker-1-tc2/target:/opt/rustwide/target:rw,Z" "-v" "/var/lib/crater-agent-workspace/builds/worker-1-tc2/source:/opt/rustwide/workdir:ro,Z" "-v" "/var/lib/crater-agent-workspace/cargo-home:/opt/rustwide/cargo-home:ro,Z" "-v" "/var/lib/crater-agent-workspace/rustup-home:/opt/rustwide/rustup-home:ro,Z" "-e" "SOURCE_DIR=/opt/rustwide/workdir" "-e" "CARGO_TARGET_DIR=/opt/rustwide/target" "-e" "CARGO_INCREMENTAL=0" "-e" "RUST_BACKTRACE=full" "-e" "RUSTFLAGS=--cap-lints=forbid -Zrandomize-layout" "-e" "RUSTDOCFLAGS=--cap-lints=forbid" "-e" "CARGO_HOME=/opt/rustwide/cargo-home" "-e" "RUSTUP_HOME=/opt/rustwide/rustup-home" "-w" "/opt/rustwide/workdir" "-m" "1610612736" "--user" "0:0" "--network" "none" "ghcr.io/rust-lang/crates-build-env/linux@sha256:4a844ea9eb2546a2d2c7022eacef16ef2e8229c7fbb2c7d4d55a9ceca922f72d" "/opt/rustwide/cargo-home/bin/cargo" "+nightly-2024-10-28" "test" "--frozen" "--no-run" "--message-format=json", kill_on_drop: false }`
[INFO] [stdout] 0a971ef621fbcb8a10b13f4bf4251c6e747e533b593fb1bbcd4fee8d0f911515
[INFO] running `Command { std: "docker" "start" "-a" "0a971ef621fbcb8a10b13f4bf4251c6e747e533b593fb1bbcd4fee8d0f911515", kill_on_drop: false }`
[INFO] [stderr]    Compiling advent-of-code v0.1.0 (/opt/rustwide/workdir)
[INFO] [stderr]     Finished `test` profile [unoptimized + debuginfo] target(s) in 1.80s
[INFO] running `Command { std: "docker" "inspect" "0a971ef621fbcb8a10b13f4bf4251c6e747e533b593fb1bbcd4fee8d0f911515", kill_on_drop: false }`
[INFO] running `Command { std: "docker" "rm" "-f" "0a971ef621fbcb8a10b13f4bf4251c6e747e533b593fb1bbcd4fee8d0f911515", kill_on_drop: false }`
[INFO] [stdout] 0a971ef621fbcb8a10b13f4bf4251c6e747e533b593fb1bbcd4fee8d0f911515
[INFO] running `Command { std: "docker" "create" "-v" "/var/lib/crater-agent-workspace/builds/worker-1-tc2/target:/opt/rustwide/target:rw,Z" "-v" "/var/lib/crater-agent-workspace/builds/worker-1-tc2/source:/opt/rustwide/workdir:ro,Z" "-v" "/var/lib/crater-agent-workspace/cargo-home:/opt/rustwide/cargo-home:ro,Z" "-v" "/var/lib/crater-agent-workspace/rustup-home:/opt/rustwide/rustup-home:ro,Z" "-e" "SOURCE_DIR=/opt/rustwide/workdir" "-e" "CARGO_TARGET_DIR=/opt/rustwide/target" "-e" "CARGO_INCREMENTAL=0" "-e" "RUST_BACKTRACE=full" "-e" "RUSTFLAGS=--cap-lints=forbid -Zrandomize-layout" "-e" "RUSTDOCFLAGS=--cap-lints=forbid" "-e" "CARGO_HOME=/opt/rustwide/cargo-home" "-e" "RUSTUP_HOME=/opt/rustwide/rustup-home" "-w" "/opt/rustwide/workdir" "-m" "1610612736" "--user" "0:0" "--network" "none" "ghcr.io/rust-lang/crates-build-env/linux@sha256:4a844ea9eb2546a2d2c7022eacef16ef2e8229c7fbb2c7d4d55a9ceca922f72d" "/opt/rustwide/cargo-home/bin/cargo" "+nightly-2024-10-28" "test" "--frozen", kill_on_drop: false }`
[INFO] [stdout] 35c393374ba46691976d94fa46fa21790c63bca0c51bd45a5301b9cbad00ebeb
[INFO] running `Command { std: "docker" "start" "-a" "35c393374ba46691976d94fa46fa21790c63bca0c51bd45a5301b9cbad00ebeb", kill_on_drop: false }`
[INFO] [stderr]     Finished `test` profile [unoptimized + debuginfo] target(s) in 0.03s
[INFO] [stderr]      Running unittests src/lib.rs (/opt/rustwide/target/debug/deps/advent_of_code-55171685d71269fe)
[INFO] [stdout] 
[INFO] [stdout] running 102 tests
[INFO] [stdout] test year2022::day02::tests::test_total_updated_score ... ok
[INFO] [stdout] test year2022::day02::tests::test_total_score ... ok
[INFO] [stdout] test year2023::day01::test::test_calc_calibration_values ... ok
[INFO] [stdout] test year2023::day01::test::test_line_parsing ... ok
[INFO] [stdout] test year2023::day01::test::test_calc_calibration_values_with_words ... ok
[INFO] [stdout] test year2023::day02::test::test_draw_power ... ok
[INFO] [stdout] test year2023::day02::test::test_min_possible_cubes ... ok
[INFO] [stdout] test year2023::day03::test::test_parse_line ... ok
[INFO] [stdout] test year2023::day03::test::test_parse_line_symbols ... ok
[INFO] [stdout] test year2023::day02::test::test_parse_draw ... ok
[INFO] [stdout] test year2023::day03::test::test_filter_engine_parts ... ok
[INFO] [stdout] test year2023::day03::test::test_parse_lines ... ok
[INFO] [stdout] test year2023::day02::test::test_parse_line ... ok
[INFO] [stdout] test year2023::day04::test::test_matching_numbers_count ... ok
[INFO] [stdout] test year2023::day04::test::test_line_points ... ok
[INFO] [stdout] test year2023::day04::test::test_parse_line ... ok
[INFO] [stdout] test year2023::day04::test::test_parse_line_singles ... ok
[INFO] [stdout] test year2023::day04::test::test_sum_copies ... ok
[INFO] [stdout] test year2023::day04::test::test_sum_points ... ok
[INFO] [stdout] test year2023::day05::test::test_apply_map ... ok
[INFO] [stdout] test year2023::day05::test::test_lowest_location_number ... ok
[INFO] [stdout] test year2023::day05::test::test_lowest_location_number_from_range ... ok
[INFO] [stdout] test year2023::day05::test::test_parse_map ... ok
[INFO] [stdout] test year2023::day06::tests::test_find_distance ... ok
[INFO] [stdout] test year2023::day03::test::test_sum_part_numbers ... ok
[INFO] [stdout] test year2023::day06::tests::test_margin_of_error_part_2 ... ok
[INFO] [stdout] test year2023::day06::tests::test_ways_of_winning ... ok
[INFO] [stdout] test year2023::day03::test::test_sum_gear_ratios ... ok
[INFO] [stdout] test year2023::day06::tests::test_margin_of_error ... ok
[INFO] [stdout] test year2023::day03::test::test_sum_part_numbers3 ... ok
[INFO] [stdout] test year2023::day07::test::test_hand_with_jokers ... ok
[INFO] [stdout] test year2023::day07::test::test_hand_parse ... ok
[INFO] [stdout] test year2023::day03::test::test_sum_part_numbers2 ... ok
[INFO] [stdout] test year2023::day07::test::test_joker_hand_rank ... ok
[INFO] [stdout] test year2023::day07::test::test_total_winnings ... ok
[INFO] [stdout] test year2023::day07::test::test_total_winnings_with_joker ... ok
[INFO] [stdout] test year2023::day09::tests::test_predict_next ... ok
[INFO] [stdout] test year2023::day09::tests::test_sum_next_terms ... ok
[INFO] [stdout] test year2023::day10::tests::test_contained_area ... ok
[INFO] [stdout] test year2023::day10::tests::test_longest_path ... ok
[INFO] [stdout] test year2023::day11::tests::test_distance ... ok
[INFO] [stdout] test year2023::day11::tests::test_distance2 ... ok
[INFO] [stdout] test year2023::day07::test::test_value_hand ... ok
[INFO] [stdout] test year2023::day11::tests::test_parse_file ... ok
[INFO] [stdout] test year2023::day08::test::test_follow_map ... ok
[INFO] [stdout] test year2023::day08::test::test_follow_ghost_map ... ok
[INFO] [stdout] test year2023::day12::test::test_parse_line ... ok
[INFO] [stdout] test year2023::day07::test::test_order_hands ... ok
[INFO] [stdout] test year2023::day13::tests::test_find_reflection ... ok
[INFO] [stdout] test year2023::day13::tests::test_find_reflection_2 ... ok
[INFO] [stdout] test year2023::day13::tests::test_is_mirror ... ok
[INFO] [stdout] test year2023::day13::tests::test_parse_file ... ok
[INFO] [stdout] test year2023::day13::tests::test_sum_lines_of_reflection ... ok
[INFO] [stdout] test year2023::day13::tests::test_sum_new_lines_of_reflection ... ok
[INFO] [stdout] test year2023::day02::test::test_sum_possible_games ... ok
[INFO] [stdout] test year2023::day14::tests::test_billion_cycles ... ok
[INFO] [stdout] test year2023::day14::tests::test_cycle ... ok
[INFO] [stdout] test year2023::day14::tests::test_parse_file ... ok
[INFO] [stdout] test year2023::day02::test::test_sum_draw_powers ... ok
[INFO] [stdout] test year2023::day14::tests::test_roll_tiles ... ok
[INFO] [stdout] test year2023::day14::tests::test_total_load ... ok
[INFO] [stdout] test year2023::day15::test::test_verification_number ... ok
[INFO] [stdout] test year2023::day08::test::test_parse_map ... ok
[INFO] [stdout] test year2023::day16::tests::test_energized_tiles ... ok
[INFO] [stdout] test year2023::day16::tests::test_highest_energy ... ok
[INFO] [stdout] test year2023::day18::tests::test_contained_area ... ok
[INFO] [stdout] test year2023::day17::tests::test_astar ... ok
[INFO] [stdout] test year2023::day19::tests::test_accepted_parts ... ok
[INFO] [stdout] test year2023::day19::tests::test_accepted_ranges ... ok
[INFO] [stdout] test year2023::day19::tests::test_is_nested_range ... ok
[INFO] [stdout] test year2023::day19::tests::test_parse_part_line ... ok
[INFO] [stdout] test year2023::day19::tests::test_parse_workflow_line ... ok
[INFO] [stdout] test year2023::day19::tests::test_reduce_ranges_1d_overlap ... ok
[INFO] [stdout] test year2023::day19::tests::test_reduce_ranges_2d_nest ... ok
[INFO] [stdout] test year2023::day19::tests::test_reduce_ranges_2d_overlap ... ok
[INFO] [stdout] test year2023::day19::tests::test_remove_nested_ranges ... ok
[INFO] [stdout] test year2023::day17::tests::test_astar_ultra ... ok
[INFO] [stdout] test year2023::day18::tests::test_contained_area_hex ... ok
[INFO] [stdout] test year2023::day20::tests::test_find_critical_modules ... ok
[INFO] [stdout] test year2023::day20::tests::test_find_subnet ... ok
[INFO] [stdout] test year2023::day20::tests::test_parse_modules ... ok
[INFO] [stdout] test year2023::day20::tests::test_push_button ... ok
[INFO] [stdout] test year2023::day21::tests::test_number_of_tiles ... ok
[INFO] [stdout] test year2023::day22::tests::test_chain_reaction ... ok
[INFO] [stdout] test year2023::day22::tests::test_chain_reaction2 ... ok
[INFO] [stdout] test year2023::day22::tests::test_disintegratable_blocks ... ok
[INFO] [stdout] test year2023::day22::tests::test_fall_blocks ... ok
[INFO] [stdout] test year2023::day22::tests::test_sum_chain_reaction ... ok
[INFO] [stdout] test year2023::day23::tests::test_max_distance ... ok
[INFO] [stdout] test year2023::day23::tests::test_max_distance_bidirectional ... ok
[INFO] [stdout] test year2023::day23::tests::test_parse_file ... ok
[INFO] [stdout] test year2023::day15::test::test_perform_operations ... ok
[INFO] [stdout] test year2023::day20::tests::test_count_pulses2 ... ok
[INFO] [stdout] test year2023::day25::tests::test_find_three_cut ... ok
[INFO] [stdout] test year2023::day24::tests::test_find_intersecting_path ... ok
[INFO] [stdout] test year2023::day24::tests::test_intersection_count ... ok
[INFO] [stdout] test year2023::day20::tests::test_count_pulses ... ok
[INFO] [stdout] test year2023::day25::tests::test_parse_file ... FAILED
[INFO] [stdout] test year2023::day12::test::test_number_possible_combinations ... ok
[INFO] [stdout] test year2023::day12::test::test_recursive_solve ... ok
[INFO] [stdout] test year2023::day12::test::test_number_unfolded_possible_combinations ... ok
[INFO] [stdout] test year2023::day12::test::test_unfold_recursive_solve ... ok
[INFO] [stdout] 
[INFO] [stdout] failures:
[INFO] [stdout] 
[INFO] [stdout] ---- year2023::day25::tests::test_parse_file stdout ----
[INFO] [stdout] thread 'year2023::day25::tests::test_parse_file' panicked at src/year2023/day25/mod.rs:147:10:
[INFO] [stdout] called `Result::unwrap()` on an `Err` value: Os { code: 30, kind: ReadOnlyFilesystem, message: "Read-only file system" }
[INFO] [stdout] stack backtrace:
[INFO] [stdout]    0:     0x59f77846a1ba - std::backtrace_rs::backtrace::libunwind::trace::h207520d6e9873551
[INFO] [stdout]                                at /rustc/df4ca44d3fbc9301ee17f30f4d474e6ae4b05252/library/std/src/../../backtrace/src/backtrace/libunwind.rs:116:5
[INFO] [stdout]    1:     0x59f77846a1ba - std::backtrace_rs::backtrace::trace_unsynchronized::h2ed7433f370e3eca
[INFO] [stdout]                                at /rustc/df4ca44d3fbc9301ee17f30f4d474e6ae4b05252/library/std/src/../../backtrace/src/backtrace/mod.rs:66:5
[INFO] [stdout]    2:     0x59f77846a1ba - std::sys::backtrace::_print_fmt::h916fac51166b18d7
[INFO] [stdout]                                at /rustc/df4ca44d3fbc9301ee17f30f4d474e6ae4b05252/library/std/src/sys/backtrace.rs:66:9
[INFO] [stdout]    3:     0x59f77846a1ba - <std::sys::backtrace::BacktraceLock::print::DisplayBacktrace as core::fmt::Display>::fmt::ha0a4c9b8ce3802e6
[INFO] [stdout]                                at /rustc/df4ca44d3fbc9301ee17f30f4d474e6ae4b05252/library/std/src/sys/backtrace.rs:39:26
[INFO] [stdout]    4:     0x59f778492763 - core::fmt::rt::Argument::fmt::h4cfc8587d52b3eb5
[INFO] [stdout]                                at /rustc/df4ca44d3fbc9301ee17f30f4d474e6ae4b05252/library/core/src/fmt/rt.rs:177:76
[INFO] [stdout]    5:     0x59f778492763 - core::fmt::write::h522cc39e5b36ae9f
[INFO] [stdout]                                at /rustc/df4ca44d3fbc9301ee17f30f4d474e6ae4b05252/library/core/src/fmt/mod.rs:1190:21
[INFO] [stdout]    6:     0x59f778466e23 - std::io::Write::write_fmt::h7d3c26752da97734
[INFO] [stdout]                                at /rustc/df4ca44d3fbc9301ee17f30f4d474e6ae4b05252/library/std/src/io/mod.rs:1839:15
[INFO] [stdout]    7:     0x59f77846a002 - std::sys::backtrace::BacktraceLock::print::h4b9e00b29e9c0942
[INFO] [stdout]                                at /rustc/df4ca44d3fbc9301ee17f30f4d474e6ae4b05252/library/std/src/sys/backtrace.rs:42:9
[INFO] [stdout]    8:     0x59f77846b64a - std::panicking::default_hook::{{closure}}::hb59b88280d0324d9
[INFO] [stdout]                                at /rustc/df4ca44d3fbc9301ee17f30f4d474e6ae4b05252/library/std/src/panicking.rs:268:22
[INFO] [stdout]    9:     0x59f77846b454 - std::panicking::default_hook::he1dd496665be4a29
[INFO] [stdout]                                at /rustc/df4ca44d3fbc9301ee17f30f4d474e6ae4b05252/library/std/src/panicking.rs:292:9
[INFO] [stdout]   10:     0x59f778171ce9 - <alloc::boxed::Box<F,A> as core::ops::function::Fn<Args>>::call::h4ff71de18744e1dc
[INFO] [stdout]                                at /rustc/df4ca44d3fbc9301ee17f30f4d474e6ae4b05252/library/alloc/src/boxed.rs:2468:9
[INFO] [stdout]   11:     0x59f778171ce9 - test::test_main::{{closure}}::hcf7c055ce117aa81
[INFO] [stdout]                                at /rustc/df4ca44d3fbc9301ee17f30f4d474e6ae4b05252/library/test/src/lib.rs:133:21
[INFO] [stdout]   12:     0x59f77846bd48 - <alloc::boxed::Box<F,A> as core::ops::function::Fn<Args>>::call::h1d66c6bbd60c9692
[INFO] [stdout]                                at /rustc/df4ca44d3fbc9301ee17f30f4d474e6ae4b05252/library/alloc/src/boxed.rs:2468:9
[INFO] [stdout]   13:     0x59f77846bd48 - std::panicking::rust_panic_with_hook::h2ff17fe8f26dfcf8
[INFO] [stdout]                                at /rustc/df4ca44d3fbc9301ee17f30f4d474e6ae4b05252/library/std/src/panicking.rs:809:13
[INFO] [stdout]   14:     0x59f77846bb0a - std::panicking::begin_panic_handler::{{closure}}::h4fad77951c07e101
[INFO] [stdout]                                at /rustc/df4ca44d3fbc9301ee17f30f4d474e6ae4b05252/library/std/src/panicking.rs:674:13
[INFO] [stdout]   15:     0x59f77846a699 - std::sys::backtrace::__rust_end_short_backtrace::hb1a25b3da5d0ea08
[INFO] [stdout]                                at /rustc/df4ca44d3fbc9301ee17f30f4d474e6ae4b05252/library/std/src/sys/backtrace.rs:170:18
[INFO] [stdout]   16:     0x59f77846b79c - rust_begin_unwind
[INFO] [stdout]                                at /rustc/df4ca44d3fbc9301ee17f30f4d474e6ae4b05252/library/std/src/panicking.rs:665:5
[INFO] [stdout]   17:     0x59f77848fbf0 - core::panicking::panic_fmt::ha9db07b529f9b256
[INFO] [stdout]                                at /rustc/df4ca44d3fbc9301ee17f30f4d474e6ae4b05252/library/core/src/panicking.rs:75:14
[INFO] [stdout]   18:     0x59f778490076 - core::result::unwrap_failed::h5e8218e4d4338b8a
[INFO] [stdout]                                at /rustc/df4ca44d3fbc9301ee17f30f4d474e6ae4b05252/library/core/src/result.rs:1698:5
[INFO] [stdout]   19:     0x59f7780ba287 - core::result::Result<T,E>::unwrap::h226aadb8c34fcaf3
[INFO] [stdout]                                at /rustc/df4ca44d3fbc9301ee17f30f4d474e6ae4b05252/library/core/src/result.rs:1103:23
[INFO] [stdout]   20:     0x59f7780ba287 - advent_of_code::year2023::day25::tests::test_parse_file::ha43601009ce6720c
[INFO] [stdout]                                at /opt/rustwide/workdir/src/year2023/day25/mod.rs:143:9
[INFO] [stdout]   21:     0x59f7780ba0a7 - advent_of_code::year2023::day25::tests::test_parse_file::{{closure}}::h4f4c9f72ec49ee3b
[INFO] [stdout]                                at /opt/rustwide/workdir/src/year2023/day25/mod.rs:138:25
[INFO] [stdout]   22:     0x59f778073376 - core::ops::function::FnOnce::call_once::hd2c2e6da984ef17f
[INFO] [stdout]                                at /rustc/df4ca44d3fbc9301ee17f30f4d474e6ae4b05252/library/core/src/ops/function.rs:250:5
[INFO] [stdout]   23:     0x59f7781765bb - core::ops::function::FnOnce::call_once::h22c3ba5715e93f05
[INFO] [stdout]                                at /rustc/df4ca44d3fbc9301ee17f30f4d474e6ae4b05252/library/core/src/ops/function.rs:250:5
[INFO] [stdout]   24:     0x59f7781765bb - test::__rust_begin_short_backtrace::h8e82d8113d0da17f
[INFO] [stdout]                                at /rustc/df4ca44d3fbc9301ee17f30f4d474e6ae4b05252/library/test/src/lib.rs:621:18
[INFO] [stdout]   25:     0x59f778175f37 - test::run_test_in_process::{{closure}}::h33235f4f20b7b7c7
[INFO] [stdout]                                at /rustc/df4ca44d3fbc9301ee17f30f4d474e6ae4b05252/library/test/src/lib.rs:644:60
[INFO] [stdout]   26:     0x59f778175f37 - <core::panic::unwind_safe::AssertUnwindSafe<F> as core::ops::function::FnOnce<()>>::call_once::hb5043206310c586f
[INFO] [stdout]                                at /rustc/df4ca44d3fbc9301ee17f30f4d474e6ae4b05252/library/core/src/panic/unwind_safe.rs:272:9
[INFO] [stdout]   27:     0x59f778175f37 - std::panicking::try::do_call::h9ad4731a60ab23e2
[INFO] [stdout]                                at /rustc/df4ca44d3fbc9301ee17f30f4d474e6ae4b05252/library/std/src/panicking.rs:557:40
[INFO] [stdout]   28:     0x59f778175f37 - std::panicking::try::h3824d23db772a716
[INFO] [stdout]                                at /rustc/df4ca44d3fbc9301ee17f30f4d474e6ae4b05252/library/std/src/panicking.rs:520:19
[INFO] [stdout]   29:     0x59f778175f37 - std::panic::catch_unwind::h5afd514605fde46b
[INFO] [stdout]                                at /rustc/df4ca44d3fbc9301ee17f30f4d474e6ae4b05252/library/std/src/panic.rs:358:14
[INFO] [stdout]   30:     0x59f778175f37 - test::run_test_in_process::h0d5cbfa7067d1720
[INFO] [stdout]                                at /rustc/df4ca44d3fbc9301ee17f30f4d474e6ae4b05252/library/test/src/lib.rs:644:27
[INFO] [stdout]   31:     0x59f778175f37 - test::run_test::{{closure}}::h708eb8872708115d
[INFO] [stdout]                                at /rustc/df4ca44d3fbc9301ee17f30f4d474e6ae4b05252/library/test/src/lib.rs:565:43
[INFO] [stdout]   32:     0x59f778139654 - test::run_test::{{closure}}::h392c51cee94713ab
[INFO] [stdout]                                at /rustc/df4ca44d3fbc9301ee17f30f4d474e6ae4b05252/library/test/src/lib.rs:595:41
[INFO] [stdout]   33:     0x59f778139654 - std::sys::backtrace::__rust_begin_short_backtrace::h2f40290710935a8b
[INFO] [stdout]                                at /rustc/df4ca44d3fbc9301ee17f30f4d474e6ae4b05252/library/std/src/sys/backtrace.rs:154:18
[INFO] [stdout]   34:     0x59f77813cdfe - std::thread::Builder::spawn_unchecked_::{{closure}}::{{closure}}::h3fd968d89053a903
[INFO] [stdout]                                at /rustc/df4ca44d3fbc9301ee17f30f4d474e6ae4b05252/library/std/src/thread/mod.rs:541:17
[INFO] [stdout]   35:     0x59f77813cdfe - <core::panic::unwind_safe::AssertUnwindSafe<F> as core::ops::function::FnOnce<()>>::call_once::h743f637ba4229880
[INFO] [stdout]                                at /rustc/df4ca44d3fbc9301ee17f30f4d474e6ae4b05252/library/core/src/panic/unwind_safe.rs:272:9
[INFO] [stdout]   36:     0x59f77813cdfe - std::panicking::try::do_call::h07440897322525a6
[INFO] [stdout]                                at /rustc/df4ca44d3fbc9301ee17f30f4d474e6ae4b05252/library/std/src/panicking.rs:557:40
[INFO] [stdout]   37:     0x59f77813cdfe - std::panicking::try::he5a2e00188156637
[INFO] [stdout]                                at /rustc/df4ca44d3fbc9301ee17f30f4d474e6ae4b05252/library/std/src/panicking.rs:520:19
[INFO] [stdout]   38:     0x59f77813cdfe - std::panic::catch_unwind::hbaf3cae49b3c6433
[INFO] [stdout]                                at /rustc/df4ca44d3fbc9301ee17f30f4d474e6ae4b05252/library/std/src/panic.rs:358:14
[INFO] [stdout]   39:     0x59f77813cdfe - std::thread::Builder::spawn_unchecked_::{{closure}}::h8e141ea224820bce
[INFO] [stdout]                                at /rustc/df4ca44d3fbc9301ee17f30f4d474e6ae4b05252/library/std/src/thread/mod.rs:540:30
[INFO] [stdout]   40:     0x59f77813cdfe - core::ops::function::FnOnce::call_once{{vtable.shim}}::h90d312fedd7b8ea8
[INFO] [stdout]                                at /rustc/df4ca44d3fbc9301ee17f30f4d474e6ae4b05252/library/core/src/ops/function.rs:250:5
[INFO] [stdout]   41:     0x59f77846fb3b - <alloc::boxed::Box<F,A> as core::ops::function::FnOnce<Args>>::call_once::h69aa08ddb6adb8b6
[INFO] [stdout]                                at /rustc/df4ca44d3fbc9301ee17f30f4d474e6ae4b05252/library/alloc/src/boxed.rs:2454:9
[INFO] [stdout]   42:     0x59f77846fb3b - <alloc::boxed::Box<F,A> as core::ops::function::FnOnce<Args>>::call_once::h5aa36efdb79c806f
[INFO] [stdout]                                at /rustc/df4ca44d3fbc9301ee17f30f4d474e6ae4b05252/library/alloc/src/boxed.rs:2454:9
[INFO] [stdout]   43:     0x59f77846fb3b - std::sys::pal::unix::thread::Thread::new::thread_start::h6cd80a1b4be5158d
[INFO] [stdout]                                at /rustc/df4ca44d3fbc9301ee17f30f4d474e6ae4b05252/library/std/src/sys/pal/unix/thread.rs:105:17
[INFO] [stdout]   44:     0x7b85d3734ac3 - <unknown>
[INFO] [stdout]   45:     0x7b85d37c5a04 - clone
[INFO] [stdout]   46:                0x0 - <unknown>
[INFO] [stdout] 
[INFO] [stdout] 
[INFO] [stdout] failures:
[INFO] [stdout]     year2023::day25::tests::test_parse_file
[INFO] [stdout] 
[INFO] [stdout] test result: FAILED. 101 passed; 1 failed; 0 ignored; 0 measured; 0 filtered out; finished in 0.43s
[INFO] [stdout] 
[INFO] [stderr] error: test failed, to rerun pass `--lib`
[INFO] running `Command { std: "docker" "inspect" "35c393374ba46691976d94fa46fa21790c63bca0c51bd45a5301b9cbad00ebeb", kill_on_drop: false }`
[INFO] running `Command { std: "docker" "rm" "-f" "35c393374ba46691976d94fa46fa21790c63bca0c51bd45a5301b9cbad00ebeb", kill_on_drop: false }`
[INFO] [stdout] 35c393374ba46691976d94fa46fa21790c63bca0c51bd45a5301b9cbad00ebeb
