[INFO] cloning repository https://github.com/Immortal1206/rs-algos
[INFO] running `Command { std: "git" "-c" "credential.helper=" "-c" "credential.helper=/workspace/cargo-home/bin/git-credential-null" "clone" "--bare" "https://github.com/Immortal1206/rs-algos" "/workspace/cache/git-repos/https%3A%2F%2Fgithub.com%2FImmortal1206%2Frs-algos", kill_on_drop: false }`
[INFO] [stderr] Cloning into bare repository '/workspace/cache/git-repos/https%3A%2F%2Fgithub.com%2FImmortal1206%2Frs-algos'...
[INFO] running `Command { std: "git" "rev-parse" "HEAD", kill_on_drop: false }`
[INFO] [stdout] a10eab77865f38b45ff62893fa6cb8b3cc110723
[INFO] testing Immortal1206/rs-algos/a10eab77865f38b45ff62893fa6cb8b3cc110723 against nightly-2024-10-28 for randomize-layout
[INFO] running `Command { std: "git" "clone" "/workspace/cache/git-repos/https%3A%2F%2Fgithub.com%2FImmortal1206%2Frs-algos" "/workspace/builds/worker-1-tc1/source", kill_on_drop: false }`
[INFO] [stderr] Cloning into '/workspace/builds/worker-1-tc1/source'...
[INFO] [stderr] done.
[INFO] validating manifest of git repo https://github.com/Immortal1206/rs-algos on toolchain nightly-2024-10-28
[INFO] running `Command { std: CARGO_HOME="/workspace/cargo-home" RUSTUP_HOME="/workspace/rustup-home" "/workspace/cargo-home/bin/cargo" "+nightly-2024-10-28" "metadata" "--manifest-path" "Cargo.toml" "--no-deps", kill_on_drop: false }`
[INFO] started tweaking git repo https://github.com/Immortal1206/rs-algos
[INFO] finished tweaking git repo https://github.com/Immortal1206/rs-algos
[INFO] tweaked toml for git repo https://github.com/Immortal1206/rs-algos written to /workspace/builds/worker-1-tc1/source/Cargo.toml
[INFO] crate git repo https://github.com/Immortal1206/rs-algos already has a lockfile, it will not be regenerated
[INFO] running `Command { std: CARGO_HOME="/workspace/cargo-home" RUSTUP_HOME="/workspace/rustup-home" "/workspace/cargo-home/bin/cargo" "+nightly-2024-10-28" "fetch" "--manifest-path" "Cargo.toml", kill_on_drop: false }`
[INFO] running `Command { std: "docker" "create" "-v" "/var/lib/crater-agent-workspace/builds/worker-1-tc1/target:/opt/rustwide/target:rw,Z" "-v" "/var/lib/crater-agent-workspace/builds/worker-1-tc1/source:/opt/rustwide/workdir:ro,Z" "-v" "/var/lib/crater-agent-workspace/cargo-home:/opt/rustwide/cargo-home:ro,Z" "-v" "/var/lib/crater-agent-workspace/rustup-home:/opt/rustwide/rustup-home:ro,Z" "-e" "SOURCE_DIR=/opt/rustwide/workdir" "-e" "CARGO_TARGET_DIR=/opt/rustwide/target" "-e" "CARGO_HOME=/opt/rustwide/cargo-home" "-e" "RUSTUP_HOME=/opt/rustwide/rustup-home" "-w" "/opt/rustwide/workdir" "-m" "1610612736" "--user" "0:0" "--network" "none" "ghcr.io/rust-lang/crates-build-env/linux@sha256:4a844ea9eb2546a2d2c7022eacef16ef2e8229c7fbb2c7d4d55a9ceca922f72d" "/opt/rustwide/cargo-home/bin/cargo" "+nightly-2024-10-28" "metadata" "--no-deps" "--format-version=1", kill_on_drop: false }`
[INFO] [stdout] b7729c01052b4d9ece6e02590a3ac5690f3ce9236795e493df3ae117523ad575
[INFO] running `Command { std: "docker" "start" "-a" "b7729c01052b4d9ece6e02590a3ac5690f3ce9236795e493df3ae117523ad575", kill_on_drop: false }`
[INFO] running `Command { std: "docker" "inspect" "b7729c01052b4d9ece6e02590a3ac5690f3ce9236795e493df3ae117523ad575", kill_on_drop: false }`
[INFO] running `Command { std: "docker" "rm" "-f" "b7729c01052b4d9ece6e02590a3ac5690f3ce9236795e493df3ae117523ad575", kill_on_drop: false }`
[INFO] [stdout] b7729c01052b4d9ece6e02590a3ac5690f3ce9236795e493df3ae117523ad575
[INFO] running `Command { std: "docker" "create" "-v" "/var/lib/crater-agent-workspace/builds/worker-1-tc1/target:/opt/rustwide/target:rw,Z" "-v" "/var/lib/crater-agent-workspace/builds/worker-1-tc1/source:/opt/rustwide/workdir:ro,Z" "-v" "/var/lib/crater-agent-workspace/cargo-home:/opt/rustwide/cargo-home:ro,Z" "-v" "/var/lib/crater-agent-workspace/rustup-home:/opt/rustwide/rustup-home:ro,Z" "-e" "SOURCE_DIR=/opt/rustwide/workdir" "-e" "CARGO_TARGET_DIR=/opt/rustwide/target" "-e" "CARGO_INCREMENTAL=0" "-e" "RUST_BACKTRACE=full" "-e" "RUSTFLAGS=--cap-lints=forbid" "-e" "RUSTDOCFLAGS=--cap-lints=forbid" "-e" "CARGO_HOME=/opt/rustwide/cargo-home" "-e" "RUSTUP_HOME=/opt/rustwide/rustup-home" "-w" "/opt/rustwide/workdir" "-m" "1610612736" "--user" "0:0" "--network" "none" "ghcr.io/rust-lang/crates-build-env/linux@sha256:4a844ea9eb2546a2d2c7022eacef16ef2e8229c7fbb2c7d4d55a9ceca922f72d" "/opt/rustwide/cargo-home/bin/cargo" "+nightly-2024-10-28" "build" "--frozen" "--message-format=json", kill_on_drop: false }`
[INFO] [stdout] 7306b50cda07cdf35a720be99348018dbacbc56609a6db5496a621a863f9f43f
[INFO] running `Command { std: "docker" "start" "-a" "7306b50cda07cdf35a720be99348018dbacbc56609a6db5496a621a863f9f43f", kill_on_drop: false }`
[INFO] [stderr]    Compiling rust_datastructure v0.1.0 (/opt/rustwide/workdir)
[INFO] [stderr]     Finished `dev` profile [unoptimized + debuginfo] target(s) in 0.26s
[INFO] running `Command { std: "docker" "inspect" "7306b50cda07cdf35a720be99348018dbacbc56609a6db5496a621a863f9f43f", kill_on_drop: false }`
[INFO] running `Command { std: "docker" "rm" "-f" "7306b50cda07cdf35a720be99348018dbacbc56609a6db5496a621a863f9f43f", kill_on_drop: false }`
[INFO] [stdout] 7306b50cda07cdf35a720be99348018dbacbc56609a6db5496a621a863f9f43f
[INFO] running `Command { std: "docker" "create" "-v" "/var/lib/crater-agent-workspace/builds/worker-1-tc1/target:/opt/rustwide/target:rw,Z" "-v" "/var/lib/crater-agent-workspace/builds/worker-1-tc1/source:/opt/rustwide/workdir:ro,Z" "-v" "/var/lib/crater-agent-workspace/cargo-home:/opt/rustwide/cargo-home:ro,Z" "-v" "/var/lib/crater-agent-workspace/rustup-home:/opt/rustwide/rustup-home:ro,Z" "-e" "SOURCE_DIR=/opt/rustwide/workdir" "-e" "CARGO_TARGET_DIR=/opt/rustwide/target" "-e" "CARGO_INCREMENTAL=0" "-e" "RUST_BACKTRACE=full" "-e" "RUSTFLAGS=--cap-lints=forbid" "-e" "RUSTDOCFLAGS=--cap-lints=forbid" "-e" "CARGO_HOME=/opt/rustwide/cargo-home" "-e" "RUSTUP_HOME=/opt/rustwide/rustup-home" "-w" "/opt/rustwide/workdir" "-m" "1610612736" "--user" "0:0" "--network" "none" "ghcr.io/rust-lang/crates-build-env/linux@sha256:4a844ea9eb2546a2d2c7022eacef16ef2e8229c7fbb2c7d4d55a9ceca922f72d" "/opt/rustwide/cargo-home/bin/cargo" "+nightly-2024-10-28" "test" "--frozen" "--no-run" "--message-format=json", kill_on_drop: false }`
[INFO] [stdout] c1bbf5c734d99a04e7a8e6cfd43f208cc87daa75a9f776a7a884ad705d81c44e
[INFO] running `Command { std: "docker" "start" "-a" "c1bbf5c734d99a04e7a8e6cfd43f208cc87daa75a9f776a7a884ad705d81c44e", kill_on_drop: false }`
[INFO] [stderr]    Compiling rust_datastructure v0.1.0 (/opt/rustwide/workdir)
[INFO] [stderr]     Finished `test` profile [unoptimized + debuginfo] target(s) in 0.86s
[INFO] running `Command { std: "docker" "inspect" "c1bbf5c734d99a04e7a8e6cfd43f208cc87daa75a9f776a7a884ad705d81c44e", kill_on_drop: false }`
[INFO] running `Command { std: "docker" "rm" "-f" "c1bbf5c734d99a04e7a8e6cfd43f208cc87daa75a9f776a7a884ad705d81c44e", kill_on_drop: false }`
[INFO] [stdout] c1bbf5c734d99a04e7a8e6cfd43f208cc87daa75a9f776a7a884ad705d81c44e
[INFO] running `Command { std: "docker" "create" "-v" "/var/lib/crater-agent-workspace/builds/worker-1-tc1/target:/opt/rustwide/target:rw,Z" "-v" "/var/lib/crater-agent-workspace/builds/worker-1-tc1/source:/opt/rustwide/workdir:ro,Z" "-v" "/var/lib/crater-agent-workspace/cargo-home:/opt/rustwide/cargo-home:ro,Z" "-v" "/var/lib/crater-agent-workspace/rustup-home:/opt/rustwide/rustup-home:ro,Z" "-e" "SOURCE_DIR=/opt/rustwide/workdir" "-e" "CARGO_TARGET_DIR=/opt/rustwide/target" "-e" "CARGO_INCREMENTAL=0" "-e" "RUST_BACKTRACE=full" "-e" "RUSTFLAGS=--cap-lints=forbid" "-e" "RUSTDOCFLAGS=--cap-lints=forbid" "-e" "CARGO_HOME=/opt/rustwide/cargo-home" "-e" "RUSTUP_HOME=/opt/rustwide/rustup-home" "-w" "/opt/rustwide/workdir" "-m" "1610612736" "--user" "0:0" "--network" "none" "ghcr.io/rust-lang/crates-build-env/linux@sha256:4a844ea9eb2546a2d2c7022eacef16ef2e8229c7fbb2c7d4d55a9ceca922f72d" "/opt/rustwide/cargo-home/bin/cargo" "+nightly-2024-10-28" "test" "--frozen", kill_on_drop: false }`
[INFO] [stdout] 484d06b120ad2d73b5d7fbf80830d1c1aeada757c7832b2e2264f167702762b2
[INFO] running `Command { std: "docker" "start" "-a" "484d06b120ad2d73b5d7fbf80830d1c1aeada757c7832b2e2264f167702762b2", kill_on_drop: false }`
[INFO] [stderr]     Finished `test` profile [unoptimized + debuginfo] target(s) in 0.00s
[INFO] [stderr]      Running unittests src/main.rs (/opt/rustwide/target/debug/deps/rust_datastructure-e620bfbd35696ac1)
[INFO] [stdout] 
[INFO] [stdout] running 58 tests
[INFO] [stdout] test add_two_numbers::tests::test_add_two_numbers ... ok
[INFO] [stdout] test contains_duplicate::tests::test ... ok
[INFO] [stdout] test dynamic_programing::tests::test_refund_min_cashes_count ... ok
[INFO] [stdout] test index_of_first_occurence_in_string::tests::test ... ok
[INFO] [stdout] test is_palindrome::tests::test ... ok
[INFO] [stdout] test is_valid_parentheses::tests::test ... ok
[INFO] [stdout] test dynamic_programing::tests::test_refund_min_cashes ... ok
[INFO] [stdout] test kmp::tests::test_kmp ... ok
[INFO] [stdout] test length_of_longest_substring::tests::test ... ok
[INFO] [stdout] test list::test::test_basic ... ok
[INFO] [stdout] test list::test::test_basic_front ... ok
[INFO] [stdout] test list::test::test_cursor_move_peek ... ok
[INFO] [stdout] test list::test::test_cursor_mut_insert ... ok
[INFO] [stdout] test list::test::test_debug ... ok
[INFO] [stdout] test list::test::test_eq ... ok
[INFO] [stdout] test list::test::test_hashmap ... ok
[INFO] [stdout] test list::test::test_iterator ... ok
[INFO] [stdout] test list::test::test_iterator_double_end ... ok
[INFO] [stdout] test list::test::test_iterator_mut_double_end ... ok
[INFO] [stdout] test list::test::test_mut_iter ... ok
[INFO] [stdout] test list::test::test_ord ... ok
[INFO] [stdout] test list::test::test_ord_nan ... ok
[INFO] [stdout] test list::test::test_rev_iter ... ok
[INFO] [stdout] test longest_common_prefix::tests::test ... ok
[INFO] [stdout] test max_profit::tests::test ... ok
[INFO] [stdout] test merge_two_sorted_lists::tests::test ... ok
[INFO] [stdout] test merge_two_sorted_vec::tests::test ... ok
[INFO] [stdout] test polynomial_evaluation::tests::test_evaluate_v1 ... ok
[INFO] [stdout] test polynomial_evaluation::tests::test_evaluate_v2 ... ok
[INFO] [stdout] test polynomial_evaluation::tests::test_evaluate_v3 ... ok
[INFO] [stdout] test remove_deplicate_from_sorted_vec::tests::test ... ok
[INFO] [stdout] test remove_element_in_vec::tests::test ... ok
[INFO] [stdout] test search::tests::test_binary_search ... ok
[INFO] [stdout] test search_insert_position::tests::test ... ok
[INFO] [stdout] test search::tests::test_interpolation_search ... ok
[INFO] [stdout] test sort::tests::test_bucket_sort ... ok
[INFO] [stdout] test sort::tests::test_binary_insertion_sort ... ok
[INFO] [stdout] test roman_to_int::tests::test ... ok
[INFO] [stdout] test sort::tests::test_insertion_sort ... ok
[INFO] [stdout] test sort::tests::test_counting_sort ... ok
[INFO] [stdout] test sort::tests::test_max_heap ... ok
[INFO] [stdout] test sort::tests::test_max_heap_sort ... ok
[INFO] [stdout] test sort::tests::test_merge_sort ... ok
[INFO] [stdout] test sort::tests::test_min_heap_sort ... ok
[INFO] [stdout] test sort::tests::test_min_heap ... ok
[INFO] [stdout] test sort::tests::test_quick_sort ... ok
[INFO] [stdout] test stack::base_converter::tests::test_base_converter ... ok
[INFO] [stdout] test sort::tests::test_radix_sort ... ok
[INFO] [stdout] test stack::base_converter::tests::test_convert_to_binary ... ok
[INFO] [stdout] test stack::bracket_checker::tests::test_all_bracket_with_character ... ok
[INFO] [stdout] test sort::tests::test_shell_sort ... ok
[INFO] [stdout] test stack::bracket_checker::tests::test_round_bracket ... ok
[INFO] [stdout] test stack::calculator::tests::test_infix_to_postfix ... ok
[INFO] [stdout] test stack::calculator::tests::test_infix_to_prefix ... ok
[INFO] [stdout] test stack::calculator::tests::test_postfix_calculator ... ok
[INFO] [stdout] test stack::bracket_checker::tests::test_all_bracket ... ok
[INFO] [stdout] test stack::calculator::tests::test_prefix_calculator ... ok
[INFO] [stdout] test kmp::tests::test_make_lps ... FAILED
[INFO] [stdout] 
[INFO] [stdout] failures:
[INFO] [stdout] 
[INFO] [stdout] ---- kmp::tests::test_make_lps stdout ----
[INFO] [stdout] thread 'kmp::tests::test_make_lps' panicked at src/kmp.rs:192:5:
[INFO] [stdout] assertion `left == right` failed
[INFO] [stdout]   left: [0, 0, 1, 2, 0, 1, 2, 3, 4, 3]
[INFO] [stdout]  right: [0, 0, 0, 0, 0, 1, 2, 3, 0, 0, 0, 1, 2, 3]
[INFO] [stdout] stack backtrace:
[INFO] [stdout]    0:     0x628e84a7ed6a - std::backtrace_rs::backtrace::libunwind::trace::h207520d6e9873551
[INFO] [stdout]                                at /rustc/df4ca44d3fbc9301ee17f30f4d474e6ae4b05252/library/std/src/../../backtrace/src/backtrace/libunwind.rs:116:5
[INFO] [stdout]    1:     0x628e84a7ed6a - std::backtrace_rs::backtrace::trace_unsynchronized::h2ed7433f370e3eca
[INFO] [stdout]                                at /rustc/df4ca44d3fbc9301ee17f30f4d474e6ae4b05252/library/std/src/../../backtrace/src/backtrace/mod.rs:66:5
[INFO] [stdout]    2:     0x628e84a7ed6a - std::sys::backtrace::_print_fmt::h916fac51166b18d7
[INFO] [stdout]                                at /rustc/df4ca44d3fbc9301ee17f30f4d474e6ae4b05252/library/std/src/sys/backtrace.rs:66:9
[INFO] [stdout]    3:     0x628e84a7ed6a - <std::sys::backtrace::BacktraceLock::print::DisplayBacktrace as core::fmt::Display>::fmt::ha0a4c9b8ce3802e6
[INFO] [stdout]                                at /rustc/df4ca44d3fbc9301ee17f30f4d474e6ae4b05252/library/std/src/sys/backtrace.rs:39:26
[INFO] [stdout]    4:     0x628e84aa56f3 - core::fmt::rt::Argument::fmt::h4cfc8587d52b3eb5
[INFO] [stdout]                                at /rustc/df4ca44d3fbc9301ee17f30f4d474e6ae4b05252/library/core/src/fmt/rt.rs:177:76
[INFO] [stdout]    5:     0x628e84aa56f3 - core::fmt::write::h522cc39e5b36ae9f
[INFO] [stdout]                                at /rustc/df4ca44d3fbc9301ee17f30f4d474e6ae4b05252/library/core/src/fmt/mod.rs:1190:21
[INFO] [stdout]    6:     0x628e84a7b9d3 - std::io::Write::write_fmt::h7d3c26752da97734
[INFO] [stdout]                                at /rustc/df4ca44d3fbc9301ee17f30f4d474e6ae4b05252/library/std/src/io/mod.rs:1839:15
[INFO] [stdout]    7:     0x628e84a7ebb2 - std::sys::backtrace::BacktraceLock::print::h4b9e00b29e9c0942
[INFO] [stdout]                                at /rustc/df4ca44d3fbc9301ee17f30f4d474e6ae4b05252/library/std/src/sys/backtrace.rs:42:9
[INFO] [stdout]    8:     0x628e84a801fa - std::panicking::default_hook::{{closure}}::hb59b88280d0324d9
[INFO] [stdout]                                at /rustc/df4ca44d3fbc9301ee17f30f4d474e6ae4b05252/library/std/src/panicking.rs:268:22
[INFO] [stdout]    9:     0x628e84a80004 - std::panicking::default_hook::he1dd496665be4a29
[INFO] [stdout]                                at /rustc/df4ca44d3fbc9301ee17f30f4d474e6ae4b05252/library/std/src/panicking.rs:292:9
[INFO] [stdout]   10:     0x628e84a49df9 - <alloc::boxed::Box<F,A> as core::ops::function::Fn<Args>>::call::h4ff71de18744e1dc
[INFO] [stdout]                                at /rustc/df4ca44d3fbc9301ee17f30f4d474e6ae4b05252/library/alloc/src/boxed.rs:2468:9
[INFO] [stdout]   11:     0x628e84a49df9 - test::test_main::{{closure}}::hcf7c055ce117aa81
[INFO] [stdout]                                at /rustc/df4ca44d3fbc9301ee17f30f4d474e6ae4b05252/library/test/src/lib.rs:133:21
[INFO] [stdout]   12:     0x628e84a808f8 - <alloc::boxed::Box<F,A> as core::ops::function::Fn<Args>>::call::h1d66c6bbd60c9692
[INFO] [stdout]                                at /rustc/df4ca44d3fbc9301ee17f30f4d474e6ae4b05252/library/alloc/src/boxed.rs:2468:9
[INFO] [stdout]   13:     0x628e84a808f8 - std::panicking::rust_panic_with_hook::h2ff17fe8f26dfcf8
[INFO] [stdout]                                at /rustc/df4ca44d3fbc9301ee17f30f4d474e6ae4b05252/library/std/src/panicking.rs:809:13
[INFO] [stdout]   14:     0x628e84a806ba - std::panicking::begin_panic_handler::{{closure}}::h4fad77951c07e101
[INFO] [stdout]                                at /rustc/df4ca44d3fbc9301ee17f30f4d474e6ae4b05252/library/std/src/panicking.rs:674:13
[INFO] [stdout]   15:     0x628e84a7f249 - std::sys::backtrace::__rust_end_short_backtrace::hb1a25b3da5d0ea08
[INFO] [stdout]                                at /rustc/df4ca44d3fbc9301ee17f30f4d474e6ae4b05252/library/std/src/sys/backtrace.rs:170:18
[INFO] [stdout]   16:     0x628e84a8034c - rust_begin_unwind
[INFO] [stdout]                                at /rustc/df4ca44d3fbc9301ee17f30f4d474e6ae4b05252/library/std/src/panicking.rs:665:5
[INFO] [stdout]   17:     0x628e84aa3da0 - core::panicking::panic_fmt::ha9db07b529f9b256
[INFO] [stdout]                                at /rustc/df4ca44d3fbc9301ee17f30f4d474e6ae4b05252/library/core/src/panicking.rs:75:14
[INFO] [stdout]   18:     0x628e84aa416b - core::panicking::assert_failed_inner::h04f38944d74a80a8
[INFO] [stdout]   19:     0x628e849d0160 - core::panicking::assert_failed::hf6ba2b7bb385c1d9
[INFO] [stdout]                                at /rustc/df4ca44d3fbc9301ee17f30f4d474e6ae4b05252/library/core/src/panicking.rs:377:5
[INFO] [stdout]   20:     0x628e849d6a3d - rust_datastructure::kmp::tests::test_make_lps::h25ea0eec0b274ecd
[INFO] [stdout]                                at /opt/rustwide/workdir/src/kmp.rs:192:5
[INFO] [stdout]   21:     0x628e849d5ff7 - rust_datastructure::kmp::tests::test_make_lps::{{closure}}::h8faca4976c2dc8e9
[INFO] [stdout]                                at /opt/rustwide/workdir/src/kmp.rs:180:21
[INFO] [stdout]   22:     0x628e849da0d6 - core::ops::function::FnOnce::call_once::hb5b91d75c42cac6c
[INFO] [stdout]                                at /rustc/df4ca44d3fbc9301ee17f30f4d474e6ae4b05252/library/core/src/ops/function.rs:250:5
[INFO] [stdout]   23:     0x628e84a4e6cb - core::ops::function::FnOnce::call_once::h22c3ba5715e93f05
[INFO] [stdout]                                at /rustc/df4ca44d3fbc9301ee17f30f4d474e6ae4b05252/library/core/src/ops/function.rs:250:5
[INFO] [stdout]   24:     0x628e84a4e6cb - test::__rust_begin_short_backtrace::h8e82d8113d0da17f
[INFO] [stdout]                                at /rustc/df4ca44d3fbc9301ee17f30f4d474e6ae4b05252/library/test/src/lib.rs:621:18
[INFO] [stdout]   25:     0x628e84a4e047 - test::run_test_in_process::{{closure}}::h33235f4f20b7b7c7
[INFO] [stdout]                                at /rustc/df4ca44d3fbc9301ee17f30f4d474e6ae4b05252/library/test/src/lib.rs:644:60
[INFO] [stdout]   26:     0x628e84a4e047 - <core::panic::unwind_safe::AssertUnwindSafe<F> as core::ops::function::FnOnce<()>>::call_once::hb5043206310c586f
[INFO] [stdout]                                at /rustc/df4ca44d3fbc9301ee17f30f4d474e6ae4b05252/library/core/src/panic/unwind_safe.rs:272:9
[INFO] [stdout]   27:     0x628e84a4e047 - std::panicking::try::do_call::h9ad4731a60ab23e2
[INFO] [stdout]                                at /rustc/df4ca44d3fbc9301ee17f30f4d474e6ae4b05252/library/std/src/panicking.rs:557:40
[INFO] [stdout]   28:     0x628e84a4e047 - std::panicking::try::h3824d23db772a716
[INFO] [stdout]                                at /rustc/df4ca44d3fbc9301ee17f30f4d474e6ae4b05252/library/std/src/panicking.rs:520:19
[INFO] [stdout]   29:     0x628e84a4e047 - std::panic::catch_unwind::h5afd514605fde46b
[INFO] [stdout]                                at /rustc/df4ca44d3fbc9301ee17f30f4d474e6ae4b05252/library/std/src/panic.rs:358:14
[INFO] [stdout]   30:     0x628e84a4e047 - test::run_test_in_process::h0d5cbfa7067d1720
[INFO] [stdout]                                at /rustc/df4ca44d3fbc9301ee17f30f4d474e6ae4b05252/library/test/src/lib.rs:644:27
[INFO] [stdout]   31:     0x628e84a4e047 - test::run_test::{{closure}}::h708eb8872708115d
[INFO] [stdout]                                at /rustc/df4ca44d3fbc9301ee17f30f4d474e6ae4b05252/library/test/src/lib.rs:565:43
[INFO] [stdout]   32:     0x628e84a11764 - test::run_test::{{closure}}::h392c51cee94713ab
[INFO] [stdout]                                at /rustc/df4ca44d3fbc9301ee17f30f4d474e6ae4b05252/library/test/src/lib.rs:595:41
[INFO] [stdout]   33:     0x628e84a11764 - std::sys::backtrace::__rust_begin_short_backtrace::h2f40290710935a8b
[INFO] [stdout]                                at /rustc/df4ca44d3fbc9301ee17f30f4d474e6ae4b05252/library/std/src/sys/backtrace.rs:154:18
[INFO] [stdout]   34:     0x628e84a14f0e - std::thread::Builder::spawn_unchecked_::{{closure}}::{{closure}}::h3fd968d89053a903
[INFO] [stdout]                                at /rustc/df4ca44d3fbc9301ee17f30f4d474e6ae4b05252/library/std/src/thread/mod.rs:541:17
[INFO] [stdout]   35:     0x628e84a14f0e - <core::panic::unwind_safe::AssertUnwindSafe<F> as core::ops::function::FnOnce<()>>::call_once::h743f637ba4229880
[INFO] [stdout]                                at /rustc/df4ca44d3fbc9301ee17f30f4d474e6ae4b05252/library/core/src/panic/unwind_safe.rs:272:9
[INFO] [stdout]   36:     0x628e84a14f0e - std::panicking::try::do_call::h07440897322525a6
[INFO] [stdout]                                at /rustc/df4ca44d3fbc9301ee17f30f4d474e6ae4b05252/library/std/src/panicking.rs:557:40
[INFO] [stdout]   37:     0x628e84a14f0e - std::panicking::try::he5a2e00188156637
[INFO] [stdout]                                at /rustc/df4ca44d3fbc9301ee17f30f4d474e6ae4b05252/library/std/src/panicking.rs:520:19
[INFO] [stdout]   38:     0x628e84a14f0e - std::panic::catch_unwind::hbaf3cae49b3c6433
[INFO] [stdout]                                at /rustc/df4ca44d3fbc9301ee17f30f4d474e6ae4b05252/library/std/src/panic.rs:358:14
[INFO] [stdout]   39:     0x628e84a14f0e - std::thread::Builder::spawn_unchecked_::{{closure}}::h8e141ea224820bce
[INFO] [stdout]                                at /rustc/df4ca44d3fbc9301ee17f30f4d474e6ae4b05252/library/std/src/thread/mod.rs:540:30
[INFO] [stdout]   40:     0x628e84a14f0e - core::ops::function::FnOnce::call_once{{vtable.shim}}::h90d312fedd7b8ea8
[INFO] [stdout]                                at /rustc/df4ca44d3fbc9301ee17f30f4d474e6ae4b05252/library/core/src/ops/function.rs:250:5
[INFO] [stdout]   41:     0x628e84a846eb - <alloc::boxed::Box<F,A> as core::ops::function::FnOnce<Args>>::call_once::h69aa08ddb6adb8b6
[INFO] [stdout]                                at /rustc/df4ca44d3fbc9301ee17f30f4d474e6ae4b05252/library/alloc/src/boxed.rs:2454:9
[INFO] [stdout]   42:     0x628e84a846eb - <alloc::boxed::Box<F,A> as core::ops::function::FnOnce<Args>>::call_once::h5aa36efdb79c806f
[INFO] [stdout]                                at /rustc/df4ca44d3fbc9301ee17f30f4d474e6ae4b05252/library/alloc/src/boxed.rs:2454:9
[INFO] [stdout]   43:     0x628e84a846eb - std::sys::pal::unix::thread::Thread::new::thread_start::h6cd80a1b4be5158d
[INFO] [stdout]                                at /rustc/df4ca44d3fbc9301ee17f30f4d474e6ae4b05252/library/std/src/sys/pal/unix/thread.rs:105:17
[INFO] [stdout]   44:     0x7d7f37ceaac3 - <unknown>
[INFO] [stdout]   45:     0x7d7f37d7ba04 - clone
[INFO] [stdout]   46:                0x0 - <unknown>
[INFO] [stdout] 
[INFO] [stdout] 
[INFO] [stdout] failures:
[INFO] [stdout]     kmp::tests::test_make_lps
[INFO] [stdout] 
[INFO] [stdout] test result: FAILED. 57 passed; 1 failed; 0 ignored; 0 measured; 0 filtered out; finished in 0.02s
[INFO] [stdout] 
[INFO] [stderr] error: test failed, to rerun pass `--bin rust_datastructure`
[INFO] running `Command { std: "docker" "inspect" "484d06b120ad2d73b5d7fbf80830d1c1aeada757c7832b2e2264f167702762b2", kill_on_drop: false }`
[INFO] running `Command { std: "docker" "rm" "-f" "484d06b120ad2d73b5d7fbf80830d1c1aeada757c7832b2e2264f167702762b2", kill_on_drop: false }`
[INFO] [stdout] 484d06b120ad2d73b5d7fbf80830d1c1aeada757c7832b2e2264f167702762b2
