[INFO] cloning repository https://github.com/INDA24PlusPlus/angun-chess-gui
[INFO] running `Command { std: "git" "-c" "credential.helper=" "-c" "credential.helper=/workspace/cargo-home/bin/git-credential-null" "clone" "--bare" "https://github.com/INDA24PlusPlus/angun-chess-gui" "/workspace/cache/git-repos/https%3A%2F%2Fgithub.com%2FINDA24PlusPlus%2Fangun-chess-gui", kill_on_drop: false }`
[INFO] [stderr] Cloning into bare repository '/workspace/cache/git-repos/https%3A%2F%2Fgithub.com%2FINDA24PlusPlus%2Fangun-chess-gui'...
[INFO] running `Command { std: "git" "rev-parse" "HEAD", kill_on_drop: false }`
[INFO] [stdout] aad353b9c470e71767e0c8c3c0f411a28f7a69c3
[INFO] testing INDA24PlusPlus/angun-chess-gui/aad353b9c470e71767e0c8c3c0f411a28f7a69c3 against nightly-2024-10-28 for randomize-layout
[INFO] running `Command { std: "git" "clone" "/workspace/cache/git-repos/https%3A%2F%2Fgithub.com%2FINDA24PlusPlus%2Fangun-chess-gui" "/workspace/builds/worker-7-tc1/source", kill_on_drop: false }`
[INFO] [stderr] Cloning into '/workspace/builds/worker-7-tc1/source'...
[INFO] [stderr] done.
[INFO] validating manifest of git repo https://github.com/INDA24PlusPlus/angun-chess-gui on toolchain nightly-2024-10-28
[INFO] running `Command { std: CARGO_HOME="/workspace/cargo-home" RUSTUP_HOME="/workspace/rustup-home" "/workspace/cargo-home/bin/cargo" "+nightly-2024-10-28" "metadata" "--manifest-path" "Cargo.toml" "--no-deps", kill_on_drop: false }`
[INFO] started tweaking git repo https://github.com/INDA24PlusPlus/angun-chess-gui
[INFO] finished tweaking git repo https://github.com/INDA24PlusPlus/angun-chess-gui
[INFO] tweaked toml for git repo https://github.com/INDA24PlusPlus/angun-chess-gui written to /workspace/builds/worker-7-tc1/source/Cargo.toml
[INFO] crate git repo https://github.com/INDA24PlusPlus/angun-chess-gui already has a lockfile, it will not be regenerated
[INFO] running `Command { std: CARGO_HOME="/workspace/cargo-home" RUSTUP_HOME="/workspace/rustup-home" "/workspace/cargo-home/bin/cargo" "+nightly-2024-10-28" "fetch" "--manifest-path" "Cargo.toml", kill_on_drop: false }`
[INFO] [stderr]     Updating git repository `https://github.com/INDA24PlusPlus/skye-chess.git`
[INFO] [stderr]     Updating crates.io index
[INFO] [stderr]  Downloading crates ...
[INFO] [stderr]   Downloaded crevice-derive v0.10.0
[INFO] [stderr]   Downloaded crevice v0.13.0
[INFO] [stderr]   Downloaded winnow v0.6.19
[INFO] [stderr]   Downloaded glyph_brush v0.7.10
[INFO] [stderr]   Downloaded ggez v0.9.3
[INFO] running `Command { std: "docker" "create" "-v" "/var/lib/crater-agent-workspace/builds/worker-7-tc1/target:/opt/rustwide/target:rw,Z" "-v" "/var/lib/crater-agent-workspace/builds/worker-7-tc1/source:/opt/rustwide/workdir:ro,Z" "-v" "/var/lib/crater-agent-workspace/cargo-home:/opt/rustwide/cargo-home:ro,Z" "-v" "/var/lib/crater-agent-workspace/rustup-home:/opt/rustwide/rustup-home:ro,Z" "-e" "SOURCE_DIR=/opt/rustwide/workdir" "-e" "CARGO_TARGET_DIR=/opt/rustwide/target" "-e" "CARGO_HOME=/opt/rustwide/cargo-home" "-e" "RUSTUP_HOME=/opt/rustwide/rustup-home" "-w" "/opt/rustwide/workdir" "-m" "1610612736" "--user" "0:0" "--network" "none" "ghcr.io/rust-lang/crates-build-env/linux@sha256:4a844ea9eb2546a2d2c7022eacef16ef2e8229c7fbb2c7d4d55a9ceca922f72d" "/opt/rustwide/cargo-home/bin/cargo" "+nightly-2024-10-28" "metadata" "--no-deps" "--format-version=1", kill_on_drop: false }`
[INFO] [stdout] 2e1712200b30dc6090f9bf3af786cfd93857c7b033362e03aa2aa7334f6e5dd5
[INFO] running `Command { std: "docker" "start" "-a" "2e1712200b30dc6090f9bf3af786cfd93857c7b033362e03aa2aa7334f6e5dd5", kill_on_drop: false }`
[INFO] running `Command { std: "docker" "inspect" "2e1712200b30dc6090f9bf3af786cfd93857c7b033362e03aa2aa7334f6e5dd5", kill_on_drop: false }`
[INFO] running `Command { std: "docker" "rm" "-f" "2e1712200b30dc6090f9bf3af786cfd93857c7b033362e03aa2aa7334f6e5dd5", kill_on_drop: false }`
[INFO] [stdout] 2e1712200b30dc6090f9bf3af786cfd93857c7b033362e03aa2aa7334f6e5dd5
[INFO] running `Command { std: "docker" "create" "-v" "/var/lib/crater-agent-workspace/builds/worker-7-tc1/target:/opt/rustwide/target:rw,Z" "-v" "/var/lib/crater-agent-workspace/builds/worker-7-tc1/source:/opt/rustwide/workdir:ro,Z" "-v" "/var/lib/crater-agent-workspace/cargo-home:/opt/rustwide/cargo-home:ro,Z" "-v" "/var/lib/crater-agent-workspace/rustup-home:/opt/rustwide/rustup-home:ro,Z" "-e" "SOURCE_DIR=/opt/rustwide/workdir" "-e" "CARGO_TARGET_DIR=/opt/rustwide/target" "-e" "CARGO_INCREMENTAL=0" "-e" "RUST_BACKTRACE=full" "-e" "RUSTFLAGS=--cap-lints=forbid" "-e" "RUSTDOCFLAGS=--cap-lints=forbid" "-e" "CARGO_HOME=/opt/rustwide/cargo-home" "-e" "RUSTUP_HOME=/opt/rustwide/rustup-home" "-w" "/opt/rustwide/workdir" "-m" "1610612736" "--user" "0:0" "--network" "none" "ghcr.io/rust-lang/crates-build-env/linux@sha256:4a844ea9eb2546a2d2c7022eacef16ef2e8229c7fbb2c7d4d55a9ceca922f72d" "/opt/rustwide/cargo-home/bin/cargo" "+nightly-2024-10-28" "build" "--frozen" "--message-format=json", kill_on_drop: false }`
[INFO] [stdout] cdd16f352c270742d95a88abf31d71316b4eefe599e7f710b4ba7d01d80c7c89
[INFO] running `Command { std: "docker" "start" "-a" "cdd16f352c270742d95a88abf31d71316b4eefe599e7f710b4ba7d01d80c7c89", kill_on_drop: false }`
[INFO] [stderr]    Compiling unicode-ident v1.0.13
[INFO] [stderr]    Compiling libc v0.2.159
[INFO] [stderr]    Compiling pkg-config v0.3.31
[INFO] [stderr]    Compiling libm v0.2.8
[INFO] [stderr]    Compiling num-traits v0.2.19
[INFO] [stderr]    Compiling arrayvec v0.7.6
[INFO] [stderr]    Compiling log v0.4.22
[INFO] [stderr]    Compiling proc-macro2 v1.0.86
[INFO] [stderr]    Compiling xml-rs v0.8.22
[INFO] [stderr]    Compiling libloading v0.8.5
[INFO] [stderr]    Compiling memoffset v0.6.5
[INFO] [stderr]    Compiling shlex v1.3.0
[INFO] [stderr]    Compiling smallvec v1.13.2
[INFO] [stderr]    Compiling serde v1.0.210
[INFO] [stderr]    Compiling quote v1.0.37
[INFO] [stderr]    Compiling thiserror v1.0.64
[INFO] [stderr]    Compiling wayland-sys v0.29.5
[INFO] [stderr]    Compiling syn v2.0.77
[INFO] [stderr]    Compiling jobserver v0.1.32
[INFO] [stderr]    Compiling wayland-scanner v0.29.5
[INFO] [stderr]    Compiling adler2 v2.0.0
[INFO] [stderr]    Compiling dlib v0.5.2
[INFO] [stderr]    Compiling miniz_oxide v0.8.0
[INFO] [stderr]    Compiling cc v1.1.21
[INFO] [stderr]    Compiling ahash v0.8.11
[INFO] [stderr]    Compiling ttf-parser v0.24.1
[INFO] [stderr]    Compiling flate2 v1.0.33
[INFO] [stderr]    Compiling nix v0.24.3
[INFO] [stderr]    Compiling slotmap v1.0.7
[INFO] [stderr]    Compiling indexmap v1.9.3
[INFO] [stderr]    Compiling memchr v2.7.4
[INFO] [stderr]    Compiling wayland-client v0.29.5
[INFO] [stderr]    Compiling serde_json v1.0.128
[INFO] [stderr]    Compiling rustix v0.38.37
[INFO] [stderr]    Compiling camino v1.1.9
[INFO] [stderr]    Compiling downcast-rs v1.2.1
[INFO] [stderr]    Compiling scoped-tls v1.0.1
[INFO] [stderr]    Compiling vec_map v0.8.2
[INFO] [stderr]    Compiling bitflags v2.6.0
[INFO] [stderr]    Compiling ab_glyph_rasterizer v0.1.8
[INFO] [stderr]    Compiling semver v1.0.23
[INFO] [stderr]    Compiling zstd-sys v2.0.13+zstd.1.5.6
[INFO] [stderr]    Compiling wayland-protocols v0.29.5
[INFO] [stderr]    Compiling unicase v2.7.0
[INFO] [stderr]    Compiling getrandom v0.2.15
[INFO] [stderr]    Compiling euclid v0.22.11
[INFO] [stderr]    Compiling alsa-sys v0.3.1
[INFO] [stderr]    Compiling libloading v0.7.4
[INFO] [stderr]    Compiling wayland-commons v0.29.5
[INFO] [stderr]    Compiling error-chain v0.12.4
[INFO] [stderr]    Compiling hashbrown v0.12.3
[INFO] [stderr]    Compiling owned_ttf_parser v0.24.0
[INFO] [stderr]    Compiling cfg_aliases v0.2.1
[INFO] [stderr]    Compiling pulldown-cmark v0.9.6
[INFO] [stderr]    Compiling itoa v1.0.11
[INFO] [stderr]    Compiling bytemuck_derive v1.7.1
[INFO] [stderr]    Compiling zerocopy-derive v0.7.35
[INFO] [stderr]    Compiling serde_derive v1.0.210
[INFO] [stderr]    Compiling thiserror-impl v1.0.64
[INFO] [stderr]    Compiling ab_glyph v0.2.28
[INFO] [stderr]    Compiling zerocopy v0.7.35
[INFO] [stderr]    Compiling ash v0.37.3+1.3.251
[INFO] [stderr]    Compiling ryu v1.0.18
[INFO] [stderr]    Compiling khronos-egl v4.1.0
[INFO] [stderr]    Compiling bytemuck v1.18.0
[INFO] [stderr]    Compiling bit-vec v0.6.3
[INFO] [stderr]    Compiling unicode-width v0.1.14
[INFO] [stderr]    Compiling bit-set v0.5.3
[INFO] [stderr]    Compiling symphonia-core v0.5.4
[INFO] [stderr]    Compiling codespan-reporting v0.11.1
[INFO] [stderr]    Compiling ppv-lite86 v0.2.20
[INFO] [stderr]    Compiling hashbrown v0.14.5
[INFO] [stderr]    Compiling nix v0.29.0
[INFO] [stderr]    Compiling lyon_geom v1.0.5
[INFO] [stderr]    Compiling png v0.17.13
[INFO] [stderr]    Compiling rand_core v0.6.4
[INFO] [stderr]    Compiling parking_lot_core v0.9.10
[INFO] [stderr]    Compiling bzip2-sys v0.1.11+1.0.8
[INFO] [stderr]    Compiling nix v0.25.1
[INFO] [stderr]    Compiling spirv v0.2.0+1.5.4
[INFO] [stderr]    Compiling libudev-sys v0.1.4
[INFO] [stderr]    Compiling smithay-client-toolkit v0.16.1
[INFO] [stderr]    Compiling gpu-descriptor-types v0.1.2
[INFO] [stderr]    Compiling gpu-alloc-types v0.2.0
[INFO] [stderr]    Compiling raw-window-handle v0.5.2
[INFO] [stderr]    Compiling zstd-safe v5.0.2+zstd.1.5.2
[INFO] [stderr]    Compiling arrayref v0.3.9
[INFO] [stderr]    Compiling syn v1.0.109
[INFO] [stderr]    Compiling fastrand v2.1.1
[INFO] [stderr]    Compiling xcursor v0.3.8
[INFO] [stderr]    Compiling strict-num v0.1.1
[INFO] [stderr]    Compiling same-file v1.0.6
[INFO] [stderr]    Compiling unicode-xid v0.2.6
[INFO] [stderr]    Compiling hexf-parse v0.2.1
[INFO] [stderr]    Compiling once_cell v1.19.0
[INFO] [stderr]    Compiling naga v0.12.3
[INFO] [stderr]    Compiling tempfile v3.12.0
[INFO] [stderr]    Compiling walkdir v2.5.0
[INFO] [stderr]    Compiling calloop v0.10.6
[INFO] [stderr]    Compiling wayland-cursor v0.29.5
[INFO] [stderr]    Compiling tiny-skia-path v0.8.4
[INFO] [stderr]    Compiling gpu-alloc v0.5.4
[INFO] [stderr]    Compiling gpu-descriptor v0.2.4
[INFO] [stderr]    Compiling symphonia-metadata v0.5.4
[INFO] [stderr]    Compiling parking_lot v0.12.3
[INFO] [stderr]    Compiling cargo-platform v0.1.8
[INFO] [stderr]    Compiling rand_chacha v0.3.1
[INFO] [stderr]    Compiling lyon_path v1.0.5
[INFO] [stderr]    Compiling cargo_metadata v0.14.2
[INFO] [stderr]    Compiling inotify-sys v0.1.5
[INFO] [stderr]    Compiling memmap2 v0.5.10
[INFO] [stderr]    Compiling x11-dl v2.21.0
[INFO] [stderr]    Compiling wgpu-types v0.16.1
[INFO] [stderr]    Compiling bytecount v0.6.8
[INFO] [stderr]    Compiling either v1.13.0
[INFO] [stderr]    Compiling glow v0.12.3
[INFO] [stderr]    Compiling cfg_aliases v0.1.1
[INFO] [stderr]    Compiling weezl v0.1.8
[INFO] [stderr]    Compiling cpal v0.15.3
[INFO] [stderr]    Compiling renderdoc-sys v1.1.0
[INFO] [stderr]    Compiling profiling v1.0.15
[INFO] [stderr]    Compiling skeptic v0.13.7
[INFO] [stderr]    Compiling winit v0.28.7
[INFO] [stderr]    Compiling rayon v1.10.0
[INFO] [stderr]    Compiling inotify v0.10.2
[INFO] [stderr]    Compiling alsa v0.9.1
[INFO] [stderr]    Compiling rand v0.8.5
[INFO] [stderr]    Compiling symphonia-bundle-mp3 v0.5.4
[INFO] [stderr]    Compiling tiny-skia v0.8.4
[INFO] [stderr]    Compiling approx v0.5.1
[INFO] [stderr]    Compiling crossbeam-channel v0.5.13
[INFO] [stderr]    Compiling ogg v0.8.0
[INFO] [stderr]    Compiling memoffset v0.8.0
[INFO] [stderr]    Compiling jpeg-decoder v0.3.1
[INFO] [stderr]    Compiling rustc-hash v2.0.0
[INFO] [stderr]    Compiling float_next_after v1.0.0
[INFO] [stderr]    Compiling xi-unicode v0.3.0
[INFO] [stderr]    Compiling dasp_sample v0.11.0
[INFO] [stderr]    Compiling uuid v1.10.0
[INFO] [stderr]    Compiling mint v0.5.9
[INFO] [stderr]    Compiling color_quant v1.1.0
[INFO] [stderr]    Compiling gilrs v0.10.10
[INFO] [stderr]    Compiling gif v0.13.1
[INFO] [stderr]    Compiling tiff v0.9.1
[INFO] [stderr]    Compiling gilrs-core v0.5.15
[INFO] [stderr]    Compiling crevice-derive v0.10.0
[INFO] [stderr]    Compiling glyph_brush_layout v0.2.4
[INFO] [stderr]    Compiling dirs-sys v0.4.1
[INFO] [stderr]    Compiling glyph_brush_draw_cache v0.1.6
[INFO] [stderr]    Compiling lyon_tessellation v1.0.15
[INFO] [stderr]    Compiling lewton v0.10.2
[INFO] [stderr]    Compiling twox-hash v1.6.3
[INFO] [stderr]    Compiling symphonia v0.5.4
[INFO] [stderr]    Compiling bzip2 v0.4.4
[INFO] [stderr]    Compiling ggez v0.9.3
[INFO] [stderr]    Compiling lyon_algorithms v1.0.4
[INFO] [stderr]    Compiling zstd v0.11.2+zstd.1.5.2
[INFO] [stderr]    Compiling mio v0.8.11
[INFO] [stderr]    Compiling ordered-float v4.2.2
[INFO] [stderr]    Compiling instant v0.1.13
[INFO] [stderr]    Compiling claxon v0.4.3
[INFO] [stderr]    Compiling hound v3.5.1
[INFO] [stderr]    Compiling glyph_brush v0.7.10
[INFO] [stderr]    Compiling rodio v0.17.3
[INFO] [stderr]    Compiling zip v0.6.6
[INFO] [stderr]    Compiling lyon v1.0.1
[INFO] [stderr]    Compiling crevice v0.13.0
[INFO] [stderr]    Compiling directories v5.0.1
[INFO] [stderr]    Compiling image v0.24.9
[INFO] [stderr]    Compiling glam v0.24.2
[INFO] [stderr]    Compiling wgpu-hal v0.16.2
[INFO] [stderr]    Compiling toml v0.5.11
[INFO] [stderr]    Compiling smart-default v0.7.1
[INFO] [stderr]    Compiling ordered-float v3.9.2
[INFO] [stderr]    Compiling typed-arena v2.0.2
[INFO] [stderr]    Compiling pollster v0.3.0
[INFO] [stderr]    Compiling skye-chess v0.1.0 (https://github.com/INDA24PlusPlus/skye-chess.git#6b846d7e)
[INFO] [stderr]    Compiling wgpu-core v0.16.1
[INFO] [stderr]    Compiling wgpu v0.16.3
[INFO] [stderr]    Compiling sctk-adwaita v0.5.4
[INFO] [stderr]    Compiling skye-chess-gui-angun v0.1.0 (/opt/rustwide/workdir)
[INFO] [stdout] warning: unused import: `DrawParam`
[INFO] [stdout]  --> src/main.rs:6:53
[INFO] [stdout]   |
[INFO] [stdout] 6 | use ggez::graphics::{self, Canvas, Color, DrawMode, DrawParam, Drawable, Image, Mesh, Rect}; // Ensure `graphics` and `Color` are importe...
[INFO] [stdout]   |                                                     ^^^^^^^^^
[INFO] [stdout]   |
[INFO] [stdout]   = note: `#[warn(unused_imports)]` on by default
[INFO] [stdout] 
[INFO] [stdout] 
[INFO] [stdout] warning: variable `square` is assigned to, but never used
[INFO] [stdout]    --> src/temp_mod.rs:456:13
[INFO] [stdout]     |
[INFO] [stdout] 456 |     for mut square in board_state {
[INFO] [stdout]     |             ^^^^^^
[INFO] [stdout]     |
[INFO] [stdout]     = note: consider using `_square` instead
[INFO] [stdout]     = note: `#[warn(unused_variables)]` on by default
[INFO] [stdout] 
[INFO] [stdout] 
[INFO] [stdout] warning: value assigned to `square` is never read
[INFO] [stdout]    --> src/temp_mod.rs:458:32
[INFO] [stdout]     |
[INFO] [stdout] 458 |         if piece_opt.is_none(){square=0b0;continue;}
[INFO] [stdout]     |                                ^^^^^^
[INFO] [stdout]     |
[INFO] [stdout]     = help: maybe it is overwritten before being read?
[INFO] [stdout]     = note: `#[warn(unused_assignments)]` on by default
[INFO] [stdout] 
[INFO] [stdout] 
[INFO] [stdout] warning: value assigned to `square` is never read
[INFO] [stdout]    --> src/temp_mod.rs:460:9
[INFO] [stdout]     |
[INFO] [stdout] 460 |         square=((get_piece_hash(piece.kind)<<3)|get_colour_hash(piece.colour)<<1)|get_colour_hash(board.current_move);
[INFO] [stdout]     |         ^^^^^^
[INFO] [stdout]     |
[INFO] [stdout]     = help: maybe it is overwritten before being read?
[INFO] [stdout] 
[INFO] [stdout] 
[INFO] [stdout] warning: variable does not need to be mutable
[INFO] [stdout]    --> src/temp_mod.rs:453:21
[INFO] [stdout]     |
[INFO] [stdout] 453 | fn hash_board_state(mut board: ChessBoard)->[u8;64]{
[INFO] [stdout]     |                     ----^^^^^
[INFO] [stdout]     |                     |
[INFO] [stdout]     |                     help: remove this `mut`
[INFO] [stdout]     |
[INFO] [stdout]     = note: `#[warn(unused_mut)]` on by default
[INFO] [stdout] 
[INFO] [stdout] 
[INFO] [stdout] warning: variable `square` is assigned to, but never used
[INFO] [stdout]    --> src/temp_mod.rs:807:13
[INFO] [stdout]     |
[INFO] [stdout] 807 |     for mut square in board_state {
[INFO] [stdout]     |             ^^^^^^
[INFO] [stdout]     |
[INFO] [stdout]     = note: consider using `_square` instead
[INFO] [stdout] 
[INFO] [stdout] 
[INFO] [stdout] warning: value assigned to `square` is never read
[INFO] [stdout]    --> src/temp_mod.rs:809:32
[INFO] [stdout]     |
[INFO] [stdout] 809 |         if piece_opt.is_none(){square=0b0;continue;}
[INFO] [stdout]     |                                ^^^^^^
[INFO] [stdout]     |
[INFO] [stdout]     = help: maybe it is overwritten before being read?
[INFO] [stdout] 
[INFO] [stdout] 
[INFO] [stdout] warning: value assigned to `square` is never read
[INFO] [stdout]    --> src/temp_mod.rs:811:9
[INFO] [stdout]     |
[INFO] [stdout] 811 |         square=((get_piece_hash(piece.kind)<<3)|get_colour_hash(piece.colour)<<1)|get_colour_hash(board.current_move);
[INFO] [stdout]     |         ^^^^^^
[INFO] [stdout]     |
[INFO] [stdout]     = help: maybe it is overwritten before being read?
[INFO] [stdout] 
[INFO] [stdout] 
[INFO] [stdout] warning: unused variable: `piece`
[INFO] [stdout]    --> src/temp_mod.rs:804:52
[INFO] [stdout]     |
[INFO] [stdout] 804 | fn simulate_pice_moves_check(mut board:ChessBoard, piece:ChessPiece)->bool{
[INFO] [stdout]     |                                                    ^^^^^ help: if this is intentional, prefix it with an underscore: `_piece`
[INFO] [stdout] 
[INFO] [stdout] 
[INFO] [stdout] warning: variable does not need to be mutable
[INFO] [stdout]    --> src/temp_mod.rs:804:30
[INFO] [stdout]     |
[INFO] [stdout] 804 | fn simulate_pice_moves_check(mut board:ChessBoard, piece:ChessPiece)->bool{
[INFO] [stdout]     |                              ----^^^^^
[INFO] [stdout]     |                              |
[INFO] [stdout]     |                              help: remove this `mut`
[INFO] [stdout] 
[INFO] [stdout] 
[INFO] [stdout] warning: variable does not need to be mutable
[INFO] [stdout]    --> src/temp_mod.rs:822:9
[INFO] [stdout]     |
[INFO] [stdout] 822 |     let mut pieces=board.pieces;
[INFO] [stdout]     |         ----^^^^^^
[INFO] [stdout]     |         |
[INFO] [stdout]     |         help: remove this `mut`
[INFO] [stdout] 
[INFO] [stdout] 
[INFO] [stdout] warning: unused variable: `ctx`
[INFO] [stdout]    --> src/main.rs:132:26
[INFO] [stdout]     |
[INFO] [stdout] 132 |     fn update(&mut self, ctx: &mut Context) -> GameResult { 
[INFO] [stdout]     |                          ^^^ help: if this is intentional, prefix it with an underscore: `_ctx`
[INFO] [stdout] 
[INFO] [stdout] 
[INFO] [stdout] warning: value assigned to `scale_factor` is never read
[INFO] [stdout]    --> src/main.rs:143:17
[INFO] [stdout]     |
[INFO] [stdout] 143 |         let mut scale_factor = 0.0;
[INFO] [stdout]     |                 ^^^^^^^^^^^^
[INFO] [stdout]     |
[INFO] [stdout]     = help: maybe it is overwritten before being read?
[INFO] [stdout] 
[INFO] [stdout] 
[INFO] [stdout] warning: value assigned to `highlight` is never read
[INFO] [stdout]    --> src/main.rs:150:17
[INFO] [stdout]     |
[INFO] [stdout] 150 |         let mut highlight: Mesh = Mesh::new_rectangle(
[INFO] [stdout]     |                 ^^^^^^^^^
[INFO] [stdout]     |
[INFO] [stdout]     = help: maybe it is overwritten before being read?
[INFO] [stdout] 
[INFO] [stdout] 
[INFO] [stdout] warning: value assigned to `image` is never read
[INFO] [stdout]    --> src/main.rs:160:17
[INFO] [stdout]     |
[INFO] [stdout] 160 |         let mut image = self.images.get("no_image");
[INFO] [stdout]     |                 ^^^^^
[INFO] [stdout]     |
[INFO] [stdout]     = help: maybe it is overwritten before being read?
[INFO] [stdout] 
[INFO] [stdout] 
[INFO] [stdout] warning: value assigned to `square` is never read
[INFO] [stdout]    --> src/main.rs:167:17
[INFO] [stdout]     |
[INFO] [stdout] 167 |         let mut square = Mesh::new_rectangle(
[INFO] [stdout]     |                 ^^^^^^
[INFO] [stdout]     |
[INFO] [stdout]     = help: maybe it is overwritten before being read?
[INFO] [stdout] 
[INFO] [stdout] 
[INFO] [stdout] warning: value assigned to `color` is never read
[INFO] [stdout]    --> src/main.rs:179:25
[INFO] [stdout]     |
[INFO] [stdout] 179 |                 let mut color = Color::from_rgb(0, 0, 0);
[INFO] [stdout]     |                         ^^^^^
[INFO] [stdout]     |
[INFO] [stdout]     = help: maybe it is overwritten before being read?
[INFO] [stdout] 
[INFO] [stdout] 
[INFO] [stdout] warning: value assigned to `image_string` is never read
[INFO] [stdout]    --> src/main.rs:202:25
[INFO] [stdout]     |
[INFO] [stdout] 202 |                 let mut image_string = "".to_string();
[INFO] [stdout]     |                         ^^^^^^^^^^^^
[INFO] [stdout]     |
[INFO] [stdout]     = help: maybe it is overwritten before being read?
[INFO] [stdout] 
[INFO] [stdout] 
[INFO] [stdout] warning: variable does not need to be mutable
[INFO] [stdout]    --> src/main.rs:312:13
[INFO] [stdout]     |
[INFO] [stdout] 312 |         let mut canvas = Canvas::from_frame(_ctx, Color::WHITE);
[INFO] [stdout]     |             ----^^^^^^
[INFO] [stdout]     |             |
[INFO] [stdout]     |             help: remove this `mut`
[INFO] [stdout] 
[INFO] [stdout] 
[INFO] [stdout] warning: function `bitboard_to_positions` is never used
[INFO] [stdout]   --> src/main.rs:58:4
[INFO] [stdout]    |
[INFO] [stdout] 58 | fn bitboard_to_positions(bitboard: u64) -> Vec<u32> {
[INFO] [stdout]    |    ^^^^^^^^^^^^^^^^^^^^^
[INFO] [stdout]    |
[INFO] [stdout]    = note: `#[warn(dead_code)]` on by default
[INFO] [stdout] 
[INFO] [stdout] 
[INFO] [stdout] warning: function `position_to_bitboard` is never used
[INFO] [stdout]   --> src/main.rs:74:4
[INFO] [stdout]    |
[INFO] [stdout] 74 | fn position_to_bitboard(pos: u32) -> u64 {
[INFO] [stdout]    |    ^^^^^^^^^^^^^^^^^^^^
[INFO] [stdout] 
[INFO] [stdout] 
[INFO] [stdout] warning: fields `just_moved_piece`, `highlighted_squares`, and `is_highlighting` are never read
[INFO] [stdout]   --> src/main.rs:87:5
[INFO] [stdout]    |
[INFO] [stdout] 83 | struct ChessGame{
[INFO] [stdout]    |        --------- fields in this struct
[INFO] [stdout] ...
[INFO] [stdout] 87 |     just_moved_piece: bool,
[INFO] [stdout]    |     ^^^^^^^^^^^^^^^^
[INFO] [stdout] 88 |     highlighted_squares: Vec<(usize, usize)>,
[INFO] [stdout]    |     ^^^^^^^^^^^^^^^^^^^
[INFO] [stdout] 89 |     is_highlighting: bool,
[INFO] [stdout]    |     ^^^^^^^^^^^^^^^
[INFO] [stdout] 
[INFO] [stdout] 
[INFO] [stdout] warning: field `has_moved` is never read
[INFO] [stdout]   --> src/temp_mod.rs:23:9
[INFO] [stdout]    |
[INFO] [stdout] 18 | pub struct ChessPiece {
[INFO] [stdout]    |            ---------- field in this struct
[INFO] [stdout] ...
[INFO] [stdout] 23 |     pub has_moved: bool,
[INFO] [stdout]    |         ^^^^^^^^^
[INFO] [stdout]    |
[INFO] [stdout]    = note: `ChessPiece` has a derived impl for the trait `Clone`, but this is intentionally ignored during dead code analysis
[INFO] [stdout] 
[INFO] [stdout] 
[INFO] [stdout] warning: function `get_colour_hash` is never used
[INFO] [stdout]   --> src/temp_mod.rs:55:4
[INFO] [stdout]    |
[INFO] [stdout] 55 | fn get_colour_hash(col:ChessColour)->u8{
[INFO] [stdout]    |    ^^^^^^^^^^^^^^^
[INFO] [stdout] 
[INFO] [stdout] 
[INFO] [stdout] warning: function `get_piece_hash` is never used
[INFO] [stdout]   --> src/temp_mod.rs:62:4
[INFO] [stdout]    |
[INFO] [stdout] 62 | fn get_piece_hash(p_kind:ChessPieceKind)->u8{
[INFO] [stdout]    |    ^^^^^^^^^^^^^^
[INFO] [stdout] 
[INFO] [stdout] 
[INFO] [stdout] warning: function `hash_piece` is never used
[INFO] [stdout]   --> src/temp_mod.rs:74:4
[INFO] [stdout]    |
[INFO] [stdout] 74 | fn hash_piece(piece: ChessPiece)->u16{
[INFO] [stdout]    |    ^^^^^^^^^^
[INFO] [stdout] 
[INFO] [stdout] 
[INFO] [stdout] warning: field `rule_repetition` is never read
[INFO] [stdout]   --> src/temp_mod.rs:92:5
[INFO] [stdout]    |
[INFO] [stdout] 88 | pub struct ChessBoard {
[INFO] [stdout]    |            ---------- field in this struct
[INFO] [stdout] ...
[INFO] [stdout] 92 |     rule_repetition: [[u8;64];50]
[INFO] [stdout]    |     ^^^^^^^^^^^^^^^
[INFO] [stdout]    |
[INFO] [stdout]    = note: `ChessBoard` has a derived impl for the trait `Clone`, but this is intentionally ignored during dead code analysis
[INFO] [stdout] 
[INFO] [stdout] 
[INFO] [stdout] warning: methods `revert_simulate_move_piece` and `promote_piece` are never used
[INFO] [stdout]    --> src/temp_mod.rs:395:8
[INFO] [stdout]     |
[INFO] [stdout] 94  | impl ChessBoard{
[INFO] [stdout]     | --------------- methods in this implementation
[INFO] [stdout] ...
[INFO] [stdout] 395 |     fn revert_simulate_move_piece(&mut self)->bool{
[INFO] [stdout]     |        ^^^^^^^^^^^^^^^^^^^^^^^^^^
[INFO] [stdout] ...
[INFO] [stdout] 405 |     fn promote_piece(&mut self, pos_c:u64, n_kind:ChessPieceKind)->bool{
[INFO] [stdout]     |        ^^^^^^^^^^^^^
[INFO] [stdout] 
[INFO] [stdout] 
[INFO] [stdout] warning: function `hash_board_state` is never used
[INFO] [stdout]    --> src/temp_mod.rs:453:4
[INFO] [stdout]     |
[INFO] [stdout] 453 | fn hash_board_state(mut board: ChessBoard)->[u8;64]{
[INFO] [stdout]     |    ^^^^^^^^^^^^^^^^
[INFO] [stdout] 
[INFO] [stdout] 
[INFO] [stdout] warning: function `get_capture_map` is never used
[INFO] [stdout]    --> src/temp_mod.rs:698:4
[INFO] [stdout]     |
[INFO] [stdout] 698 | fn get_capture_map(col:ChessColour,board:ChessBoard)->u64{
[INFO] [stdout]     |    ^^^^^^^^^^^^^^^
[INFO] [stdout] 
[INFO] [stdout] 
[INFO] [stdout] warning: function `is_checked` is never used
[INFO] [stdout]    --> src/temp_mod.rs:713:4
[INFO] [stdout]     |
[INFO] [stdout] 713 | fn is_checked(col:ChessColour,board:ChessBoard)->bool{
[INFO] [stdout]     |    ^^^^^^^^^^
[INFO] [stdout] 
[INFO] [stdout] 
[INFO] [stdout] warning: function `get_long_castle_move` is never used
[INFO] [stdout]    --> src/temp_mod.rs:722:4
[INFO] [stdout]     |
[INFO] [stdout] 722 | fn get_long_castle_move(piece:ChessPiece, board:ChessBoard)->bool{
[INFO] [stdout]     |    ^^^^^^^^^^^^^^^^^^^^
[INFO] [stdout] 
[INFO] [stdout] 
[INFO] [stdout] warning: function `get_short_castle_move` is never used
[INFO] [stdout]    --> src/temp_mod.rs:736:4
[INFO] [stdout]     |
[INFO] [stdout] 736 | fn get_short_castle_move(piece:ChessPiece, board:ChessBoard)->bool{
[INFO] [stdout]     |    ^^^^^^^^^^^^^^^^^^^^^
[INFO] [stdout] 
[INFO] [stdout] 
[INFO] [stdout] warning: function `get_rank_u64` is never used
[INFO] [stdout]    --> src/temp_mod.rs:752:4
[INFO] [stdout]     |
[INFO] [stdout] 752 | fn get_rank_u64(pos:u64)->u8{
[INFO] [stdout]     |    ^^^^^^^^^^^^
[INFO] [stdout] 
[INFO] [stdout] 
[INFO] [stdout] warning: function `get_file_u64` is never used
[INFO] [stdout]    --> src/temp_mod.rs:764:4
[INFO] [stdout]     |
[INFO] [stdout] 764 | fn get_file_u64(pos:u64)->u8{
[INFO] [stdout]     |    ^^^^^^^^^^^^
[INFO] [stdout] 
[INFO] [stdout] 
[INFO] [stdout] warning: function `get_u64_pos` is never used
[INFO] [stdout]    --> src/temp_mod.rs:775:8
[INFO] [stdout]     |
[INFO] [stdout] 775 | pub fn get_u64_pos(rank:u8, file:u8)->u64{
[INFO] [stdout]     |        ^^^^^^^^^^^
[INFO] [stdout] 
[INFO] [stdout] 
[INFO] [stdout] warning: function `can_promote` is never used
[INFO] [stdout]    --> src/temp_mod.rs:794:8
[INFO] [stdout]     |
[INFO] [stdout] 794 | pub fn can_promote(pos:u64, board:ChessBoard)->bool{
[INFO] [stdout]     |        ^^^^^^^^^^^
[INFO] [stdout] 
[INFO] [stdout] 
[INFO] [stdout] warning: function `simulate_pice_moves_check` is never used
[INFO] [stdout]    --> src/temp_mod.rs:804:4
[INFO] [stdout]     |
[INFO] [stdout] 804 | fn simulate_pice_moves_check(mut board:ChessBoard, piece:ChessPiece)->bool{
[INFO] [stdout]     |    ^^^^^^^^^^^^^^^^^^^^^^^^^
[INFO] [stdout] 
[INFO] [stdout] 
[INFO] [stdout] warning: function `move_piece` is never used
[INFO] [stdout]    --> src/temp_mod.rs:817:8
[INFO] [stdout]     |
[INFO] [stdout] 817 | pub fn move_piece(mut board:ChessBoard, from_c:u64, to_c:u64)->(ChessBoard,bool){
[INFO] [stdout]     |        ^^^^^^^^^^
[INFO] [stdout] 
[INFO] [stdout] 
[INFO] [stdout] warning: unused `Result` that must be used
[INFO] [stdout]    --> src/main.rs:287:9
[INFO] [stdout]     |
[INFO] [stdout] 287 |         canvas.finish(ctx);
[INFO] [stdout]     |         ^^^^^^^^^^^^^^^^^^
[INFO] [stdout]     |
[INFO] [stdout]     = note: this `Result` may be an `Err` variant, which should be handled
[INFO] [stdout]     = note: `#[warn(unused_must_use)]` on by default
[INFO] [stdout] help: use `let _ = ...` to ignore the resulting value
[INFO] [stdout]     |
[INFO] [stdout] 287 |         let _ = canvas.finish(ctx);
[INFO] [stdout]     |         +++++++
[INFO] [stdout] 
[INFO] [stdout] 
[INFO] [stdout] warning: unused `Result` that must be used
[INFO] [stdout]    --> src/main.rs:340:9
[INFO] [stdout]     |
[INFO] [stdout] 340 |         canvas.finish(_ctx);
[INFO] [stdout]     |         ^^^^^^^^^^^^^^^^^^^
[INFO] [stdout]     |
[INFO] [stdout]     = note: this `Result` may be an `Err` variant, which should be handled
[INFO] [stdout] help: use `let _ = ...` to ignore the resulting value
[INFO] [stdout]     |
[INFO] [stdout] 340 |         let _ = canvas.finish(_ctx);
[INFO] [stdout]     |         +++++++
[INFO] [stdout] 
[INFO] [stdout] 
[INFO] [stderr]     Finished `dev` profile [unoptimized + debuginfo] target(s) in 51.41s
[INFO] running `Command { std: "docker" "inspect" "cdd16f352c270742d95a88abf31d71316b4eefe599e7f710b4ba7d01d80c7c89", kill_on_drop: false }`
[INFO] running `Command { std: "docker" "rm" "-f" "cdd16f352c270742d95a88abf31d71316b4eefe599e7f710b4ba7d01d80c7c89", kill_on_drop: false }`
[INFO] [stdout] cdd16f352c270742d95a88abf31d71316b4eefe599e7f710b4ba7d01d80c7c89
[INFO] running `Command { std: "docker" "create" "-v" "/var/lib/crater-agent-workspace/builds/worker-7-tc1/target:/opt/rustwide/target:rw,Z" "-v" "/var/lib/crater-agent-workspace/builds/worker-7-tc1/source:/opt/rustwide/workdir:ro,Z" "-v" "/var/lib/crater-agent-workspace/cargo-home:/opt/rustwide/cargo-home:ro,Z" "-v" "/var/lib/crater-agent-workspace/rustup-home:/opt/rustwide/rustup-home:ro,Z" "-e" "SOURCE_DIR=/opt/rustwide/workdir" "-e" "CARGO_TARGET_DIR=/opt/rustwide/target" "-e" "CARGO_INCREMENTAL=0" "-e" "RUST_BACKTRACE=full" "-e" "RUSTFLAGS=--cap-lints=forbid" "-e" "RUSTDOCFLAGS=--cap-lints=forbid" "-e" "CARGO_HOME=/opt/rustwide/cargo-home" "-e" "RUSTUP_HOME=/opt/rustwide/rustup-home" "-w" "/opt/rustwide/workdir" "-m" "1610612736" "--user" "0:0" "--network" "none" "ghcr.io/rust-lang/crates-build-env/linux@sha256:4a844ea9eb2546a2d2c7022eacef16ef2e8229c7fbb2c7d4d55a9ceca922f72d" "/opt/rustwide/cargo-home/bin/cargo" "+nightly-2024-10-28" "test" "--frozen" "--no-run" "--message-format=json", kill_on_drop: false }`
[INFO] [stdout] 7d964e1cb2d6a419da8d3a08986148fd42831fb69928e0f617d34df8b621e780
[INFO] running `Command { std: "docker" "start" "-a" "7d964e1cb2d6a419da8d3a08986148fd42831fb69928e0f617d34df8b621e780", kill_on_drop: false }`
[INFO] [stderr]    Compiling skye-chess-gui-angun v0.1.0 (/opt/rustwide/workdir)
[INFO] [stdout] warning: unused import: `DrawParam`
[INFO] [stdout]  --> src/main.rs:6:53
[INFO] [stdout]   |
[INFO] [stdout] 6 | use ggez::graphics::{self, Canvas, Color, DrawMode, DrawParam, Drawable, Image, Mesh, Rect}; // Ensure `graphics` and `Color` are importe...
[INFO] [stdout]   |                                                     ^^^^^^^^^
[INFO] [stdout]   |
[INFO] [stdout]   = note: `#[warn(unused_imports)]` on by default
[INFO] [stdout] 
[INFO] [stdout] 
[INFO] [stdout] warning: variable `square` is assigned to, but never used
[INFO] [stdout]    --> src/temp_mod.rs:456:13
[INFO] [stdout]     |
[INFO] [stdout] 456 |     for mut square in board_state {
[INFO] [stdout]     |             ^^^^^^
[INFO] [stdout]     |
[INFO] [stdout]     = note: consider using `_square` instead
[INFO] [stdout]     = note: `#[warn(unused_variables)]` on by default
[INFO] [stdout] 
[INFO] [stdout] 
[INFO] [stdout] warning: value assigned to `square` is never read
[INFO] [stdout]    --> src/temp_mod.rs:458:32
[INFO] [stdout]     |
[INFO] [stdout] 458 |         if piece_opt.is_none(){square=0b0;continue;}
[INFO] [stdout]     |                                ^^^^^^
[INFO] [stdout]     |
[INFO] [stdout]     = help: maybe it is overwritten before being read?
[INFO] [stdout]     = note: `#[warn(unused_assignments)]` on by default
[INFO] [stdout] 
[INFO] [stdout] 
[INFO] [stdout] warning: value assigned to `square` is never read
[INFO] [stdout]    --> src/temp_mod.rs:460:9
[INFO] [stdout]     |
[INFO] [stdout] 460 |         square=((get_piece_hash(piece.kind)<<3)|get_colour_hash(piece.colour)<<1)|get_colour_hash(board.current_move);
[INFO] [stdout]     |         ^^^^^^
[INFO] [stdout]     |
[INFO] [stdout]     = help: maybe it is overwritten before being read?
[INFO] [stdout] 
[INFO] [stdout] 
[INFO] [stdout] warning: variable does not need to be mutable
[INFO] [stdout]    --> src/temp_mod.rs:453:21
[INFO] [stdout]     |
[INFO] [stdout] 453 | fn hash_board_state(mut board: ChessBoard)->[u8;64]{
[INFO] [stdout]     |                     ----^^^^^
[INFO] [stdout]     |                     |
[INFO] [stdout]     |                     help: remove this `mut`
[INFO] [stdout]     |
[INFO] [stdout]     = note: `#[warn(unused_mut)]` on by default
[INFO] [stdout] 
[INFO] [stdout] 
[INFO] [stdout] warning: variable `square` is assigned to, but never used
[INFO] [stdout]    --> src/temp_mod.rs:807:13
[INFO] [stdout]     |
[INFO] [stdout] 807 |     for mut square in board_state {
[INFO] [stdout]     |             ^^^^^^
[INFO] [stdout]     |
[INFO] [stdout]     = note: consider using `_square` instead
[INFO] [stdout] 
[INFO] [stdout] 
[INFO] [stdout] warning: value assigned to `square` is never read
[INFO] [stdout]    --> src/temp_mod.rs:809:32
[INFO] [stdout]     |
[INFO] [stdout] 809 |         if piece_opt.is_none(){square=0b0;continue;}
[INFO] [stdout]     |                                ^^^^^^
[INFO] [stdout]     |
[INFO] [stdout]     = help: maybe it is overwritten before being read?
[INFO] [stdout] 
[INFO] [stdout] 
[INFO] [stdout] warning: value assigned to `square` is never read
[INFO] [stdout]    --> src/temp_mod.rs:811:9
[INFO] [stdout]     |
[INFO] [stdout] 811 |         square=((get_piece_hash(piece.kind)<<3)|get_colour_hash(piece.colour)<<1)|get_colour_hash(board.current_move);
[INFO] [stdout]     |         ^^^^^^
[INFO] [stdout]     |
[INFO] [stdout]     = help: maybe it is overwritten before being read?
[INFO] [stdout] 
[INFO] [stdout] 
[INFO] [stdout] warning: unused variable: `piece`
[INFO] [stdout]    --> src/temp_mod.rs:804:52
[INFO] [stdout]     |
[INFO] [stdout] 804 | fn simulate_pice_moves_check(mut board:ChessBoard, piece:ChessPiece)->bool{
[INFO] [stdout]     |                                                    ^^^^^ help: if this is intentional, prefix it with an underscore: `_piece`
[INFO] [stdout] 
[INFO] [stdout] 
[INFO] [stdout] warning: variable does not need to be mutable
[INFO] [stdout]    --> src/temp_mod.rs:804:30
[INFO] [stdout]     |
[INFO] [stdout] 804 | fn simulate_pice_moves_check(mut board:ChessBoard, piece:ChessPiece)->bool{
[INFO] [stdout]     |                              ----^^^^^
[INFO] [stdout]     |                              |
[INFO] [stdout]     |                              help: remove this `mut`
[INFO] [stdout] 
[INFO] [stdout] 
[INFO] [stdout] warning: variable does not need to be mutable
[INFO] [stdout]    --> src/temp_mod.rs:822:9
[INFO] [stdout]     |
[INFO] [stdout] 822 |     let mut pieces=board.pieces;
[INFO] [stdout]     |         ----^^^^^^
[INFO] [stdout]     |         |
[INFO] [stdout]     |         help: remove this `mut`
[INFO] [stdout] 
[INFO] [stdout] 
[INFO] [stdout] warning: unused variable: `ctx`
[INFO] [stdout]    --> src/main.rs:132:26
[INFO] [stdout]     |
[INFO] [stdout] 132 |     fn update(&mut self, ctx: &mut Context) -> GameResult { 
[INFO] [stdout]     |                          ^^^ help: if this is intentional, prefix it with an underscore: `_ctx`
[INFO] [stdout] 
[INFO] [stdout] 
[INFO] [stdout] warning: value assigned to `scale_factor` is never read
[INFO] [stdout]    --> src/main.rs:143:17
[INFO] [stdout]     |
[INFO] [stdout] 143 |         let mut scale_factor = 0.0;
[INFO] [stdout]     |                 ^^^^^^^^^^^^
[INFO] [stdout]     |
[INFO] [stdout]     = help: maybe it is overwritten before being read?
[INFO] [stdout] 
[INFO] [stdout] 
[INFO] [stdout] warning: value assigned to `highlight` is never read
[INFO] [stdout]    --> src/main.rs:150:17
[INFO] [stdout]     |
[INFO] [stdout] 150 |         let mut highlight: Mesh = Mesh::new_rectangle(
[INFO] [stdout]     |                 ^^^^^^^^^
[INFO] [stdout]     |
[INFO] [stdout]     = help: maybe it is overwritten before being read?
[INFO] [stdout] 
[INFO] [stdout] 
[INFO] [stdout] warning: value assigned to `image` is never read
[INFO] [stdout]    --> src/main.rs:160:17
[INFO] [stdout]     |
[INFO] [stdout] 160 |         let mut image = self.images.get("no_image");
[INFO] [stdout]     |                 ^^^^^
[INFO] [stdout]     |
[INFO] [stdout]     = help: maybe it is overwritten before being read?
[INFO] [stdout] 
[INFO] [stdout] 
[INFO] [stdout] warning: value assigned to `square` is never read
[INFO] [stdout]    --> src/main.rs:167:17
[INFO] [stdout]     |
[INFO] [stdout] 167 |         let mut square = Mesh::new_rectangle(
[INFO] [stdout]     |                 ^^^^^^
[INFO] [stdout]     |
[INFO] [stdout]     = help: maybe it is overwritten before being read?
[INFO] [stdout] 
[INFO] [stdout] 
[INFO] [stdout] warning: value assigned to `color` is never read
[INFO] [stdout]    --> src/main.rs:179:25
[INFO] [stdout]     |
[INFO] [stdout] 179 |                 let mut color = Color::from_rgb(0, 0, 0);
[INFO] [stdout]     |                         ^^^^^
[INFO] [stdout]     |
[INFO] [stdout]     = help: maybe it is overwritten before being read?
[INFO] [stdout] 
[INFO] [stdout] 
[INFO] [stdout] warning: value assigned to `image_string` is never read
[INFO] [stdout]    --> src/main.rs:202:25
[INFO] [stdout]     |
[INFO] [stdout] 202 |                 let mut image_string = "".to_string();
[INFO] [stdout]     |                         ^^^^^^^^^^^^
[INFO] [stdout]     |
[INFO] [stdout]     = help: maybe it is overwritten before being read?
[INFO] [stdout] 
[INFO] [stdout] 
[INFO] [stdout] warning: variable does not need to be mutable
[INFO] [stdout]    --> src/main.rs:312:13
[INFO] [stdout]     |
[INFO] [stdout] 312 |         let mut canvas = Canvas::from_frame(_ctx, Color::WHITE);
[INFO] [stdout]     |             ----^^^^^^
[INFO] [stdout]     |             |
[INFO] [stdout]     |             help: remove this `mut`
[INFO] [stdout] 
[INFO] [stdout] 
[INFO] [stdout] warning: function `bitboard_to_positions` is never used
[INFO] [stdout]   --> src/main.rs:58:4
[INFO] [stdout]    |
[INFO] [stdout] 58 | fn bitboard_to_positions(bitboard: u64) -> Vec<u32> {
[INFO] [stdout]    |    ^^^^^^^^^^^^^^^^^^^^^
[INFO] [stdout]    |
[INFO] [stdout]    = note: `#[warn(dead_code)]` on by default
[INFO] [stdout] 
[INFO] [stdout] 
[INFO] [stdout] warning: function `position_to_bitboard` is never used
[INFO] [stdout]   --> src/main.rs:74:4
[INFO] [stdout]    |
[INFO] [stdout] 74 | fn position_to_bitboard(pos: u32) -> u64 {
[INFO] [stdout]    |    ^^^^^^^^^^^^^^^^^^^^
[INFO] [stdout] 
[INFO] [stdout] 
[INFO] [stdout] warning: fields `just_moved_piece`, `highlighted_squares`, and `is_highlighting` are never read
[INFO] [stdout]   --> src/main.rs:87:5
[INFO] [stdout]    |
[INFO] [stdout] 83 | struct ChessGame{
[INFO] [stdout]    |        --------- fields in this struct
[INFO] [stdout] ...
[INFO] [stdout] 87 |     just_moved_piece: bool,
[INFO] [stdout]    |     ^^^^^^^^^^^^^^^^
[INFO] [stdout] 88 |     highlighted_squares: Vec<(usize, usize)>,
[INFO] [stdout]    |     ^^^^^^^^^^^^^^^^^^^
[INFO] [stdout] 89 |     is_highlighting: bool,
[INFO] [stdout]    |     ^^^^^^^^^^^^^^^
[INFO] [stdout] 
[INFO] [stdout] 
[INFO] [stdout] warning: field `has_moved` is never read
[INFO] [stdout]   --> src/temp_mod.rs:23:9
[INFO] [stdout]    |
[INFO] [stdout] 18 | pub struct ChessPiece {
[INFO] [stdout]    |            ---------- field in this struct
[INFO] [stdout] ...
[INFO] [stdout] 23 |     pub has_moved: bool,
[INFO] [stdout]    |         ^^^^^^^^^
[INFO] [stdout]    |
[INFO] [stdout]    = note: `ChessPiece` has a derived impl for the trait `Clone`, but this is intentionally ignored during dead code analysis
[INFO] [stdout] 
[INFO] [stdout] 
[INFO] [stdout] warning: field `rule_repetition` is never read
[INFO] [stdout]   --> src/temp_mod.rs:92:5
[INFO] [stdout]    |
[INFO] [stdout] 88 | pub struct ChessBoard {
[INFO] [stdout]    |            ---------- field in this struct
[INFO] [stdout] ...
[INFO] [stdout] 92 |     rule_repetition: [[u8;64];50]
[INFO] [stdout]    |     ^^^^^^^^^^^^^^^
[INFO] [stdout]    |
[INFO] [stdout]    = note: `ChessBoard` has a derived impl for the trait `Clone`, but this is intentionally ignored during dead code analysis
[INFO] [stdout] 
[INFO] [stdout] 
[INFO] [stdout] warning: methods `revert_simulate_move_piece` and `promote_piece` are never used
[INFO] [stdout]    --> src/temp_mod.rs:395:8
[INFO] [stdout]     |
[INFO] [stdout] 94  | impl ChessBoard{
[INFO] [stdout]     | --------------- methods in this implementation
[INFO] [stdout] ...
[INFO] [stdout] 395 |     fn revert_simulate_move_piece(&mut self)->bool{
[INFO] [stdout]     |        ^^^^^^^^^^^^^^^^^^^^^^^^^^
[INFO] [stdout] ...
[INFO] [stdout] 405 |     fn promote_piece(&mut self, pos_c:u64, n_kind:ChessPieceKind)->bool{
[INFO] [stdout]     |        ^^^^^^^^^^^^^
[INFO] [stdout] 
[INFO] [stdout] 
[INFO] [stdout] warning: function `hash_board_state` is never used
[INFO] [stdout]    --> src/temp_mod.rs:453:4
[INFO] [stdout]     |
[INFO] [stdout] 453 | fn hash_board_state(mut board: ChessBoard)->[u8;64]{
[INFO] [stdout]     |    ^^^^^^^^^^^^^^^^
[INFO] [stdout] 
[INFO] [stdout] 
[INFO] [stdout] warning: function `get_capture_map` is never used
[INFO] [stdout]    --> src/temp_mod.rs:698:4
[INFO] [stdout]     |
[INFO] [stdout] 698 | fn get_capture_map(col:ChessColour,board:ChessBoard)->u64{
[INFO] [stdout]     |    ^^^^^^^^^^^^^^^
[INFO] [stdout] 
[INFO] [stdout] 
[INFO] [stdout] warning: function `is_checked` is never used
[INFO] [stdout]    --> src/temp_mod.rs:713:4
[INFO] [stdout]     |
[INFO] [stdout] 713 | fn is_checked(col:ChessColour,board:ChessBoard)->bool{
[INFO] [stdout]     |    ^^^^^^^^^^
[INFO] [stdout] 
[INFO] [stdout] 
[INFO] [stdout] warning: function `get_long_castle_move` is never used
[INFO] [stdout]    --> src/temp_mod.rs:722:4
[INFO] [stdout]     |
[INFO] [stdout] 722 | fn get_long_castle_move(piece:ChessPiece, board:ChessBoard)->bool{
[INFO] [stdout]     |    ^^^^^^^^^^^^^^^^^^^^
[INFO] [stdout] 
[INFO] [stdout] 
[INFO] [stdout] warning: function `get_short_castle_move` is never used
[INFO] [stdout]    --> src/temp_mod.rs:736:4
[INFO] [stdout]     |
[INFO] [stdout] 736 | fn get_short_castle_move(piece:ChessPiece, board:ChessBoard)->bool{
[INFO] [stdout]     |    ^^^^^^^^^^^^^^^^^^^^^
[INFO] [stdout] 
[INFO] [stdout] 
[INFO] [stdout] warning: function `get_u64_pos` is never used
[INFO] [stdout]    --> src/temp_mod.rs:775:8
[INFO] [stdout]     |
[INFO] [stdout] 775 | pub fn get_u64_pos(rank:u8, file:u8)->u64{
[INFO] [stdout]     |        ^^^^^^^^^^^
[INFO] [stdout] 
[INFO] [stdout] 
[INFO] [stdout] warning: function `can_promote` is never used
[INFO] [stdout]    --> src/temp_mod.rs:794:8
[INFO] [stdout]     |
[INFO] [stdout] 794 | pub fn can_promote(pos:u64, board:ChessBoard)->bool{
[INFO] [stdout]     |        ^^^^^^^^^^^
[INFO] [stdout] 
[INFO] [stdout] 
[INFO] [stdout] warning: function `simulate_pice_moves_check` is never used
[INFO] [stdout]    --> src/temp_mod.rs:804:4
[INFO] [stdout]     |
[INFO] [stdout] 804 | fn simulate_pice_moves_check(mut board:ChessBoard, piece:ChessPiece)->bool{
[INFO] [stdout]     |    ^^^^^^^^^^^^^^^^^^^^^^^^^
[INFO] [stdout] 
[INFO] [stdout] 
[INFO] [stdout] warning: function `move_piece` is never used
[INFO] [stdout]    --> src/temp_mod.rs:817:8
[INFO] [stdout]     |
[INFO] [stdout] 817 | pub fn move_piece(mut board:ChessBoard, from_c:u64, to_c:u64)->(ChessBoard,bool){
[INFO] [stdout]     |        ^^^^^^^^^^
[INFO] [stdout] 
[INFO] [stdout] 
[INFO] [stdout] warning: unused `Result` that must be used
[INFO] [stdout]    --> src/main.rs:287:9
[INFO] [stdout]     |
[INFO] [stdout] 287 |         canvas.finish(ctx);
[INFO] [stdout]     |         ^^^^^^^^^^^^^^^^^^
[INFO] [stdout]     |
[INFO] [stdout]     = note: this `Result` may be an `Err` variant, which should be handled
[INFO] [stdout]     = note: `#[warn(unused_must_use)]` on by default
[INFO] [stdout] help: use `let _ = ...` to ignore the resulting value
[INFO] [stdout]     |
[INFO] [stdout] 287 |         let _ = canvas.finish(ctx);
[INFO] [stdout]     |         +++++++
[INFO] [stdout] 
[INFO] [stdout] 
[INFO] [stdout] warning: unused `Result` that must be used
[INFO] [stdout]    --> src/main.rs:340:9
[INFO] [stdout]     |
[INFO] [stdout] 340 |         canvas.finish(_ctx);
[INFO] [stdout]     |         ^^^^^^^^^^^^^^^^^^^
[INFO] [stdout]     |
[INFO] [stdout]     = note: this `Result` may be an `Err` variant, which should be handled
[INFO] [stdout] help: use `let _ = ...` to ignore the resulting value
[INFO] [stdout]     |
[INFO] [stdout] 340 |         let _ = canvas.finish(_ctx);
[INFO] [stdout]     |         +++++++
[INFO] [stdout] 
[INFO] [stdout] 
[INFO] [stderr]     Finished `test` profile [unoptimized + debuginfo] target(s) in 1.11s
[INFO] running `Command { std: "docker" "inspect" "7d964e1cb2d6a419da8d3a08986148fd42831fb69928e0f617d34df8b621e780", kill_on_drop: false }`
[INFO] running `Command { std: "docker" "rm" "-f" "7d964e1cb2d6a419da8d3a08986148fd42831fb69928e0f617d34df8b621e780", kill_on_drop: false }`
[INFO] [stdout] 7d964e1cb2d6a419da8d3a08986148fd42831fb69928e0f617d34df8b621e780
[INFO] running `Command { std: "docker" "create" "-v" "/var/lib/crater-agent-workspace/builds/worker-7-tc1/target:/opt/rustwide/target:rw,Z" "-v" "/var/lib/crater-agent-workspace/builds/worker-7-tc1/source:/opt/rustwide/workdir:ro,Z" "-v" "/var/lib/crater-agent-workspace/cargo-home:/opt/rustwide/cargo-home:ro,Z" "-v" "/var/lib/crater-agent-workspace/rustup-home:/opt/rustwide/rustup-home:ro,Z" "-e" "SOURCE_DIR=/opt/rustwide/workdir" "-e" "CARGO_TARGET_DIR=/opt/rustwide/target" "-e" "CARGO_INCREMENTAL=0" "-e" "RUST_BACKTRACE=full" "-e" "RUSTFLAGS=--cap-lints=forbid" "-e" "RUSTDOCFLAGS=--cap-lints=forbid" "-e" "CARGO_HOME=/opt/rustwide/cargo-home" "-e" "RUSTUP_HOME=/opt/rustwide/rustup-home" "-w" "/opt/rustwide/workdir" "-m" "1610612736" "--user" "0:0" "--network" "none" "ghcr.io/rust-lang/crates-build-env/linux@sha256:4a844ea9eb2546a2d2c7022eacef16ef2e8229c7fbb2c7d4d55a9ceca922f72d" "/opt/rustwide/cargo-home/bin/cargo" "+nightly-2024-10-28" "test" "--frozen", kill_on_drop: false }`
[INFO] [stdout] 340ae7c44f3023c189677054aaa0a230abb94045e22c19974d02b3f809c535e7
[INFO] running `Command { std: "docker" "start" "-a" "340ae7c44f3023c189677054aaa0a230abb94045e22c19974d02b3f809c535e7", kill_on_drop: false }`
[INFO] [stderr] warning: unused import: `DrawParam`
[INFO] [stderr]  --> src/main.rs:6:53
[INFO] [stderr]   |
[INFO] [stderr] 6 | use ggez::graphics::{self, Canvas, Color, DrawMode, DrawParam, Drawable, Image, Mesh, Rect}; // Ensure `graphics` and `Color` are importe...
[INFO] [stderr]   |                                                     ^^^^^^^^^
[INFO] [stderr]   |
[INFO] [stderr]   = note: `#[warn(unused_imports)]` on by default
[INFO] [stderr] 
[INFO] [stderr] warning: variable `square` is assigned to, but never used
[INFO] [stderr]    --> src/temp_mod.rs:456:13
[INFO] [stderr]     |
[INFO] [stderr] 456 |     for mut square in board_state {
[INFO] [stderr]     |             ^^^^^^
[INFO] [stderr]     |
[INFO] [stderr]     = note: consider using `_square` instead
[INFO] [stderr]     = note: `#[warn(unused_variables)]` on by default
[INFO] [stderr] 
[INFO] [stderr] warning: value assigned to `square` is never read
[INFO] [stderr]    --> src/temp_mod.rs:458:32
[INFO] [stderr]     |
[INFO] [stderr] 458 |         if piece_opt.is_none(){square=0b0;continue;}
[INFO] [stderr]     |                                ^^^^^^
[INFO] [stderr]     |
[INFO] [stderr]     = help: maybe it is overwritten before being read?
[INFO] [stderr]     = note: `#[warn(unused_assignments)]` on by default
[INFO] [stderr] 
[INFO] [stderr] warning: value assigned to `square` is never read
[INFO] [stderr]    --> src/temp_mod.rs:460:9
[INFO] [stderr]     |
[INFO] [stderr] 460 |         square=((get_piece_hash(piece.kind)<<3)|get_colour_hash(piece.colour)<<1)|get_colour_hash(board.current_move);
[INFO] [stderr]     |         ^^^^^^
[INFO] [stderr]     |
[INFO] [stderr]     = help: maybe it is overwritten before being read?
[INFO] [stderr] 
[INFO] [stderr] warning: variable does not need to be mutable
[INFO] [stderr]    --> src/temp_mod.rs:453:21
[INFO] [stderr]     |
[INFO] [stderr] 453 | fn hash_board_state(mut board: ChessBoard)->[u8;64]{
[INFO] [stderr]     |                     ----^^^^^
[INFO] [stderr]     |                     |
[INFO] [stderr]     |                     help: remove this `mut`
[INFO] [stderr]     |
[INFO] [stderr]     = note: `#[warn(unused_mut)]` on by default
[INFO] [stderr] 
[INFO] [stderr] warning: variable `square` is assigned to, but never used
[INFO] [stderr]    --> src/temp_mod.rs:807:13
[INFO] [stderr]     |
[INFO] [stderr] 807 |     for mut square in board_state {
[INFO] [stderr]     |             ^^^^^^
[INFO] [stderr]     |
[INFO] [stderr]     = note: consider using `_square` instead
[INFO] [stderr] 
[INFO] [stderr] warning: value assigned to `square` is never read
[INFO] [stderr]    --> src/temp_mod.rs:809:32
[INFO] [stderr]     |
[INFO] [stderr] 809 |         if piece_opt.is_none(){square=0b0;continue;}
[INFO] [stderr]     |                                ^^^^^^
[INFO] [stderr]     |
[INFO] [stderr]     = help: maybe it is overwritten before being read?
[INFO] [stderr] 
[INFO] [stderr] warning: value assigned to `square` is never read
[INFO] [stderr]    --> src/temp_mod.rs:811:9
[INFO] [stderr]     |
[INFO] [stderr] 811 |         square=((get_piece_hash(piece.kind)<<3)|get_colour_hash(piece.colour)<<1)|get_colour_hash(board.current_move);
[INFO] [stderr]     |         ^^^^^^
[INFO] [stderr]     |
[INFO] [stderr]     = help: maybe it is overwritten before being read?
[INFO] [stderr] 
[INFO] [stderr] warning: unused variable: `piece`
[INFO] [stderr]    --> src/temp_mod.rs:804:52
[INFO] [stderr]     |
[INFO] [stderr] 804 | fn simulate_pice_moves_check(mut board:ChessBoard, piece:ChessPiece)->bool{
[INFO] [stderr]     |                                                    ^^^^^ help: if this is intentional, prefix it with an underscore: `_piece`
[INFO] [stderr] 
[INFO] [stderr] warning: variable does not need to be mutable
[INFO] [stderr]    --> src/temp_mod.rs:804:30
[INFO] [stderr]     |
[INFO] [stderr] 804 | fn simulate_pice_moves_check(mut board:ChessBoard, piece:ChessPiece)->bool{
[INFO] [stderr]     |                              ----^^^^^
[INFO] [stderr]     |                              |
[INFO] [stderr]     |                              help: remove this `mut`
[INFO] [stderr] 
[INFO] [stderr] warning: variable does not need to be mutable
[INFO] [stderr]    --> src/temp_mod.rs:822:9
[INFO] [stderr]     |
[INFO] [stderr] 822 |     let mut pieces=board.pieces;
[INFO] [stderr]     |         ----^^^^^^
[INFO] [stderr]     |         |
[INFO] [stderr]     |         help: remove this `mut`
[INFO] [stderr] 
[INFO] [stderr] warning: unused variable: `ctx`
[INFO] [stderr]    --> src/main.rs:132:26
[INFO] [stderr]     |
[INFO] [stderr] 132 |     fn update(&mut self, ctx: &mut Context) -> GameResult { 
[INFO] [stderr]     |                          ^^^ help: if this is intentional, prefix it with an underscore: `_ctx`
[INFO] [stderr] 
[INFO] [stderr] warning: value assigned to `scale_factor` is never read
[INFO] [stderr]    --> src/main.rs:143:17
[INFO] [stderr]     |
[INFO] [stderr] 143 |         let mut scale_factor = 0.0;
[INFO] [stderr]     |                 ^^^^^^^^^^^^
[INFO] [stderr]     |
[INFO] [stderr]     = help: maybe it is overwritten before being read?
[INFO] [stderr] 
[INFO] [stderr] warning: value assigned to `highlight` is never read
[INFO] [stderr]    --> src/main.rs:150:17
[INFO] [stderr]     |
[INFO] [stderr] 150 |         let mut highlight: Mesh = Mesh::new_rectangle(
[INFO] [stderr]     |                 ^^^^^^^^^
[INFO] [stderr]     |
[INFO] [stderr]     = help: maybe it is overwritten before being read?
[INFO] [stderr] 
[INFO] [stderr] warning: value assigned to `image` is never read
[INFO] [stderr]    --> src/main.rs:160:17
[INFO] [stderr]     |
[INFO] [stderr] 160 |         let mut image = self.images.get("no_image");
[INFO] [stderr]     |                 ^^^^^
[INFO] [stderr]     |
[INFO] [stderr]     = help: maybe it is overwritten before being read?
[INFO] [stderr] 
[INFO] [stderr] warning: value assigned to `square` is never read
[INFO] [stderr]    --> src/main.rs:167:17
[INFO] [stderr]     |
[INFO] [stderr] 167 |         let mut square = Mesh::new_rectangle(
[INFO] [stderr]     |                 ^^^^^^
[INFO] [stderr]     |
[INFO] [stderr]     = help: maybe it is overwritten before being read?
[INFO] [stderr] 
[INFO] [stderr] warning: value assigned to `color` is never read
[INFO] [stderr]    --> src/main.rs:179:25
[INFO] [stderr]     |
[INFO] [stderr] 179 |                 let mut color = Color::from_rgb(0, 0, 0);
[INFO] [stderr]     |                         ^^^^^
[INFO] [stderr]     |
[INFO] [stderr]     = help: maybe it is overwritten before being read?
[INFO] [stderr] 
[INFO] [stderr] warning: value assigned to `image_string` is never read
[INFO] [stderr]    --> src/main.rs:202:25
[INFO] [stderr]     |
[INFO] [stderr] 202 |                 let mut image_string = "".to_string();
[INFO] [stderr]     |                         ^^^^^^^^^^^^
[INFO] [stderr]     |
[INFO] [stderr]     = help: maybe it is overwritten before being read?
[INFO] [stderr] 
[INFO] [stderr] warning: variable does not need to be mutable
[INFO] [stderr]    --> src/main.rs:312:13
[INFO] [stderr]     |
[INFO] [stderr] 312 |         let mut canvas = Canvas::from_frame(_ctx, Color::WHITE);
[INFO] [stderr]     |             ----^^^^^^
[INFO] [stderr]     |             |
[INFO] [stderr]     |             help: remove this `mut`
[INFO] [stderr] 
[INFO] [stderr] warning: function `bitboard_to_positions` is never used
[INFO] [stderr]   --> src/main.rs:58:4
[INFO] [stderr]    |
[INFO] [stderr] 58 | fn bitboard_to_positions(bitboard: u64) -> Vec<u32> {
[INFO] [stderr]    |    ^^^^^^^^^^^^^^^^^^^^^
[INFO] [stderr]    |
[INFO] [stderr]    = note: `#[warn(dead_code)]` on by default
[INFO] [stderr] 
[INFO] [stderr] warning: function `position_to_bitboard` is never used
[INFO] [stderr]   --> src/main.rs:74:4
[INFO] [stderr]    |
[INFO] [stderr] 74 | fn position_to_bitboard(pos: u32) -> u64 {
[INFO] [stderr]    |    ^^^^^^^^^^^^^^^^^^^^
[INFO] [stderr] 
[INFO] [stderr] warning: fields `just_moved_piece`, `highlighted_squares`, and `is_highlighting` are never read
[INFO] [stderr]   --> src/main.rs:87:5
[INFO] [stderr]    |
[INFO] [stderr] 83 | struct ChessGame{
[INFO] [stderr]    |        --------- fields in this struct
[INFO] [stderr] ...
[INFO] [stderr] 87 |     just_moved_piece: bool,
[INFO] [stderr]    |     ^^^^^^^^^^^^^^^^
[INFO] [stderr] 88 |     highlighted_squares: Vec<(usize, usize)>,
[INFO] [stderr]    |     ^^^^^^^^^^^^^^^^^^^
[INFO] [stderr] 89 |     is_highlighting: bool,
[INFO] [stderr]    |     ^^^^^^^^^^^^^^^
[INFO] [stderr] 
[INFO] [stderr] warning: field `has_moved` is never read
[INFO] [stderr]   --> src/temp_mod.rs:23:9
[INFO] [stderr]    |
[INFO] [stderr] 18 | pub struct ChessPiece {
[INFO] [stderr]    |            ---------- field in this struct
[INFO] [stderr] ...
[INFO] [stderr] 23 |     pub has_moved: bool,
[INFO] [stderr]    |         ^^^^^^^^^
[INFO] [stderr]    |
[INFO] [stderr]    = note: `ChessPiece` has a derived impl for the trait `Clone`, but this is intentionally ignored during dead code analysis
[INFO] [stderr] 
[INFO] [stderr] warning: field `rule_repetition` is never read
[INFO] [stderr]   --> src/temp_mod.rs:92:5
[INFO] [stderr]    |
[INFO] [stderr] 88 | pub struct ChessBoard {
[INFO] [stderr]    |            ---------- field in this struct
[INFO] [stderr] ...
[INFO] [stderr] 92 |     rule_repetition: [[u8;64];50]
[INFO] [stderr]    |     ^^^^^^^^^^^^^^^
[INFO] [stderr]    |
[INFO] [stderr]    = note: `ChessBoard` has a derived impl for the trait `Clone`, but this is intentionally ignored during dead code analysis
[INFO] [stderr] 
[INFO] [stderr] warning: methods `revert_simulate_move_piece` and `promote_piece` are never used
[INFO] [stderr]    --> src/temp_mod.rs:395:8
[INFO] [stderr]     |
[INFO] [stderr] 94  | impl ChessBoard{
[INFO] [stderr]     | --------------- methods in this implementation
[INFO] [stderr] ...
[INFO] [stderr] 395 |     fn revert_simulate_move_piece(&mut self)->bool{
[INFO] [stderr]     |        ^^^^^^^^^^^^^^^^^^^^^^^^^^
[INFO] [stderr] ...
[INFO] [stderr] 405 |     fn promote_piece(&mut self, pos_c:u64, n_kind:ChessPieceKind)->bool{
[INFO] [stderr]     |        ^^^^^^^^^^^^^
[INFO] [stderr] 
[INFO] [stderr] warning: function `hash_board_state` is never used
[INFO] [stderr]    --> src/temp_mod.rs:453:4
[INFO] [stderr]     |
[INFO] [stderr] 453 | fn hash_board_state(mut board: ChessBoard)->[u8;64]{
[INFO] [stderr]     |    ^^^^^^^^^^^^^^^^
[INFO] [stderr] 
[INFO] [stderr] warning: function `get_capture_map` is never used
[INFO] [stderr]    --> src/temp_mod.rs:698:4
[INFO] [stderr]     |
[INFO] [stderr] 698 | fn get_capture_map(col:ChessColour,board:ChessBoard)->u64{
[INFO] [stderr]     |    ^^^^^^^^^^^^^^^
[INFO] [stderr] 
[INFO] [stderr] warning: function `is_checked` is never used
[INFO] [stderr]    --> src/temp_mod.rs:713:4
[INFO] [stderr]     |
[INFO] [stderr] 713 | fn is_checked(col:ChessColour,board:ChessBoard)->bool{
[INFO] [stderr]     |    ^^^^^^^^^^
[INFO] [stderr] 
[INFO] [stderr] warning: function `get_long_castle_move` is never used
[INFO] [stderr]    --> src/temp_mod.rs:722:4
[INFO] [stderr]     |
[INFO] [stderr] 722 | fn get_long_castle_move(piece:ChessPiece, board:ChessBoard)->bool{
[INFO] [stderr]     |    ^^^^^^^^^^^^^^^^^^^^
[INFO] [stderr] 
[INFO] [stderr] warning: function `get_short_castle_move` is never used
[INFO] [stderr]    --> src/temp_mod.rs:736:4
[INFO] [stderr]     |
[INFO] [stderr] 736 | fn get_short_castle_move(piece:ChessPiece, board:ChessBoard)->bool{
[INFO] [stderr]     |    ^^^^^^^^^^^^^^^^^^^^^
[INFO] [stderr] 
[INFO] [stderr] warning: function `get_u64_pos` is never used
[INFO] [stderr]    --> src/temp_mod.rs:775:8
[INFO] [stderr]     |
[INFO] [stderr] 775 | pub fn get_u64_pos(rank:u8, file:u8)->u64{
[INFO] [stderr]     |        ^^^^^^^^^^^
[INFO] [stderr] 
[INFO] [stderr] warning: function `can_promote` is never used
[INFO] [stderr]    --> src/temp_mod.rs:794:8
[INFO] [stderr]     |
[INFO] [stderr] 794 | pub fn can_promote(pos:u64, board:ChessBoard)->bool{
[INFO] [stderr]     |        ^^^^^^^^^^^
[INFO] [stderr] 
[INFO] [stderr] warning: function `simulate_pice_moves_check` is never used
[INFO] [stderr]    --> src/temp_mod.rs:804:4
[INFO] [stderr]     |
[INFO] [stderr] 804 | fn simulate_pice_moves_check(mut board:ChessBoard, piece:ChessPiece)->bool{
[INFO] [stderr]     |    ^^^^^^^^^^^^^^^^^^^^^^^^^
[INFO] [stderr] 
[INFO] [stderr] warning: function `move_piece` is never used
[INFO] [stderr]    --> src/temp_mod.rs:817:8
[INFO] [stderr]     |
[INFO] [stderr] 817 | pub fn move_piece(mut board:ChessBoard, from_c:u64, to_c:u64)->(ChessBoard,bool){
[INFO] [stderr]     |        ^^^^^^^^^^
[INFO] [stderr] 
[INFO] [stderr] warning: unused `Result` that must be used
[INFO] [stderr]    --> src/main.rs:287:9
[INFO] [stderr]     |
[INFO] [stderr] 287 |         canvas.finish(ctx);
[INFO] [stderr]     |         ^^^^^^^^^^^^^^^^^^
[INFO] [stderr]     |
[INFO] [stderr]     = note: this `Result` may be an `Err` variant, which should be handled
[INFO] [stderr]     = note: `#[warn(unused_must_use)]` on by default
[INFO] [stderr] help: use `let _ = ...` to ignore the resulting value
[INFO] [stderr]     |
[INFO] [stderr] 287 |         let _ = canvas.finish(ctx);
[INFO] [stderr]     |         +++++++
[INFO] [stderr] 
[INFO] [stderr] warning: unused `Result` that must be used
[INFO] [stderr]    --> src/main.rs:340:9
[INFO] [stderr]     |
[INFO] [stderr] 340 |         canvas.finish(_ctx);
[INFO] [stderr]     |         ^^^^^^^^^^^^^^^^^^^
[INFO] [stderr]     |
[INFO] [stderr]     = note: this `Result` may be an `Err` variant, which should be handled
[INFO] [stderr] help: use `let _ = ...` to ignore the resulting value
[INFO] [stderr]     |
[INFO] [stderr] 340 |         let _ = canvas.finish(_ctx);
[INFO] [stderr]     |         +++++++
[INFO] [stderr] 
[INFO] [stderr] warning: `skye-chess-gui-angun` (bin "skye-chess-gui-angun" test) generated 36 warnings (run `cargo fix --bin "skye-chess-gui-angun" --tests` to apply 5 suggestions)
[INFO] [stderr]     Finished `test` profile [unoptimized + debuginfo] target(s) in 0.24s
[INFO] [stderr]      Running unittests src/main.rs (/opt/rustwide/target/debug/deps/skye_chess_gui_angun-c401865fb6fd1139)
[INFO] [stdout] 
[INFO] [stdout] running 4 tests
[INFO] [stdout] test temp_mod::tests::test_edge_right ... ok
[INFO] [stdout] test temp_mod::tests::test_no_pos ... ok
[INFO] [stdout] test temp_mod::tests::test_edge_left ... ok
[INFO] [stdout] test temp_mod::tests::test_with_piece ... FAILED
[INFO] [stdout] 
[INFO] [stdout] failures:
[INFO] [stdout] 
[INFO] [stdout] ---- temp_mod::tests::test_with_piece stdout ----
[INFO] [stdout] thread 'temp_mod::tests::test_with_piece' panicked at src/temp_mod.rs:849:9:
[INFO] [stdout] assertion `left == right` failed
[INFO] [stdout]   left: 625
[INFO] [stdout]  right: 0
[INFO] [stdout] stack backtrace:
[INFO] [stdout]    0:     0x629d7b80fa5a - std::backtrace_rs::backtrace::libunwind::trace::h207520d6e9873551
[INFO] [stdout]                                at /rustc/df4ca44d3fbc9301ee17f30f4d474e6ae4b05252/library/std/src/../../backtrace/src/backtrace/libunwind.rs:116:5
[INFO] [stdout]    1:     0x629d7b80fa5a - std::backtrace_rs::backtrace::trace_unsynchronized::h2ed7433f370e3eca
[INFO] [stdout]                                at /rustc/df4ca44d3fbc9301ee17f30f4d474e6ae4b05252/library/std/src/../../backtrace/src/backtrace/mod.rs:66:5
[INFO] [stdout]    2:     0x629d7b80fa5a - std::sys::backtrace::_print_fmt::h916fac51166b18d7
[INFO] [stdout]                                at /rustc/df4ca44d3fbc9301ee17f30f4d474e6ae4b05252/library/std/src/sys/backtrace.rs:66:9
[INFO] [stdout]    3:     0x629d7b80fa5a - <std::sys::backtrace::BacktraceLock::print::DisplayBacktrace as core::fmt::Display>::fmt::ha0a4c9b8ce3802e6
[INFO] [stdout]                                at /rustc/df4ca44d3fbc9301ee17f30f4d474e6ae4b05252/library/std/src/sys/backtrace.rs:39:26
[INFO] [stdout]    4:     0x629d7b835df3 - core::fmt::rt::Argument::fmt::h4cfc8587d52b3eb5
[INFO] [stdout]                                at /rustc/df4ca44d3fbc9301ee17f30f4d474e6ae4b05252/library/core/src/fmt/rt.rs:177:76
[INFO] [stdout]    5:     0x629d7b835df3 - core::fmt::write::h522cc39e5b36ae9f
[INFO] [stdout]                                at /rustc/df4ca44d3fbc9301ee17f30f4d474e6ae4b05252/library/core/src/fmt/mod.rs:1190:21
[INFO] [stdout]    6:     0x629d7b80c6c3 - std::io::Write::write_fmt::h7d3c26752da97734
[INFO] [stdout]                                at /rustc/df4ca44d3fbc9301ee17f30f4d474e6ae4b05252/library/std/src/io/mod.rs:1839:15
[INFO] [stdout]    7:     0x629d7b80f8a2 - std::sys::backtrace::BacktraceLock::print::h4b9e00b29e9c0942
[INFO] [stdout]                                at /rustc/df4ca44d3fbc9301ee17f30f4d474e6ae4b05252/library/std/src/sys/backtrace.rs:42:9
[INFO] [stdout]    8:     0x629d7b810eea - std::panicking::default_hook::{{closure}}::hb59b88280d0324d9
[INFO] [stdout]                                at /rustc/df4ca44d3fbc9301ee17f30f4d474e6ae4b05252/library/std/src/panicking.rs:268:22
[INFO] [stdout]    9:     0x629d7b810cf4 - std::panicking::default_hook::he1dd496665be4a29
[INFO] [stdout]                                at /rustc/df4ca44d3fbc9301ee17f30f4d474e6ae4b05252/library/std/src/panicking.rs:292:9
[INFO] [stdout]   10:     0x629d7b7d9e59 - <alloc::boxed::Box<F,A> as core::ops::function::Fn<Args>>::call::h4ff71de18744e1dc
[INFO] [stdout]                                at /rustc/df4ca44d3fbc9301ee17f30f4d474e6ae4b05252/library/alloc/src/boxed.rs:2468:9
[INFO] [stdout]   11:     0x629d7b7d9e59 - test::test_main::{{closure}}::hcf7c055ce117aa81
[INFO] [stdout]                                at /rustc/df4ca44d3fbc9301ee17f30f4d474e6ae4b05252/library/test/src/lib.rs:133:21
[INFO] [stdout]   12:     0x629d7b8115e8 - <alloc::boxed::Box<F,A> as core::ops::function::Fn<Args>>::call::h1d66c6bbd60c9692
[INFO] [stdout]                                at /rustc/df4ca44d3fbc9301ee17f30f4d474e6ae4b05252/library/alloc/src/boxed.rs:2468:9
[INFO] [stdout]   13:     0x629d7b8115e8 - std::panicking::rust_panic_with_hook::h2ff17fe8f26dfcf8
[INFO] [stdout]                                at /rustc/df4ca44d3fbc9301ee17f30f4d474e6ae4b05252/library/std/src/panicking.rs:809:13
[INFO] [stdout]   14:     0x629d7b8113aa - std::panicking::begin_panic_handler::{{closure}}::h4fad77951c07e101
[INFO] [stdout]                                at /rustc/df4ca44d3fbc9301ee17f30f4d474e6ae4b05252/library/std/src/panicking.rs:674:13
[INFO] [stdout]   15:     0x629d7b80ff39 - std::sys::backtrace::__rust_end_short_backtrace::hb1a25b3da5d0ea08
[INFO] [stdout]                                at /rustc/df4ca44d3fbc9301ee17f30f4d474e6ae4b05252/library/std/src/sys/backtrace.rs:170:18
[INFO] [stdout]   16:     0x629d7b81103c - rust_begin_unwind
[INFO] [stdout]                                at /rustc/df4ca44d3fbc9301ee17f30f4d474e6ae4b05252/library/std/src/panicking.rs:665:5
[INFO] [stdout]   17:     0x629d7b834890 - core::panicking::panic_fmt::ha9db07b529f9b256
[INFO] [stdout]                                at /rustc/df4ca44d3fbc9301ee17f30f4d474e6ae4b05252/library/core/src/panicking.rs:75:14
[INFO] [stdout]   18:     0x629d7b834bbb - core::panicking::assert_failed_inner::h04f38944d74a80a8
[INFO] [stdout]   19:     0x629d7b7e4ffa - core::panicking::assert_failed::hde22be94b3bf66df
[INFO] [stdout]                                at /rustc/df4ca44d3fbc9301ee17f30f4d474e6ae4b05252/library/core/src/panicking.rs:377:5
[INFO] [stdout]   20:     0x629d7b79fbe2 - skye_chess_gui_angun::temp_mod::tests::test_with_piece::hf4ab7974d6c26d0e
[INFO] [stdout]                                at /opt/rustwide/workdir/src/temp_mod.rs:849:9
[INFO] [stdout]   21:     0x629d7b79f9b7 - skye_chess_gui_angun::temp_mod::tests::test_with_piece::{{closure}}::hc717e2f016cf4f17
[INFO] [stdout]                                at /opt/rustwide/workdir/src/temp_mod.rs:838:25
[INFO] [stdout]   22:     0x629d7b79eff6 - core::ops::function::FnOnce::call_once::h0022ba7ae168db16
[INFO] [stdout]                                at /rustc/df4ca44d3fbc9301ee17f30f4d474e6ae4b05252/library/core/src/ops/function.rs:250:5
[INFO] [stdout]   23:     0x629d7b7de72b - core::ops::function::FnOnce::call_once::h22c3ba5715e93f05
[INFO] [stdout]                                at /rustc/df4ca44d3fbc9301ee17f30f4d474e6ae4b05252/library/core/src/ops/function.rs:250:5
[INFO] [stdout]   24:     0x629d7b7de72b - test::__rust_begin_short_backtrace::h8e82d8113d0da17f
[INFO] [stdout]                                at /rustc/df4ca44d3fbc9301ee17f30f4d474e6ae4b05252/library/test/src/lib.rs:621:18
[INFO] [stdout]   25:     0x629d7b7de0a7 - test::run_test_in_process::{{closure}}::h33235f4f20b7b7c7
[INFO] [stdout]                                at /rustc/df4ca44d3fbc9301ee17f30f4d474e6ae4b05252/library/test/src/lib.rs:644:60
[INFO] [stdout]   26:     0x629d7b7de0a7 - <core::panic::unwind_safe::AssertUnwindSafe<F> as core::ops::function::FnOnce<()>>::call_once::hb5043206310c586f
[INFO] [stdout]                                at /rustc/df4ca44d3fbc9301ee17f30f4d474e6ae4b05252/library/core/src/panic/unwind_safe.rs:272:9
[INFO] [stdout]   27:     0x629d7b7de0a7 - std::panicking::try::do_call::h9ad4731a60ab23e2
[INFO] [stdout]                                at /rustc/df4ca44d3fbc9301ee17f30f4d474e6ae4b05252/library/std/src/panicking.rs:557:40
[INFO] [stdout]   28:     0x629d7b7de0a7 - std::panicking::try::h3824d23db772a716
[INFO] [stdout]                                at /rustc/df4ca44d3fbc9301ee17f30f4d474e6ae4b05252/library/std/src/panicking.rs:520:19
[INFO] [stdout]   29:     0x629d7b7de0a7 - std::panic::catch_unwind::h5afd514605fde46b
[INFO] [stdout]                                at /rustc/df4ca44d3fbc9301ee17f30f4d474e6ae4b05252/library/std/src/panic.rs:358:14
[INFO] [stdout]   30:     0x629d7b7de0a7 - test::run_test_in_process::h0d5cbfa7067d1720
[INFO] [stdout]                                at /rustc/df4ca44d3fbc9301ee17f30f4d474e6ae4b05252/library/test/src/lib.rs:644:27
[INFO] [stdout]   31:     0x629d7b7de0a7 - test::run_test::{{closure}}::h708eb8872708115d
[INFO] [stdout]                                at /rustc/df4ca44d3fbc9301ee17f30f4d474e6ae4b05252/library/test/src/lib.rs:565:43
[INFO] [stdout]   32:     0x629d7b7a17c4 - test::run_test::{{closure}}::h392c51cee94713ab
[INFO] [stdout]                                at /rustc/df4ca44d3fbc9301ee17f30f4d474e6ae4b05252/library/test/src/lib.rs:595:41
[INFO] [stdout]   33:     0x629d7b7a17c4 - std::sys::backtrace::__rust_begin_short_backtrace::h2f40290710935a8b
[INFO] [stdout]                                at /rustc/df4ca44d3fbc9301ee17f30f4d474e6ae4b05252/library/std/src/sys/backtrace.rs:154:18
[INFO] [stdout]   34:     0x629d7b7a4f6e - std::thread::Builder::spawn_unchecked_::{{closure}}::{{closure}}::h3fd968d89053a903
[INFO] [stdout]                                at /rustc/df4ca44d3fbc9301ee17f30f4d474e6ae4b05252/library/std/src/thread/mod.rs:541:17
[INFO] [stdout]   35:     0x629d7b7a4f6e - <core::panic::unwind_safe::AssertUnwindSafe<F> as core::ops::function::FnOnce<()>>::call_once::h743f637ba4229880
[INFO] [stdout]                                at /rustc/df4ca44d3fbc9301ee17f30f4d474e6ae4b05252/library/core/src/panic/unwind_safe.rs:272:9
[INFO] [stdout]   36:     0x629d7b7a4f6e - std::panicking::try::do_call::h07440897322525a6
[INFO] [stdout]                                at /rustc/df4ca44d3fbc9301ee17f30f4d474e6ae4b05252/library/std/src/panicking.rs:557:40
[INFO] [stdout]   37:     0x629d7b7a4f6e - std::panicking::try::he5a2e00188156637
[INFO] [stdout]                                at /rustc/df4ca44d3fbc9301ee17f30f4d474e6ae4b05252/library/std/src/panicking.rs:520:19
[INFO] [stdout]   38:     0x629d7b7a4f6e - std::panic::catch_unwind::hbaf3cae49b3c6433
[INFO] [stdout]                                at /rustc/df4ca44d3fbc9301ee17f30f4d474e6ae4b05252/library/std/src/panic.rs:358:14
[INFO] [stdout]   39:     0x629d7b7a4f6e - std::thread::Builder::spawn_unchecked_::{{closure}}::h8e141ea224820bce
[INFO] [stdout]                                at /rustc/df4ca44d3fbc9301ee17f30f4d474e6ae4b05252/library/std/src/thread/mod.rs:540:30
[INFO] [stdout]   40:     0x629d7b7a4f6e - core::ops::function::FnOnce::call_once{{vtable.shim}}::h90d312fedd7b8ea8
[INFO] [stdout]                                at /rustc/df4ca44d3fbc9301ee17f30f4d474e6ae4b05252/library/core/src/ops/function.rs:250:5
[INFO] [stdout]   41:     0x629d7b8153db - <alloc::boxed::Box<F,A> as core::ops::function::FnOnce<Args>>::call_once::h69aa08ddb6adb8b6
[INFO] [stdout]                                at /rustc/df4ca44d3fbc9301ee17f30f4d474e6ae4b05252/library/alloc/src/boxed.rs:2454:9
[INFO] [stdout]   42:     0x629d7b8153db - <alloc::boxed::Box<F,A> as core::ops::function::FnOnce<Args>>::call_once::h5aa36efdb79c806f
[INFO] [stdout]                                at /rustc/df4ca44d3fbc9301ee17f30f4d474e6ae4b05252/library/alloc/src/boxed.rs:2454:9
[INFO] [stdout]   43:     0x629d7b8153db - std::sys::pal::unix::thread::Thread::new::thread_start::h6cd80a1b4be5158d
[INFO] [stdout]                                at /rustc/df4ca44d3fbc9301ee17f30f4d474e6ae4b05252/library/std/src/sys/pal/unix/thread.rs:105:17
[INFO] [stdout]   44:     0x792193377ac3 - <unknown>
[INFO] [stdout]   45:     0x792193408a04 - clone
[INFO] [stdout]   46:                0x0 - <unknown>
[INFO] [stdout] 
[INFO] [stdout] 
[INFO] [stdout] failures:
[INFO] [stdout]     temp_mod::tests::test_with_piece
[INFO] [stdout] 
[INFO] [stdout] test result: FAILED. 3 passed; 1 failed; 0 ignored; 0 measured; 0 filtered out; finished in 0.07s
[INFO] [stdout] 
[INFO] [stderr] error: test failed, to rerun pass `--bin skye-chess-gui-angun`
[INFO] running `Command { std: "docker" "inspect" "340ae7c44f3023c189677054aaa0a230abb94045e22c19974d02b3f809c535e7", kill_on_drop: false }`
[INFO] running `Command { std: "docker" "rm" "-f" "340ae7c44f3023c189677054aaa0a230abb94045e22c19974d02b3f809c535e7", kill_on_drop: false }`
[INFO] [stdout] 340ae7c44f3023c189677054aaa0a230abb94045e22c19974d02b3f809c535e7
