[INFO] cloning repository https://github.com/INDA23PlusPlus/fritiofr-compiler
[INFO] running `Command { std: "git" "-c" "credential.helper=" "-c" "credential.helper=/workspace/cargo-home/bin/git-credential-null" "clone" "--bare" "https://github.com/INDA23PlusPlus/fritiofr-compiler" "/workspace/cache/git-repos/https%3A%2F%2Fgithub.com%2FINDA23PlusPlus%2Ffritiofr-compiler", kill_on_drop: false }`
[INFO] [stderr] Cloning into bare repository '/workspace/cache/git-repos/https%3A%2F%2Fgithub.com%2FINDA23PlusPlus%2Ffritiofr-compiler'...
[INFO] running `Command { std: "git" "rev-parse" "HEAD", kill_on_drop: false }`
[INFO] [stdout] 17a2f634c3465f1847a5031d23aeb0424f3928df
[INFO] testing INDA23PlusPlus/fritiofr-compiler/17a2f634c3465f1847a5031d23aeb0424f3928df against nightly-2024-10-28 for randomize-layout
[INFO] running `Command { std: "git" "clone" "/workspace/cache/git-repos/https%3A%2F%2Fgithub.com%2FINDA23PlusPlus%2Ffritiofr-compiler" "/workspace/builds/worker-0-tc1/source", kill_on_drop: false }`
[INFO] [stderr] Cloning into '/workspace/builds/worker-0-tc1/source'...
[INFO] [stderr] done.
[INFO] validating manifest of git repo https://github.com/INDA23PlusPlus/fritiofr-compiler on toolchain nightly-2024-10-28
[INFO] running `Command { std: CARGO_HOME="/workspace/cargo-home" RUSTUP_HOME="/workspace/rustup-home" "/workspace/cargo-home/bin/cargo" "+nightly-2024-10-28" "metadata" "--manifest-path" "Cargo.toml" "--no-deps", kill_on_drop: false }`
[INFO] started tweaking git repo https://github.com/INDA23PlusPlus/fritiofr-compiler
[INFO] finished tweaking git repo https://github.com/INDA23PlusPlus/fritiofr-compiler
[INFO] tweaked toml for git repo https://github.com/INDA23PlusPlus/fritiofr-compiler written to /workspace/builds/worker-0-tc1/source/Cargo.toml
[INFO] crate git repo https://github.com/INDA23PlusPlus/fritiofr-compiler already has a lockfile, it will not be regenerated
[INFO] running `Command { std: CARGO_HOME="/workspace/cargo-home" RUSTUP_HOME="/workspace/rustup-home" "/workspace/cargo-home/bin/cargo" "+nightly-2024-10-28" "fetch" "--manifest-path" "Cargo.toml", kill_on_drop: false }`
[INFO] running `Command { std: "docker" "create" "-v" "/var/lib/crater-agent-workspace/builds/worker-0-tc1/target:/opt/rustwide/target:rw,Z" "-v" "/var/lib/crater-agent-workspace/builds/worker-0-tc1/source:/opt/rustwide/workdir:ro,Z" "-v" "/var/lib/crater-agent-workspace/cargo-home:/opt/rustwide/cargo-home:ro,Z" "-v" "/var/lib/crater-agent-workspace/rustup-home:/opt/rustwide/rustup-home:ro,Z" "-e" "SOURCE_DIR=/opt/rustwide/workdir" "-e" "CARGO_TARGET_DIR=/opt/rustwide/target" "-e" "CARGO_HOME=/opt/rustwide/cargo-home" "-e" "RUSTUP_HOME=/opt/rustwide/rustup-home" "-w" "/opt/rustwide/workdir" "-m" "1610612736" "--user" "0:0" "--network" "none" "ghcr.io/rust-lang/crates-build-env/linux@sha256:4a844ea9eb2546a2d2c7022eacef16ef2e8229c7fbb2c7d4d55a9ceca922f72d" "/opt/rustwide/cargo-home/bin/cargo" "+nightly-2024-10-28" "metadata" "--no-deps" "--format-version=1", kill_on_drop: false }`
[INFO] [stdout] eb100f3cae63e723689b490934587409edae501634e90457e82d0547fdd7c7a7
[INFO] running `Command { std: "docker" "start" "-a" "eb100f3cae63e723689b490934587409edae501634e90457e82d0547fdd7c7a7", kill_on_drop: false }`
[INFO] running `Command { std: "docker" "inspect" "eb100f3cae63e723689b490934587409edae501634e90457e82d0547fdd7c7a7", kill_on_drop: false }`
[INFO] running `Command { std: "docker" "rm" "-f" "eb100f3cae63e723689b490934587409edae501634e90457e82d0547fdd7c7a7", kill_on_drop: false }`
[INFO] [stdout] eb100f3cae63e723689b490934587409edae501634e90457e82d0547fdd7c7a7
[INFO] running `Command { std: "docker" "create" "-v" "/var/lib/crater-agent-workspace/builds/worker-0-tc1/target:/opt/rustwide/target:rw,Z" "-v" "/var/lib/crater-agent-workspace/builds/worker-0-tc1/source:/opt/rustwide/workdir:ro,Z" "-v" "/var/lib/crater-agent-workspace/cargo-home:/opt/rustwide/cargo-home:ro,Z" "-v" "/var/lib/crater-agent-workspace/rustup-home:/opt/rustwide/rustup-home:ro,Z" "-e" "SOURCE_DIR=/opt/rustwide/workdir" "-e" "CARGO_TARGET_DIR=/opt/rustwide/target" "-e" "CARGO_INCREMENTAL=0" "-e" "RUST_BACKTRACE=full" "-e" "RUSTFLAGS=--cap-lints=forbid" "-e" "RUSTDOCFLAGS=--cap-lints=forbid" "-e" "CARGO_HOME=/opt/rustwide/cargo-home" "-e" "RUSTUP_HOME=/opt/rustwide/rustup-home" "-w" "/opt/rustwide/workdir" "-m" "1610612736" "--user" "0:0" "--network" "none" "ghcr.io/rust-lang/crates-build-env/linux@sha256:4a844ea9eb2546a2d2c7022eacef16ef2e8229c7fbb2c7d4d55a9ceca922f72d" "/opt/rustwide/cargo-home/bin/cargo" "+nightly-2024-10-28" "build" "--frozen" "--message-format=json", kill_on_drop: false }`
[INFO] [stdout] dec9564bfd9b5c5937c59b6d1ad735cb22cd6b811e973426cdf54aba18e8252d
[INFO] running `Command { std: "docker" "start" "-a" "dec9564bfd9b5c5937c59b6d1ad735cb22cd6b811e973426cdf54aba18e8252d", kill_on_drop: false }`
[INFO] [stderr]    Compiling proc-macro2 v1.0.67
[INFO] [stderr]    Compiling unicode-ident v1.0.12
[INFO] [stderr]    Compiling serde v1.0.188
[INFO] [stderr]    Compiling serde_json v1.0.107
[INFO] [stderr]    Compiling itoa v1.0.9
[INFO] [stderr]    Compiling ryu v1.0.15
[INFO] [stderr]    Compiling quote v1.0.33
[INFO] [stderr]    Compiling syn v2.0.37
[INFO] [stderr]    Compiling serde_derive v1.0.188
[INFO] [stderr]    Compiling zyrahn v0.1.0 (/opt/rustwide/workdir)
[INFO] [stdout] warning: unused import: `cl_ln::ClLn`
[INFO] [stdout]  --> src/static_analyzer/expression/mod.rs:2:5
[INFO] [stdout]   |
[INFO] [stdout] 2 | use cl_ln::ClLn;
[INFO] [stdout]   |     ^^^^^^^^^^^
[INFO] [stdout]   |
[INFO] [stdout]   = note: `#[warn(unused_imports)]` on by default
[INFO] [stdout] 
[INFO] [stdout] 
[INFO] [stdout] warning: unreachable pattern
[INFO] [stdout]    --> src/compiler/javascript/expression.rs:157:9
[INFO] [stdout]     |
[INFO] [stdout] 157 |         _ => todo!(),
[INFO] [stdout]     |         ^ no value can reach this
[INFO] [stdout]     |
[INFO] [stdout] note: multiple earlier patterns match some of the same values
[INFO] [stdout]    --> src/compiler/javascript/expression.rs:157:9
[INFO] [stdout]     |
[INFO] [stdout] 7   |         expression::AllWithType::Cmp { value, .. } => match value {
[INFO] [stdout]     |         ------------------------------------------ matches some of the same values
[INFO] [stdout] ...
[INFO] [stdout] 27  |         expression::AllWithType::CompilerCustomCodePreDefined { value, .. } => {
[INFO] [stdout]     |         ------------------------------------------------------------------- matches some of the same values
[INFO] [stdout] ...
[INFO] [stdout] 30  |         expression::AllWithType::Arithmetic { value, .. } => match value {
[INFO] [stdout]     |         ------------------------------------------------- matches some of the same values
[INFO] [stdout] ...
[INFO] [stdout] 53  |         expression::AllWithType::BooleanLogic { value, .. } => match value {
[INFO] [stdout]     |         --------------------------------------------------- matches some of the same values
[INFO] [stdout] ...
[INFO] [stdout] 157 |         _ => todo!(),
[INFO] [stdout]     |         ^ ...and 1 other patterns collectively make this unreachable
[INFO] [stdout]     = note: `#[warn(unreachable_patterns)]` on by default
[INFO] [stdout] 
[INFO] [stdout] 
[INFO] [stdout] warning: enum `TypeToken` is never used
[INFO] [stdout]  --> src/parser/block/type.rs:4:6
[INFO] [stdout]   |
[INFO] [stdout] 4 | enum TypeToken {
[INFO] [stdout]   |      ^^^^^^^^^
[INFO] [stdout]   |
[INFO] [stdout]   = note: `#[warn(dead_code)]` on by default
[INFO] [stdout] 
[INFO] [stdout] 
[INFO] [stderr]     Finished `dev` profile [unoptimized + debuginfo] target(s) in 9.00s
[INFO] running `Command { std: "docker" "inspect" "dec9564bfd9b5c5937c59b6d1ad735cb22cd6b811e973426cdf54aba18e8252d", kill_on_drop: false }`
[INFO] running `Command { std: "docker" "rm" "-f" "dec9564bfd9b5c5937c59b6d1ad735cb22cd6b811e973426cdf54aba18e8252d", kill_on_drop: false }`
[INFO] [stdout] dec9564bfd9b5c5937c59b6d1ad735cb22cd6b811e973426cdf54aba18e8252d
[INFO] running `Command { std: "docker" "create" "-v" "/var/lib/crater-agent-workspace/builds/worker-0-tc1/target:/opt/rustwide/target:rw,Z" "-v" "/var/lib/crater-agent-workspace/builds/worker-0-tc1/source:/opt/rustwide/workdir:ro,Z" "-v" "/var/lib/crater-agent-workspace/cargo-home:/opt/rustwide/cargo-home:ro,Z" "-v" "/var/lib/crater-agent-workspace/rustup-home:/opt/rustwide/rustup-home:ro,Z" "-e" "SOURCE_DIR=/opt/rustwide/workdir" "-e" "CARGO_TARGET_DIR=/opt/rustwide/target" "-e" "CARGO_INCREMENTAL=0" "-e" "RUST_BACKTRACE=full" "-e" "RUSTFLAGS=--cap-lints=forbid" "-e" "RUSTDOCFLAGS=--cap-lints=forbid" "-e" "CARGO_HOME=/opt/rustwide/cargo-home" "-e" "RUSTUP_HOME=/opt/rustwide/rustup-home" "-w" "/opt/rustwide/workdir" "-m" "1610612736" "--user" "0:0" "--network" "none" "ghcr.io/rust-lang/crates-build-env/linux@sha256:4a844ea9eb2546a2d2c7022eacef16ef2e8229c7fbb2c7d4d55a9ceca922f72d" "/opt/rustwide/cargo-home/bin/cargo" "+nightly-2024-10-28" "test" "--frozen" "--no-run" "--message-format=json", kill_on_drop: false }`
[INFO] [stdout] 01212a2039a5a54ddb48076ec79df775601da65aec47c0a9d82939e1e7630544
[INFO] running `Command { std: "docker" "start" "-a" "01212a2039a5a54ddb48076ec79df775601da65aec47c0a9d82939e1e7630544", kill_on_drop: false }`
[INFO] [stdout] warning: unused import: `cl_ln::ClLn`
[INFO] [stdout]  --> src/static_analyzer/expression/mod.rs:2:5
[INFO] [stdout]   |
[INFO] [stdout] 2 | use cl_ln::ClLn;
[INFO] [stdout]   |     ^^^^^^^^^^^
[INFO] [stdout]   |
[INFO] [stdout]   = note: `#[warn(unused_imports)]` on by default
[INFO] [stdout] 
[INFO] [stdout] 
[INFO] [stdout] warning: unreachable pattern
[INFO] [stdout]    --> src/compiler/javascript/expression.rs:157:9
[INFO] [stdout]     |
[INFO] [stdout] 157 |         _ => todo!(),
[INFO] [stdout]     |         ^ no value can reach this
[INFO] [stdout]     |
[INFO] [stdout] note: multiple earlier patterns match some of the same values
[INFO] [stdout]    --> src/compiler/javascript/expression.rs:157:9
[INFO] [stdout]     |
[INFO] [stdout] 7   |         expression::AllWithType::Cmp { value, .. } => match value {
[INFO] [stdout]     |         ------------------------------------------ matches some of the same values
[INFO] [stdout] ...
[INFO] [stdout] 27  |         expression::AllWithType::CompilerCustomCodePreDefined { value, .. } => {
[INFO] [stdout]     |         ------------------------------------------------------------------- matches some of the same values
[INFO] [stdout] ...
[INFO] [stdout] 30  |         expression::AllWithType::Arithmetic { value, .. } => match value {
[INFO] [stdout]     |         ------------------------------------------------- matches some of the same values
[INFO] [stdout] ...
[INFO] [stdout] 53  |         expression::AllWithType::BooleanLogic { value, .. } => match value {
[INFO] [stdout]     |         --------------------------------------------------- matches some of the same values
[INFO] [stdout] ...
[INFO] [stdout] 157 |         _ => todo!(),
[INFO] [stdout]     |         ^ ...and 1 other patterns collectively make this unreachable
[INFO] [stdout]     = note: `#[warn(unreachable_patterns)]` on by default
[INFO] [stdout] 
[INFO] [stdout] 
[INFO] [stdout] warning: enum `TypeToken` is never used
[INFO] [stdout]  --> src/parser/block/type.rs:4:6
[INFO] [stdout]   |
[INFO] [stdout] 4 | enum TypeToken {
[INFO] [stdout]   |      ^^^^^^^^^
[INFO] [stdout]   |
[INFO] [stdout]   = note: `#[warn(dead_code)]` on by default
[INFO] [stdout] 
[INFO] [stdout] 
[INFO] [stderr]    Compiling zyrahn v0.1.0 (/opt/rustwide/workdir)
[INFO] [stdout] warning: unused import: `cl_ln::ClLn`
[INFO] [stdout]  --> src/static_analyzer/expression/mod.rs:2:5
[INFO] [stdout]   |
[INFO] [stdout] 2 | use cl_ln::ClLn;
[INFO] [stdout]   |     ^^^^^^^^^^^
[INFO] [stdout]   |
[INFO] [stdout]   = note: `#[warn(unused_imports)]` on by default
[INFO] [stdout] 
[INFO] [stdout] 
[INFO] [stdout] warning: unreachable pattern
[INFO] [stdout]    --> src/compiler/javascript/expression.rs:157:9
[INFO] [stdout]     |
[INFO] [stdout] 157 |         _ => todo!(),
[INFO] [stdout]     |         ^ no value can reach this
[INFO] [stdout]     |
[INFO] [stdout] note: multiple earlier patterns match some of the same values
[INFO] [stdout]    --> src/compiler/javascript/expression.rs:157:9
[INFO] [stdout]     |
[INFO] [stdout] 7   |         expression::AllWithType::Cmp { value, .. } => match value {
[INFO] [stdout]     |         ------------------------------------------ matches some of the same values
[INFO] [stdout] ...
[INFO] [stdout] 27  |         expression::AllWithType::CompilerCustomCodePreDefined { value, .. } => {
[INFO] [stdout]     |         ------------------------------------------------------------------- matches some of the same values
[INFO] [stdout] ...
[INFO] [stdout] 30  |         expression::AllWithType::Arithmetic { value, .. } => match value {
[INFO] [stdout]     |         ------------------------------------------------- matches some of the same values
[INFO] [stdout] ...
[INFO] [stdout] 53  |         expression::AllWithType::BooleanLogic { value, .. } => match value {
[INFO] [stdout]     |         --------------------------------------------------- matches some of the same values
[INFO] [stdout] ...
[INFO] [stdout] 157 |         _ => todo!(),
[INFO] [stdout]     |         ^ ...and 1 other patterns collectively make this unreachable
[INFO] [stdout]     = note: `#[warn(unreachable_patterns)]` on by default
[INFO] [stdout] 
[INFO] [stdout] 
[INFO] [stdout] warning: function `assert_tokens` is never used
[INFO] [stdout]    --> src/lexer/mod.rs:353:8
[INFO] [stdout]     |
[INFO] [stdout] 353 |     fn assert_tokens(tokens: Vec<Token>, token_types: Vec<TokenType>) {
[INFO] [stdout]     |        ^^^^^^^^^^^^^
[INFO] [stdout]     |
[INFO] [stdout]     = note: `#[warn(dead_code)]` on by default
[INFO] [stdout] 
[INFO] [stdout] 
[INFO] [stdout] warning: enum `TypeToken` is never used
[INFO] [stdout]  --> src/parser/block/type.rs:4:6
[INFO] [stdout]   |
[INFO] [stdout] 4 | enum TypeToken {
[INFO] [stdout]   |      ^^^^^^^^^
[INFO] [stdout] 
[INFO] [stdout] 
[INFO] [stderr]     Finished `test` profile [unoptimized + debuginfo] target(s) in 0.48s
[INFO] running `Command { std: "docker" "inspect" "01212a2039a5a54ddb48076ec79df775601da65aec47c0a9d82939e1e7630544", kill_on_drop: false }`
[INFO] running `Command { std: "docker" "rm" "-f" "01212a2039a5a54ddb48076ec79df775601da65aec47c0a9d82939e1e7630544", kill_on_drop: false }`
[INFO] [stdout] 01212a2039a5a54ddb48076ec79df775601da65aec47c0a9d82939e1e7630544
[INFO] running `Command { std: "docker" "create" "-v" "/var/lib/crater-agent-workspace/builds/worker-0-tc1/target:/opt/rustwide/target:rw,Z" "-v" "/var/lib/crater-agent-workspace/builds/worker-0-tc1/source:/opt/rustwide/workdir:ro,Z" "-v" "/var/lib/crater-agent-workspace/cargo-home:/opt/rustwide/cargo-home:ro,Z" "-v" "/var/lib/crater-agent-workspace/rustup-home:/opt/rustwide/rustup-home:ro,Z" "-e" "SOURCE_DIR=/opt/rustwide/workdir" "-e" "CARGO_TARGET_DIR=/opt/rustwide/target" "-e" "CARGO_INCREMENTAL=0" "-e" "RUST_BACKTRACE=full" "-e" "RUSTFLAGS=--cap-lints=forbid" "-e" "RUSTDOCFLAGS=--cap-lints=forbid" "-e" "CARGO_HOME=/opt/rustwide/cargo-home" "-e" "RUSTUP_HOME=/opt/rustwide/rustup-home" "-w" "/opt/rustwide/workdir" "-m" "1610612736" "--user" "0:0" "--network" "none" "ghcr.io/rust-lang/crates-build-env/linux@sha256:4a844ea9eb2546a2d2c7022eacef16ef2e8229c7fbb2c7d4d55a9ceca922f72d" "/opt/rustwide/cargo-home/bin/cargo" "+nightly-2024-10-28" "test" "--frozen", kill_on_drop: false }`
[INFO] [stdout] 374dfe0c11b1e338c559205afcf23b07912be1875e30ced461e6ea65d56f9abf
[INFO] running `Command { std: "docker" "start" "-a" "374dfe0c11b1e338c559205afcf23b07912be1875e30ced461e6ea65d56f9abf", kill_on_drop: false }`
[INFO] [stderr] warning: unused import: `cl_ln::ClLn`
[INFO] [stderr]  --> src/static_analyzer/expression/mod.rs:2:5
[INFO] [stderr]   |
[INFO] [stderr] 2 | use cl_ln::ClLn;
[INFO] [stderr]   |     ^^^^^^^^^^^
[INFO] [stderr]   |
[INFO] [stderr]   = note: `#[warn(unused_imports)]` on by default
[INFO] [stderr] 
[INFO] [stderr] warning: unreachable pattern
[INFO] [stderr]    --> src/compiler/javascript/expression.rs:157:9
[INFO] [stderr]     |
[INFO] [stderr] 157 |         _ => todo!(),
[INFO] [stderr]     |         ^ no value can reach this
[INFO] [stderr]     |
[INFO] [stderr] note: multiple earlier patterns match some of the same values
[INFO] [stderr]    --> src/compiler/javascript/expression.rs:157:9
[INFO] [stderr]     |
[INFO] [stderr] 7   |         expression::AllWithType::Cmp { value, .. } => match value {
[INFO] [stderr]     |         ------------------------------------------ matches some of the same values
[INFO] [stderr] ...
[INFO] [stderr] 27  |         expression::AllWithType::CompilerCustomCodePreDefined { value, .. } => {
[INFO] [stderr]     |         ------------------------------------------------------------------- matches some of the same values
[INFO] [stderr] ...
[INFO] [stderr] 30  |         expression::AllWithType::Arithmetic { value, .. } => match value {
[INFO] [stderr]     |         ------------------------------------------------- matches some of the same values
[INFO] [stderr] ...
[INFO] [stderr] 53  |         expression::AllWithType::BooleanLogic { value, .. } => match value {
[INFO] [stderr]     |         --------------------------------------------------- matches some of the same values
[INFO] [stderr] ...
[INFO] [stderr] 157 |         _ => todo!(),
[INFO] [stderr]     |         ^ ...and 1 other patterns collectively make this unreachable
[INFO] [stderr]     = note: `#[warn(unreachable_patterns)]` on by default
[INFO] [stderr] 
[INFO] [stderr] warning: enum `TypeToken` is never used
[INFO] [stderr]  --> src/parser/block/type.rs:4:6
[INFO] [stderr]   |
[INFO] [stderr] 4 | enum TypeToken {
[INFO] [stderr]   |      ^^^^^^^^^
[INFO] [stderr]   |
[INFO] [stderr]   = note: `#[warn(dead_code)]` on by default
[INFO] [stderr] 
[INFO] [stderr] warning: function `assert_tokens` is never used
[INFO] [stderr]    --> src/lexer/mod.rs:353:8
[INFO] [stderr]     |
[INFO] [stderr] 353 |     fn assert_tokens(tokens: Vec<Token>, token_types: Vec<TokenType>) {
[INFO] [stderr]     |        ^^^^^^^^^^^^^
[INFO] [stderr]     |
[INFO] [stderr]     = note: `#[warn(dead_code)]` on by default
[INFO] [stderr] 
[INFO] [stderr] warning: enum `TypeToken` is never used
[INFO] [stderr]  --> src/parser/block/type.rs:4:6
[INFO] [stderr]   |
[INFO] [stderr] 4 | enum TypeToken {
[INFO] [stderr]   |      ^^^^^^^^^
[INFO] [stderr] 
[INFO] [stderr] warning: `zyrahn` (lib) generated 3 warnings (run `cargo fix --lib -p zyrahn` to apply 1 suggestion)
[INFO] [stderr] warning: `zyrahn` (lib test) generated 4 warnings (2 duplicates)
[INFO] [stderr]     Finished `test` profile [unoptimized + debuginfo] target(s) in 0.01s
[INFO] [stderr]      Running unittests src/lib.rs (/opt/rustwide/target/debug/deps/zyrahn-53c55fa105d50181)
[INFO] [stdout] 
[INFO] [stdout] running 0 tests
[INFO] [stdout] 
[INFO] [stdout] test result: ok. 0 passed; 0 failed; 0 ignored; 0 measured; 0 filtered out; finished in 0.00s
[INFO] [stdout] 
[INFO] [stderr]      Running unittests src/main.rs (/opt/rustwide/target/debug/deps/zyrahn-5bd6fc220537c4c1)
[INFO] [stdout] 
[INFO] [stdout] running 0 tests
[INFO] [stdout] 
[INFO] [stdout] test result: ok. 0 passed; 0 failed; 0 ignored; 0 measured; 0 filtered out; finished in 0.00s
[INFO] [stdout] 
[INFO] [stderr]    Doc-tests zyrahn
[INFO] [stdout] 
[INFO] [stdout] running 6 tests
[INFO] [stdout] test src/parser/block/mod.rs - parser::block::gen (line 10) ... FAILED
[INFO] [stdout] test src/parser/expression/single_data_unit.rs - parser::expression::single_data_unit::parse_property_access (line 242) ... FAILED
[INFO] [stdout] test src/static_analyzer/mod.rs - static_analyzer (line 7) ... FAILED
[INFO] [stdout] test src/parser/expression/mod.rs - parser::expression::gen (line 13) ... FAILED
[INFO] [stdout] test src/parser/expression/single_data_unit.rs - parser::expression::single_data_unit::parse_identifier (line 430) ... FAILED
[INFO] [stdout] test src/lexer/mod.rs - lexer::tokenize (line 56) ... ok
[INFO] [stdout] 
[INFO] [stdout] failures:
[INFO] [stdout] 
[INFO] [stdout] ---- src/parser/block/mod.rs - parser::block::gen (line 10) stdout ----
[INFO] [stdout] error: invalid variable declaration
[INFO] [stdout]  --> src/parser/block/mod.rs:11:1
[INFO] [stdout]   |
[INFO] [stdout] 3 | var a = 3;
[INFO] [stdout]   | ^^^
[INFO] [stdout]   |
[INFO] [stdout] help: write `let` instead of `var` to introduce a new variable
[INFO] [stdout]   |
[INFO] [stdout] 3 | let a = 3;
[INFO] [stdout]   | ~~~
[INFO] [stdout] 
[INFO] [stdout] error: aborting due to 1 previous error
[INFO] [stdout] 
[INFO] [stdout] Couldn't compile the test.
[INFO] [stdout] ---- src/parser/expression/single_data_unit.rs - parser::expression::single_data_unit::parse_property_access (line 242) stdout ----
[INFO] [stdout] error[E0423]: expected value, found attribute macro `test`
[INFO] [stdout]  --> src/parser/expression/single_data_unit.rs:243:1
[INFO] [stdout]   |
[INFO] [stdout] 3 | test.test
[INFO] [stdout]   | ^^^^ not a value
[INFO] [stdout] 
[INFO] [stdout] error: aborting due to 1 previous error
[INFO] [stdout] 
[INFO] [stdout] For more information about this error, try `rustc --explain E0423`.
[INFO] [stdout] Couldn't compile the test.
[INFO] [stdout] ---- src/static_analyzer/mod.rs - static_analyzer (line 7) stdout ----
[INFO] [stdout] error: expected `;`, found `3`
[INFO] [stdout]  --> src/static_analyzer/mod.rs:8:6
[INFO] [stdout]   |
[INFO] [stdout] 3 | 3 + 4 // Ok
[INFO] [stdout]   |      ^ help: add `;` here
[INFO] [stdout] 4 | 3 + "4" // Error
[INFO] [stdout]   | - unexpected token
[INFO] [stdout] 
[INFO] [stdout] error[E0277]: cannot add `&str` to `{integer}`
[INFO] [stdout]  --> src/static_analyzer/mod.rs:9:3
[INFO] [stdout]   |
[INFO] [stdout] 4 | 3 + "4" // Error
[INFO] [stdout]   |   ^ no implementation for `{integer} + &str`
[INFO] [stdout]   |
[INFO] [stdout]   = help: the trait `Add<&str>` is not implemented for `{integer}`
[INFO] [stdout]   = help: the following other types implement trait `Add<Rhs>`:
[INFO] [stdout]             `&f128` implements `Add<f128>`
[INFO] [stdout]             `&f128` implements `Add`
[INFO] [stdout]             `&f16` implements `Add<f16>`
[INFO] [stdout]             `&f16` implements `Add`
[INFO] [stdout]             `&f32` implements `Add<f32>`
[INFO] [stdout]             `&f32` implements `Add`
[INFO] [stdout]             `&f64` implements `Add<f64>`
[INFO] [stdout]             `&f64` implements `Add`
[INFO] [stdout]           and 56 others
[INFO] [stdout] 
[INFO] [stdout] error: aborting due to 2 previous errors
[INFO] [stdout] 
[INFO] [stdout] For more information about this error, try `rustc --explain E0277`.
[INFO] [stdout] Couldn't compile the test.
[INFO] [stdout] ---- src/parser/expression/mod.rs - parser::expression::gen (line 13) stdout ----
[INFO] [stdout] error[E0425]: cannot find value `my_variable` in this scope
[INFO] [stdout]  --> src/parser/expression/mod.rs:16:2
[INFO] [stdout]   |
[INFO] [stdout] 5 | (my_variable[6 * -(3 + 4)].property + 3) * 4;
[INFO] [stdout]   |  ^^^^^^^^^^^ not found in this scope
[INFO] [stdout] 
[INFO] [stdout] error: aborting due to 1 previous error
[INFO] [stdout] 
[INFO] [stdout] For more information about this error, try `rustc --explain E0425`.
[INFO] [stdout] Couldn't compile the test.
[INFO] [stdout] ---- src/parser/expression/single_data_unit.rs - parser::expression::single_data_unit::parse_identifier (line 430) stdout ----
[INFO] [stdout] error: expected `;`, found `std`
[INFO] [stdout]  --> src/parser/expression/single_data_unit.rs:431:12
[INFO] [stdout]   |
[INFO] [stdout] 3 | my_function
[INFO] [stdout]   |            ^ help: add `;` here
[INFO] [stdout] 4 | std::print
[INFO] [stdout]   | --- unexpected token
[INFO] [stdout] 
[INFO] [stdout] error: expected `;`, found `std`
[INFO] [stdout]  --> src/parser/expression/single_data_unit.rs:432:11
[INFO] [stdout]   |
[INFO] [stdout] 4 | std::print
[INFO] [stdout]   |           ^ help: add `;` here
[INFO] [stdout] 5 | std::print::println
[INFO] [stdout]   | --- unexpected token
[INFO] [stdout] 
[INFO] [stdout] error[E0433]: failed to resolve: could not find `print` in `std`
[INFO] [stdout]  --> src/parser/expression/single_data_unit.rs:433:6
[INFO] [stdout]   |
[INFO] [stdout] 5 | std::print::println
[INFO] [stdout]   |      ^^^^^ could not find `print` in `std`
[INFO] [stdout] 
[INFO] [stdout] error: aborting due to 3 previous errors
[INFO] [stdout] 
[INFO] [stdout] For more information about this error, try `rustc --explain E0433`.
[INFO] [stdout] Couldn't compile the test.
[INFO] [stdout] 
[INFO] [stdout] failures:
[INFO] [stdout]     src/parser/block/mod.rs - parser::block::gen (line 10)
[INFO] [stdout]     src/parser/expression/mod.rs - parser::expression::gen (line 13)
[INFO] [stdout]     src/parser/expression/single_data_unit.rs - parser::expression::single_data_unit::parse_identifier (line 430)
[INFO] [stdout]     src/parser/expression/single_data_unit.rs - parser::expression::single_data_unit::parse_property_access (line 242)
[INFO] [stdout]     src/static_analyzer/mod.rs - static_analyzer (line 7)
[INFO] [stdout] 
[INFO] [stdout] test result: FAILED. 1 passed; 5 failed; 0 ignored; 0 measured; 0 filtered out; finished in 0.23s
[INFO] [stdout] 
[INFO] [stderr] error: doctest failed, to rerun pass `--doc`
[INFO] running `Command { std: "docker" "inspect" "374dfe0c11b1e338c559205afcf23b07912be1875e30ced461e6ea65d56f9abf", kill_on_drop: false }`
[INFO] running `Command { std: "docker" "rm" "-f" "374dfe0c11b1e338c559205afcf23b07912be1875e30ced461e6ea65d56f9abf", kill_on_drop: false }`
[INFO] [stdout] 374dfe0c11b1e338c559205afcf23b07912be1875e30ced461e6ea65d56f9abf
