[INFO] cloning repository https://github.com/Hywan/weld
[INFO] running `Command { std: "git" "-c" "credential.helper=" "-c" "credential.helper=/workspace/cargo-home/bin/git-credential-null" "clone" "--bare" "https://github.com/Hywan/weld" "/workspace/cache/git-repos/https%3A%2F%2Fgithub.com%2FHywan%2Fweld", kill_on_drop: false }`
[INFO] [stderr] Cloning into bare repository '/workspace/cache/git-repos/https%3A%2F%2Fgithub.com%2FHywan%2Fweld'...
[INFO] running `Command { std: "git" "rev-parse" "HEAD", kill_on_drop: false }`
[INFO] [stdout] 0f3da46d60ef70d490610561b38c62e425bac5c9
[INFO] testing Hywan/weld/0f3da46d60ef70d490610561b38c62e425bac5c9 against nightly-2024-10-28+rustflags=-Zrandomize-layout for randomize-layout
[INFO] running `Command { std: "git" "clone" "/workspace/cache/git-repos/https%3A%2F%2Fgithub.com%2FHywan%2Fweld" "/workspace/builds/worker-1-tc2/source", kill_on_drop: false }`
[INFO] [stderr] Cloning into '/workspace/builds/worker-1-tc2/source'...
[INFO] [stderr] done.
[INFO] validating manifest of git repo https://github.com/Hywan/weld on toolchain nightly-2024-10-28
[INFO] running `Command { std: CARGO_HOME="/workspace/cargo-home" RUSTUP_HOME="/workspace/rustup-home" "/workspace/cargo-home/bin/cargo" "+nightly-2024-10-28" "metadata" "--manifest-path" "Cargo.toml" "--no-deps", kill_on_drop: false }`
[INFO] started tweaking git repo https://github.com/Hywan/weld
[INFO] finished tweaking git repo https://github.com/Hywan/weld
[INFO] tweaked toml for git repo https://github.com/Hywan/weld written to /workspace/builds/worker-1-tc2/source/Cargo.toml
[INFO] crate git repo https://github.com/Hywan/weld already has a lockfile, it will not be regenerated
[INFO] running `Command { std: CARGO_HOME="/workspace/cargo-home" RUSTUP_HOME="/workspace/rustup-home" "/workspace/cargo-home/bin/cargo" "+nightly-2024-10-28" "fetch" "--manifest-path" "Cargo.toml", kill_on_drop: false }`
[INFO] running `Command { std: "docker" "create" "-v" "/var/lib/crater-agent-workspace/builds/worker-1-tc2/target:/opt/rustwide/target:rw,Z" "-v" "/var/lib/crater-agent-workspace/builds/worker-1-tc2/source:/opt/rustwide/workdir:ro,Z" "-v" "/var/lib/crater-agent-workspace/cargo-home:/opt/rustwide/cargo-home:ro,Z" "-v" "/var/lib/crater-agent-workspace/rustup-home:/opt/rustwide/rustup-home:ro,Z" "-e" "SOURCE_DIR=/opt/rustwide/workdir" "-e" "CARGO_TARGET_DIR=/opt/rustwide/target" "-e" "CARGO_HOME=/opt/rustwide/cargo-home" "-e" "RUSTUP_HOME=/opt/rustwide/rustup-home" "-w" "/opt/rustwide/workdir" "-m" "1610612736" "--user" "0:0" "--network" "none" "ghcr.io/rust-lang/crates-build-env/linux@sha256:4a844ea9eb2546a2d2c7022eacef16ef2e8229c7fbb2c7d4d55a9ceca922f72d" "/opt/rustwide/cargo-home/bin/cargo" "+nightly-2024-10-28" "metadata" "--no-deps" "--format-version=1", kill_on_drop: false }`
[INFO] [stdout] 9a3d11cbd58024b000fbda33a4f57d659f8287e90771d98bcf86cb372df24ce1
[INFO] running `Command { std: "docker" "start" "-a" "9a3d11cbd58024b000fbda33a4f57d659f8287e90771d98bcf86cb372df24ce1", kill_on_drop: false }`
[INFO] running `Command { std: "docker" "inspect" "9a3d11cbd58024b000fbda33a4f57d659f8287e90771d98bcf86cb372df24ce1", kill_on_drop: false }`
[INFO] running `Command { std: "docker" "rm" "-f" "9a3d11cbd58024b000fbda33a4f57d659f8287e90771d98bcf86cb372df24ce1", kill_on_drop: false }`
[INFO] [stdout] 9a3d11cbd58024b000fbda33a4f57d659f8287e90771d98bcf86cb372df24ce1
[INFO] running `Command { std: "docker" "create" "-v" "/var/lib/crater-agent-workspace/builds/worker-1-tc2/target:/opt/rustwide/target:rw,Z" "-v" "/var/lib/crater-agent-workspace/builds/worker-1-tc2/source:/opt/rustwide/workdir:ro,Z" "-v" "/var/lib/crater-agent-workspace/cargo-home:/opt/rustwide/cargo-home:ro,Z" "-v" "/var/lib/crater-agent-workspace/rustup-home:/opt/rustwide/rustup-home:ro,Z" "-e" "SOURCE_DIR=/opt/rustwide/workdir" "-e" "CARGO_TARGET_DIR=/opt/rustwide/target" "-e" "CARGO_INCREMENTAL=0" "-e" "RUST_BACKTRACE=full" "-e" "RUSTFLAGS=--cap-lints=forbid -Zrandomize-layout" "-e" "RUSTDOCFLAGS=--cap-lints=forbid" "-e" "CARGO_HOME=/opt/rustwide/cargo-home" "-e" "RUSTUP_HOME=/opt/rustwide/rustup-home" "-w" "/opt/rustwide/workdir" "-m" "1610612736" "--user" "0:0" "--network" "none" "ghcr.io/rust-lang/crates-build-env/linux@sha256:4a844ea9eb2546a2d2c7022eacef16ef2e8229c7fbb2c7d4d55a9ceca922f72d" "/opt/rustwide/cargo-home/bin/cargo" "+nightly-2024-10-28" "build" "--frozen" "--message-format=json", kill_on_drop: false }`
[INFO] [stdout] 0f074b02b2327e292f9e5cbaf9809a554533c4f58c966d068d6d6bfbd59b4d9e
[INFO] running `Command { std: "docker" "start" "-a" "0f074b02b2327e292f9e5cbaf9809a554533c4f58c966d068d6d6bfbd59b4d9e", kill_on_drop: false }`
[INFO] [stderr]    Compiling proc-macro2 v1.0.89
[INFO] [stderr]    Compiling unicode-ident v1.0.13
[INFO] [stderr]    Compiling memchr v2.7.4
[INFO] [stderr]    Compiling crossbeam-utils v0.8.20
[INFO] [stderr]    Compiling libc v0.2.161
[INFO] [stderr]    Compiling rustix v0.38.37
[INFO] [stderr]    Compiling parking v2.2.1
[INFO] [stderr]    Compiling autocfg v1.4.0
[INFO] [stderr]    Compiling gimli v0.31.1
[INFO] [stderr]    Compiling linux-raw-sys v0.4.14
[INFO] [stderr]    Compiling adler2 v2.0.0
[INFO] [stderr]    Compiling bitflags v2.6.0
[INFO] [stderr]    Compiling miniz_oxide v0.8.0
[INFO] [stderr]    Compiling slab v0.4.9
[INFO] [stderr]    Compiling concurrent-queue v2.5.0
[INFO] [stderr]    Compiling object v0.36.5
[INFO] [stderr]    Compiling quote v1.0.37
[INFO] [stderr]    Compiling futures-core v0.3.31
[INFO] [stderr]    Compiling syn v2.0.82
[INFO] [stderr]    Compiling owo-colors v4.1.0
[INFO] [stderr]    Compiling serde v1.0.213
[INFO] [stderr]    Compiling thiserror v1.0.65
[INFO] [stderr]    Compiling rustc-demangle v0.1.24
[INFO] [stderr]    Compiling event-listener v5.3.1
[INFO] [stderr]    Compiling is_ci v1.2.0
[INFO] [stderr]    Compiling futures-io v0.3.31
[INFO] [stderr]    Compiling smawk v0.3.2
[INFO] [stderr]    Compiling fastrand v2.1.1
[INFO] [stderr]    Compiling unicode-width v0.1.14
[INFO] [stderr]    Compiling unicode-linebreak v0.1.5
[INFO] [stderr]    Compiling event-listener-strategy v0.5.2
[INFO] [stderr]    Compiling textwrap v0.16.1
[INFO] [stderr]    Compiling futures-lite v2.3.0
[INFO] [stderr]    Compiling supports-color v3.0.1
[INFO] [stderr]    Compiling supports-unicode v3.0.0
[INFO] [stderr]    Compiling minimal-lexical v0.2.1
[INFO] [stderr]    Compiling weld-file v0.1.0 (/opt/rustwide/workdir/crates/file)
[INFO] [stderr]    Compiling target-lexicon v0.12.16
[INFO] [stderr]    Compiling supports-hyperlinks v3.0.0
[INFO] [stderr]    Compiling addr2line v0.24.2
[INFO] [stderr]    Compiling async-task v4.7.1
[INFO] [stderr]    Compiling async-executor v1.13.1
[INFO] [stderr]    Compiling nom v7.1.3
[INFO] [stderr]    Compiling async-channel v2.3.1
[INFO] [stderr]    Compiling bstr v1.10.0
[INFO] [stderr]    Compiling weld-scheduler v0.1.0 (/opt/rustwide/workdir/crates/scheduler)
[INFO] [stderr]    Compiling terminal_size v0.3.0
[INFO] [stderr]    Compiling thiserror-impl v1.0.65
[INFO] [stderr]    Compiling serde_derive v1.0.213
[INFO] [stderr]    Compiling enumflags2_derive v0.7.10
[INFO] [stderr]    Compiling miette-derive v7.2.0
[INFO] [stderr]    Compiling weld-object-macros v0.1.0 (/opt/rustwide/workdir/crates/object-macros)
[INFO] [stderr]    Compiling backtrace v0.3.74
[INFO] [stderr]    Compiling enumflags2 v0.7.10
[INFO] [stderr]    Compiling weld-object v0.1.0 (/opt/rustwide/workdir/crates/object)
[INFO] [stderr]    Compiling backtrace-ext v0.2.1
[INFO] [stderr]    Compiling miette v7.2.0
[INFO] [stderr]    Compiling weld-errors v0.1.0 (/opt/rustwide/workdir/crates/errors)
[INFO] [stderr]    Compiling weld-linker v0.1.0 (/opt/rustwide/workdir/crates/linker)
[INFO] [stderr]    Compiling argh_shared v0.1.12
[INFO] [stderr]    Compiling argh_derive v0.1.12
[INFO] [stderr]    Compiling argh v0.1.12
[INFO] [stderr]    Compiling weld-bin v0.1.0 (/opt/rustwide/workdir/crates/bin)
[INFO] [stderr]     Finished `dev` profile [unoptimized + debuginfo] target(s) in 7.99s
[INFO] running `Command { std: "docker" "inspect" "0f074b02b2327e292f9e5cbaf9809a554533c4f58c966d068d6d6bfbd59b4d9e", kill_on_drop: false }`
[INFO] running `Command { std: "docker" "rm" "-f" "0f074b02b2327e292f9e5cbaf9809a554533c4f58c966d068d6d6bfbd59b4d9e", kill_on_drop: false }`
[INFO] [stdout] 0f074b02b2327e292f9e5cbaf9809a554533c4f58c966d068d6d6bfbd59b4d9e
[INFO] running `Command { std: "docker" "create" "-v" "/var/lib/crater-agent-workspace/builds/worker-1-tc2/target:/opt/rustwide/target:rw,Z" "-v" "/var/lib/crater-agent-workspace/builds/worker-1-tc2/source:/opt/rustwide/workdir:ro,Z" "-v" "/var/lib/crater-agent-workspace/cargo-home:/opt/rustwide/cargo-home:ro,Z" "-v" "/var/lib/crater-agent-workspace/rustup-home:/opt/rustwide/rustup-home:ro,Z" "-e" "SOURCE_DIR=/opt/rustwide/workdir" "-e" "CARGO_TARGET_DIR=/opt/rustwide/target" "-e" "CARGO_INCREMENTAL=0" "-e" "RUST_BACKTRACE=full" "-e" "RUSTFLAGS=--cap-lints=forbid -Zrandomize-layout" "-e" "RUSTDOCFLAGS=--cap-lints=forbid" "-e" "CARGO_HOME=/opt/rustwide/cargo-home" "-e" "RUSTUP_HOME=/opt/rustwide/rustup-home" "-w" "/opt/rustwide/workdir" "-m" "1610612736" "--user" "0:0" "--network" "none" "ghcr.io/rust-lang/crates-build-env/linux@sha256:4a844ea9eb2546a2d2c7022eacef16ef2e8229c7fbb2c7d4d55a9ceca922f72d" "/opt/rustwide/cargo-home/bin/cargo" "+nightly-2024-10-28" "test" "--frozen" "--no-run" "--message-format=json", kill_on_drop: false }`
[INFO] [stdout] 1a170bc11916f50149a03f85a527e90940a0857de8f071575cf9fcf8d9241a14
[INFO] running `Command { std: "docker" "start" "-a" "1a170bc11916f50149a03f85a527e90940a0857de8f071575cf9fcf8d9241a14", kill_on_drop: false }`
[INFO] [stderr]    Compiling rustix v0.38.37
[INFO] [stderr]    Compiling linux-raw-sys v0.4.14
[INFO] [stderr]    Compiling weld-object-macros v0.1.0 (/opt/rustwide/workdir/crates/object-macros)
[INFO] [stderr]    Compiling tracing-core v0.1.32
[INFO] [stderr]    Compiling async-lock v3.4.0
[INFO] [stderr]    Compiling weld-object v0.1.0 (/opt/rustwide/workdir/crates/object)
[INFO] [stderr]    Compiling tracing v0.1.40
[INFO] [stderr]    Compiling terminal_size v0.3.0
[INFO] [stderr]    Compiling weld-file v0.1.0 (/opt/rustwide/workdir/crates/file)
[INFO] [stderr]    Compiling polling v3.7.3
[INFO] [stderr]    Compiling miette v7.2.0
[INFO] [stderr]    Compiling async-io v2.3.4
[INFO] [stderr]    Compiling weld-errors v0.1.0 (/opt/rustwide/workdir/crates/errors)
[INFO] [stderr]    Compiling weld-linker v0.1.0 (/opt/rustwide/workdir/crates/linker)
[INFO] [stderr]    Compiling weld-scheduler v0.1.0 (/opt/rustwide/workdir/crates/scheduler)
[INFO] [stderr]    Compiling weld-bin v0.1.0 (/opt/rustwide/workdir/crates/bin)
[INFO] [stderr]     Finished `test` profile [unoptimized + debuginfo] target(s) in 4.55s
[INFO] running `Command { std: "docker" "inspect" "1a170bc11916f50149a03f85a527e90940a0857de8f071575cf9fcf8d9241a14", kill_on_drop: false }`
[INFO] running `Command { std: "docker" "rm" "-f" "1a170bc11916f50149a03f85a527e90940a0857de8f071575cf9fcf8d9241a14", kill_on_drop: false }`
[INFO] [stdout] 1a170bc11916f50149a03f85a527e90940a0857de8f071575cf9fcf8d9241a14
[INFO] running `Command { std: "docker" "create" "-v" "/var/lib/crater-agent-workspace/builds/worker-1-tc2/target:/opt/rustwide/target:rw,Z" "-v" "/var/lib/crater-agent-workspace/builds/worker-1-tc2/source:/opt/rustwide/workdir:ro,Z" "-v" "/var/lib/crater-agent-workspace/cargo-home:/opt/rustwide/cargo-home:ro,Z" "-v" "/var/lib/crater-agent-workspace/rustup-home:/opt/rustwide/rustup-home:ro,Z" "-e" "SOURCE_DIR=/opt/rustwide/workdir" "-e" "CARGO_TARGET_DIR=/opt/rustwide/target" "-e" "CARGO_INCREMENTAL=0" "-e" "RUST_BACKTRACE=full" "-e" "RUSTFLAGS=--cap-lints=forbid -Zrandomize-layout" "-e" "RUSTDOCFLAGS=--cap-lints=forbid" "-e" "CARGO_HOME=/opt/rustwide/cargo-home" "-e" "RUSTUP_HOME=/opt/rustwide/rustup-home" "-w" "/opt/rustwide/workdir" "-m" "1610612736" "--user" "0:0" "--network" "none" "ghcr.io/rust-lang/crates-build-env/linux@sha256:4a844ea9eb2546a2d2c7022eacef16ef2e8229c7fbb2c7d4d55a9ceca922f72d" "/opt/rustwide/cargo-home/bin/cargo" "+nightly-2024-10-28" "test" "--frozen", kill_on_drop: false }`
[INFO] [stdout] a068932333873c76a96c5fe71d3a56481e472963c2a05a921a484f274e3cb43f
[INFO] running `Command { std: "docker" "start" "-a" "a068932333873c76a96c5fe71d3a56481e472963c2a05a921a484f274e3cb43f", kill_on_drop: false }`
[INFO] [stderr]     Finished `test` profile [unoptimized + debuginfo] target(s) in 0.04s
[INFO] [stderr]      Running unittests src/main.rs (/opt/rustwide/target/debug/deps/weld-55cab7e854effb0e)
[INFO] [stdout] 
[INFO] [stdout] running 0 tests
[INFO] [stdout] 
[INFO] [stdout] test result: ok. 0 passed; 0 failed; 0 ignored; 0 measured; 0 filtered out; finished in 0.00s
[INFO] [stdout] 
[INFO] [stderr]      Running unittests src/lib.rs (/opt/rustwide/target/debug/deps/weld_errors-0b6e4049bfc695d5)
[INFO] [stdout] 
[INFO] [stdout] running 0 tests
[INFO] [stdout] 
[INFO] [stdout] test result: ok. 0 passed; 0 failed; 0 ignored; 0 measured; 0 filtered out; finished in 0.00s
[INFO] [stdout] 
[INFO] [stderr]      Running unittests src/lib.rs (/opt/rustwide/target/debug/deps/weld_file-218effc8920f48d6)
[INFO] [stdout] 
[INFO] [stdout] running 2 tests
[INFO] [stdout] test mmap::tests::test_mmap ... ok
[INFO] [stdout] test tests::test_picker ... ok
[INFO] [stdout] 
[INFO] [stdout] test result: ok. 2 passed; 0 failed; 0 ignored; 0 measured; 0 filtered out; finished in 0.00s
[INFO] [stdout] 
[INFO] [stderr]      Running unittests src/lib.rs (/opt/rustwide/target/debug/deps/weld_linker-77315deb2e271ff6)
[INFO] [stdout] 
[INFO] [stdout] running 0 tests
[INFO] [stdout] 
[INFO] [stdout] test result: ok. 0 passed; 0 failed; 0 ignored; 0 measured; 0 filtered out; finished in 0.00s
[INFO] [stdout] 
[INFO] [stderr]      Running unittests src/lib.rs (/opt/rustwide/target/debug/deps/weld_object-c32bb9130b530c66)
[INFO] [stdout] 
[INFO] [stdout] running 23 tests
[INFO] [stdout] test combinators::tests::test_skip ... ok
[INFO] [stdout] test elf64::data::tests::test_string_at_offset ... ok
[INFO] [stdout] test elf64::file::autotest_endianness ... ok
[INFO] [stdout] test elf64::file::autotest_filetype ... ok
[INFO] [stdout] test elf64::file::autotest_machine ... ok
[INFO] [stdout] test elf64::file::autotest_osabi ... ok
[INFO] [stdout] test elf64::file::autotest_version ... ok
[INFO] [stdout] test elf64::program::autotest_programtype ... ok
[INFO] [stdout] test elf64::program::tests::test_section_flag ... ok
[INFO] [stdout] test elf64::section::autotest_sectiontype ... ok
[INFO] [stdout] test elf64::section::tests::test_section_flag ... ok
[INFO] [stdout] test elf64::symbol::tests::test_symbol ... ok
[INFO] [stdout] test elf64::symbol::tests::test_symbol_iterator ... ok
[INFO] [stdout] test elf64::symbol::tests::test_symbol_binding ... ok
[INFO] [stdout] test elf64::section::tests::test_section_index ... ok
[INFO] [stdout] test elf64::symbol::tests::test_symbol_type ... ok
[INFO] [stdout] test elf64::tests::test_address ... ok
[INFO] [stdout] test endianness::tests::test_big_endian ... ok
[INFO] [stdout] test elf64::section::tests::test_section ... ok
[INFO] [stdout] test endianness::tests::test_little_endian ... ok
[INFO] [stdout] test elf64::tests::test_alignment ... ok
[INFO] [stdout] test elf64::tests::test_me ... ok
[INFO] [stdout] test elf64::program::tests::test_section ... FAILED
[INFO] [stdout] 
[INFO] [stdout] failures:
[INFO] [stdout] 
[INFO] [stdout] ---- elf64::program::tests::test_section stdout ----
[INFO] [stdout] thread 'elf64::program::tests::test_section' panicked at crates/object/src/elf64/program.rs:211:9:
[INFO] [stdout] assertion `left == right` failed
[INFO] [stdout]   left: Ok(([], Program { type: Load, segment_flags: BitFlags<ProgramFlag>(0b101, Execute | Read), offset: 0x00000000, virtual_address: 0x00000007, physical_address: None, segment_size_in_file_image: 0x00000005, segment_size_in_memory: 0x00000000, alignment: Alignment(Some(512)), data: ProgramData Data([00, 61, 62, 63, 00]) }))
[INFO] [stdout]  right: Ok(([], Program { type: Load, segment_flags: BitFlags<ProgramFlag>(0b101, Execute | Read), offset: 0x00000000, virtual_address: 0x00000007, physical_address: None, segment_size_in_file_image: 0x00000005, segment_size_in_memory: 0x00000000, alignment: Alignment(Some(512)), data: Unspecified Data([00, 61, 62, 63, 00]) }))
[INFO] [stdout] stack backtrace:
[INFO] [stdout]    0:     0x5d79d12fcbfa - std::backtrace_rs::backtrace::libunwind::trace::h207520d6e9873551
[INFO] [stdout]                                at /rustc/df4ca44d3fbc9301ee17f30f4d474e6ae4b05252/library/std/src/../../backtrace/src/backtrace/libunwind.rs:116:5
[INFO] [stdout]    1:     0x5d79d12fcbfa - std::backtrace_rs::backtrace::trace_unsynchronized::h2ed7433f370e3eca
[INFO] [stdout]                                at /rustc/df4ca44d3fbc9301ee17f30f4d474e6ae4b05252/library/std/src/../../backtrace/src/backtrace/mod.rs:66:5
[INFO] [stdout]    2:     0x5d79d12fcbfa - std::sys::backtrace::_print_fmt::h916fac51166b18d7
[INFO] [stdout]                                at /rustc/df4ca44d3fbc9301ee17f30f4d474e6ae4b05252/library/std/src/sys/backtrace.rs:66:9
[INFO] [stdout]    3:     0x5d79d12fcbfa - <std::sys::backtrace::BacktraceLock::print::DisplayBacktrace as core::fmt::Display>::fmt::ha0a4c9b8ce3802e6
[INFO] [stdout]                                at /rustc/df4ca44d3fbc9301ee17f30f4d474e6ae4b05252/library/std/src/sys/backtrace.rs:39:26
[INFO] [stdout]    4:     0x5d79d1323113 - core::fmt::rt::Argument::fmt::h4cfc8587d52b3eb5
[INFO] [stdout]                                at /rustc/df4ca44d3fbc9301ee17f30f4d474e6ae4b05252/library/core/src/fmt/rt.rs:177:76
[INFO] [stdout]    5:     0x5d79d1323113 - core::fmt::write::h522cc39e5b36ae9f
[INFO] [stdout]                                at /rustc/df4ca44d3fbc9301ee17f30f4d474e6ae4b05252/library/core/src/fmt/mod.rs:1190:21
[INFO] [stdout]    6:     0x5d79d12f9863 - std::io::Write::write_fmt::h7d3c26752da97734
[INFO] [stdout]                                at /rustc/df4ca44d3fbc9301ee17f30f4d474e6ae4b05252/library/std/src/io/mod.rs:1839:15
[INFO] [stdout]    7:     0x5d79d12fca42 - std::sys::backtrace::BacktraceLock::print::h4b9e00b29e9c0942
[INFO] [stdout]                                at /rustc/df4ca44d3fbc9301ee17f30f4d474e6ae4b05252/library/std/src/sys/backtrace.rs:42:9
[INFO] [stdout]    8:     0x5d79d12fe08a - std::panicking::default_hook::{{closure}}::hb59b88280d0324d9
[INFO] [stdout]                                at /rustc/df4ca44d3fbc9301ee17f30f4d474e6ae4b05252/library/std/src/panicking.rs:268:22
[INFO] [stdout]    9:     0x5d79d12fde94 - std::panicking::default_hook::he1dd496665be4a29
[INFO] [stdout]                                at /rustc/df4ca44d3fbc9301ee17f30f4d474e6ae4b05252/library/std/src/panicking.rs:292:9
[INFO] [stdout]   10:     0x5d79d12c5859 - <alloc::boxed::Box<F,A> as core::ops::function::Fn<Args>>::call::h4ff71de18744e1dc
[INFO] [stdout]                                at /rustc/df4ca44d3fbc9301ee17f30f4d474e6ae4b05252/library/alloc/src/boxed.rs:2468:9
[INFO] [stdout]   11:     0x5d79d12c5859 - test::test_main::{{closure}}::hcf7c055ce117aa81
[INFO] [stdout]                                at /rustc/df4ca44d3fbc9301ee17f30f4d474e6ae4b05252/library/test/src/lib.rs:133:21
[INFO] [stdout]   12:     0x5d79d12fe788 - <alloc::boxed::Box<F,A> as core::ops::function::Fn<Args>>::call::h1d66c6bbd60c9692
[INFO] [stdout]                                at /rustc/df4ca44d3fbc9301ee17f30f4d474e6ae4b05252/library/alloc/src/boxed.rs:2468:9
[INFO] [stdout]   13:     0x5d79d12fe788 - std::panicking::rust_panic_with_hook::h2ff17fe8f26dfcf8
[INFO] [stdout]                                at /rustc/df4ca44d3fbc9301ee17f30f4d474e6ae4b05252/library/std/src/panicking.rs:809:13
[INFO] [stdout]   14:     0x5d79d12fe54a - std::panicking::begin_panic_handler::{{closure}}::h4fad77951c07e101
[INFO] [stdout]                                at /rustc/df4ca44d3fbc9301ee17f30f4d474e6ae4b05252/library/std/src/panicking.rs:674:13
[INFO] [stdout]   15:     0x5d79d12fd0d9 - std::sys::backtrace::__rust_end_short_backtrace::hb1a25b3da5d0ea08
[INFO] [stdout]                                at /rustc/df4ca44d3fbc9301ee17f30f4d474e6ae4b05252/library/std/src/sys/backtrace.rs:170:18
[INFO] [stdout]   16:     0x5d79d12fe1dc - rust_begin_unwind
[INFO] [stdout]                                at /rustc/df4ca44d3fbc9301ee17f30f4d474e6ae4b05252/library/std/src/panicking.rs:665:5
[INFO] [stdout]   17:     0x5d79d1321ad0 - core::panicking::panic_fmt::ha9db07b529f9b256
[INFO] [stdout]                                at /rustc/df4ca44d3fbc9301ee17f30f4d474e6ae4b05252/library/core/src/panicking.rs:75:14
[INFO] [stdout]   18:     0x5d79d1321ed4 - core::panicking::assert_failed_inner::h04f38944d74a80a8
[INFO] [stdout]   19:     0x5d79d1267094 - core::panicking::assert_failed::h07fd372fae824583
[INFO] [stdout]                                at /rustc/df4ca44d3fbc9301ee17f30f4d474e6ae4b05252/library/core/src/panicking.rs:377:5
[INFO] [stdout]   20:     0x5d79d127e375 - weld_object::elf64::program::tests::test_section::h0841ebbd5a9ddfc6
[INFO] [stdout]                                at /opt/rustwide/workdir/crates/object/src/elf64/program.rs:211:9
[INFO] [stdout]   21:     0x5d79d127dcd7 - weld_object::elf64::program::tests::test_section::{{closure}}::hc06e3e45abad40f2
[INFO] [stdout]                                at /opt/rustwide/workdir/crates/object/src/elf64/program.rs:171:22
[INFO] [stdout]   22:     0x5d79d12785d6 - core::ops::function::FnOnce::call_once::hb2a4f91116c4b768
[INFO] [stdout]                                at /rustc/df4ca44d3fbc9301ee17f30f4d474e6ae4b05252/library/core/src/ops/function.rs:250:5
[INFO] [stdout]   23:     0x5d79d12ca12b - core::ops::function::FnOnce::call_once::h22c3ba5715e93f05
[INFO] [stdout]                                at /rustc/df4ca44d3fbc9301ee17f30f4d474e6ae4b05252/library/core/src/ops/function.rs:250:5
[INFO] [stdout]   24:     0x5d79d12ca12b - test::__rust_begin_short_backtrace::h8e82d8113d0da17f
[INFO] [stdout]                                at /rustc/df4ca44d3fbc9301ee17f30f4d474e6ae4b05252/library/test/src/lib.rs:621:18
[INFO] [stdout]   25:     0x5d79d12c9aa7 - test::run_test_in_process::{{closure}}::h33235f4f20b7b7c7
[INFO] [stdout]                                at /rustc/df4ca44d3fbc9301ee17f30f4d474e6ae4b05252/library/test/src/lib.rs:644:60
[INFO] [stdout]   26:     0x5d79d12c9aa7 - <core::panic::unwind_safe::AssertUnwindSafe<F> as core::ops::function::FnOnce<()>>::call_once::hb5043206310c586f
[INFO] [stdout]                                at /rustc/df4ca44d3fbc9301ee17f30f4d474e6ae4b05252/library/core/src/panic/unwind_safe.rs:272:9
[INFO] [stdout]   27:     0x5d79d12c9aa7 - std::panicking::try::do_call::h9ad4731a60ab23e2
[INFO] [stdout]                                at /rustc/df4ca44d3fbc9301ee17f30f4d474e6ae4b05252/library/std/src/panicking.rs:557:40
[INFO] [stdout]   28:     0x5d79d12c9aa7 - std::panicking::try::h3824d23db772a716
[INFO] [stdout]                                at /rustc/df4ca44d3fbc9301ee17f30f4d474e6ae4b05252/library/std/src/panicking.rs:520:19
[INFO] [stdout]   29:     0x5d79d12c9aa7 - std::panic::catch_unwind::h5afd514605fde46b
[INFO] [stdout]                                at /rustc/df4ca44d3fbc9301ee17f30f4d474e6ae4b05252/library/std/src/panic.rs:358:14
[INFO] [stdout]   30:     0x5d79d12c9aa7 - test::run_test_in_process::h0d5cbfa7067d1720
[INFO] [stdout]                                at /rustc/df4ca44d3fbc9301ee17f30f4d474e6ae4b05252/library/test/src/lib.rs:644:27
[INFO] [stdout]   31:     0x5d79d12c9aa7 - test::run_test::{{closure}}::h708eb8872708115d
[INFO] [stdout]                                at /rustc/df4ca44d3fbc9301ee17f30f4d474e6ae4b05252/library/test/src/lib.rs:565:43
[INFO] [stdout]   32:     0x5d79d128d1c4 - test::run_test::{{closure}}::h392c51cee94713ab
[INFO] [stdout]                                at /rustc/df4ca44d3fbc9301ee17f30f4d474e6ae4b05252/library/test/src/lib.rs:595:41
[INFO] [stdout]   33:     0x5d79d128d1c4 - std::sys::backtrace::__rust_begin_short_backtrace::h2f40290710935a8b
[INFO] [stdout]                                at /rustc/df4ca44d3fbc9301ee17f30f4d474e6ae4b05252/library/std/src/sys/backtrace.rs:154:18
[INFO] [stdout]   34:     0x5d79d129096e - std::thread::Builder::spawn_unchecked_::{{closure}}::{{closure}}::h3fd968d89053a903
[INFO] [stdout]                                at /rustc/df4ca44d3fbc9301ee17f30f4d474e6ae4b05252/library/std/src/thread/mod.rs:541:17
[INFO] [stdout]   35:     0x5d79d129096e - <core::panic::unwind_safe::AssertUnwindSafe<F> as core::ops::function::FnOnce<()>>::call_once::h743f637ba4229880
[INFO] [stdout]                                at /rustc/df4ca44d3fbc9301ee17f30f4d474e6ae4b05252/library/core/src/panic/unwind_safe.rs:272:9
[INFO] [stdout]   36:     0x5d79d129096e - std::panicking::try::do_call::h07440897322525a6
[INFO] [stdout]                                at /rustc/df4ca44d3fbc9301ee17f30f4d474e6ae4b05252/library/std/src/panicking.rs:557:40
[INFO] [stdout]   37:     0x5d79d129096e - std::panicking::try::he5a2e00188156637
[INFO] [stdout]                                at /rustc/df4ca44d3fbc9301ee17f30f4d474e6ae4b05252/library/std/src/panicking.rs:520:19
[INFO] [stdout]   38:     0x5d79d129096e - std::panic::catch_unwind::hbaf3cae49b3c6433
[INFO] [stdout]                                at /rustc/df4ca44d3fbc9301ee17f30f4d474e6ae4b05252/library/std/src/panic.rs:358:14
[INFO] [stdout]   39:     0x5d79d129096e - std::thread::Builder::spawn_unchecked_::{{closure}}::h8e141ea224820bce
[INFO] [stdout]                                at /rustc/df4ca44d3fbc9301ee17f30f4d474e6ae4b05252/library/std/src/thread/mod.rs:540:30
[INFO] [stdout]   40:     0x5d79d129096e - core::ops::function::FnOnce::call_once{{vtable.shim}}::h90d312fedd7b8ea8
[INFO] [stdout]                                at /rustc/df4ca44d3fbc9301ee17f30f4d474e6ae4b05252/library/core/src/ops/function.rs:250:5
[INFO] [stdout]   41:     0x5d79d130257b - <alloc::boxed::Box<F,A> as core::ops::function::FnOnce<Args>>::call_once::h69aa08ddb6adb8b6
[INFO] [stdout]                                at /rustc/df4ca44d3fbc9301ee17f30f4d474e6ae4b05252/library/alloc/src/boxed.rs:2454:9
[INFO] [stdout]   42:     0x5d79d130257b - <alloc::boxed::Box<F,A> as core::ops::function::FnOnce<Args>>::call_once::h5aa36efdb79c806f
[INFO] [stdout]                                at /rustc/df4ca44d3fbc9301ee17f30f4d474e6ae4b05252/library/alloc/src/boxed.rs:2454:9
[INFO] [stdout]   43:     0x5d79d130257b - std::sys::pal::unix::thread::Thread::new::thread_start::h6cd80a1b4be5158d
[INFO] [stdout]                                at /rustc/df4ca44d3fbc9301ee17f30f4d474e6ae4b05252/library/std/src/sys/pal/unix/thread.rs:105:17
[INFO] [stdout]   44:     0x7da03e242ac3 - <unknown>
[INFO] [stdout]   45:     0x7da03e2d3a04 - clone
[INFO] [stdout]   46:                0x0 - <unknown>
[INFO] [stdout] 
[INFO] [stdout] 
[INFO] [stdout] failures:
[INFO] [stdout]     elf64::program::tests::test_section
[INFO] [stdout] 
[INFO] [stdout] test result: FAILED. 22 passed; 1 failed; 0 ignored; 0 measured; 0 filtered out; finished in 0.01s
[INFO] [stdout] 
[INFO] [stderr] error: test failed, to rerun pass `-p weld-object --lib`
[INFO] running `Command { std: "docker" "inspect" "a068932333873c76a96c5fe71d3a56481e472963c2a05a921a484f274e3cb43f", kill_on_drop: false }`
[INFO] running `Command { std: "docker" "rm" "-f" "a068932333873c76a96c5fe71d3a56481e472963c2a05a921a484f274e3cb43f", kill_on_drop: false }`
[INFO] [stdout] a068932333873c76a96c5fe71d3a56481e472963c2a05a921a484f274e3cb43f
