[INFO] cloning repository https://github.com/HelixLauncher/HelixLauncher
[INFO] running `Command { std: "git" "-c" "credential.helper=" "-c" "credential.helper=/workspace/cargo-home/bin/git-credential-null" "clone" "--bare" "https://github.com/HelixLauncher/HelixLauncher" "/workspace/cache/git-repos/https%3A%2F%2Fgithub.com%2FHelixLauncher%2FHelixLauncher", kill_on_drop: false }`
[INFO] [stderr] Cloning into bare repository '/workspace/cache/git-repos/https%3A%2F%2Fgithub.com%2FHelixLauncher%2FHelixLauncher'...
[INFO] running `Command { std: "git" "rev-parse" "HEAD", kill_on_drop: false }`
[INFO] [stdout] c200b1fa6bc505ae417b5a2b9802cf803329c516
[INFO] testing HelixLauncher/HelixLauncher/c200b1fa6bc505ae417b5a2b9802cf803329c516 against nightly-2024-10-28+rustflags=-Zrandomize-layout for randomize-layout
[INFO] running `Command { std: "git" "clone" "/workspace/cache/git-repos/https%3A%2F%2Fgithub.com%2FHelixLauncher%2FHelixLauncher" "/workspace/builds/worker-6-tc2/source", kill_on_drop: false }`
[INFO] [stderr] Cloning into '/workspace/builds/worker-6-tc2/source'...
[INFO] [stderr] done.
[INFO] validating manifest of git repo https://github.com/HelixLauncher/HelixLauncher on toolchain nightly-2024-10-28
[INFO] running `Command { std: CARGO_HOME="/workspace/cargo-home" RUSTUP_HOME="/workspace/rustup-home" "/workspace/cargo-home/bin/cargo" "+nightly-2024-10-28" "metadata" "--manifest-path" "Cargo.toml" "--no-deps", kill_on_drop: false }`
[INFO] removed /workspace/builds/worker-6-tc2/source/.cargo/config.toml
[INFO] started tweaking git repo https://github.com/HelixLauncher/HelixLauncher
[INFO] finished tweaking git repo https://github.com/HelixLauncher/HelixLauncher
[INFO] tweaked toml for git repo https://github.com/HelixLauncher/HelixLauncher written to /workspace/builds/worker-6-tc2/source/Cargo.toml
[INFO] crate git repo https://github.com/HelixLauncher/HelixLauncher already has a lockfile, it will not be regenerated
[INFO] running `Command { std: CARGO_HOME="/workspace/cargo-home" RUSTUP_HOME="/workspace/rustup-home" "/workspace/cargo-home/bin/cargo" "+nightly-2024-10-28" "fetch" "--manifest-path" "Cargo.toml", kill_on_drop: false }`
[INFO] running `Command { std: "docker" "create" "-v" "/var/lib/crater-agent-workspace/builds/worker-6-tc2/target:/opt/rustwide/target:rw,Z" "-v" "/var/lib/crater-agent-workspace/builds/worker-6-tc2/source:/opt/rustwide/workdir:ro,Z" "-v" "/var/lib/crater-agent-workspace/cargo-home:/opt/rustwide/cargo-home:ro,Z" "-v" "/var/lib/crater-agent-workspace/rustup-home:/opt/rustwide/rustup-home:ro,Z" "-e" "SOURCE_DIR=/opt/rustwide/workdir" "-e" "CARGO_TARGET_DIR=/opt/rustwide/target" "-e" "CARGO_HOME=/opt/rustwide/cargo-home" "-e" "RUSTUP_HOME=/opt/rustwide/rustup-home" "-w" "/opt/rustwide/workdir" "-m" "1610612736" "--user" "0:0" "--network" "none" "ghcr.io/rust-lang/crates-build-env/linux@sha256:4a844ea9eb2546a2d2c7022eacef16ef2e8229c7fbb2c7d4d55a9ceca922f72d" "/opt/rustwide/cargo-home/bin/cargo" "+nightly-2024-10-28" "metadata" "--no-deps" "--format-version=1", kill_on_drop: false }`
[INFO] [stdout] 194148080ab1bd7a60de32279822500b8a0ef91249f1e3ead0510770882cfaf9
[INFO] running `Command { std: "docker" "start" "-a" "194148080ab1bd7a60de32279822500b8a0ef91249f1e3ead0510770882cfaf9", kill_on_drop: false }`
[INFO] running `Command { std: "docker" "inspect" "194148080ab1bd7a60de32279822500b8a0ef91249f1e3ead0510770882cfaf9", kill_on_drop: false }`
[INFO] running `Command { std: "docker" "rm" "-f" "194148080ab1bd7a60de32279822500b8a0ef91249f1e3ead0510770882cfaf9", kill_on_drop: false }`
[INFO] [stdout] 194148080ab1bd7a60de32279822500b8a0ef91249f1e3ead0510770882cfaf9
[INFO] running `Command { std: "docker" "create" "-v" "/var/lib/crater-agent-workspace/builds/worker-6-tc2/target:/opt/rustwide/target:rw,Z" "-v" "/var/lib/crater-agent-workspace/builds/worker-6-tc2/source:/opt/rustwide/workdir:ro,Z" "-v" "/var/lib/crater-agent-workspace/cargo-home:/opt/rustwide/cargo-home:ro,Z" "-v" "/var/lib/crater-agent-workspace/rustup-home:/opt/rustwide/rustup-home:ro,Z" "-e" "SOURCE_DIR=/opt/rustwide/workdir" "-e" "CARGO_TARGET_DIR=/opt/rustwide/target" "-e" "CARGO_INCREMENTAL=0" "-e" "RUST_BACKTRACE=full" "-e" "RUSTFLAGS=--cap-lints=forbid -Zrandomize-layout" "-e" "RUSTDOCFLAGS=--cap-lints=forbid" "-e" "CARGO_HOME=/opt/rustwide/cargo-home" "-e" "RUSTUP_HOME=/opt/rustwide/rustup-home" "-w" "/opt/rustwide/workdir" "-m" "1610612736" "--user" "0:0" "--network" "none" "ghcr.io/rust-lang/crates-build-env/linux@sha256:4a844ea9eb2546a2d2c7022eacef16ef2e8229c7fbb2c7d4d55a9ceca922f72d" "/opt/rustwide/cargo-home/bin/cargo" "+nightly-2024-10-28" "build" "--frozen" "--message-format=json", kill_on_drop: false }`
[INFO] [stdout] 6a7d48cbd5b1a7f56cb9f65bb1df7d30859af5f703d385db90716c71f0eeca0c
[INFO] running `Command { std: "docker" "start" "-a" "6a7d48cbd5b1a7f56cb9f65bb1df7d30859af5f703d385db90716c71f0eeca0c", kill_on_drop: false }`
[INFO] [stderr]    Compiling libc v0.2.155
[INFO] [stderr]    Compiling proc-macro2 v1.0.86
[INFO] [stderr]    Compiling unicode-ident v1.0.12
[INFO] [stderr]    Compiling once_cell v1.19.0
[INFO] [stderr]    Compiling memchr v2.7.4
[INFO] [stderr]    Compiling cfg-if v1.0.0
[INFO] [stderr]    Compiling serde v1.0.203
[INFO] [stderr]    Compiling autocfg v1.3.0
[INFO] [stderr]    Compiling pkg-config v0.3.30
[INFO] [stderr]    Compiling fnv v1.0.7
[INFO] [stderr]    Compiling bytes v1.6.0
[INFO] [stderr]    Compiling version_check v0.9.4
[INFO] [stderr]    Compiling typenum v1.17.0
[INFO] [stderr]    Compiling pin-project-lite v0.2.14
[INFO] [stderr]    Compiling regex-syntax v0.8.4
[INFO] [stderr]    Compiling lazy_static v1.5.0
[INFO] [stderr]    Compiling equivalent v1.0.1
[INFO] [stderr]    Compiling futures-sink v0.3.30
[INFO] [stderr]    Compiling futures-core v0.3.30
[INFO] [stderr]    Compiling hashbrown v0.14.5
[INFO] [stderr]    Compiling semver v1.0.23
[INFO] [stderr]    Compiling strsim v0.11.1
[INFO] [stderr]    Compiling vcpkg v0.2.15
[INFO] [stderr]    Compiling itoa v1.0.11
[INFO] [stderr]    Compiling futures-channel v0.3.30
[INFO] [stderr]    Compiling bitflags v2.6.0
[INFO] [stderr]    Compiling pin-utils v0.1.0
[INFO] [stderr]    Compiling generic-array v0.14.7
[INFO] [stderr]    Compiling futures-task v0.3.30
[INFO] [stderr]    Compiling slab v0.4.9
[INFO] [stderr]    Compiling futures-io v0.3.30
[INFO] [stderr]    Compiling smallvec v1.13.2
[INFO] [stderr]    Compiling http v1.1.0
[INFO] [stderr]    Compiling aho-corasick v1.1.3
[INFO] [stderr]    Compiling ident_case v1.0.1
[INFO] [stderr]    Compiling subtle v2.6.1
[INFO] [stderr]    Compiling byteorder v1.5.0
[INFO] [stderr]    Compiling tracing-core v0.1.32
[INFO] [stderr]    Compiling thiserror v1.0.61
[INFO] [stderr]    Compiling quote v1.0.36
[INFO] [stderr]    Compiling indexmap v2.2.6
[INFO] [stderr]    Compiling foreign-types-shared v0.1.1
[INFO] [stderr]    Compiling openssl v0.10.64
[INFO] [stderr]    Compiling httparse v1.9.4
[INFO] [stderr]    Compiling foreign-types v0.3.2
[INFO] [stderr]    Compiling num-traits v0.2.19
[INFO] [stderr]    Compiling syn v2.0.68
[INFO] [stderr]    Compiling jobserver v0.1.31
[INFO] [stderr]    Compiling signal-hook-registry v1.4.2
[INFO] [stderr]    Compiling socket2 v0.5.7
[INFO] [stderr]    Compiling num_cpus v1.16.0
[INFO] [stderr]    Compiling getrandom v0.2.15
[INFO] [stderr]    Compiling tracing v0.1.40
[INFO] [stderr]    Compiling try-lock v0.2.5
[INFO] [stderr]    Compiling tinyvec_macros v0.1.1
[INFO] [stderr]    Compiling rand_core v0.6.4
[INFO] [stderr]    Compiling cc v1.0.104
[INFO] [stderr]    Compiling native-tls v0.2.12
[INFO] [stderr]    Compiling http-body v1.0.0
[INFO] [stderr]    Compiling unicode-xid v0.2.4
[INFO] [stderr]    Compiling adler v1.0.2
[INFO] [stderr]    Compiling atomic-waker v1.1.2
[INFO] [stderr]    Compiling cpufeatures v0.2.12
[INFO] [stderr]    Compiling tinyvec v1.6.1
[INFO] [stderr]    Compiling want v0.3.1
[INFO] [stderr]    Compiling miniz_oxide v0.7.4
[INFO] [stderr]    Compiling percent-encoding v2.3.1
[INFO] [stderr]    Compiling tower-service v0.3.2
[INFO] [stderr]    Compiling tower-layer v0.3.2
[INFO] [stderr]    Compiling rustix v0.38.34
[INFO] [stderr]    Compiling zstd-safe v5.0.2+zstd.1.5.2
[INFO] [stderr]    Compiling openssl-probe v0.1.5
[INFO] [stderr]    Compiling form_urlencoded v1.2.1
[INFO] [stderr]    Compiling crypto-common v0.1.6
[INFO] [stderr]    Compiling block-buffer v0.10.4
[INFO] [stderr]    Compiling inout v0.1.3
[INFO] [stderr]    Compiling lock_api v0.4.12
[INFO] [stderr]    Compiling linux-raw-sys v0.4.14
[INFO] [stderr]    Compiling ppv-lite86 v0.2.17
[INFO] [stderr]    Compiling digest v0.10.7
[INFO] [stderr]    Compiling serde_json v1.0.120
[INFO] [stderr]    Compiling gimli v0.29.0
[INFO] [stderr]    Compiling signal-hook v0.3.17
[INFO] [stderr]    Compiling base64ct v1.6.0
[INFO] [stderr]    Compiling utf8parse v0.2.2
[INFO] [stderr]    Compiling powerfmt v0.2.0
[INFO] [stderr]    Compiling unicode-bidi v0.3.15
[INFO] [stderr]    Compiling iana-time-zone v0.1.60
[INFO] [stderr]    Compiling regex-automata v0.4.7
[INFO] [stderr]    Compiling winnow v0.6.13
[INFO] [stderr]    Compiling ryu v1.0.18
[INFO] [stderr]    Compiling parking_lot_core v0.9.10
[INFO] [stderr]    Compiling unicode-normalization v0.1.23
[INFO] [stderr]    Compiling password-hash v0.4.2
[INFO] [stderr]    Compiling deranged v0.3.11
[INFO] [stderr]    Compiling rand_chacha v0.3.1
[INFO] [stderr]    Compiling anstyle-parse v0.2.4
[INFO] [stderr]    Compiling idna v0.5.0
[INFO] [stderr]    Compiling hmac v0.12.1
[INFO] [stderr]    Compiling sha2 v0.10.8
[INFO] [stderr]    Compiling cipher v0.4.4
[INFO] [stderr]    Compiling openssl-sys v0.9.102
[INFO] [stderr]    Compiling zstd-sys v2.0.11+zstd.1.5.6
[INFO] [stderr]    Compiling bzip2-sys v0.1.11+1.0.8
[INFO] [stderr]    Compiling backtrace v0.3.73
[INFO] [stderr]    Compiling object v0.36.1
[INFO] [stderr]    Compiling crc32fast v1.4.2
[INFO] [stderr]    Compiling time-core v0.1.2
[INFO] [stderr]    Compiling num-conv v0.1.0
[INFO] [stderr]    Compiling base64 v0.22.1
[INFO] [stderr]    Compiling option-ext v0.2.0
[INFO] [stderr]    Compiling anyhow v1.0.86
[INFO] [stderr]    Compiling syn v1.0.109
[INFO] [stderr]    Compiling toml_datetime v0.6.6
[INFO] [stderr]    Compiling serde_spanned v0.6.6
[INFO] [stderr]    Compiling scopeguard v1.2.0
[INFO] [stderr]    Compiling is_terminal_polyfill v1.70.0
[INFO] [stderr]    Compiling anstyle-query v1.1.0
[INFO] [stderr]    Compiling colorchoice v1.0.1
[INFO] [stderr]    Compiling anstyle v1.0.7
[INFO] [stderr]    Compiling rustc-demangle v0.1.24
[INFO] [stderr]    Compiling rustls-pki-types v1.7.0
[INFO] [stderr]    Compiling fastrand v2.1.0
[INFO] [stderr]    Compiling toml_edit v0.22.14
[INFO] [stderr]    Compiling tempfile v3.10.1
[INFO] [stderr]    Compiling addr2line v0.22.0
[INFO] [stderr]    Compiling rustls-pemfile v2.1.2
[INFO] [stderr]    Compiling anstream v0.6.14
[INFO] [stderr]    Compiling dirs-sys v0.4.1
[INFO] [stderr]    Compiling cpp_common v0.5.9
[INFO] [stderr]    Compiling darling_core v0.20.9
[INFO] [stderr]    Compiling regex v1.10.5
[INFO] [stderr]    Compiling time v0.3.36
[INFO] [stderr]    Compiling flate2 v1.0.30
[INFO] [stderr]    Compiling url v2.5.2
[INFO] [stderr]    Compiling pbkdf2 v0.11.0
[INFO] [stderr]    Compiling aes v0.8.4
[INFO] [stderr]    Compiling rand v0.8.5
[INFO] [stderr]    Compiling cpp_build v0.5.9
[INFO] [stderr]    Compiling bzip2 v0.4.4
[INFO] [stderr]    Compiling sha1 v0.10.6
[INFO] [stderr]    Compiling rustc_version v0.4.0
[INFO] [stderr]    Compiling encoding_rs v0.8.34
[INFO] [stderr]    Compiling clap_lex v0.7.1
[INFO] [stderr]    Compiling sync_wrapper v1.0.1
[INFO] [stderr]    Compiling constant_time_eq v0.1.5
[INFO] [stderr]    Compiling ipnet v2.9.0
[INFO] [stderr]    Compiling heck v0.5.0
[INFO] [stderr]    Compiling helixlauncher-core v0.1.0 (/opt/rustwide/workdir/helixlauncher-core)
[INFO] [stderr]    Compiling mime v0.3.17
[INFO] [stderr]    Compiling clap_builder v4.5.8
[INFO] [stderr]    Compiling tempfile-fast v0.3.4
[INFO] [stderr]    Compiling parking_lot v0.12.3
[INFO] [stderr]    Compiling dirs v5.0.1
[INFO] [stderr]    Compiling is-terminal v0.4.12
[INFO] [stderr]    Compiling thread_local v1.1.8
[INFO] [stderr]    Compiling glob v0.3.1
[INFO] [stderr]    Compiling bitflags v1.3.2
[INFO] [stderr]    Compiling termcolor v1.4.1
[INFO] [stderr]    Compiling hex v0.4.3
[INFO] [stderr]    Compiling humantime v2.1.0
[INFO] [stderr]    Compiling unicode-segmentation v1.11.0
[INFO] [stderr]    Compiling java-locator v0.1.7
[INFO] [stderr]    Compiling toml v0.8.14
[INFO] [stderr]    Compiling fuzzy-matcher v0.3.7
[INFO] [stderr]    Compiling fxhash v0.2.1
[INFO] [stderr]    Compiling combine v4.6.7
[INFO] [stderr]    Compiling libloading v0.7.4
[INFO] [stderr]    Compiling newline-converter v0.3.0
[INFO] [stderr]    Compiling dyn-clone v1.0.17
[INFO] [stderr]    Compiling jni-sys v0.3.0
[INFO] [stderr]    Compiling unicode-width v0.1.13
[INFO] [stderr]    Compiling cesu8 v1.1.0
[INFO] [stderr]    Compiling embed-resource v2.4.2
[INFO] [stderr]    Compiling serde_derive v1.0.203
[INFO] [stderr]    Compiling tokio-macros v2.3.0
[INFO] [stderr]    Compiling futures-macro v0.3.30
[INFO] [stderr]    Compiling pin-project-internal v1.1.5
[INFO] [stderr]    Compiling openssl-macros v0.1.1
[INFO] [stderr]    Compiling thiserror-impl v1.0.61
[INFO] [stderr]    Compiling darling_macro v0.20.9
[INFO] [stderr]    Compiling qttypes v0.2.11
[INFO] [stderr]    Compiling cpp_macros v0.5.9
[INFO] [stderr]    Compiling futures-util v0.3.30
[INFO] [stderr]    Compiling qmetaobject v0.2.10
[INFO] [stderr]    Compiling darling v0.20.9
[INFO] [stderr]    Compiling serde_with_macros v3.8.3
[INFO] [stderr]    Compiling clap_derive v4.5.8
[INFO] [stderr]    Compiling helixlauncher-javalaunch v0.1.0 (/opt/rustwide/workdir/helixlauncher-javalaunch)
[INFO] [stderr]    Compiling cstr v0.2.12
[INFO] [stderr]    Compiling pin-project v1.1.5
[INFO] [stderr]    Compiling libloading v0.8.4
[INFO] [stderr]    Compiling cpp v0.5.9
[INFO] [stderr]    Compiling local-encoding-ng v0.1.0
[INFO] [stderr]    Compiling qmetaobject_impl v0.2.10
[INFO] [stderr]    Compiling clap v4.5.8
[INFO] [stderr]    Compiling http-body-util v0.1.2
[INFO] [stderr]    Compiling futures-executor v0.3.30
[INFO] [stderr]    Compiling futures v0.3.30
[INFO] [stderr]    Compiling zstd v0.11.2+zstd.1.5.2
[INFO] [stderr]    Compiling zip v0.6.6
[INFO] [stderr]    Compiling log v0.4.22
[INFO] [stderr]    Compiling serde_with v3.8.3
[INFO] [stderr]    Compiling chrono v0.4.38
[INFO] [stderr]    Compiling serde_urlencoded v0.7.1
[INFO] [stderr]    Compiling mio v0.8.11
[INFO] [stderr]    Compiling env_logger v0.10.2
[INFO] [stderr]    Compiling clap-verbosity-flag v2.2.0
[INFO] [stderr]    Compiling jni v0.21.1
[INFO] [stderr]    Compiling pretty_env_logger v0.5.0
[INFO] [stderr]    Compiling tokio v1.38.0
[INFO] [stderr]    Compiling signal-hook-mio v0.2.3
[INFO] [stderr]    Compiling crossterm v0.25.0
[INFO] [stderr]    Compiling inquire v0.7.5
[INFO] [stderr]    Compiling helixlauncher-meta v0.1.0 (https://github.com/HelixLauncher/meta.git#aa601990)
[INFO] [stderr]    Compiling helixlauncher-java v0.1.0 (/opt/rustwide/workdir/helixlauncher-java)
[INFO] [stdout] warning: unexpected `cfg` condition value: `osx`
[INFO] [stdout]   --> helixlauncher-java/src/search.rs:59:19
[INFO] [stdout]    |
[INFO] [stdout] 59 |             #[cfg(target_os = "osx")] {
[INFO] [stdout]    |                   ^^^^^^^^^^^^^^^^^
[INFO] [stdout]    |
[INFO] [stdout]    = note: expected values for `target_os` are: `aix`, `android`, `cuda`, `dragonfly`, `emscripten`, `espidf`, `freebsd`, `fuchsia`, `haiku`, `hermit`, `horizon`, `hurd`, `illumos`, `ios`, `l4re`, `linux`, `macos`, `netbsd`, `none`, `nto`, `nuttx`, `openbsd`, `psp`, `redox`, `rtems`, `solaris`, `solid_asp3`, `teeos`, `trusty`, `tvos`, `uefi`, `unknown`, `visionos`, `vita`, and `vxworks` and 5 more
[INFO] [stdout]    = note: see <https://doc.rust-lang.org/nightly/rustc/check-cfg/cargo-specifics.html> for more information about checking conditional configuration
[INFO] [stdout]    = note: `#[warn(unexpected_cfgs)]` on by default
[INFO] [stdout] 
[INFO] [stdout] 
[INFO] [stdout] warning: unused variable: `path`
[INFO] [stdout]   --> helixlauncher-java/src/search.rs:75:24
[INFO] [stdout]    |
[INFO] [stdout] 75 | pub async fn java_info(path: &Path) {}
[INFO] [stdout]    |                        ^^^^ help: if this is intentional, prefix it with an underscore: `_path`
[INFO] [stdout]    |
[INFO] [stdout]    = note: `#[warn(unused_variables)]` on by default
[INFO] [stdout] 
[INFO] [stdout] 
[INFO] [stdout] warning: fields `path`, `major_version`, `version`, and `architecture` are never read
[INFO] [stdout]   --> helixlauncher-java/src/search.rs:11:5
[INFO] [stdout]    |
[INFO] [stdout] 10 | pub struct JavaInstallInfo {
[INFO] [stdout]    |            --------------- fields in this struct
[INFO] [stdout] 11 |     path: String,
[INFO] [stdout]    |     ^^^^
[INFO] [stdout] 12 |     major_version: u32,
[INFO] [stdout]    |     ^^^^^^^^^^^^^
[INFO] [stdout] 13 |     version: String,
[INFO] [stdout]    |     ^^^^^^^
[INFO] [stdout] 14 |     architecture: helixlauncher_meta::component::Arch,
[INFO] [stdout]    |     ^^^^^^^^^^^^
[INFO] [stdout]    |
[INFO] [stdout]    = note: `#[warn(dead_code)]` on by default
[INFO] [stdout] 
[INFO] [stdout] 
[INFO] [stdout] warning: unused variable: `env`
[INFO] [stdout]    --> helixlauncher-javalaunch/src/main.rs:142:13
[INFO] [stdout]     |
[INFO] [stdout] 142 |         let env = vm.attach_current_thread().unwrap();
[INFO] [stdout]     |             ^^^ help: if this is intentional, prefix it with an underscore: `_env`
[INFO] [stdout]     |
[INFO] [stdout]     = note: `#[warn(unused_variables)]` on by default
[INFO] [stdout] 
[INFO] [stdout] 
[INFO] [stderr]    Compiling tokio-util v0.7.11
[INFO] [stderr]    Compiling tower v0.4.13
[INFO] [stderr]    Compiling tokio-native-tls v0.3.1
[INFO] [stderr]    Compiling h2 v0.4.5
[INFO] [stderr]    Compiling hyper v1.4.0
[INFO] [stderr]    Compiling hyper-util v0.1.6
[INFO] [stderr]    Compiling hyper-tls v0.6.0
[INFO] [stderr]    Compiling reqwest v0.12.5
[INFO] [stdout] warning: unused variable: `instance`
[INFO] [stdout]  --> helixlauncher-core/src/addon/curseforge.rs:6:46
[INFO] [stdout]   |
[INFO] [stdout] 6 |     pub(super) fn download_curseforge(&self, instance: &Instance) {
[INFO] [stdout]   |                                              ^^^^^^^^ help: if this is intentional, prefix it with an underscore: `_instance`
[INFO] [stdout]   |
[INFO] [stdout]   = note: `#[warn(unused_variables)]` on by default
[INFO] [stdout] 
[INFO] [stdout] 
[INFO] [stdout] warning: unused variable: `instance`
[INFO] [stdout]  --> helixlauncher-core/src/addon/modrinth.rs:6:44
[INFO] [stdout]   |
[INFO] [stdout] 6 |     pub(super) fn download_modrinth(&self, instance: &Instance) {
[INFO] [stdout]   |                                            ^^^^^^^^ help: if this is intentional, prefix it with an underscore: `_instance`
[INFO] [stdout] 
[INFO] [stdout] 
[INFO] [stdout] warning: unused variable: `instance`
[INFO] [stdout]   --> helixlauncher-core/src/addon/mod.rs:87:26
[INFO] [stdout]    |
[INFO] [stdout] 87 |     pub fn verify(&self, instance: &Instance) -> bool {
[INFO] [stdout]    |                          ^^^^^^^^ help: if this is intentional, prefix it with an underscore: `_instance`
[INFO] [stdout] 
[INFO] [stdout] 
[INFO] [stdout] warning: unused variable: `instance`
[INFO] [stdout]   --> helixlauncher-core/src/addon/mod.rs:91:30
[INFO] [stdout]    |
[INFO] [stdout] 91 |     pub fn update(&mut self, instance: &Instance) {
[INFO] [stdout]    |                              ^^^^^^^^ help: if this is intentional, prefix it with an underscore: `_instance`
[INFO] [stdout] 
[INFO] [stdout] 
[INFO] [stdout] warning: unused variable: `instance`
[INFO] [stdout]   --> helixlauncher-core/src/addon/mod.rs:95:26
[INFO] [stdout]    |
[INFO] [stdout] 95 |     pub fn delete(&self, instance: &Instance) {
[INFO] [stdout]    |                          ^^^^^^^^ help: if this is intentional, prefix it with an underscore: `_instance`
[INFO] [stdout] 
[INFO] [stdout] 
[INFO] [stdout] warning: method `get_folder` is never used
[INFO] [stdout]   --> helixlauncher-core/src/addon/mod.rs:52:12
[INFO] [stdout]    |
[INFO] [stdout] 51 | impl AddonKind {
[INFO] [stdout]    | -------------- method in this implementation
[INFO] [stdout] 52 |     pub fn get_folder(&self) -> String {
[INFO] [stdout]    |            ^^^^^^^^^^
[INFO] [stdout]    |
[INFO] [stdout]    = note: `#[warn(dead_code)]` on by default
[INFO] [stdout] 
[INFO] [stdout] 
[INFO] [stdout] warning: associated items `curseforge`, `modrinth`, and `download` are never used
[INFO] [stdout]   --> helixlauncher-core/src/addon/mod.rs:64:12
[INFO] [stdout]    |
[INFO] [stdout] 63 | impl AddonLocation {
[INFO] [stdout]    | ------------------ associated items in this implementation
[INFO] [stdout] 64 |     pub fn curseforge(version_id: String) -> Self {
[INFO] [stdout]    |            ^^^^^^^^^^
[INFO] [stdout] ...
[INFO] [stdout] 71 |     pub fn modrinth(version_id: String) -> Self {
[INFO] [stdout]    |            ^^^^^^^^
[INFO] [stdout] ...
[INFO] [stdout] 78 |     pub fn download(&self, instance: &Instance) {
[INFO] [stdout]    |            ^^^^^^^^
[INFO] [stdout] 
[INFO] [stdout] 
[INFO] [stdout] warning: methods `verify`, `update`, and `delete` are never used
[INFO] [stdout]   --> helixlauncher-core/src/addon/mod.rs:87:12
[INFO] [stdout]    |
[INFO] [stdout] 86 | impl Addon {
[INFO] [stdout]    | ---------- methods in this implementation
[INFO] [stdout] 87 |     pub fn verify(&self, instance: &Instance) -> bool {
[INFO] [stdout]    |            ^^^^^^
[INFO] [stdout] ...
[INFO] [stdout] 91 |     pub fn update(&mut self, instance: &Instance) {
[INFO] [stdout]    |            ^^^^^^
[INFO] [stdout] ...
[INFO] [stdout] 95 |     pub fn delete(&self, instance: &Instance) {
[INFO] [stdout]    |            ^^^^^^
[INFO] [stdout] 
[INFO] [stdout] 
[INFO] [stdout] warning: method `download_curseforge` is never used
[INFO] [stdout]  --> helixlauncher-core/src/addon/curseforge.rs:6:19
[INFO] [stdout]   |
[INFO] [stdout] 5 | impl AddonLocation {
[INFO] [stdout]   | ------------------ method in this implementation
[INFO] [stdout] 6 |     pub(super) fn download_curseforge(&self, instance: &Instance) {
[INFO] [stdout]   |                   ^^^^^^^^^^^^^^^^^^^
[INFO] [stdout] 
[INFO] [stdout] 
[INFO] [stdout] warning: method `download_modrinth` is never used
[INFO] [stdout]  --> helixlauncher-core/src/addon/modrinth.rs:6:19
[INFO] [stdout]   |
[INFO] [stdout] 5 | impl AddonLocation {
[INFO] [stdout]   | ------------------ method in this implementation
[INFO] [stdout] 6 |     pub(super) fn download_modrinth(&self, instance: &Instance) {
[INFO] [stdout]   |                   ^^^^^^^^^^^^^^^^^
[INFO] [stdout] 
[INFO] [stdout] 
[INFO] [stderr]    Compiling helixlauncher-cli v0.1.0 (/opt/rustwide/workdir/helixlauncher-cli)
[INFO] [stderr]    Compiling helixlauncher-gui v0.1.0 (/opt/rustwide/workdir/helixlauncher-gui)
[INFO] [stdout] warning: unused variable: `t`
[INFO] [stdout]   --> helixlauncher-gui/src/accounts.rs:24:13
[INFO] [stdout]    |
[INFO] [stdout] 24 |         let t = std::thread::spawn({
[INFO] [stdout]    |             ^ help: if this is intentional, prefix it with an underscore: `_t`
[INFO] [stdout]    |
[INFO] [stdout]    = note: `#[warn(unused_variables)]` on by default
[INFO] [stdout] 
[INFO] [stdout] 
[INFO] [stderr]     Finished `dev` profile [unoptimized + debuginfo] target(s) in 26.81s
[INFO] running `Command { std: "docker" "inspect" "6a7d48cbd5b1a7f56cb9f65bb1df7d30859af5f703d385db90716c71f0eeca0c", kill_on_drop: false }`
[INFO] running `Command { std: "docker" "rm" "-f" "6a7d48cbd5b1a7f56cb9f65bb1df7d30859af5f703d385db90716c71f0eeca0c", kill_on_drop: false }`
[INFO] [stdout] 6a7d48cbd5b1a7f56cb9f65bb1df7d30859af5f703d385db90716c71f0eeca0c
[INFO] running `Command { std: "docker" "create" "-v" "/var/lib/crater-agent-workspace/builds/worker-6-tc2/target:/opt/rustwide/target:rw,Z" "-v" "/var/lib/crater-agent-workspace/builds/worker-6-tc2/source:/opt/rustwide/workdir:ro,Z" "-v" "/var/lib/crater-agent-workspace/cargo-home:/opt/rustwide/cargo-home:ro,Z" "-v" "/var/lib/crater-agent-workspace/rustup-home:/opt/rustwide/rustup-home:ro,Z" "-e" "SOURCE_DIR=/opt/rustwide/workdir" "-e" "CARGO_TARGET_DIR=/opt/rustwide/target" "-e" "CARGO_INCREMENTAL=0" "-e" "RUST_BACKTRACE=full" "-e" "RUSTFLAGS=--cap-lints=forbid -Zrandomize-layout" "-e" "RUSTDOCFLAGS=--cap-lints=forbid" "-e" "CARGO_HOME=/opt/rustwide/cargo-home" "-e" "RUSTUP_HOME=/opt/rustwide/rustup-home" "-w" "/opt/rustwide/workdir" "-m" "1610612736" "--user" "0:0" "--network" "none" "ghcr.io/rust-lang/crates-build-env/linux@sha256:4a844ea9eb2546a2d2c7022eacef16ef2e8229c7fbb2c7d4d55a9ceca922f72d" "/opt/rustwide/cargo-home/bin/cargo" "+nightly-2024-10-28" "test" "--frozen" "--no-run" "--message-format=json", kill_on_drop: false }`
[INFO] [stdout] fddb87e7cbfe40a5bbf78d4a3d910822a06864a141a41fd0b18df32541a9a619
[INFO] running `Command { std: "docker" "start" "-a" "fddb87e7cbfe40a5bbf78d4a3d910822a06864a141a41fd0b18df32541a9a619", kill_on_drop: false }`
[INFO] [stdout] warning: unexpected `cfg` condition value: `osx`
[INFO] [stdout]   --> helixlauncher-java/src/search.rs:59:19
[INFO] [stdout]    |
[INFO] [stdout] 59 |             #[cfg(target_os = "osx")] {
[INFO] [stdout]    |                   ^^^^^^^^^^^^^^^^^
[INFO] [stdout]    |
[INFO] [stdout]    = note: expected values for `target_os` are: `aix`, `android`, `cuda`, `dragonfly`, `emscripten`, `espidf`, `freebsd`, `fuchsia`, `haiku`, `hermit`, `horizon`, `hurd`, `illumos`, `ios`, `l4re`, `linux`, `macos`, `netbsd`, `none`, `nto`, `nuttx`, `openbsd`, `psp`, `redox`, `rtems`, `solaris`, `solid_asp3`, `teeos`, `trusty`, `tvos`, `uefi`, `unknown`, `visionos`, `vita`, and `vxworks` and 5 more
[INFO] [stdout]    = note: see <https://doc.rust-lang.org/nightly/rustc/check-cfg/cargo-specifics.html> for more information about checking conditional configuration
[INFO] [stdout]    = note: `#[warn(unexpected_cfgs)]` on by default
[INFO] [stdout] 
[INFO] [stdout] 
[INFO] [stdout] warning: unused variable: `path`
[INFO] [stdout]   --> helixlauncher-java/src/search.rs:75:24
[INFO] [stdout]    |
[INFO] [stdout] 75 | pub async fn java_info(path: &Path) {}
[INFO] [stdout]    |                        ^^^^ help: if this is intentional, prefix it with an underscore: `_path`
[INFO] [stdout]    |
[INFO] [stdout]    = note: `#[warn(unused_variables)]` on by default
[INFO] [stdout] 
[INFO] [stdout] 
[INFO] [stdout] warning: fields `path`, `major_version`, `version`, and `architecture` are never read
[INFO] [stdout]   --> helixlauncher-java/src/search.rs:11:5
[INFO] [stdout]    |
[INFO] [stdout] 10 | pub struct JavaInstallInfo {
[INFO] [stdout]    |            --------------- fields in this struct
[INFO] [stdout] 11 |     path: String,
[INFO] [stdout]    |     ^^^^
[INFO] [stdout] 12 |     major_version: u32,
[INFO] [stdout]    |     ^^^^^^^^^^^^^
[INFO] [stdout] 13 |     version: String,
[INFO] [stdout]    |     ^^^^^^^
[INFO] [stdout] 14 |     architecture: helixlauncher_meta::component::Arch,
[INFO] [stdout]    |     ^^^^^^^^^^^^
[INFO] [stdout]    |
[INFO] [stdout]    = note: `#[warn(dead_code)]` on by default
[INFO] [stdout] 
[INFO] [stdout] 
[INFO] [stdout] warning: unused variable: `instance`
[INFO] [stdout]  --> helixlauncher-core/src/addon/curseforge.rs:6:46
[INFO] [stdout]   |
[INFO] [stdout] 6 |     pub(super) fn download_curseforge(&self, instance: &Instance) {
[INFO] [stdout]   |                                              ^^^^^^^^ help: if this is intentional, prefix it with an underscore: `_instance`
[INFO] [stdout]   |
[INFO] [stdout]   = note: `#[warn(unused_variables)]` on by default
[INFO] [stdout] 
[INFO] [stdout] 
[INFO] [stdout] warning: unused variable: `instance`
[INFO] [stdout]  --> helixlauncher-core/src/addon/modrinth.rs:6:44
[INFO] [stdout]   |
[INFO] [stdout] 6 |     pub(super) fn download_modrinth(&self, instance: &Instance) {
[INFO] [stdout]   |                                            ^^^^^^^^ help: if this is intentional, prefix it with an underscore: `_instance`
[INFO] [stdout] 
[INFO] [stdout] 
[INFO] [stdout] warning: unused variable: `instance`
[INFO] [stdout]   --> helixlauncher-core/src/addon/mod.rs:87:26
[INFO] [stdout]    |
[INFO] [stdout] 87 |     pub fn verify(&self, instance: &Instance) -> bool {
[INFO] [stdout]    |                          ^^^^^^^^ help: if this is intentional, prefix it with an underscore: `_instance`
[INFO] [stdout] 
[INFO] [stdout] 
[INFO] [stdout] warning: unused variable: `instance`
[INFO] [stdout]   --> helixlauncher-core/src/addon/mod.rs:91:30
[INFO] [stdout]    |
[INFO] [stdout] 91 |     pub fn update(&mut self, instance: &Instance) {
[INFO] [stdout]    |                              ^^^^^^^^ help: if this is intentional, prefix it with an underscore: `_instance`
[INFO] [stdout] 
[INFO] [stdout] 
[INFO] [stdout] warning: unused variable: `instance`
[INFO] [stdout]   --> helixlauncher-core/src/addon/mod.rs:95:26
[INFO] [stdout]    |
[INFO] [stdout] 95 |     pub fn delete(&self, instance: &Instance) {
[INFO] [stdout]    |                          ^^^^^^^^ help: if this is intentional, prefix it with an underscore: `_instance`
[INFO] [stdout] 
[INFO] [stdout] 
[INFO] [stdout] warning: method `get_folder` is never used
[INFO] [stdout]   --> helixlauncher-core/src/addon/mod.rs:52:12
[INFO] [stdout]    |
[INFO] [stdout] 51 | impl AddonKind {
[INFO] [stdout]    | -------------- method in this implementation
[INFO] [stdout] 52 |     pub fn get_folder(&self) -> String {
[INFO] [stdout]    |            ^^^^^^^^^^
[INFO] [stdout]    |
[INFO] [stdout]    = note: `#[warn(dead_code)]` on by default
[INFO] [stdout] 
[INFO] [stdout] 
[INFO] [stdout] warning: associated items `curseforge`, `modrinth`, and `download` are never used
[INFO] [stdout]   --> helixlauncher-core/src/addon/mod.rs:64:12
[INFO] [stdout]    |
[INFO] [stdout] 63 | impl AddonLocation {
[INFO] [stdout]    | ------------------ associated items in this implementation
[INFO] [stdout] 64 |     pub fn curseforge(version_id: String) -> Self {
[INFO] [stdout]    |            ^^^^^^^^^^
[INFO] [stdout] ...
[INFO] [stdout] 71 |     pub fn modrinth(version_id: String) -> Self {
[INFO] [stdout]    |            ^^^^^^^^
[INFO] [stdout] ...
[INFO] [stdout] 78 |     pub fn download(&self, instance: &Instance) {
[INFO] [stdout]    |            ^^^^^^^^
[INFO] [stdout] 
[INFO] [stdout] 
[INFO] [stdout] warning: methods `verify`, `update`, and `delete` are never used
[INFO] [stdout]   --> helixlauncher-core/src/addon/mod.rs:87:12
[INFO] [stdout]    |
[INFO] [stdout] 86 | impl Addon {
[INFO] [stdout]    | ---------- methods in this implementation
[INFO] [stdout] 87 |     pub fn verify(&self, instance: &Instance) -> bool {
[INFO] [stdout]    |            ^^^^^^
[INFO] [stdout] ...
[INFO] [stdout] 91 |     pub fn update(&mut self, instance: &Instance) {
[INFO] [stdout]    |            ^^^^^^
[INFO] [stdout] ...
[INFO] [stdout] 95 |     pub fn delete(&self, instance: &Instance) {
[INFO] [stdout]    |            ^^^^^^
[INFO] [stdout] 
[INFO] [stdout] 
[INFO] [stdout] warning: method `download_curseforge` is never used
[INFO] [stdout]  --> helixlauncher-core/src/addon/curseforge.rs:6:19
[INFO] [stdout]   |
[INFO] [stdout] 5 | impl AddonLocation {
[INFO] [stdout]   | ------------------ method in this implementation
[INFO] [stdout] 6 |     pub(super) fn download_curseforge(&self, instance: &Instance) {
[INFO] [stdout]   |                   ^^^^^^^^^^^^^^^^^^^
[INFO] [stdout] 
[INFO] [stdout] 
[INFO] [stdout] warning: method `download_modrinth` is never used
[INFO] [stdout]  --> helixlauncher-core/src/addon/modrinth.rs:6:19
[INFO] [stdout]   |
[INFO] [stdout] 5 | impl AddonLocation {
[INFO] [stdout]   | ------------------ method in this implementation
[INFO] [stdout] 6 |     pub(super) fn download_modrinth(&self, instance: &Instance) {
[INFO] [stdout]   |                   ^^^^^^^^^^^^^^^^^
[INFO] [stdout] 
[INFO] [stdout] 
[INFO] [stderr]    Compiling helixlauncher-core v0.1.0 (/opt/rustwide/workdir/helixlauncher-core)
[INFO] [stderr]    Compiling helixlauncher-java v0.1.0 (/opt/rustwide/workdir/helixlauncher-java)
[INFO] [stderr]    Compiling helixlauncher-javalaunch v0.1.0 (/opt/rustwide/workdir/helixlauncher-javalaunch)
[INFO] [stderr]    Compiling helixlauncher-cli v0.1.0 (/opt/rustwide/workdir/helixlauncher-cli)
[INFO] [stderr]    Compiling helixlauncher-gui v0.1.0 (/opt/rustwide/workdir/helixlauncher-gui)
[INFO] [stdout] warning: unexpected `cfg` condition value: `osx`
[INFO] [stdout]   --> helixlauncher-java/src/search.rs:59:19
[INFO] [stdout]    |
[INFO] [stdout] 59 |             #[cfg(target_os = "osx")] {
[INFO] [stdout]    |                   ^^^^^^^^^^^^^^^^^
[INFO] [stdout]    |
[INFO] [stdout]    = note: expected values for `target_os` are: `aix`, `android`, `cuda`, `dragonfly`, `emscripten`, `espidf`, `freebsd`, `fuchsia`, `haiku`, `hermit`, `horizon`, `hurd`, `illumos`, `ios`, `l4re`, `linux`, `macos`, `netbsd`, `none`, `nto`, `nuttx`, `openbsd`, `psp`, `redox`, `rtems`, `solaris`, `solid_asp3`, `teeos`, `trusty`, `tvos`, `uefi`, `unknown`, `visionos`, `vita`, and `vxworks` and 5 more
[INFO] [stdout]    = note: see <https://doc.rust-lang.org/nightly/rustc/check-cfg/cargo-specifics.html> for more information about checking conditional configuration
[INFO] [stdout]    = note: `#[warn(unexpected_cfgs)]` on by default
[INFO] [stdout] 
[INFO] [stdout] 
[INFO] [stdout] warning: unused variable: `path`
[INFO] [stdout]   --> helixlauncher-java/src/search.rs:75:24
[INFO] [stdout]    |
[INFO] [stdout] 75 | pub async fn java_info(path: &Path) {}
[INFO] [stdout]    |                        ^^^^ help: if this is intentional, prefix it with an underscore: `_path`
[INFO] [stdout]    |
[INFO] [stdout]    = note: `#[warn(unused_variables)]` on by default
[INFO] [stdout] 
[INFO] [stdout] 
[INFO] [stdout] warning: unused variable: `env`
[INFO] [stdout]    --> helixlauncher-javalaunch/src/main.rs:142:13
[INFO] [stdout]     |
[INFO] [stdout] 142 |         let env = vm.attach_current_thread().unwrap();
[INFO] [stdout]     |             ^^^ help: if this is intentional, prefix it with an underscore: `_env`
[INFO] [stdout]     |
[INFO] [stdout]     = note: `#[warn(unused_variables)]` on by default
[INFO] [stdout] 
[INFO] [stdout] 
[INFO] [stdout] warning: fields `path`, `major_version`, `version`, and `architecture` are never read
[INFO] [stdout]   --> helixlauncher-java/src/search.rs:11:5
[INFO] [stdout]    |
[INFO] [stdout] 10 | pub struct JavaInstallInfo {
[INFO] [stdout]    |            --------------- fields in this struct
[INFO] [stdout] 11 |     path: String,
[INFO] [stdout]    |     ^^^^
[INFO] [stdout] 12 |     major_version: u32,
[INFO] [stdout]    |     ^^^^^^^^^^^^^
[INFO] [stdout] 13 |     version: String,
[INFO] [stdout]    |     ^^^^^^^
[INFO] [stdout] 14 |     architecture: helixlauncher_meta::component::Arch,
[INFO] [stdout]    |     ^^^^^^^^^^^^
[INFO] [stdout]    |
[INFO] [stdout]    = note: `#[warn(dead_code)]` on by default
[INFO] [stdout] 
[INFO] [stdout] 
[INFO] [stdout] warning: unused variable: `t`
[INFO] [stdout]   --> helixlauncher-gui/src/accounts.rs:24:13
[INFO] [stdout]    |
[INFO] [stdout] 24 |         let t = std::thread::spawn({
[INFO] [stdout]    |             ^ help: if this is intentional, prefix it with an underscore: `_t`
[INFO] [stdout]    |
[INFO] [stdout]    = note: `#[warn(unused_variables)]` on by default
[INFO] [stdout] 
[INFO] [stdout] 
[INFO] [stdout] warning: unused variable: `instance`
[INFO] [stdout]  --> helixlauncher-core/src/addon/curseforge.rs:6:46
[INFO] [stdout]   |
[INFO] [stdout] 6 |     pub(super) fn download_curseforge(&self, instance: &Instance) {
[INFO] [stdout]   |                                              ^^^^^^^^ help: if this is intentional, prefix it with an underscore: `_instance`
[INFO] [stdout]   |
[INFO] [stdout]   = note: `#[warn(unused_variables)]` on by default
[INFO] [stdout] 
[INFO] [stdout] 
[INFO] [stdout] warning: unused variable: `instance`
[INFO] [stdout]  --> helixlauncher-core/src/addon/modrinth.rs:6:44
[INFO] [stdout]   |
[INFO] [stdout] 6 |     pub(super) fn download_modrinth(&self, instance: &Instance) {
[INFO] [stdout]   |                                            ^^^^^^^^ help: if this is intentional, prefix it with an underscore: `_instance`
[INFO] [stdout] 
[INFO] [stdout] 
[INFO] [stdout] warning: unused variable: `instance`
[INFO] [stdout]   --> helixlauncher-core/src/addon/mod.rs:87:26
[INFO] [stdout]    |
[INFO] [stdout] 87 |     pub fn verify(&self, instance: &Instance) -> bool {
[INFO] [stdout]    |                          ^^^^^^^^ help: if this is intentional, prefix it with an underscore: `_instance`
[INFO] [stdout] 
[INFO] [stdout] 
[INFO] [stdout] warning: unused variable: `instance`
[INFO] [stdout]   --> helixlauncher-core/src/addon/mod.rs:91:30
[INFO] [stdout]    |
[INFO] [stdout] 91 |     pub fn update(&mut self, instance: &Instance) {
[INFO] [stdout]    |                              ^^^^^^^^ help: if this is intentional, prefix it with an underscore: `_instance`
[INFO] [stdout] 
[INFO] [stdout] 
[INFO] [stdout] warning: unused variable: `instance`
[INFO] [stdout]   --> helixlauncher-core/src/addon/mod.rs:95:26
[INFO] [stdout]    |
[INFO] [stdout] 95 |     pub fn delete(&self, instance: &Instance) {
[INFO] [stdout]    |                          ^^^^^^^^ help: if this is intentional, prefix it with an underscore: `_instance`
[INFO] [stdout] 
[INFO] [stdout] 
[INFO] [stdout] warning: method `get_folder` is never used
[INFO] [stdout]   --> helixlauncher-core/src/addon/mod.rs:52:12
[INFO] [stdout]    |
[INFO] [stdout] 51 | impl AddonKind {
[INFO] [stdout]    | -------------- method in this implementation
[INFO] [stdout] 52 |     pub fn get_folder(&self) -> String {
[INFO] [stdout]    |            ^^^^^^^^^^
[INFO] [stdout]    |
[INFO] [stdout]    = note: `#[warn(dead_code)]` on by default
[INFO] [stdout] 
[INFO] [stdout] 
[INFO] [stdout] warning: associated items `curseforge`, `modrinth`, and `download` are never used
[INFO] [stdout]   --> helixlauncher-core/src/addon/mod.rs:64:12
[INFO] [stdout]    |
[INFO] [stdout] 63 | impl AddonLocation {
[INFO] [stdout]    | ------------------ associated items in this implementation
[INFO] [stdout] 64 |     pub fn curseforge(version_id: String) -> Self {
[INFO] [stdout]    |            ^^^^^^^^^^
[INFO] [stdout] ...
[INFO] [stdout] 71 |     pub fn modrinth(version_id: String) -> Self {
[INFO] [stdout]    |            ^^^^^^^^
[INFO] [stdout] ...
[INFO] [stdout] 78 |     pub fn download(&self, instance: &Instance) {
[INFO] [stdout]    |            ^^^^^^^^
[INFO] [stdout] 
[INFO] [stdout] 
[INFO] [stdout] warning: methods `verify`, `update`, and `delete` are never used
[INFO] [stdout]   --> helixlauncher-core/src/addon/mod.rs:87:12
[INFO] [stdout]    |
[INFO] [stdout] 86 | impl Addon {
[INFO] [stdout]    | ---------- methods in this implementation
[INFO] [stdout] 87 |     pub fn verify(&self, instance: &Instance) -> bool {
[INFO] [stdout]    |            ^^^^^^
[INFO] [stdout] ...
[INFO] [stdout] 91 |     pub fn update(&mut self, instance: &Instance) {
[INFO] [stdout]    |            ^^^^^^
[INFO] [stdout] ...
[INFO] [stdout] 95 |     pub fn delete(&self, instance: &Instance) {
[INFO] [stdout]    |            ^^^^^^
[INFO] [stdout] 
[INFO] [stdout] 
[INFO] [stdout] warning: method `download_curseforge` is never used
[INFO] [stdout]  --> helixlauncher-core/src/addon/curseforge.rs:6:19
[INFO] [stdout]   |
[INFO] [stdout] 5 | impl AddonLocation {
[INFO] [stdout]   | ------------------ method in this implementation
[INFO] [stdout] 6 |     pub(super) fn download_curseforge(&self, instance: &Instance) {
[INFO] [stdout]   |                   ^^^^^^^^^^^^^^^^^^^
[INFO] [stdout] 
[INFO] [stdout] 
[INFO] [stdout] warning: method `download_modrinth` is never used
[INFO] [stdout]  --> helixlauncher-core/src/addon/modrinth.rs:6:19
[INFO] [stdout]   |
[INFO] [stdout] 5 | impl AddonLocation {
[INFO] [stdout]   | ------------------ method in this implementation
[INFO] [stdout] 6 |     pub(super) fn download_modrinth(&self, instance: &Instance) {
[INFO] [stdout]   |                   ^^^^^^^^^^^^^^^^^
[INFO] [stdout] 
[INFO] [stdout] 
[INFO] [stderr]     Finished `test` profile [unoptimized + debuginfo] target(s) in 1.89s
[INFO] running `Command { std: "docker" "inspect" "fddb87e7cbfe40a5bbf78d4a3d910822a06864a141a41fd0b18df32541a9a619", kill_on_drop: false }`
[INFO] running `Command { std: "docker" "rm" "-f" "fddb87e7cbfe40a5bbf78d4a3d910822a06864a141a41fd0b18df32541a9a619", kill_on_drop: false }`
[INFO] [stdout] fddb87e7cbfe40a5bbf78d4a3d910822a06864a141a41fd0b18df32541a9a619
[INFO] running `Command { std: "docker" "create" "-v" "/var/lib/crater-agent-workspace/builds/worker-6-tc2/target:/opt/rustwide/target:rw,Z" "-v" "/var/lib/crater-agent-workspace/builds/worker-6-tc2/source:/opt/rustwide/workdir:ro,Z" "-v" "/var/lib/crater-agent-workspace/cargo-home:/opt/rustwide/cargo-home:ro,Z" "-v" "/var/lib/crater-agent-workspace/rustup-home:/opt/rustwide/rustup-home:ro,Z" "-e" "SOURCE_DIR=/opt/rustwide/workdir" "-e" "CARGO_TARGET_DIR=/opt/rustwide/target" "-e" "CARGO_INCREMENTAL=0" "-e" "RUST_BACKTRACE=full" "-e" "RUSTFLAGS=--cap-lints=forbid -Zrandomize-layout" "-e" "RUSTDOCFLAGS=--cap-lints=forbid" "-e" "CARGO_HOME=/opt/rustwide/cargo-home" "-e" "RUSTUP_HOME=/opt/rustwide/rustup-home" "-w" "/opt/rustwide/workdir" "-m" "1610612736" "--user" "0:0" "--network" "none" "ghcr.io/rust-lang/crates-build-env/linux@sha256:4a844ea9eb2546a2d2c7022eacef16ef2e8229c7fbb2c7d4d55a9ceca922f72d" "/opt/rustwide/cargo-home/bin/cargo" "+nightly-2024-10-28" "test" "--frozen", kill_on_drop: false }`
[INFO] [stdout] c4b8fe732c0f23545c587ff61e7352ef1aadc72e17d23d5b87e3fc9c6afaee99
[INFO] running `Command { std: "docker" "start" "-a" "c4b8fe732c0f23545c587ff61e7352ef1aadc72e17d23d5b87e3fc9c6afaee99", kill_on_drop: false }`
[INFO] [stderr] warning: unexpected `cfg` condition value: `osx`
[INFO] [stderr]   --> helixlauncher-java/src/search.rs:59:19
[INFO] [stderr]    |
[INFO] [stderr] 59 |             #[cfg(target_os = "osx")] {
[INFO] [stderr]    |                   ^^^^^^^^^^^^^^^^^
[INFO] [stderr]    |
[INFO] [stderr]    = note: expected values for `target_os` are: `aix`, `android`, `cuda`, `dragonfly`, `emscripten`, `espidf`, `freebsd`, `fuchsia`, `haiku`, `hermit`, `horizon`, `hurd`, `illumos`, `ios`, `l4re`, `linux`, `macos`, `netbsd`, `none`, `nto`, `nuttx`, `openbsd`, `psp`, `redox`, `rtems`, `solaris`, `solid_asp3`, `teeos`, `trusty`, `tvos`, `uefi`, `unknown`, `visionos`, `vita`, and `vxworks` and 5 more
[INFO] [stderr]    = note: see <https://doc.rust-lang.org/nightly/rustc/check-cfg/cargo-specifics.html> for more information about checking conditional configuration
[INFO] [stderr]    = note: `#[warn(unexpected_cfgs)]` on by default
[INFO] [stderr] 
[INFO] [stderr] warning: unused variable: `path`
[INFO] [stderr]   --> helixlauncher-java/src/search.rs:75:24
[INFO] [stderr]    |
[INFO] [stderr] 75 | pub async fn java_info(path: &Path) {}
[INFO] [stderr]    |                        ^^^^ help: if this is intentional, prefix it with an underscore: `_path`
[INFO] [stderr]    |
[INFO] [stderr]    = note: `#[warn(unused_variables)]` on by default
[INFO] [stderr] 
[INFO] [stderr] warning: fields `path`, `major_version`, `version`, and `architecture` are never read
[INFO] [stderr]   --> helixlauncher-java/src/search.rs:11:5
[INFO] [stderr]    |
[INFO] [stderr] 10 | pub struct JavaInstallInfo {
[INFO] [stderr]    |            --------------- fields in this struct
[INFO] [stderr] 11 |     path: String,
[INFO] [stderr]    |     ^^^^
[INFO] [stderr] 12 |     major_version: u32,
[INFO] [stderr]    |     ^^^^^^^^^^^^^
[INFO] [stderr] 13 |     version: String,
[INFO] [stderr]    |     ^^^^^^^
[INFO] [stderr] 14 |     architecture: helixlauncher_meta::component::Arch,
[INFO] [stderr]    |     ^^^^^^^^^^^^
[INFO] [stderr]    |
[INFO] [stderr]    = note: `#[warn(dead_code)]` on by default
[INFO] [stderr] 
[INFO] [stderr] warning: `helixlauncher-java` (lib) generated 3 warnings
[INFO] [stderr] warning: unused variable: `instance`
[INFO] [stderr]  --> helixlauncher-core/src/addon/curseforge.rs:6:46
[INFO] [stderr]   |
[INFO] [stderr] 6 |     pub(super) fn download_curseforge(&self, instance: &Instance) {
[INFO] [stderr]   |                                              ^^^^^^^^ help: if this is intentional, prefix it with an underscore: `_instance`
[INFO] [stderr]   |
[INFO] [stderr]   = note: `#[warn(unused_variables)]` on by default
[INFO] [stderr] 
[INFO] [stderr] warning: unused variable: `instance`
[INFO] [stderr]  --> helixlauncher-core/src/addon/modrinth.rs:6:44
[INFO] [stderr]   |
[INFO] [stderr] 6 |     pub(super) fn download_modrinth(&self, instance: &Instance) {
[INFO] [stderr]   |                                            ^^^^^^^^ help: if this is intentional, prefix it with an underscore: `_instance`
[INFO] [stderr] 
[INFO] [stderr] warning: unused variable: `instance`
[INFO] [stderr]   --> helixlauncher-core/src/addon/mod.rs:87:26
[INFO] [stderr]    |
[INFO] [stderr] 87 |     pub fn verify(&self, instance: &Instance) -> bool {
[INFO] [stderr]    |                          ^^^^^^^^ help: if this is intentional, prefix it with an underscore: `_instance`
[INFO] [stderr] 
[INFO] [stderr] warning: unused variable: `instance`
[INFO] [stderr]   --> helixlauncher-core/src/addon/mod.rs:91:30
[INFO] [stderr]    |
[INFO] [stderr] 91 |     pub fn update(&mut self, instance: &Instance) {
[INFO] [stderr]    |                              ^^^^^^^^ help: if this is intentional, prefix it with an underscore: `_instance`
[INFO] [stderr] 
[INFO] [stderr] warning: unused variable: `instance`
[INFO] [stderr]   --> helixlauncher-core/src/addon/mod.rs:95:26
[INFO] [stderr]    |
[INFO] [stderr] 95 |     pub fn delete(&self, instance: &Instance) {
[INFO] [stderr]    |                          ^^^^^^^^ help: if this is intentional, prefix it with an underscore: `_instance`
[INFO] [stderr] 
[INFO] [stderr] warning: method `get_folder` is never used
[INFO] [stderr]   --> helixlauncher-core/src/addon/mod.rs:52:12
[INFO] [stderr]    |
[INFO] [stderr] 51 | impl AddonKind {
[INFO] [stderr]    | -------------- method in this implementation
[INFO] [stderr] 52 |     pub fn get_folder(&self) -> String {
[INFO] [stderr]    |            ^^^^^^^^^^
[INFO] [stderr]    |
[INFO] [stderr]    = note: `#[warn(dead_code)]` on by default
[INFO] [stderr] 
[INFO] [stderr] warning: associated items `curseforge`, `modrinth`, and `download` are never used
[INFO] [stderr]   --> helixlauncher-core/src/addon/mod.rs:64:12
[INFO] [stderr]    |
[INFO] [stderr] 63 | impl AddonLocation {
[INFO] [stderr]    | ------------------ associated items in this implementation
[INFO] [stderr] 64 |     pub fn curseforge(version_id: String) -> Self {
[INFO] [stderr]    |            ^^^^^^^^^^
[INFO] [stderr] ...
[INFO] [stderr] 71 |     pub fn modrinth(version_id: String) -> Self {
[INFO] [stderr]    |            ^^^^^^^^
[INFO] [stderr] ...
[INFO] [stderr] 78 |     pub fn download(&self, instance: &Instance) {
[INFO] [stderr]    |            ^^^^^^^^
[INFO] [stderr] 
[INFO] [stderr] warning: methods `verify`, `update`, and `delete` are never used
[INFO] [stderr]   --> helixlauncher-core/src/addon/mod.rs:87:12
[INFO] [stderr]    |
[INFO] [stderr] 86 | impl Addon {
[INFO] [stderr]    | ---------- methods in this implementation
[INFO] [stderr] 87 |     pub fn verify(&self, instance: &Instance) -> bool {
[INFO] [stderr]    |            ^^^^^^
[INFO] [stderr] ...
[INFO] [stderr] 91 |     pub fn update(&mut self, instance: &Instance) {
[INFO] [stderr]    |            ^^^^^^
[INFO] [stderr] ...
[INFO] [stderr] 95 |     pub fn delete(&self, instance: &Instance) {
[INFO] [stderr]    |            ^^^^^^
[INFO] [stderr] 
[INFO] [stderr] warning: method `download_curseforge` is never used
[INFO] [stderr]  --> helixlauncher-core/src/addon/curseforge.rs:6:19
[INFO] [stderr]   |
[INFO] [stderr] 5 | impl AddonLocation {
[INFO] [stderr]   | ------------------ method in this implementation
[INFO] [stderr] 6 |     pub(super) fn download_curseforge(&self, instance: &Instance) {
[INFO] [stderr]   |                   ^^^^^^^^^^^^^^^^^^^
[INFO] [stderr] 
[INFO] [stderr] warning: method `download_modrinth` is never used
[INFO] [stderr]  --> helixlauncher-core/src/addon/modrinth.rs:6:19
[INFO] [stderr]   |
[INFO] [stderr] 5 | impl AddonLocation {
[INFO] [stderr]   | ------------------ method in this implementation
[INFO] [stderr] 6 |     pub(super) fn download_modrinth(&self, instance: &Instance) {
[INFO] [stderr]   |                   ^^^^^^^^^^^^^^^^^
[INFO] [stderr] 
[INFO] [stderr] warning: `helixlauncher-core` (lib) generated 10 warnings
[INFO] [stderr] warning: `helixlauncher-core` (lib test) generated 10 warnings (10 duplicates)
[INFO] [stderr] warning: `helixlauncher-java` (lib test) generated 3 warnings (3 duplicates)
[INFO] [stderr] warning: unused variable: `env`
[INFO] [stderr]    --> helixlauncher-javalaunch/src/main.rs:142:13
[INFO] [stderr]     |
[INFO] [stderr] 142 |         let env = vm.attach_current_thread().unwrap();
[INFO] [stderr]     |             ^^^ help: if this is intentional, prefix it with an underscore: `_env`
[INFO] [stderr]     |
[INFO] [stderr]     = note: `#[warn(unused_variables)]` on by default
[INFO] [stderr] 
[INFO] [stderr] warning: unused variable: `t`
[INFO] [stderr]   --> helixlauncher-gui/src/accounts.rs:24:13
[INFO] [stderr]    |
[INFO] [stderr] 24 |         let t = std::thread::spawn({
[INFO] [stderr]    |             ^ help: if this is intentional, prefix it with an underscore: `_t`
[INFO] [stderr]    |
[INFO] [stderr]    = note: `#[warn(unused_variables)]` on by default
[INFO] [stderr] 
[INFO] [stderr] warning: `helixlauncher-javalaunch` (bin "helixlauncher-javalaunch" test) generated 1 warning
[INFO] [stderr] warning: `helixlauncher-gui` (bin "helixlauncher-gui" test) generated 1 warning
[INFO] [stderr]     Finished `test` profile [unoptimized + debuginfo] target(s) in 0.17s
[INFO] [stderr]      Running unittests src/main.rs (/opt/rustwide/target/debug/deps/hxmc-b46aabb6197f17c8)
[INFO] [stdout] 
[INFO] [stdout] running 0 tests
[INFO] [stdout] 
[INFO] [stdout] test result: ok. 0 passed; 0 failed; 0 ignored; 0 measured; 0 filtered out; finished in 0.00s
[INFO] [stdout] 
[INFO] [stderr]      Running unittests src/lib.rs (/opt/rustwide/target/debug/deps/helixlauncher_core-b44cf2f5cabc9cc6)
[INFO] [stdout] 
[INFO] [stdout] running 14 tests
[INFO] [stdout] test auth::tests::test ... ignored, broken
[INFO] [stdout] test auth::tests::test_account_storage ... ok
[INFO] [stdout] test config::tests::create_config_in_non_existing_dir ... ok
[INFO] [stdout] test auth::tests::test_load_and_save_existing_storage ... ok
[INFO] [stdout] test config::tests::create_config_in_existing_dir ... ok
[INFO] [stdout] test meta::tests::component_version_exists ... FAILED
[INFO] [stdout] test meta::tests::get_component_meta ... FAILED
[INFO] [stdout] test meta::tests::get_component_index ... FAILED
[INFO] [stdout] test meta::tests::get_component_index_same_client ... FAILED
[INFO] [stdout] test meta::tests::get_component_meta_same_client ... FAILED
[INFO] [stdout] test meta::tests::component_version_exists_same_client ... FAILED
[INFO] [stdout] test meta::tests::get_component_meta_invalid_version ... FAILED
[INFO] [stdout] test meta::tests::get_component_meta_invalid_formatting ... FAILED
[INFO] [stdout] test meta::tests::get_component_index_invalid_id ... FAILED
[INFO] [stdout] 
[INFO] [stdout] failures:
[INFO] [stdout] 
[INFO] [stdout] ---- meta::tests::component_version_exists stdout ----
[INFO] [stdout] Error: ReqwestError(reqwest::Error { kind: Request, url: Url { scheme: "https", cannot_be_a_base: false, username: "", password: None, host: Some(Domain("meta.helixlauncher.dev")), port: None, path: "/net.minecraft/index.json", query: None, fragment: None }, source: hyper_util::client::legacy::Error(Connect, ConnectError("dns error", Custom { kind: Uncategorized, error: "failed to lookup address information: Temporary failure in name resolution" })) })
[INFO] [stdout] 
[INFO] [stdout] ---- meta::tests::get_component_meta stdout ----
[INFO] [stdout] Error: ReqwestError(reqwest::Error { kind: Request, url: Url { scheme: "https", cannot_be_a_base: false, username: "", password: None, host: Some(Domain("meta.helixlauncher.dev")), port: None, path: "/net.minecraft/1.16.5.json", query: None, fragment: None }, source: hyper_util::client::legacy::Error(Connect, ConnectError("dns error", Custom { kind: Uncategorized, error: "failed to lookup address information: Temporary failure in name resolution" })) })
[INFO] [stdout] 
[INFO] [stdout] ---- meta::tests::get_component_index stdout ----
[INFO] [stdout] Error: ReqwestError(reqwest::Error { kind: Request, url: Url { scheme: "https", cannot_be_a_base: false, username: "", password: None, host: Some(Domain("meta.helixlauncher.dev")), port: None, path: "/net.minecraft/index.json", query: None, fragment: None }, source: hyper_util::client::legacy::Error(Connect, ConnectError("dns error", Custom { kind: Uncategorized, error: "failed to lookup address information: Temporary failure in name resolution" })) })
[INFO] [stdout] 
[INFO] [stdout] ---- meta::tests::get_component_index_same_client stdout ----
[INFO] [stdout] Error: ReqwestError(reqwest::Error { kind: Request, url: Url { scheme: "https", cannot_be_a_base: false, username: "", password: None, host: Some(Domain("meta.helixlauncher.dev")), port: None, path: "/net.minecraft/index.json", query: None, fragment: None }, source: hyper_util::client::legacy::Error(Connect, ConnectError("dns error", Custom { kind: Uncategorized, error: "failed to lookup address information: Temporary failure in name resolution" })) })
[INFO] [stdout] 
[INFO] [stdout] ---- meta::tests::get_component_meta_same_client stdout ----
[INFO] [stdout] Error: ReqwestError(reqwest::Error { kind: Request, url: Url { scheme: "https", cannot_be_a_base: false, username: "", password: None, host: Some(Domain("meta.helixlauncher.dev")), port: None, path: "/net.minecraft/1.16.5.json", query: None, fragment: None }, source: hyper_util::client::legacy::Error(Connect, ConnectError("dns error", Custom { kind: Uncategorized, error: "failed to lookup address information: Temporary failure in name resolution" })) })
[INFO] [stdout] 
[INFO] [stdout] ---- meta::tests::component_version_exists_same_client stdout ----
[INFO] [stdout] Error: ReqwestError(reqwest::Error { kind: Request, url: Url { scheme: "https", cannot_be_a_base: false, username: "", password: None, host: Some(Domain("meta.helixlauncher.dev")), port: None, path: "/net.minecraft/index.json", query: None, fragment: None }, source: hyper_util::client::legacy::Error(Connect, ConnectError("dns error", Custom { kind: Uncategorized, error: "failed to lookup address information: Temporary failure in name resolution" })) })
[INFO] [stdout] 
[INFO] [stdout] ---- meta::tests::get_component_meta_invalid_version stdout ----
[INFO] [stdout] thread 'meta::tests::get_component_meta_invalid_version' panicked at helixlauncher-core/src/meta.rs:288:17:
[INFO] [stdout] assertion failed: matches!(MetaClient::new(&config).get_component_meta(component_id,
[INFO] [stdout]     component_version).await,
[INFO] [stdout]     Err(ComponentMetaRetrievalError::VersionNotFound { id, version }) if id ==
[INFO] [stdout]     component_id && version == component_version)
[INFO] [stdout] stack backtrace:
[INFO] [stdout]    0:     0x626ba8b1023a - std::backtrace_rs::backtrace::libunwind::trace::h207520d6e9873551
[INFO] [stdout]                                at /rustc/df4ca44d3fbc9301ee17f30f4d474e6ae4b05252/library/std/src/../../backtrace/src/backtrace/libunwind.rs:116:5
[INFO] [stdout]    1:     0x626ba8b1023a - std::backtrace_rs::backtrace::trace_unsynchronized::h2ed7433f370e3eca
[INFO] [stdout]                                at /rustc/df4ca44d3fbc9301ee17f30f4d474e6ae4b05252/library/std/src/../../backtrace/src/backtrace/mod.rs:66:5
[INFO] [stdout]    2:     0x626ba8b1023a - std::sys::backtrace::_print_fmt::h916fac51166b18d7
[INFO] [stdout]                                at /rustc/df4ca44d3fbc9301ee17f30f4d474e6ae4b05252/library/std/src/sys/backtrace.rs:66:9
[INFO] [stdout]    3:     0x626ba8b1023a - <std::sys::backtrace::BacktraceLock::print::DisplayBacktrace as core::fmt::Display>::fmt::ha0a4c9b8ce3802e6
[INFO] [stdout]                                at /rustc/df4ca44d3fbc9301ee17f30f4d474e6ae4b05252/library/std/src/sys/backtrace.rs:39:26
[INFO] [stdout]    4:     0x626ba8b3a933 - core::fmt::rt::Argument::fmt::h4cfc8587d52b3eb5
[INFO] [stdout]                                at /rustc/df4ca44d3fbc9301ee17f30f4d474e6ae4b05252/library/core/src/fmt/rt.rs:177:76
[INFO] [stdout]    5:     0x626ba8b3a933 - core::fmt::write::h522cc39e5b36ae9f
[INFO] [stdout]                                at /rustc/df4ca44d3fbc9301ee17f30f4d474e6ae4b05252/library/core/src/fmt/mod.rs:1190:21
[INFO] [stdout]    6:     0x626ba8b0bf93 - std::io::Write::write_fmt::h7d3c26752da97734
[INFO] [stdout]                                at /rustc/df4ca44d3fbc9301ee17f30f4d474e6ae4b05252/library/std/src/io/mod.rs:1839:15
[INFO] [stdout]    7:     0x626ba8b10082 - std::sys::backtrace::BacktraceLock::print::h4b9e00b29e9c0942
[INFO] [stdout]                                at /rustc/df4ca44d3fbc9301ee17f30f4d474e6ae4b05252/library/std/src/sys/backtrace.rs:42:9
[INFO] [stdout]    8:     0x626ba8b116ca - std::panicking::default_hook::{{closure}}::hb59b88280d0324d9
[INFO] [stdout]                                at /rustc/df4ca44d3fbc9301ee17f30f4d474e6ae4b05252/library/std/src/panicking.rs:268:22
[INFO] [stdout]    9:     0x626ba8b114d4 - std::panicking::default_hook::he1dd496665be4a29
[INFO] [stdout]                                at /rustc/df4ca44d3fbc9301ee17f30f4d474e6ae4b05252/library/std/src/panicking.rs:292:9
[INFO] [stdout]   10:     0x626ba871cd49 - <alloc::boxed::Box<F,A> as core::ops::function::Fn<Args>>::call::h4ff71de18744e1dc
[INFO] [stdout]                                at /rustc/df4ca44d3fbc9301ee17f30f4d474e6ae4b05252/library/alloc/src/boxed.rs:2468:9
[INFO] [stdout]   11:     0x626ba871cd49 - test::test_main::{{closure}}::hcf7c055ce117aa81
[INFO] [stdout]                                at /rustc/df4ca44d3fbc9301ee17f30f4d474e6ae4b05252/library/test/src/lib.rs:133:21
[INFO] [stdout]   12:     0x626ba8b11dc8 - <alloc::boxed::Box<F,A> as core::ops::function::Fn<Args>>::call::h1d66c6bbd60c9692
[INFO] [stdout]                                at /rustc/df4ca44d3fbc9301ee17f30f4d474e6ae4b05252/library/alloc/src/boxed.rs:2468:9
[INFO] [stdout]   13:     0x626ba8b11dc8 - std::panicking::rust_panic_with_hook::h2ff17fe8f26dfcf8
[INFO] [stdout]                                at /rustc/df4ca44d3fbc9301ee17f30f4d474e6ae4b05252/library/std/src/panicking.rs:809:13
[INFO] [stdout]   14:     0x626ba8b11b56 - std::panicking::begin_panic_handler::{{closure}}::h4fad77951c07e101
[INFO] [stdout]                                at /rustc/df4ca44d3fbc9301ee17f30f4d474e6ae4b05252/library/std/src/panicking.rs:667:13
[INFO] [stdout]   15:     0x626ba8b10719 - std::sys::backtrace::__rust_end_short_backtrace::hb1a25b3da5d0ea08
[INFO] [stdout]                                at /rustc/df4ca44d3fbc9301ee17f30f4d474e6ae4b05252/library/std/src/sys/backtrace.rs:170:18
[INFO] [stdout]   16:     0x626ba8b1181c - rust_begin_unwind
[INFO] [stdout]                                at /rustc/df4ca44d3fbc9301ee17f30f4d474e6ae4b05252/library/std/src/panicking.rs:665:5
[INFO] [stdout]   17:     0x626ba8b38e30 - core::panicking::panic_fmt::ha9db07b529f9b256
[INFO] [stdout]                                at /rustc/df4ca44d3fbc9301ee17f30f4d474e6ae4b05252/library/core/src/panicking.rs:75:14
[INFO] [stdout]   18:     0x626ba8b38ebc - core::panicking::panic::h993086813d94accc
[INFO] [stdout]                                at /rustc/df4ca44d3fbc9301ee17f30f4d474e6ae4b05252/library/core/src/panicking.rs:152:5
[INFO] [stdout]   19:     0x626ba8678ca4 - helixlauncher_core::meta::tests::get_component_meta_invalid_version::{{closure}}::h327f87657855daef
[INFO] [stdout]                                at /opt/rustwide/workdir/helixlauncher-core/src/meta.rs:288:17
[INFO] [stdout]   20:     0x626ba866044f - <core::pin::Pin<P> as core::future::future::Future>::poll::h4a430ea1aa795ff4
[INFO] [stdout]                                at /rustc/df4ca44d3fbc9301ee17f30f4d474e6ae4b05252/library/core/src/future/future.rs:123:9
[INFO] [stdout]   21:     0x626ba86605ab - <core::pin::Pin<P> as core::future::future::Future>::poll::hd20753217502099c
[INFO] [stdout]                                at /rustc/df4ca44d3fbc9301ee17f30f4d474e6ae4b05252/library/core/src/future/future.rs:123:9
[INFO] [stdout]   22:     0x626ba8696c8e - tokio::runtime::scheduler::current_thread::CoreGuard::block_on::{{closure}}::{{closure}}::{{closure}}::he0acecd4dffa8f90
[INFO] [stdout]                                at /opt/rustwide/cargo-home/registry/src/index.crates.io-6f17d22bba15001f/tokio-1.38.0/src/runtime/scheduler/current_thread/mod.rs:659:57
[INFO] [stdout]   23:     0x626ba86967a5 - tokio::runtime::coop::with_budget::h36dea6a51d637934
[INFO] [stdout]                                at /opt/rustwide/cargo-home/registry/src/index.crates.io-6f17d22bba15001f/tokio-1.38.0/src/runtime/coop.rs:107:5
[INFO] [stdout]   24:     0x626ba86967a5 - tokio::runtime::coop::budget::h2455584088da5b77
[INFO] [stdout]                                at /opt/rustwide/cargo-home/registry/src/index.crates.io-6f17d22bba15001f/tokio-1.38.0/src/runtime/coop.rs:73:5
[INFO] [stdout]   25:     0x626ba86967a5 - tokio::runtime::scheduler::current_thread::CoreGuard::block_on::{{closure}}::{{closure}}::h1b30e7a58be16bc6
[INFO] [stdout]                                at /opt/rustwide/cargo-home/registry/src/index.crates.io-6f17d22bba15001f/tokio-1.38.0/src/runtime/scheduler/current_thread/mod.rs:659:25
[INFO] [stdout]   26:     0x626ba869241d - tokio::runtime::scheduler::current_thread::Context::enter::h074029e65921ccc7
[INFO] [stdout]                                at /opt/rustwide/cargo-home/registry/src/index.crates.io-6f17d22bba15001f/tokio-1.38.0/src/runtime/scheduler/current_thread/mod.rs:404:19
[INFO] [stdout]   27:     0x626ba8694d9b - tokio::runtime::scheduler::current_thread::CoreGuard::block_on::{{closure}}::h31a058c14269055b
[INFO] [stdout]                                at /opt/rustwide/cargo-home/registry/src/index.crates.io-6f17d22bba15001f/tokio-1.38.0/src/runtime/scheduler/current_thread/mod.rs:658:36
[INFO] [stdout]   28:     0x626ba8694a0b - tokio::runtime::scheduler::current_thread::CoreGuard::enter::{{closure}}::hf8f8ce0c0e8a31e8
[INFO] [stdout]                                at /opt/rustwide/cargo-home/registry/src/index.crates.io-6f17d22bba15001f/tokio-1.38.0/src/runtime/scheduler/current_thread/mod.rs:737:68
[INFO] [stdout]   29:     0x626ba86b83ca - tokio::runtime::context::scoped::Scoped<T>::set::h872eabd52af83166
[INFO] [stdout]                                at /opt/rustwide/cargo-home/registry/src/index.crates.io-6f17d22bba15001f/tokio-1.38.0/src/runtime/context/scoped.rs:40:9
[INFO] [stdout]   30:     0x626ba869bc3a - tokio::runtime::context::set_scheduler::{{closure}}::h6c520f381481d4e6
[INFO] [stdout]                                at /opt/rustwide/cargo-home/registry/src/index.crates.io-6f17d22bba15001f/tokio-1.38.0/src/runtime/context.rs:180:26
[INFO] [stdout]   31:     0x626ba86c089d - std::thread::local::LocalKey<T>::try_with::h07cf59446619fd0d
[INFO] [stdout]                                at /rustc/df4ca44d3fbc9301ee17f30f4d474e6ae4b05252/library/std/src/thread/local.rs:283:12
[INFO] [stdout]   32:     0x626ba86c051c - std::thread::local::LocalKey<T>::with::hc6c71890cda7dee5
[INFO] [stdout]                                at /rustc/df4ca44d3fbc9301ee17f30f4d474e6ae4b05252/library/std/src/thread/local.rs:260:9
[INFO] [stdout]   33:     0x626ba869bbe1 - tokio::runtime::context::set_scheduler::hea96a94287317af6
[INFO] [stdout]                                at /opt/rustwide/cargo-home/registry/src/index.crates.io-6f17d22bba15001f/tokio-1.38.0/src/runtime/context.rs:180:9
[INFO] [stdout]   34:     0x626ba8693eae - tokio::runtime::scheduler::current_thread::CoreGuard::enter::h0a1e673ce83fb4db
[INFO] [stdout]                                at /opt/rustwide/cargo-home/registry/src/index.crates.io-6f17d22bba15001f/tokio-1.38.0/src/runtime/scheduler/current_thread/mod.rs:737:27
[INFO] [stdout]   35:     0x626ba8694b11 - tokio::runtime::scheduler::current_thread::CoreGuard::block_on::hff04e0c69b1fec17
[INFO] [stdout]                                at /opt/rustwide/cargo-home/registry/src/index.crates.io-6f17d22bba15001f/tokio-1.38.0/src/runtime/scheduler/current_thread/mod.rs:646:19
[INFO] [stdout]   36:     0x626ba8691c90 - tokio::runtime::scheduler::current_thread::CurrentThread::block_on::{{closure}}::h955713caec31af61
[INFO] [stdout]                                at /opt/rustwide/cargo-home/registry/src/index.crates.io-6f17d22bba15001f/tokio-1.38.0/src/runtime/scheduler/current_thread/mod.rs:175:28
[INFO] [stdout]   37:     0x626ba865f5af - tokio::runtime::context::runtime::enter_runtime::hf01d9ab674aea97a
[INFO] [stdout]                                at /opt/rustwide/cargo-home/registry/src/index.crates.io-6f17d22bba15001f/tokio-1.38.0/src/runtime/context/runtime.rs:65:16
[INFO] [stdout]   38:     0x626ba86914a7 - tokio::runtime::scheduler::current_thread::CurrentThread::block_on::hfe026939e8dee4e5
[INFO] [stdout]                                at /opt/rustwide/cargo-home/registry/src/index.crates.io-6f17d22bba15001f/tokio-1.38.0/src/runtime/scheduler/current_thread/mod.rs:167:9
[INFO] [stdout]   39:     0x626ba86a529f - tokio::runtime::runtime::Runtime::block_on::h27eb97b3049cd988
[INFO] [stdout]                                at /opt/rustwide/cargo-home/registry/src/index.crates.io-6f17d22bba15001f/tokio-1.38.0/src/runtime/runtime.rs:347:47
[INFO] [stdout]   40:     0x626ba8678163 - helixlauncher_core::meta::tests::get_component_meta_invalid_version::hf55c4efcc9b9666e
[INFO] [stdout]                                at /opt/rustwide/workdir/helixlauncher-core/src/meta.rs:286:9
[INFO] [stdout]   41:     0x626ba8678007 - helixlauncher_core::meta::tests::get_component_meta_invalid_version::{{closure}}::h3deac3d1ddae0ea9
[INFO] [stdout]                                at /opt/rustwide/workdir/helixlauncher-core/src/meta.rs:278:54
[INFO] [stdout]   42:     0x626ba86ac256 - core::ops::function::FnOnce::call_once::hc18f25bde705aecf
[INFO] [stdout]                                at /rustc/df4ca44d3fbc9301ee17f30f4d474e6ae4b05252/library/core/src/ops/function.rs:250:5
[INFO] [stdout]   43:     0x626ba872161b - core::ops::function::FnOnce::call_once::h22c3ba5715e93f05
[INFO] [stdout]                                at /rustc/df4ca44d3fbc9301ee17f30f4d474e6ae4b05252/library/core/src/ops/function.rs:250:5
[INFO] [stdout]   44:     0x626ba872161b - test::__rust_begin_short_backtrace::h8e82d8113d0da17f
[INFO] [stdout]                                at /rustc/df4ca44d3fbc9301ee17f30f4d474e6ae4b05252/library/test/src/lib.rs:621:18
[INFO] [stdout]   45:     0x626ba8720f97 - test::run_test_in_process::{{closure}}::h33235f4f20b7b7c7
[INFO] [stdout]                                at /rustc/df4ca44d3fbc9301ee17f30f4d474e6ae4b05252/library/test/src/lib.rs:644:60
[INFO] [stdout]   46:     0x626ba8720f97 - <core::panic::unwind_safe::AssertUnwindSafe<F> as core::ops::function::FnOnce<()>>::call_once::hb5043206310c586f
[INFO] [stdout]                                at /rustc/df4ca44d3fbc9301ee17f30f4d474e6ae4b05252/library/core/src/panic/unwind_safe.rs:272:9
[INFO] [stdout]   47:     0x626ba8720f97 - std::panicking::try::do_call::h9ad4731a60ab23e2
[INFO] [stdout]                                at /rustc/df4ca44d3fbc9301ee17f30f4d474e6ae4b05252/library/std/src/panicking.rs:557:40
[INFO] [stdout]   48:     0x626ba8720f97 - std::panicking::try::h3824d23db772a716
[INFO] [stdout]                                at /rustc/df4ca44d3fbc9301ee17f30f4d474e6ae4b05252/library/std/src/panicking.rs:520:19
[INFO] [stdout]   49:     0x626ba8720f97 - std::panic::catch_unwind::h5afd514605fde46b
[INFO] [stdout]                                at /rustc/df4ca44d3fbc9301ee17f30f4d474e6ae4b05252/library/std/src/panic.rs:358:14
[INFO] [stdout]   50:     0x626ba8720f97 - test::run_test_in_process::h0d5cbfa7067d1720
[INFO] [stdout]                                at /rustc/df4ca44d3fbc9301ee17f30f4d474e6ae4b05252/library/test/src/lib.rs:644:27
[INFO] [stdout]   51:     0x626ba8720f97 - test::run_test::{{closure}}::h708eb8872708115d
[INFO] [stdout]                                at /rustc/df4ca44d3fbc9301ee17f30f4d474e6ae4b05252/library/test/src/lib.rs:565:43
[INFO] [stdout]   52:     0x626ba86e46b4 - test::run_test::{{closure}}::h392c51cee94713ab
[INFO] [stdout]                                at /rustc/df4ca44d3fbc9301ee17f30f4d474e6ae4b05252/library/test/src/lib.rs:595:41
[INFO] [stdout]   53:     0x626ba86e46b4 - std::sys::backtrace::__rust_begin_short_backtrace::h2f40290710935a8b
[INFO] [stdout]                                at /rustc/df4ca44d3fbc9301ee17f30f4d474e6ae4b05252/library/std/src/sys/backtrace.rs:154:18
[INFO] [stdout]   54:     0x626ba86e7e5e - std::thread::Builder::spawn_unchecked_::{{closure}}::{{closure}}::h3fd968d89053a903
[INFO] [stdout]                                at /rustc/df4ca44d3fbc9301ee17f30f4d474e6ae4b05252/library/std/src/thread/mod.rs:541:17
[INFO] [stdout]   55:     0x626ba86e7e5e - <core::panic::unwind_safe::AssertUnwindSafe<F> as core::ops::function::FnOnce<()>>::call_once::h743f637ba4229880
[INFO] [stdout]                                at /rustc/df4ca44d3fbc9301ee17f30f4d474e6ae4b05252/library/core/src/panic/unwind_safe.rs:272:9
[INFO] [stdout]   56:     0x626ba86e7e5e - std::panicking::try::do_call::h07440897322525a6
[INFO] [stdout]                                at /rustc/df4ca44d3fbc9301ee17f30f4d474e6ae4b05252/library/std/src/panicking.rs:557:40
[INFO] [stdout]   57:     0x626ba86e7e5e - std::panicking::try::he5a2e00188156637
[INFO] [stdout]                                at /rustc/df4ca44d3fbc9301ee17f30f4d474e6ae4b05252/library/std/src/panicking.rs:520:19
[INFO] [stdout]   58:     0x626ba86e7e5e - std::panic::catch_unwind::hbaf3cae49b3c6433
[INFO] [stdout]                                at /rustc/df4ca44d3fbc9301ee17f30f4d474e6ae4b05252/library/std/src/panic.rs:358:14
[INFO] [stdout]   59:     0x626ba86e7e5e - std::thread::Builder::spawn_unchecked_::{{closure}}::h8e141ea224820bce
[INFO] [stdout]                                at /rustc/df4ca44d3fbc9301ee17f30f4d474e6ae4b05252/library/std/src/thread/mod.rs:540:30
[INFO] [stdout]   60:     0x626ba86e7e5e - core::ops::function::FnOnce::call_once{{vtable.shim}}::h90d312fedd7b8ea8
[INFO] [stdout]                                at /rustc/df4ca44d3fbc9301ee17f30f4d474e6ae4b05252/library/core/src/ops/function.rs:250:5
[INFO] [stdout]   61:     0x626ba8b16bbb - <alloc::boxed::Box<F,A> as core::ops::function::FnOnce<Args>>::call_once::h69aa08ddb6adb8b6
[INFO] [stdout]                                at /rustc/df4ca44d3fbc9301ee17f30f4d474e6ae4b05252/library/alloc/src/boxed.rs:2454:9
[INFO] [stdout]   62:     0x626ba8b16bbb - <alloc::boxed::Box<F,A> as core::ops::function::FnOnce<Args>>::call_once::h5aa36efdb79c806f
[INFO] [stdout]                                at /rustc/df4ca44d3fbc9301ee17f30f4d474e6ae4b05252/library/alloc/src/boxed.rs:2454:9
[INFO] [stdout]   63:     0x626ba8b16bbb - std::sys::pal::unix::thread::Thread::new::thread_start::h6cd80a1b4be5158d
[INFO] [stdout]                                at /rustc/df4ca44d3fbc9301ee17f30f4d474e6ae4b05252/library/std/src/sys/pal/unix/thread.rs:105:17
[INFO] [stdout]   64:     0x7bcd0edc6ac3 - <unknown>
[INFO] [stdout]   65:     0x7bcd0ee57a04 - clone
[INFO] [stdout]   66:                0x0 - <unknown>
[INFO] [stdout] 
[INFO] [stdout] ---- meta::tests::get_component_meta_invalid_formatting stdout ----
[INFO] [stdout] thread 'meta::tests::get_component_meta_invalid_formatting' panicked at helixlauncher-core/src/meta.rs:333:9:
[INFO] [stdout] assertion failed: matches!(MetaClient::new(&config).get_component_meta("net.minecraft",
[INFO] [stdout]     "index").await, Err(ComponentMetaRetrievalError::ParseError(_)))
[INFO] [stdout] stack backtrace:
[INFO] [stdout]    0:     0x626ba8b1023a - std::backtrace_rs::backtrace::libunwind::trace::h207520d6e9873551
[INFO] [stdout]                                at /rustc/df4ca44d3fbc9301ee17f30f4d474e6ae4b05252/library/std/src/../../backtrace/src/backtrace/libunwind.rs:116:5
[INFO] [stdout]    1:     0x626ba8b1023a - std::backtrace_rs::backtrace::trace_unsynchronized::h2ed7433f370e3eca
[INFO] [stdout]                                at /rustc/df4ca44d3fbc9301ee17f30f4d474e6ae4b05252/library/std/src/../../backtrace/src/backtrace/mod.rs:66:5
[INFO] [stdout]    2:     0x626ba8b1023a - std::sys::backtrace::_print_fmt::h916fac51166b18d7
[INFO] [stdout]                                at /rustc/df4ca44d3fbc9301ee17f30f4d474e6ae4b05252/library/std/src/sys/backtrace.rs:66:9
[INFO] [stdout]    3:     0x626ba8b1023a - <std::sys::backtrace::BacktraceLock::print::DisplayBacktrace as core::fmt::Display>::fmt::ha0a4c9b8ce3802e6
[INFO] [stdout]                                at /rustc/df4ca44d3fbc9301ee17f30f4d474e6ae4b05252/library/std/src/sys/backtrace.rs:39:26
[INFO] [stdout]    4:     0x626ba8b3a933 - core::fmt::rt::Argument::fmt::h4cfc8587d52b3eb5
[INFO] [stdout]                                at /rustc/df4ca44d3fbc9301ee17f30f4d474e6ae4b05252/library/core/src/fmt/rt.rs:177:76
[INFO] [stdout]    5:     0x626ba8b3a933 - core::fmt::write::h522cc39e5b36ae9f
[INFO] [stdout]                                at /rustc/df4ca44d3fbc9301ee17f30f4d474e6ae4b05252/library/core/src/fmt/mod.rs:1190:21
[INFO] [stdout]    6:     0x626ba8b0bf93 - std::io::Write::write_fmt::h7d3c26752da97734
[INFO] [stdout]                                at /rustc/df4ca44d3fbc9301ee17f30f4d474e6ae4b05252/library/std/src/io/mod.rs:1839:15
[INFO] [stdout]    7:     0x626ba8b10082 - std::sys::backtrace::BacktraceLock::print::h4b9e00b29e9c0942
[INFO] [stdout]                                at /rustc/df4ca44d3fbc9301ee17f30f4d474e6ae4b05252/library/std/src/sys/backtrace.rs:42:9
[INFO] [stdout]    8:     0x626ba8b116ca - std::panicking::default_hook::{{closure}}::hb59b88280d0324d9
[INFO] [stdout]                                at /rustc/df4ca44d3fbc9301ee17f30f4d474e6ae4b05252/library/std/src/panicking.rs:268:22
[INFO] [stdout]    9:     0x626ba8b114d4 - std::panicking::default_hook::he1dd496665be4a29
[INFO] [stdout]                                at /rustc/df4ca44d3fbc9301ee17f30f4d474e6ae4b05252/library/std/src/panicking.rs:292:9
[INFO] [stdout]   10:     0x626ba871cd49 - <alloc::boxed::Box<F,A> as core::ops::function::Fn<Args>>::call::h4ff71de18744e1dc
[INFO] [stdout]                                at /rustc/df4ca44d3fbc9301ee17f30f4d474e6ae4b05252/library/alloc/src/boxed.rs:2468:9
[INFO] [stdout]   11:     0x626ba871cd49 - test::test_main::{{closure}}::hcf7c055ce117aa81
[INFO] [stdout]                                at /rustc/df4ca44d3fbc9301ee17f30f4d474e6ae4b05252/library/test/src/lib.rs:133:21
[INFO] [stdout]   12:     0x626ba8b11dc8 - <alloc::boxed::Box<F,A> as core::ops::function::Fn<Args>>::call::h1d66c6bbd60c9692
[INFO] [stdout]                                at /rustc/df4ca44d3fbc9301ee17f30f4d474e6ae4b05252/library/alloc/src/boxed.rs:2468:9
[INFO] [stdout]   13:     0x626ba8b11dc8 - std::panicking::rust_panic_with_hook::h2ff17fe8f26dfcf8
[INFO] [stdout]                                at /rustc/df4ca44d3fbc9301ee17f30f4d474e6ae4b05252/library/std/src/panicking.rs:809:13
[INFO] [stdout]   14:     0x626ba8b11b56 - std::panicking::begin_panic_handler::{{closure}}::h4fad77951c07e101
[INFO] [stdout]                                at /rustc/df4ca44d3fbc9301ee17f30f4d474e6ae4b05252/library/std/src/panicking.rs:667:13
[INFO] [stdout]   15:     0x626ba8b10719 - std::sys::backtrace::__rust_end_short_backtrace::hb1a25b3da5d0ea08
[INFO] [stdout]                                at /rustc/df4ca44d3fbc9301ee17f30f4d474e6ae4b05252/library/std/src/sys/backtrace.rs:170:18
[INFO] [stdout]   16:     0x626ba8b1181c - rust_begin_unwind
[INFO] [stdout]                                at /rustc/df4ca44d3fbc9301ee17f30f4d474e6ae4b05252/library/std/src/panicking.rs:665:5
[INFO] [stdout]   17:     0x626ba8b38e30 - core::panicking::panic_fmt::ha9db07b529f9b256
[INFO] [stdout]                                at /rustc/df4ca44d3fbc9301ee17f30f4d474e6ae4b05252/library/core/src/panicking.rs:75:14
[INFO] [stdout]   18:     0x626ba8b38ebc - core::panicking::panic::h993086813d94accc
[INFO] [stdout]                                at /rustc/df4ca44d3fbc9301ee17f30f4d474e6ae4b05252/library/core/src/panicking.rs:152:5
[INFO] [stdout]   19:     0x626ba867a5a1 - helixlauncher_core::meta::tests::get_component_meta_invalid_formatting::{{closure}}::h78b82a1480525f72
[INFO] [stdout]                                at /opt/rustwide/workdir/helixlauncher-core/src/meta.rs:333:9
[INFO] [stdout]   20:     0x626ba866044f - <core::pin::Pin<P> as core::future::future::Future>::poll::h4a430ea1aa795ff4
[INFO] [stdout]                                at /rustc/df4ca44d3fbc9301ee17f30f4d474e6ae4b05252/library/core/src/future/future.rs:123:9
[INFO] [stdout]   21:     0x626ba86605ab - <core::pin::Pin<P> as core::future::future::Future>::poll::hd20753217502099c
[INFO] [stdout]                                at /rustc/df4ca44d3fbc9301ee17f30f4d474e6ae4b05252/library/core/src/future/future.rs:123:9
[INFO] [stdout]   22:     0x626ba8696c8e - tokio::runtime::scheduler::current_thread::CoreGuard::block_on::{{closure}}::{{closure}}::{{closure}}::he0acecd4dffa8f90
[INFO] [stdout]                                at /opt/rustwide/cargo-home/registry/src/index.crates.io-6f17d22bba15001f/tokio-1.38.0/src/runtime/scheduler/current_thread/mod.rs:659:57
[INFO] [stdout]   23:     0x626ba86967a5 - tokio::runtime::coop::with_budget::h36dea6a51d637934
[INFO] [stdout]                                at /opt/rustwide/cargo-home/registry/src/index.crates.io-6f17d22bba15001f/tokio-1.38.0/src/runtime/coop.rs:107:5
[INFO] [stdout]   24:     0x626ba86967a5 - tokio::runtime::coop::budget::h2455584088da5b77
[INFO] [stdout]                                at /opt/rustwide/cargo-home/registry/src/index.crates.io-6f17d22bba15001f/tokio-1.38.0/src/runtime/coop.rs:73:5
[INFO] [stdout]   25:     0x626ba86967a5 - tokio::runtime::scheduler::current_thread::CoreGuard::block_on::{{closure}}::{{closure}}::h1b30e7a58be16bc6
[INFO] [stdout]                                at /opt/rustwide/cargo-home/registry/src/index.crates.io-6f17d22bba15001f/tokio-1.38.0/src/runtime/scheduler/current_thread/mod.rs:659:25
[INFO] [stdout]   26:     0x626ba869241d - tokio::runtime::scheduler::current_thread::Context::enter::h074029e65921ccc7
[INFO] [stdout]                                at /opt/rustwide/cargo-home/registry/src/index.crates.io-6f17d22bba15001f/tokio-1.38.0/src/runtime/scheduler/current_thread/mod.rs:404:19
[INFO] [stdout]   27:     0x626ba8694d9b - tokio::runtime::scheduler::current_thread::CoreGuard::block_on::{{closure}}::h31a058c14269055b
[INFO] [stdout]                                at /opt/rustwide/cargo-home/registry/src/index.crates.io-6f17d22bba15001f/tokio-1.38.0/src/runtime/scheduler/current_thread/mod.rs:658:36
[INFO] [stdout]   28:     0x626ba8694a0b - tokio::runtime::scheduler::current_thread::CoreGuard::enter::{{closure}}::hf8f8ce0c0e8a31e8
[INFO] [stdout]                                at /opt/rustwide/cargo-home/registry/src/index.crates.io-6f17d22bba15001f/tokio-1.38.0/src/runtime/scheduler/current_thread/mod.rs:737:68
[INFO] [stdout]   29:     0x626ba86b83ca - tokio::runtime::context::scoped::Scoped<T>::set::h872eabd52af83166
[INFO] [stdout]                                at /opt/rustwide/cargo-home/registry/src/index.crates.io-6f17d22bba15001f/tokio-1.38.0/src/runtime/context/scoped.rs:40:9
[INFO] [stdout]   30:     0x626ba869bc3a - tokio::runtime::context::set_scheduler::{{closure}}::h6c520f381481d4e6
[INFO] [stdout]                                at /opt/rustwide/cargo-home/registry/src/index.crates.io-6f17d22bba15001f/tokio-1.38.0/src/runtime/context.rs:180:26
[INFO] [stdout]   31:     0x626ba86c089d - std::thread::local::LocalKey<T>::try_with::h07cf59446619fd0d
[INFO] [stdout]                                at /rustc/df4ca44d3fbc9301ee17f30f4d474e6ae4b05252/library/std/src/thread/local.rs:283:12
[INFO] [stdout]   32:     0x626ba86c051c - std::thread::local::LocalKey<T>::with::hc6c71890cda7dee5
[INFO] [stdout]                                at /rustc/df4ca44d3fbc9301ee17f30f4d474e6ae4b05252/library/std/src/thread/local.rs:260:9
[INFO] [stdout]   33:     0x626ba869bbe1 - tokio::runtime::context::set_scheduler::hea96a94287317af6
[INFO] [stdout]                                at /opt/rustwide/cargo-home/registry/src/index.crates.io-6f17d22bba15001f/tokio-1.38.0/src/runtime/context.rs:180:9
[INFO] [stdout]   34:     0x626ba8693eae - tokio::runtime::scheduler::current_thread::CoreGuard::enter::h0a1e673ce83fb4db
[INFO] [stdout]                                at /opt/rustwide/cargo-home/registry/src/index.crates.io-6f17d22bba15001f/tokio-1.38.0/src/runtime/scheduler/current_thread/mod.rs:737:27
[INFO] [stdout]   35:     0x626ba8694b11 - tokio::runtime::scheduler::current_thread::CoreGuard::block_on::hff04e0c69b1fec17
[INFO] [stdout]                                at /opt/rustwide/cargo-home/registry/src/index.crates.io-6f17d22bba15001f/tokio-1.38.0/src/runtime/scheduler/current_thread/mod.rs:646:19
[INFO] [stdout]   36:     0x626ba8691c90 - tokio::runtime::scheduler::current_thread::CurrentThread::block_on::{{closure}}::h955713caec31af61
[INFO] [stdout]                                at /opt/rustwide/cargo-home/registry/src/index.crates.io-6f17d22bba15001f/tokio-1.38.0/src/runtime/scheduler/current_thread/mod.rs:175:28
[INFO] [stdout]   37:     0x626ba865f5af - tokio::runtime::context::runtime::enter_runtime::hf01d9ab674aea97a
[INFO] [stdout]                                at /opt/rustwide/cargo-home/registry/src/index.crates.io-6f17d22bba15001f/tokio-1.38.0/src/runtime/context/runtime.rs:65:16
[INFO] [stdout]   38:     0x626ba86914a7 - tokio::runtime::scheduler::current_thread::CurrentThread::block_on::hfe026939e8dee4e5
[INFO] [stdout]                                at /opt/rustwide/cargo-home/registry/src/index.crates.io-6f17d22bba15001f/tokio-1.38.0/src/runtime/scheduler/current_thread/mod.rs:167:9
[INFO] [stdout]   39:     0x626ba86a529f - tokio::runtime::runtime::Runtime::block_on::h27eb97b3049cd988
[INFO] [stdout]                                at /opt/rustwide/cargo-home/registry/src/index.crates.io-6f17d22bba15001f/tokio-1.38.0/src/runtime/runtime.rs:347:47
[INFO] [stdout]   40:     0x626ba8679e03 - helixlauncher_core::meta::tests::get_component_meta_invalid_formatting::h80c20b9c3d9861f1
[INFO] [stdout]                                at /opt/rustwide/workdir/helixlauncher-core/src/meta.rs:340:9
[INFO] [stdout]   41:     0x626ba8679ca7 - helixlauncher_core::meta::tests::get_component_meta_invalid_formatting::{{closure}}::h288bd72ac9002ddd
[INFO] [stdout]                                at /opt/rustwide/workdir/helixlauncher-core/src/meta.rs:325:57
[INFO] [stdout]   42:     0x626ba86ab426 - core::ops::function::FnOnce::call_once::h080ef8177f706460
[INFO] [stdout]                                at /rustc/df4ca44d3fbc9301ee17f30f4d474e6ae4b05252/library/core/src/ops/function.rs:250:5
[INFO] [stdout]   43:     0x626ba872161b - core::ops::function::FnOnce::call_once::h22c3ba5715e93f05
[INFO] [stdout]                                at /rustc/df4ca44d3fbc9301ee17f30f4d474e6ae4b05252/library/core/src/ops/function.rs:250:5
[INFO] [stdout]   44:     0x626ba872161b - test::__rust_begin_short_backtrace::h8e82d8113d0da17f
[INFO] [stdout]                                at /rustc/df4ca44d3fbc9301ee17f30f4d474e6ae4b05252/library/test/src/lib.rs:621:18
[INFO] [stdout]   45:     0x626ba8720f97 - test::run_test_in_process::{{closure}}::h33235f4f20b7b7c7
[INFO] [stdout]                                at /rustc/df4ca44d3fbc9301ee17f30f4d474e6ae4b05252/library/test/src/lib.rs:644:60
[INFO] [stdout]   46:     0x626ba8720f97 - <core::panic::unwind_safe::AssertUnwindSafe<F> as core::ops::function::FnOnce<()>>::call_once::hb5043206310c586f
[INFO] [stdout]                                at /rustc/df4ca44d3fbc9301ee17f30f4d474e6ae4b05252/library/core/src/panic/unwind_safe.rs:272:9
[INFO] [stdout]   47:     0x626ba8720f97 - std::panicking::try::do_call::h9ad4731a60ab23e2
[INFO] [stdout]                                at /rustc/df4ca44d3fbc9301ee17f30f4d474e6ae4b05252/library/std/src/panicking.rs:557:40
[INFO] [stdout]   48:     0x626ba8720f97 - std::panicking::try::h3824d23db772a716
[INFO] [stdout]                                at /rustc/df4ca44d3fbc9301ee17f30f4d474e6ae4b05252/library/std/src/panicking.rs:520:19
[INFO] [stdout]   49:     0x626ba8720f97 - std::panic::catch_unwind::h5afd514605fde46b
[INFO] [stdout]                                at /rustc/df4ca44d3fbc9301ee17f30f4d474e6ae4b05252/library/std/src/panic.rs:358:14
[INFO] [stdout]   50:     0x626ba8720f97 - test::run_test_in_process::h0d5cbfa7067d1720
[INFO] [stdout]                                at /rustc/df4ca44d3fbc9301ee17f30f4d474e6ae4b05252/library/test/src/lib.rs:644:27
[INFO] [stdout]   51:     0x626ba8720f97 - test::run_test::{{closure}}::h708eb8872708115d
[INFO] [stdout]                                at /rustc/df4ca44d3fbc9301ee17f30f4d474e6ae4b05252/library/test/src/lib.rs:565:43
[INFO] [stdout]   52:     0x626ba86e46b4 - test::run_test::{{closure}}::h392c51cee94713ab
[INFO] [stdout]                                at /rustc/df4ca44d3fbc9301ee17f30f4d474e6ae4b05252/library/test/src/lib.rs:595:41
[INFO] [stdout]   53:     0x626ba86e46b4 - std::sys::backtrace::__rust_begin_short_backtrace::h2f40290710935a8b
[INFO] [stdout]                                at /rustc/df4ca44d3fbc9301ee17f30f4d474e6ae4b05252/library/std/src/sys/backtrace.rs:154:18
[INFO] [stdout]   54:     0x626ba86e7e5e - std::thread::Builder::spawn_unchecked_::{{closure}}::{{closure}}::h3fd968d89053a903
[INFO] [stdout]                                at /rustc/df4ca44d3fbc9301ee17f30f4d474e6ae4b05252/library/std/src/thread/mod.rs:541:17
[INFO] [stdout]   55:     0x626ba86e7e5e - <core::panic::unwind_safe::AssertUnwindSafe<F> as core::ops::function::FnOnce<()>>::call_once::h743f637ba4229880
[INFO] [stdout]                                at /rustc/df4ca44d3fbc9301ee17f30f4d474e6ae4b05252/library/core/src/panic/unwind_safe.rs:272:9
[INFO] [stdout]   56:     0x626ba86e7e5e - std::panicking::try::do_call::h07440897322525a6
[INFO] [stdout]                                at /rustc/df4ca44d3fbc9301ee17f30f4d474e6ae4b05252/library/std/src/panicking.rs:557:40
[INFO] [stdout]   57:     0x626ba86e7e5e - std::panicking::try::he5a2e00188156637
[INFO] [stdout]                                at /rustc/df4ca44d3fbc9301ee17f30f4d474e6ae4b05252/library/std/src/panicking.rs:520:19
[INFO] [stdout]   58:     0x626ba86e7e5e - std::panic::catch_unwind::hbaf3cae49b3c6433
[INFO] [stdout]                                at /rustc/df4ca44d3fbc9301ee17f30f4d474e6ae4b05252/library/std/src/panic.rs:358:14
[INFO] [stdout]   59:     0x626ba86e7e5e - std::thread::Builder::spawn_unchecked_::{{closure}}::h8e141ea224820bce
[INFO] [stdout]                                at /rustc/df4ca44d3fbc9301ee17f30f4d474e6ae4b05252/library/std/src/thread/mod.rs:540:30
[INFO] [stdout]   60:     0x626ba86e7e5e - core::ops::function::FnOnce::call_once{{vtable.shim}}::h90d312fedd7b8ea8
[INFO] [stdout]                                at /rustc/df4ca44d3fbc9301ee17f30f4d474e6ae4b05252/library/core/src/ops/function.rs:250:5
[INFO] [stdout]   61:     0x626ba8b16bbb - <alloc::boxed::Box<F,A> as core::ops::function::FnOnce<Args>>::call_once::h69aa08ddb6adb8b6
[INFO] [stdout]                                at /rustc/df4ca44d3fbc9301ee17f30f4d474e6ae4b05252/library/alloc/src/boxed.rs:2454:9
[INFO] [stdout]   62:     0x626ba8b16bbb - <alloc::boxed::Box<F,A> as core::ops::function::FnOnce<Args>>::call_once::h5aa36efdb79c806f
[INFO] [stdout]                                at /rustc/df4ca44d3fbc9301ee17f30f4d474e6ae4b05252/library/alloc/src/boxed.rs:2454:9
[INFO] [stdout]   63:     0x626ba8b16bbb - std::sys::pal::unix::thread::Thread::new::thread_start::h6cd80a1b4be5158d
[INFO] [stdout]                                at /rustc/df4ca44d3fbc9301ee17f30f4d474e6ae4b05252/library/std/src/sys/pal/unix/thread.rs:105:17
[INFO] [stdout]   64:     0x7bcd0edc6ac3 - <unknown>
[INFO] [stdout]   65:     0x7bcd0ee57a04 - clone
[INFO] [stdout]   66:                0x0 - <unknown>
[INFO] [stdout] 
[INFO] [stdout] ---- meta::tests::get_component_index_invalid_id stdout ----
[INFO] [stdout] thread 'meta::tests::get_component_index_invalid_id' panicked at helixlauncher-core/src/meta.rs:312:9:
[INFO] [stdout] assertion failed: matches!(MetaClient::new(&config).get_component_index(INVALID_TEST_SET[0].0).await,
[INFO] [stdout]     Err(ComponentMetaRetrievalError::IndexNotFound{ id }) if id ==
[INFO] [stdout]     INVALID_TEST_SET[0].0)
[INFO] [stdout] stack backtrace:
[INFO] [stdout]    0:     0x626ba8b1023a - std::backtrace_rs::backtrace::libunwind::trace::h207520d6e9873551
[INFO] [stdout]                                at /rustc/df4ca44d3fbc9301ee17f30f4d474e6ae4b05252/library/std/src/../../backtrace/src/backtrace/libunwind.rs:116:5
[INFO] [stdout]    1:     0x626ba8b1023a - std::backtrace_rs::backtrace::trace_unsynchronized::h2ed7433f370e3eca
[INFO] [stdout]                                at /rustc/df4ca44d3fbc9301ee17f30f4d474e6ae4b05252/library/std/src/../../backtrace/src/backtrace/mod.rs:66:5
[INFO] [stdout]    2:     0x626ba8b1023a - std::sys::backtrace::_print_fmt::h916fac51166b18d7
[INFO] [stdout]                                at /rustc/df4ca44d3fbc9301ee17f30f4d474e6ae4b05252/library/std/src/sys/backtrace.rs:66:9
[INFO] [stdout]    3:     0x626ba8b1023a - <std::sys::backtrace::BacktraceLock::print::DisplayBacktrace as core::fmt::Display>::fmt::ha0a4c9b8ce3802e6
[INFO] [stdout]                                at /rustc/df4ca44d3fbc9301ee17f30f4d474e6ae4b05252/library/std/src/sys/backtrace.rs:39:26
[INFO] [stdout]    4:     0x626ba8b3a933 - core::fmt::rt::Argument::fmt::h4cfc8587d52b3eb5
[INFO] [stdout]                                at /rustc/df4ca44d3fbc9301ee17f30f4d474e6ae4b05252/library/core/src/fmt/rt.rs:177:76
[INFO] [stdout]    5:     0x626ba8b3a933 - core::fmt::write::h522cc39e5b36ae9f
[INFO] [stdout]                                at /rustc/df4ca44d3fbc9301ee17f30f4d474e6ae4b05252/library/core/src/fmt/mod.rs:1190:21
[INFO] [stdout]    6:     0x626ba8b0bf93 - std::io::Write::write_fmt::h7d3c26752da97734
[INFO] [stdout]                                at /rustc/df4ca44d3fbc9301ee17f30f4d474e6ae4b05252/library/std/src/io/mod.rs:1839:15
[INFO] [stdout]    7:     0x626ba8b10082 - std::sys::backtrace::BacktraceLock::print::h4b9e00b29e9c0942
[INFO] [stdout]                                at /rustc/df4ca44d3fbc9301ee17f30f4d474e6ae4b05252/library/std/src/sys/backtrace.rs:42:9
[INFO] [stdout]    8:     0x626ba8b116ca - std::panicking::default_hook::{{closure}}::hb59b88280d0324d9
[INFO] [stdout]                                at /rustc/df4ca44d3fbc9301ee17f30f4d474e6ae4b05252/library/std/src/panicking.rs:268:22
[INFO] [stdout]    9:     0x626ba8b114d4 - std::panicking::default_hook::he1dd496665be4a29
[INFO] [stdout]                                at /rustc/df4ca44d3fbc9301ee17f30f4d474e6ae4b05252/library/std/src/panicking.rs:292:9
[INFO] [stdout]   10:     0x626ba871cd49 - <alloc::boxed::Box<F,A> as core::ops::function::Fn<Args>>::call::h4ff71de18744e1dc
[INFO] [stdout]                                at /rustc/df4ca44d3fbc9301ee17f30f4d474e6ae4b05252/library/alloc/src/boxed.rs:2468:9
[INFO] [stdout]   11:     0x626ba871cd49 - test::test_main::{{closure}}::hcf7c055ce117aa81
[INFO] [stdout]                                at /rustc/df4ca44d3fbc9301ee17f30f4d474e6ae4b05252/library/test/src/lib.rs:133:21
[INFO] [stdout]   12:     0x626ba8b11dc8 - <alloc::boxed::Box<F,A> as core::ops::function::Fn<Args>>::call::h1d66c6bbd60c9692
[INFO] [stdout]                                at /rustc/df4ca44d3fbc9301ee17f30f4d474e6ae4b05252/library/alloc/src/boxed.rs:2468:9
[INFO] [stdout]   13:     0x626ba8b11dc8 - std::panicking::rust_panic_with_hook::h2ff17fe8f26dfcf8
[INFO] [stdout]                                at /rustc/df4ca44d3fbc9301ee17f30f4d474e6ae4b05252/library/std/src/panicking.rs:809:13
[INFO] [stdout]   14:     0x626ba8b11b56 - std::panicking::begin_panic_handler::{{closure}}::h4fad77951c07e101
[INFO] [stdout]                                at /rustc/df4ca44d3fbc9301ee17f30f4d474e6ae4b05252/library/std/src/panicking.rs:667:13
[INFO] [stdout]   15:     0x626ba8b10719 - std::sys::backtrace::__rust_end_short_backtrace::hb1a25b3da5d0ea08
[INFO] [stdout]                                at /rustc/df4ca44d3fbc9301ee17f30f4d474e6ae4b05252/library/std/src/sys/backtrace.rs:170:18
[INFO] [stdout]   16:     0x626ba8b1181c - rust_begin_unwind
[INFO] [stdout]                                at /rustc/df4ca44d3fbc9301ee17f30f4d474e6ae4b05252/library/std/src/panicking.rs:665:5
[INFO] [stdout]   17:     0x626ba8b38e30 - core::panicking::panic_fmt::ha9db07b529f9b256
[INFO] [stdout]                                at /rustc/df4ca44d3fbc9301ee17f30f4d474e6ae4b05252/library/core/src/panicking.rs:75:14
[INFO] [stdout]   18:     0x626ba8b38ebc - core::panicking::panic::h993086813d94accc
[INFO] [stdout]                                at /rustc/df4ca44d3fbc9301ee17f30f4d474e6ae4b05252/library/core/src/panicking.rs:152:5
[INFO] [stdout]   19:     0x626ba8679b98 - helixlauncher_core::meta::tests::get_component_index_invalid_id::{{closure}}::he2c22bb42a6a4fc9
[INFO] [stdout]                                at /opt/rustwide/workdir/helixlauncher-core/src/meta.rs:312:9
[INFO] [stdout]   20:     0x626ba866044f - <core::pin::Pin<P> as core::future::future::Future>::poll::h4a430ea1aa795ff4
[INFO] [stdout]                                at /rustc/df4ca44d3fbc9301ee17f30f4d474e6ae4b05252/library/core/src/future/future.rs:123:9
[INFO] [stdout]   21:     0x626ba86605ab - <core::pin::Pin<P> as core::future::future::Future>::poll::hd20753217502099c
[INFO] [stdout]                                at /rustc/df4ca44d3fbc9301ee17f30f4d474e6ae4b05252/library/core/src/future/future.rs:123:9
[INFO] [stdout]   22:     0x626ba8696c8e - tokio::runtime::scheduler::current_thread::CoreGuard::block_on::{{closure}}::{{closure}}::{{closure}}::he0acecd4dffa8f90
[INFO] [stdout]                                at /opt/rustwide/cargo-home/registry/src/index.crates.io-6f17d22bba15001f/tokio-1.38.0/src/runtime/scheduler/current_thread/mod.rs:659:57
[INFO] [stdout]   23:     0x626ba86967a5 - tokio::runtime::coop::with_budget::h36dea6a51d637934
[INFO] [stdout]                                at /opt/rustwide/cargo-home/registry/src/index.crates.io-6f17d22bba15001f/tokio-1.38.0/src/runtime/coop.rs:107:5
[INFO] [stdout]   24:     0x626ba86967a5 - tokio::runtime::coop::budget::h2455584088da5b77
[INFO] [stdout]                                at /opt/rustwide/cargo-home/registry/src/index.crates.io-6f17d22bba15001f/tokio-1.38.0/src/runtime/coop.rs:73:5
[INFO] [stdout]   25:     0x626ba86967a5 - tokio::runtime::scheduler::current_thread::CoreGuard::block_on::{{closure}}::{{closure}}::h1b30e7a58be16bc6
[INFO] [stdout]                                at /opt/rustwide/cargo-home/registry/src/index.crates.io-6f17d22bba15001f/tokio-1.38.0/src/runtime/scheduler/current_thread/mod.rs:659:25
[INFO] [stdout]   26:     0x626ba869241d - tokio::runtime::scheduler::current_thread::Context::enter::h074029e65921ccc7
[INFO] [stdout]                                at /opt/rustwide/cargo-home/registry/src/index.crates.io-6f17d22bba15001f/tokio-1.38.0/src/runtime/scheduler/current_thread/mod.rs:404:19
[INFO] [stdout]   27:     0x626ba8694d9b - tokio::runtime::scheduler::current_thread::CoreGuard::block_on::{{closure}}::h31a058c14269055b
[INFO] [stdout]                                at /opt/rustwide/cargo-home/registry/src/index.crates.io-6f17d22bba15001f/tokio-1.38.0/src/runtime/scheduler/current_thread/mod.rs:658:36
[INFO] [stdout]   28:     0x626ba8694a0b - tokio::runtime::scheduler::current_thread::CoreGuard::enter::{{closure}}::hf8f8ce0c0e8a31e8
[INFO] [stdout]                                at /opt/rustwide/cargo-home/registry/src/index.crates.io-6f17d22bba15001f/tokio-1.38.0/src/runtime/scheduler/current_thread/mod.rs:737:68
[INFO] [stdout]   29:     0x626ba86b83ca - tokio::runtime::context::scoped::Scoped<T>::set::h872eabd52af83166
[INFO] [stdout]                                at /opt/rustwide/cargo-home/registry/src/index.crates.io-6f17d22bba15001f/tokio-1.38.0/src/runtime/context/scoped.rs:40:9
[INFO] [stdout]   30:     0x626ba869bc3a - tokio::runtime::context::set_scheduler::{{closure}}::h6c520f381481d4e6
[INFO] [stdout]                                at /opt/rustwide/cargo-home/registry/src/index.crates.io-6f17d22bba15001f/tokio-1.38.0/src/runtime/context.rs:180:26
[INFO] [stdout]   31:     0x626ba86c089d - std::thread::local::LocalKey<T>::try_with::h07cf59446619fd0d
[INFO] [stdout]                                at /rustc/df4ca44d3fbc9301ee17f30f4d474e6ae4b05252/library/std/src/thread/local.rs:283:12
[INFO] [stdout]   32:     0x626ba86c051c - std::thread::local::LocalKey<T>::with::hc6c71890cda7dee5
[INFO] [stdout]                                at /rustc/df4ca44d3fbc9301ee17f30f4d474e6ae4b05252/library/std/src/thread/local.rs:260:9
[INFO] [stdout]   33:     0x626ba869bbe1 - tokio::runtime::context::set_scheduler::hea96a94287317af6
[INFO] [stdout]                                at /opt/rustwide/cargo-home/registry/src/index.crates.io-6f17d22bba15001f/tokio-1.38.0/src/runtime/context.rs:180:9
[INFO] [stdout]   34:     0x626ba8693eae - tokio::runtime::scheduler::current_thread::CoreGuard::enter::h0a1e673ce83fb4db
[INFO] [stdout]                                at /opt/rustwide/cargo-home/registry/src/index.crates.io-6f17d22bba15001f/tokio-1.38.0/src/runtime/scheduler/current_thread/mod.rs:737:27
[INFO] [stdout]   35:     0x626ba8694b11 - tokio::runtime::scheduler::current_thread::CoreGuard::block_on::hff04e0c69b1fec17
[INFO] [stdout]                                at /opt/rustwide/cargo-home/registry/src/index.crates.io-6f17d22bba15001f/tokio-1.38.0/src/runtime/scheduler/current_thread/mod.rs:646:19
[INFO] [stdout]   36:     0x626ba8691c90 - tokio::runtime::scheduler::current_thread::CurrentThread::block_on::{{closure}}::h955713caec31af61
[INFO] [stdout]                                at /opt/rustwide/cargo-home/registry/src/index.crates.io-6f17d22bba15001f/tokio-1.38.0/src/runtime/scheduler/current_thread/mod.rs:175:28
[INFO] [stdout]   37:     0x626ba865f5af - tokio::runtime::context::runtime::enter_runtime::hf01d9ab674aea97a
[INFO] [stdout]                                at /opt/rustwide/cargo-home/registry/src/index.crates.io-6f17d22bba15001f/tokio-1.38.0/src/runtime/context/runtime.rs:65:16
[INFO] [stdout]   38:     0x626ba86914a7 - tokio::runtime::scheduler::current_thread::CurrentThread::block_on::hfe026939e8dee4e5
[INFO] [stdout]                                at /opt/rustwide/cargo-home/registry/src/index.crates.io-6f17d22bba15001f/tokio-1.38.0/src/runtime/scheduler/current_thread/mod.rs:167:9
[INFO] [stdout]   39:     0x626ba86a529f - tokio::runtime::runtime::Runtime::block_on::h27eb97b3049cd988
[INFO] [stdout]                                at /opt/rustwide/cargo-home/registry/src/index.crates.io-6f17d22bba15001f/tokio-1.38.0/src/runtime/runtime.rs:347:47
[INFO] [stdout]   40:     0x626ba86791e3 - helixlauncher_core::meta::tests::get_component_index_invalid_id::hbe9d6122215128b8
[INFO] [stdout]                                at /opt/rustwide/workdir/helixlauncher-core/src/meta.rs:321:9
[INFO] [stdout]   41:     0x626ba8679087 - helixlauncher_core::meta::tests::get_component_index_invalid_id::{{closure}}::h91e9313e5a31be0b
[INFO] [stdout]                                at /opt/rustwide/workdir/helixlauncher-core/src/meta.rs:304:50
[INFO] [stdout]   42:     0x626ba86abfe6 - core::ops::function::FnOnce::call_once::haa8a15e740c720e6
[INFO] [stdout]                                at /rustc/df4ca44d3fbc9301ee17f30f4d474e6ae4b05252/library/core/src/ops/function.rs:250:5
[INFO] [stdout]   43:     0x626ba872161b - core::ops::function::FnOnce::call_once::h22c3ba5715e93f05
[INFO] [stdout]                                at /rustc/df4ca44d3fbc9301ee17f30f4d474e6ae4b05252/library/core/src/ops/function.rs:250:5
[INFO] [stdout]   44:     0x626ba872161b - test::__rust_begin_short_backtrace::h8e82d8113d0da17f
[INFO] [stdout]                                at /rustc/df4ca44d3fbc9301ee17f30f4d474e6ae4b05252/library/test/src/lib.rs:621:18
[INFO] [stdout]   45:     0x626ba8720f97 - test::run_test_in_process::{{closure}}::h33235f4f20b7b7c7
[INFO] [stdout]                                at /rustc/df4ca44d3fbc9301ee17f30f4d474e6ae4b05252/library/test/src/lib.rs:644:60
[INFO] [stdout]   46:     0x626ba8720f97 - <core::panic::unwind_safe::AssertUnwindSafe<F> as core::ops::function::FnOnce<()>>::call_once::hb5043206310c586f
[INFO] [stdout]                                at /rustc/df4ca44d3fbc9301ee17f30f4d474e6ae4b05252/library/core/src/panic/unwind_safe.rs:272:9
[INFO] [stdout]   47:     0x626ba8720f97 - std::panicking::try::do_call::h9ad4731a60ab23e2
[INFO] [stdout]                                at /rustc/df4ca44d3fbc9301ee17f30f4d474e6ae4b05252/library/std/src/panicking.rs:557:40
[INFO] [stdout]   48:     0x626ba8720f97 - std::panicking::try::h3824d23db772a716
[INFO] [stdout]                                at /rustc/df4ca44d3fbc9301ee17f30f4d474e6ae4b05252/library/std/src/panicking.rs:520:19
[INFO] [stdout]   49:     0x626ba8720f97 - std::panic::catch_unwind::h5afd514605fde46b
[INFO] [stdout]                                at /rustc/df4ca44d3fbc9301ee17f30f4d474e6ae4b05252/library/std/src/panic.rs:358:14
[INFO] [stdout]   50:     0x626ba8720f97 - test::run_test_in_process::h0d5cbfa7067d1720
[INFO] [stdout]                                at /rustc/df4ca44d3fbc9301ee17f30f4d474e6ae4b05252/library/test/src/lib.rs:644:27
[INFO] [stdout]   51:     0x626ba8720f97 - test::run_test::{{closure}}::h708eb8872708115d
[INFO] [stdout]                                at /rustc/df4ca44d3fbc9301ee17f30f4d474e6ae4b05252/library/test/src/lib.rs:565:43
[INFO] [stdout]   52:     0x626ba86e46b4 - test::run_test::{{closure}}::h392c51cee94713ab
[INFO] [stdout]                                at /rustc/df4ca44d3fbc9301ee17f30f4d474e6ae4b05252/library/test/src/lib.rs:595:41
[INFO] [stdout]   53:     0x626ba86e46b4 - std::sys::backtrace::__rust_begin_short_backtrace::h2f40290710935a8b
[INFO] [stdout]                                at /rustc/df4ca44d3fbc9301ee17f30f4d474e6ae4b05252/library/std/src/sys/backtrace.rs:154:18
[INFO] [stdout]   54:     0x626ba86e7e5e - std::thread::Builder::spawn_unchecked_::{{closure}}::{{closure}}::h3fd968d89053a903
[INFO] [stdout]                                at /rustc/df4ca44d3fbc9301ee17f30f4d474e6ae4b05252/library/std/src/thread/mod.rs:541:17
[INFO] [stdout]   55:     0x626ba86e7e5e - <core::panic::unwind_safe::AssertUnwindSafe<F> as core::ops::function::FnOnce<()>>::call_once::h743f637ba4229880
[INFO] [stdout]                                at /rustc/df4ca44d3fbc9301ee17f30f4d474e6ae4b05252/library/core/src/panic/unwind_safe.rs:272:9
[INFO] [stdout]   56:     0x626ba86e7e5e - std::panicking::try::do_call::h07440897322525a6
[INFO] [stdout]                                at /rustc/df4ca44d3fbc9301ee17f30f4d474e6ae4b05252/library/std/src/panicking.rs:557:40
[INFO] [stdout]   57:     0x626ba86e7e5e - std::panicking::try::he5a2e00188156637
[INFO] [stdout]                                at /rustc/df4ca44d3fbc9301ee17f30f4d474e6ae4b05252/library/std/src/panicking.rs:520:19
[INFO] [stdout]   58:     0x626ba86e7e5e - std::panic::catch_unwind::hbaf3cae49b3c6433
[INFO] [stdout]                                at /rustc/df4ca44d3fbc9301ee17f30f4d474e6ae4b05252/library/std/src/panic.rs:358:14
[INFO] [stdout]   59:     0x626ba86e7e5e - std::thread::Builder::spawn_unchecked_::{{closure}}::h8e141ea224820bce
[INFO] [stdout]                                at /rustc/df4ca44d3fbc9301ee17f30f4d474e6ae4b05252/library/std/src/thread/mod.rs:540:30
[INFO] [stdout]   60:     0x626ba86e7e5e - core::ops::function::FnOnce::call_once{{vtable.shim}}::h90d312fedd7b8ea8
[INFO] [stdout]                                at /rustc/df4ca44d3fbc9301ee17f30f4d474e6ae4b05252/library/core/src/ops/function.rs:250:5
[INFO] [stdout]   61:     0x626ba8b16bbb - <alloc::boxed::Box<F,A> as core::ops::function::FnOnce<Args>>::call_once::h69aa08ddb6adb8b6
[INFO] [stdout]                                at /rustc/df4ca44d3fbc9301ee17f30f4d474e6ae4b05252/library/alloc/src/boxed.rs:2454:9
[INFO] [stdout]   62:     0x626ba8b16bbb - <alloc::boxed::Box<F,A> as core::ops::function::FnOnce<Args>>::call_once::h5aa36efdb79c806f
[INFO] [stdout]                                at /rustc/df4ca44d3fbc9301ee17f30f4d474e6ae4b05252/library/alloc/src/boxed.rs:2454:9
[INFO] [stdout]   63:     0x626ba8b16bbb - std::sys::pal::unix::thread::Thread::new::thread_start::h6cd80a1b4be5158d
[INFO] [stdout]                                at /rustc/df4ca44d3fbc9301ee17f30f4d474e6ae4b05252/library/std/src/sys/pal/unix/thread.rs:105:17
[INFO] [stdout]   64:     0x7bcd0edc6ac3 - <unknown>
[INFO] [stdout]   65:     0x7bcd0ee57a04 - clone
[INFO] [stdout]   66:                0x0 - <unknown>
[INFO] [stdout] 
[INFO] [stdout] 
[INFO] [stdout] failures:
[INFO] [stdout]     meta::tests::component_version_exists
[INFO] [stdout]     meta::tests::component_version_exists_same_client
[INFO] [stdout]     meta::tests::get_component_index
[INFO] [stdout]     meta::tests::get_component_index_invalid_id
[INFO] [stdout]     meta::tests::get_component_index_same_client
[INFO] [stdout]     meta::tests::get_component_meta
[INFO] [stdout]     meta::tests::get_component_meta_invalid_formatting
[INFO] [stdout]     meta::tests::get_component_meta_invalid_version
[INFO] [stdout]     meta::tests::get_component_meta_same_client
[INFO] [stdout] 
[INFO] [stdout] test result: FAILED. 4 passed; 9 failed; 1 ignored; 0 measured; 0 filtered out; finished in 0.28s
[INFO] [stdout] 
[INFO] [stderr] error: test failed, to rerun pass `-p helixlauncher-core --lib`
[INFO] running `Command { std: "docker" "inspect" "c4b8fe732c0f23545c587ff61e7352ef1aadc72e17d23d5b87e3fc9c6afaee99", kill_on_drop: false }`
[INFO] running `Command { std: "docker" "rm" "-f" "c4b8fe732c0f23545c587ff61e7352ef1aadc72e17d23d5b87e3fc9c6afaee99", kill_on_drop: false }`
[INFO] [stdout] c4b8fe732c0f23545c587ff61e7352ef1aadc72e17d23d5b87e3fc9c6afaee99
