[INFO] cloning repository https://github.com/GhostUponAvon/aes-edu
[INFO] running `Command { std: "git" "-c" "credential.helper=" "-c" "credential.helper=/workspace/cargo-home/bin/git-credential-null" "clone" "--bare" "https://github.com/GhostUponAvon/aes-edu" "/workspace/cache/git-repos/https%3A%2F%2Fgithub.com%2FGhostUponAvon%2Faes-edu", kill_on_drop: false }`
[INFO] [stderr] Cloning into bare repository '/workspace/cache/git-repos/https%3A%2F%2Fgithub.com%2FGhostUponAvon%2Faes-edu'...
[INFO] running `Command { std: "git" "rev-parse" "HEAD", kill_on_drop: false }`
[INFO] [stdout] 9a4abd18125adf4b2343ff734863ba8226fe38c7
[INFO] testing GhostUponAvon/aes-edu/9a4abd18125adf4b2343ff734863ba8226fe38c7 against nightly-2024-10-28+rustflags=-Zrandomize-layout for randomize-layout
[INFO] running `Command { std: "git" "clone" "/workspace/cache/git-repos/https%3A%2F%2Fgithub.com%2FGhostUponAvon%2Faes-edu" "/workspace/builds/worker-2-tc2/source", kill_on_drop: false }`
[INFO] [stderr] Cloning into '/workspace/builds/worker-2-tc2/source'...
[INFO] [stderr] done.
[INFO] validating manifest of git repo https://github.com/GhostUponAvon/aes-edu on toolchain nightly-2024-10-28
[INFO] running `Command { std: CARGO_HOME="/workspace/cargo-home" RUSTUP_HOME="/workspace/rustup-home" "/workspace/cargo-home/bin/cargo" "+nightly-2024-10-28" "metadata" "--manifest-path" "Cargo.toml" "--no-deps", kill_on_drop: false }`
[INFO] started tweaking git repo https://github.com/GhostUponAvon/aes-edu
[INFO] finished tweaking git repo https://github.com/GhostUponAvon/aes-edu
[INFO] tweaked toml for git repo https://github.com/GhostUponAvon/aes-edu written to /workspace/builds/worker-2-tc2/source/Cargo.toml
[INFO] crate git repo https://github.com/GhostUponAvon/aes-edu already has a lockfile, it will not be regenerated
[INFO] running `Command { std: CARGO_HOME="/workspace/cargo-home" RUSTUP_HOME="/workspace/rustup-home" "/workspace/cargo-home/bin/cargo" "+nightly-2024-10-28" "fetch" "--manifest-path" "Cargo.toml", kill_on_drop: false }`
[INFO] running `Command { std: "docker" "create" "-v" "/var/lib/crater-agent-workspace/builds/worker-2-tc2/target:/opt/rustwide/target:rw,Z" "-v" "/var/lib/crater-agent-workspace/builds/worker-2-tc2/source:/opt/rustwide/workdir:ro,Z" "-v" "/var/lib/crater-agent-workspace/cargo-home:/opt/rustwide/cargo-home:ro,Z" "-v" "/var/lib/crater-agent-workspace/rustup-home:/opt/rustwide/rustup-home:ro,Z" "-e" "SOURCE_DIR=/opt/rustwide/workdir" "-e" "CARGO_TARGET_DIR=/opt/rustwide/target" "-e" "CARGO_HOME=/opt/rustwide/cargo-home" "-e" "RUSTUP_HOME=/opt/rustwide/rustup-home" "-w" "/opt/rustwide/workdir" "-m" "1610612736" "--user" "0:0" "--network" "none" "ghcr.io/rust-lang/crates-build-env/linux@sha256:4a844ea9eb2546a2d2c7022eacef16ef2e8229c7fbb2c7d4d55a9ceca922f72d" "/opt/rustwide/cargo-home/bin/cargo" "+nightly-2024-10-28" "metadata" "--no-deps" "--format-version=1", kill_on_drop: false }`
[INFO] [stdout] 706a708b6f22113a3f2c606b783cbc49891e385a5a61ace718595c6b10551e4d
[INFO] running `Command { std: "docker" "start" "-a" "706a708b6f22113a3f2c606b783cbc49891e385a5a61ace718595c6b10551e4d", kill_on_drop: false }`
[INFO] running `Command { std: "docker" "inspect" "706a708b6f22113a3f2c606b783cbc49891e385a5a61ace718595c6b10551e4d", kill_on_drop: false }`
[INFO] running `Command { std: "docker" "rm" "-f" "706a708b6f22113a3f2c606b783cbc49891e385a5a61ace718595c6b10551e4d", kill_on_drop: false }`
[INFO] [stdout] 706a708b6f22113a3f2c606b783cbc49891e385a5a61ace718595c6b10551e4d
[INFO] running `Command { std: "docker" "create" "-v" "/var/lib/crater-agent-workspace/builds/worker-2-tc2/target:/opt/rustwide/target:rw,Z" "-v" "/var/lib/crater-agent-workspace/builds/worker-2-tc2/source:/opt/rustwide/workdir:ro,Z" "-v" "/var/lib/crater-agent-workspace/cargo-home:/opt/rustwide/cargo-home:ro,Z" "-v" "/var/lib/crater-agent-workspace/rustup-home:/opt/rustwide/rustup-home:ro,Z" "-e" "SOURCE_DIR=/opt/rustwide/workdir" "-e" "CARGO_TARGET_DIR=/opt/rustwide/target" "-e" "CARGO_INCREMENTAL=0" "-e" "RUST_BACKTRACE=full" "-e" "RUSTFLAGS=--cap-lints=forbid -Zrandomize-layout" "-e" "RUSTDOCFLAGS=--cap-lints=forbid" "-e" "CARGO_HOME=/opt/rustwide/cargo-home" "-e" "RUSTUP_HOME=/opt/rustwide/rustup-home" "-w" "/opt/rustwide/workdir" "-m" "1610612736" "--user" "0:0" "--network" "none" "ghcr.io/rust-lang/crates-build-env/linux@sha256:4a844ea9eb2546a2d2c7022eacef16ef2e8229c7fbb2c7d4d55a9ceca922f72d" "/opt/rustwide/cargo-home/bin/cargo" "+nightly-2024-10-28" "build" "--frozen" "--message-format=json", kill_on_drop: false }`
[INFO] [stdout] a6203a3229cad592d394932b07c81a2087e0cb655e454b18d037d6b3536fa35a
[INFO] running `Command { std: "docker" "start" "-a" "a6203a3229cad592d394932b07c81a2087e0cb655e454b18d037d6b3536fa35a", kill_on_drop: false }`
[INFO] [stderr]    Compiling aes-edu v0.1.2 (/opt/rustwide/workdir)
[INFO] [stdout] warning: function `generate_keys_192` is never used
[INFO] [stdout]    --> src/lib.rs:360:8
[INFO] [stdout]     |
[INFO] [stdout] 360 |     fn generate_keys_192(password_hash: String) -> Vec<Key> {
[INFO] [stdout]     |        ^^^^^^^^^^^^^^^^^
[INFO] [stdout]     |
[INFO] [stdout]     = note: `#[warn(dead_code)]` on by default
[INFO] [stdout] 
[INFO] [stdout] 
[INFO] [stdout] warning: function `generate_keys_128` is never used
[INFO] [stdout]    --> src/lib.rs:391:8
[INFO] [stdout]     |
[INFO] [stdout] 391 |     fn generate_keys_128(password_hash: String) -> Vec<Key> {
[INFO] [stdout]     |        ^^^^^^^^^^^^^^^^^
[INFO] [stdout] 
[INFO] [stdout] 
[INFO] [stderr]     Finished `dev` profile [unoptimized + debuginfo] target(s) in 0.38s
[INFO] running `Command { std: "docker" "inspect" "a6203a3229cad592d394932b07c81a2087e0cb655e454b18d037d6b3536fa35a", kill_on_drop: false }`
[INFO] running `Command { std: "docker" "rm" "-f" "a6203a3229cad592d394932b07c81a2087e0cb655e454b18d037d6b3536fa35a", kill_on_drop: false }`
[INFO] [stdout] a6203a3229cad592d394932b07c81a2087e0cb655e454b18d037d6b3536fa35a
[INFO] running `Command { std: "docker" "create" "-v" "/var/lib/crater-agent-workspace/builds/worker-2-tc2/target:/opt/rustwide/target:rw,Z" "-v" "/var/lib/crater-agent-workspace/builds/worker-2-tc2/source:/opt/rustwide/workdir:ro,Z" "-v" "/var/lib/crater-agent-workspace/cargo-home:/opt/rustwide/cargo-home:ro,Z" "-v" "/var/lib/crater-agent-workspace/rustup-home:/opt/rustwide/rustup-home:ro,Z" "-e" "SOURCE_DIR=/opt/rustwide/workdir" "-e" "CARGO_TARGET_DIR=/opt/rustwide/target" "-e" "CARGO_INCREMENTAL=0" "-e" "RUST_BACKTRACE=full" "-e" "RUSTFLAGS=--cap-lints=forbid -Zrandomize-layout" "-e" "RUSTDOCFLAGS=--cap-lints=forbid" "-e" "CARGO_HOME=/opt/rustwide/cargo-home" "-e" "RUSTUP_HOME=/opt/rustwide/rustup-home" "-w" "/opt/rustwide/workdir" "-m" "1610612736" "--user" "0:0" "--network" "none" "ghcr.io/rust-lang/crates-build-env/linux@sha256:4a844ea9eb2546a2d2c7022eacef16ef2e8229c7fbb2c7d4d55a9ceca922f72d" "/opt/rustwide/cargo-home/bin/cargo" "+nightly-2024-10-28" "test" "--frozen" "--no-run" "--message-format=json", kill_on_drop: false }`
[INFO] [stdout] 091e7dc3dbb23c82ed3f23603453733bd9f86a9cf4e57d1aef34b3a322d05510
[INFO] running `Command { std: "docker" "start" "-a" "091e7dc3dbb23c82ed3f23603453733bd9f86a9cf4e57d1aef34b3a322d05510", kill_on_drop: false }`
[INFO] [stdout] warning: function `generate_keys_192` is never used
[INFO] [stdout]    --> src/lib.rs:360:8
[INFO] [stdout]     |
[INFO] [stdout] 360 |     fn generate_keys_192(password_hash: String) -> Vec<Key> {
[INFO] [stdout]     |        ^^^^^^^^^^^^^^^^^
[INFO] [stdout]     |
[INFO] [stdout]     = note: `#[warn(dead_code)]` on by default
[INFO] [stdout] 
[INFO] [stdout] 
[INFO] [stdout] warning: function `generate_keys_128` is never used
[INFO] [stdout]    --> src/lib.rs:391:8
[INFO] [stdout]     |
[INFO] [stdout] 391 |     fn generate_keys_128(password_hash: String) -> Vec<Key> {
[INFO] [stdout]     |        ^^^^^^^^^^^^^^^^^
[INFO] [stdout] 
[INFO] [stdout] 
[INFO] [stderr]    Compiling aes-edu v0.1.2 (/opt/rustwide/workdir)
[INFO] [stdout] warning: function `generate_keys_192` is never used
[INFO] [stdout]    --> src/lib.rs:360:8
[INFO] [stdout]     |
[INFO] [stdout] 360 |     fn generate_keys_192(password_hash: String) -> Vec<Key> {
[INFO] [stdout]     |        ^^^^^^^^^^^^^^^^^
[INFO] [stdout]     |
[INFO] [stdout]     = note: `#[warn(dead_code)]` on by default
[INFO] [stdout] 
[INFO] [stdout] 
[INFO] [stdout] warning: function `generate_keys_128` is never used
[INFO] [stdout]    --> src/lib.rs:391:8
[INFO] [stdout]     |
[INFO] [stdout] 391 |     fn generate_keys_128(password_hash: String) -> Vec<Key> {
[INFO] [stdout]     |        ^^^^^^^^^^^^^^^^^
[INFO] [stdout] 
[INFO] [stdout] 
[INFO] [stderr]     Finished `test` profile [unoptimized + debuginfo] target(s) in 0.12s
[INFO] running `Command { std: "docker" "inspect" "091e7dc3dbb23c82ed3f23603453733bd9f86a9cf4e57d1aef34b3a322d05510", kill_on_drop: false }`
[INFO] running `Command { std: "docker" "rm" "-f" "091e7dc3dbb23c82ed3f23603453733bd9f86a9cf4e57d1aef34b3a322d05510", kill_on_drop: false }`
[INFO] [stdout] 091e7dc3dbb23c82ed3f23603453733bd9f86a9cf4e57d1aef34b3a322d05510
[INFO] running `Command { std: "docker" "create" "-v" "/var/lib/crater-agent-workspace/builds/worker-2-tc2/target:/opt/rustwide/target:rw,Z" "-v" "/var/lib/crater-agent-workspace/builds/worker-2-tc2/source:/opt/rustwide/workdir:ro,Z" "-v" "/var/lib/crater-agent-workspace/cargo-home:/opt/rustwide/cargo-home:ro,Z" "-v" "/var/lib/crater-agent-workspace/rustup-home:/opt/rustwide/rustup-home:ro,Z" "-e" "SOURCE_DIR=/opt/rustwide/workdir" "-e" "CARGO_TARGET_DIR=/opt/rustwide/target" "-e" "CARGO_INCREMENTAL=0" "-e" "RUST_BACKTRACE=full" "-e" "RUSTFLAGS=--cap-lints=forbid -Zrandomize-layout" "-e" "RUSTDOCFLAGS=--cap-lints=forbid" "-e" "CARGO_HOME=/opt/rustwide/cargo-home" "-e" "RUSTUP_HOME=/opt/rustwide/rustup-home" "-w" "/opt/rustwide/workdir" "-m" "1610612736" "--user" "0:0" "--network" "none" "ghcr.io/rust-lang/crates-build-env/linux@sha256:4a844ea9eb2546a2d2c7022eacef16ef2e8229c7fbb2c7d4d55a9ceca922f72d" "/opt/rustwide/cargo-home/bin/cargo" "+nightly-2024-10-28" "test" "--frozen", kill_on_drop: false }`
[INFO] [stdout] 50783f9ea1a8ccf0bdd7d5c70d9dc385c1f98e2355bf680e348adaeab255ac00
[INFO] running `Command { std: "docker" "start" "-a" "50783f9ea1a8ccf0bdd7d5c70d9dc385c1f98e2355bf680e348adaeab255ac00", kill_on_drop: false }`
[INFO] [stderr] warning: function `generate_keys_192` is never used
[INFO] [stderr]    --> src/lib.rs:360:8
[INFO] [stderr]     |
[INFO] [stderr] 360 |     fn generate_keys_192(password_hash: String) -> Vec<Key> {
[INFO] [stderr]     |        ^^^^^^^^^^^^^^^^^
[INFO] [stderr]     |
[INFO] [stderr]     = note: `#[warn(dead_code)]` on by default
[INFO] [stderr] 
[INFO] [stderr] warning: function `generate_keys_128` is never used
[INFO] [stderr]    --> src/lib.rs:391:8
[INFO] [stderr]     |
[INFO] [stderr] 391 |     fn generate_keys_128(password_hash: String) -> Vec<Key> {
[INFO] [stderr]     |        ^^^^^^^^^^^^^^^^^
[INFO] [stderr] 
[INFO] [stderr] warning: `aes-edu` (lib) generated 2 warnings
[INFO] [stderr] warning: `aes-edu` (lib test) generated 2 warnings (2 duplicates)
[INFO] [stderr]     Finished `test` profile [unoptimized + debuginfo] target(s) in 0.00s
[INFO] [stderr]      Running unittests src/lib.rs (/opt/rustwide/target/debug/deps/aes_edu-558b35499e4b10ad)
[INFO] [stdout] 
[INFO] [stdout] running 0 tests
[INFO] [stdout] 
[INFO] [stdout] test result: ok. 0 passed; 0 failed; 0 ignored; 0 measured; 0 filtered out; finished in 0.00s
[INFO] [stdout] 
[INFO] [stderr]    Doc-tests aes_edu
[INFO] [stdout] 
[INFO] [stdout] running 11 tests
[INFO] [stdout] test src/lib.rs - functions::Block::mix_columns (line 150) ... ok
[INFO] [stdout] test src/lib.rs - functions::Block::inv_sub_bytes (line 74) ... ok
[INFO] [stdout] test src/lib.rs - functions::INV_S_BOX (line 271) ... ok
[INFO] [stdout] test src/lib.rs - functions::Block::sub_bytes (line 52) ... ok
[INFO] [stdout] test src/lib.rs - functions::Block::shift_rows (line 96) ... ok
[INFO] [stdout] test src/lib.rs - functions::Block::add_round_key (line 31) ... ok
[INFO] [stdout] test src/lib.rs - functions::Block::inv_shift_rows (line 123) ... ok
[INFO] [stdout] test src/lib.rs - functions::Block::inv_mix_columns (line 178) ... ok
[INFO] [stdout] test src/lib.rs - functions::S_BOX (line 238) ... ok
[INFO] [stdout] test src/lib.rs - key_gen::generate_keys_256 (line 319) ... FAILED
[INFO] [stdout] test src/lib.rs - functions::g_mul (line 208) ... ok
[INFO] [stdout] 
[INFO] [stdout] failures:
[INFO] [stdout] 
[INFO] [stdout] ---- src/lib.rs - key_gen::generate_keys_256 (line 319) stdout ----
[INFO] [stdout] Test executable failed (exit status: 101).
[INFO] [stdout] 
[INFO] [stdout] stdout:
[INFO] [stdout] [98, 99, 99, 99, 98, 99, 99, 99, 98, 99, 99, 99, 98, 99, 99, 99, 98, 99, 99, 99, 98, 99, 99, 99, 98, 99, 99, 99, 98, 99, 99, 99]
[INFO] [stdout] [155, 152, 152, 201, 249, 251, 251, 170, 155, 152, 152, 201, 249, 251, 251, 170, 155, 152, 152, 201, 249, 251, 251, 170, 155, 152, 152, 201, 249, 251, 251, 170]
[INFO] [stdout] [144, 151, 52, 80, 105, 108, 207, 250, 242, 244, 87, 51, 11, 15, 172, 153, 144, 151, 52, 80, 105, 108, 207, 250, 242, 244, 87, 51, 11, 15, 172, 153]
[INFO] [stdout] [238, 6, 218, 123, 135, 106, 21, 129, 117, 158, 66, 178, 126, 145, 238, 43, 238, 6, 218, 123, 135, 106, 21, 129, 117, 158, 66, 178, 126, 145, 238, 43]
[INFO] [stdout] [127, 46, 43, 136, 248, 68, 62, 9, 141, 218, 124, 187, 243, 75, 146, 144, 29, 77, 72, 235, 154, 39, 93, 106, 239, 185, 31, 216, 145, 40, 241, 243]
[INFO] [stdout] [107, 143, 38, 9, 147, 203, 24, 0, 30, 17, 100, 187, 237, 90, 246, 43, 240, 23, 190, 192, 106, 48, 227, 170, 133, 137, 252, 114, 20, 161, 13, 129]
[INFO] [stdout] [25, 88, 42, 243, 138, 147, 50, 243, 148, 130, 86, 72, 121, 216, 160, 99, 137, 207, 30, 163, 227, 255, 253, 9, 102, 118, 1, 123, 114, 215, 12, 250]
[INFO] [stdout] 
[INFO] [stdout] stderr:
[INFO] [stdout] thread 'main' panicked at src/lib.rs:9:1:
[INFO] [stdout] assertion `left == right` failed
[INFO] [stdout]   left: [155, 152, 152, 201, 249, 251, 251, 170, 155, 152, 152, 201, 249, 251, 251, 170]
[INFO] [stdout]  right: [0, 0, 0, 0, 0, 0, 0, 0, 0, 0, 0, 0, 0, 0, 0, 0]
[INFO] [stdout] stack backtrace:
[INFO] [stdout]    0:     0x5edced6455ba - std::backtrace_rs::backtrace::libunwind::trace::h207520d6e9873551
[INFO] [stdout]                                at /rustc/df4ca44d3fbc9301ee17f30f4d474e6ae4b05252/library/std/src/../../backtrace/src/backtrace/libunwind.rs:116:5
[INFO] [stdout]    1:     0x5edced6455ba - std::backtrace_rs::backtrace::trace_unsynchronized::h2ed7433f370e3eca
[INFO] [stdout]                                at /rustc/df4ca44d3fbc9301ee17f30f4d474e6ae4b05252/library/std/src/../../backtrace/src/backtrace/mod.rs:66:5
[INFO] [stdout]    2:     0x5edced6455ba - std::sys::backtrace::_print_fmt::h916fac51166b18d7
[INFO] [stdout]                                at /rustc/df4ca44d3fbc9301ee17f30f4d474e6ae4b05252/library/std/src/sys/backtrace.rs:66:9
[INFO] [stdout]    3:     0x5edced6455ba - <std::sys::backtrace::BacktraceLock::print::DisplayBacktrace as core::fmt::Display>::fmt::ha0a4c9b8ce3802e6
[INFO] [stdout]                                at /rustc/df4ca44d3fbc9301ee17f30f4d474e6ae4b05252/library/std/src/sys/backtrace.rs:39:26
[INFO] [stdout]    4:     0x5edced661653 - core::fmt::rt::Argument::fmt::h4cfc8587d52b3eb5
[INFO] [stdout]                                at /rustc/df4ca44d3fbc9301ee17f30f4d474e6ae4b05252/library/core/src/fmt/rt.rs:177:76
[INFO] [stdout]    5:     0x5edced661653 - core::fmt::write::h522cc39e5b36ae9f
[INFO] [stdout]                                at /rustc/df4ca44d3fbc9301ee17f30f4d474e6ae4b05252/library/core/src/fmt/mod.rs:1190:21
[INFO] [stdout]    6:     0x5edced642ef3 - std::io::Write::write_fmt::hf1c1dcc8cc1287f0
[INFO] [stdout]                                at /rustc/df4ca44d3fbc9301ee17f30f4d474e6ae4b05252/library/std/src/io/mod.rs:1839:15
[INFO] [stdout]    7:     0x5edced645402 - std::sys::backtrace::BacktraceLock::print::h4b9e00b29e9c0942
[INFO] [stdout]                                at /rustc/df4ca44d3fbc9301ee17f30f4d474e6ae4b05252/library/std/src/sys/backtrace.rs:42:9
[INFO] [stdout]    8:     0x5edced6463cc - std::panicking::default_hook::{{closure}}::hb59b88280d0324d9
[INFO] [stdout]                                at /rustc/df4ca44d3fbc9301ee17f30f4d474e6ae4b05252/library/std/src/panicking.rs:268:22
[INFO] [stdout]    9:     0x5edced646212 - std::panicking::default_hook::he1dd496665be4a29
[INFO] [stdout]                                at /rustc/df4ca44d3fbc9301ee17f30f4d474e6ae4b05252/library/std/src/panicking.rs:295:9
[INFO] [stdout]   10:     0x5edced6469c7 - std::panicking::rust_panic_with_hook::h2ff17fe8f26dfcf8
[INFO] [stdout]                                at /rustc/df4ca44d3fbc9301ee17f30f4d474e6ae4b05252/library/std/src/panicking.rs:801:13
[INFO] [stdout]   11:     0x5edced64685a - std::panicking::begin_panic_handler::{{closure}}::h4fad77951c07e101
[INFO] [stdout]                                at /rustc/df4ca44d3fbc9301ee17f30f4d474e6ae4b05252/library/std/src/panicking.rs:674:13
[INFO] [stdout]   12:     0x5edced645a99 - std::sys::backtrace::__rust_end_short_backtrace::hb1a25b3da5d0ea08
[INFO] [stdout]                                at /rustc/df4ca44d3fbc9301ee17f30f4d474e6ae4b05252/library/std/src/sys/backtrace.rs:170:18
[INFO] [stdout]   13:     0x5edced6464ec - rust_begin_unwind
[INFO] [stdout]                                at /rustc/df4ca44d3fbc9301ee17f30f4d474e6ae4b05252/library/std/src/panicking.rs:665:5
[INFO] [stdout]   14:     0x5edced660990 - core::panicking::panic_fmt::ha9db07b529f9b256
[INFO] [stdout]                                at /rustc/df4ca44d3fbc9301ee17f30f4d474e6ae4b05252/library/core/src/panicking.rs:75:14
[INFO] [stdout]   15:     0x5edced660c82 - core::panicking::assert_failed_inner::h04f38944d74a80a8
[INFO] [stdout]   16:     0x5edced61ec93 - core::panicking::assert_failed::hbc5ae7b94a7f57ff
[INFO] [stdout]   17:     0x5edced61eef6 - rust_out::main::_doctest_main_src_lib_rs_319_0::heb64167694db148d
[INFO] [stdout]   18:     0x5edced61ed96 - rust_out::main::ha213a30daa5df4da
[INFO] [stdout]   19:     0x5edced61ea73 - core::ops::function::FnOnce::call_once::hf7edf7132571051c
[INFO] [stdout]   20:     0x5edced61ea06 - std::sys::backtrace::__rust_begin_short_backtrace::h32fd822fd2ba4079
[INFO] [stdout]   21:     0x5edced61e9e9 - std::rt::lang_start::{{closure}}::h4039a1c394ed4f7c
[INFO] [stdout]   22:     0x5edced640a87 - core::ops::function::impls::<impl core::ops::function::FnOnce<A> for &F>::call_once::hd87d66b906e0ccaf
[INFO] [stdout]                                at /rustc/df4ca44d3fbc9301ee17f30f4d474e6ae4b05252/library/core/src/ops/function.rs:284:13
[INFO] [stdout]   23:     0x5edced640a87 - std::panicking::try::do_call::hae3703de71fc9e3a
[INFO] [stdout]                                at /rustc/df4ca44d3fbc9301ee17f30f4d474e6ae4b05252/library/std/src/panicking.rs:557:40
[INFO] [stdout]   24:     0x5edced640a87 - std::panicking::try::h1178330e9a2b2645
[INFO] [stdout]                                at /rustc/df4ca44d3fbc9301ee17f30f4d474e6ae4b05252/library/std/src/panicking.rs:520:19
[INFO] [stdout]   25:     0x5edced640a87 - std::panic::catch_unwind::h0acf49d2305d32ad
[INFO] [stdout]                                at /rustc/df4ca44d3fbc9301ee17f30f4d474e6ae4b05252/library/std/src/panic.rs:358:14
[INFO] [stdout]   26:     0x5edced640a87 - std::rt::lang_start_internal::{{closure}}::h2d95182d798177be
[INFO] [stdout]                                at /rustc/df4ca44d3fbc9301ee17f30f4d474e6ae4b05252/library/std/src/rt.rs:174:48
[INFO] [stdout]   27:     0x5edced640a87 - std::panicking::try::do_call::hb506f5bfe11fd30c
[INFO] [stdout]                                at /rustc/df4ca44d3fbc9301ee17f30f4d474e6ae4b05252/library/std/src/panicking.rs:557:40
[INFO] [stdout]   28:     0x5edced640a87 - std::panicking::try::h54d825c46bd0fa95
[INFO] [stdout]                                at /rustc/df4ca44d3fbc9301ee17f30f4d474e6ae4b05252/library/std/src/panicking.rs:520:19
[INFO] [stdout]   29:     0x5edced640a87 - std::panic::catch_unwind::hffbb0ad20c4e9fac
[INFO] [stdout]                                at /rustc/df4ca44d3fbc9301ee17f30f4d474e6ae4b05252/library/std/src/panic.rs:358:14
[INFO] [stdout]   30:     0x5edced640a87 - std::rt::lang_start_internal::h52c291ef1962c925
[INFO] [stdout]                                at /rustc/df4ca44d3fbc9301ee17f30f4d474e6ae4b05252/library/std/src/rt.rs:174:20
[INFO] [stdout]   31:     0x5edced61e9c7 - std::rt::lang_start::h8c6075cd6f225ba1
[INFO] [stdout]   32:     0x5edced61ef45 - main
[INFO] [stdout]   33:     0x7bb2a4c7bd90 - <unknown>
[INFO] [stdout]   34:     0x7bb2a4c7be40 - __libc_start_main
[INFO] [stdout]   35:     0x5edced61e8d5 - _start
[INFO] [stdout]   36:                0x0 - <unknown>
[INFO] [stdout] 
[INFO] [stdout] 
[INFO] [stdout] 
[INFO] [stdout] failures:
[INFO] [stdout]     src/lib.rs - key_gen::generate_keys_256 (line 319)
[INFO] [stdout] 
[INFO] [stdout] test result: FAILED. 10 passed; 1 failed; 0 ignored; 0 measured; 0 filtered out; finished in 0.32s
[INFO] [stdout] 
[INFO] [stderr] error: doctest failed, to rerun pass `--doc`
[INFO] running `Command { std: "docker" "inspect" "50783f9ea1a8ccf0bdd7d5c70d9dc385c1f98e2355bf680e348adaeab255ac00", kill_on_drop: false }`
[INFO] running `Command { std: "docker" "rm" "-f" "50783f9ea1a8ccf0bdd7d5c70d9dc385c1f98e2355bf680e348adaeab255ac00", kill_on_drop: false }`
[INFO] [stdout] 50783f9ea1a8ccf0bdd7d5c70d9dc385c1f98e2355bf680e348adaeab255ac00
