[INFO] cloning repository https://github.com/Gelbpunkt/imageproc-lite
[INFO] running `Command { std: "git" "-c" "credential.helper=" "-c" "credential.helper=/workspace/cargo-home/bin/git-credential-null" "clone" "--bare" "https://github.com/Gelbpunkt/imageproc-lite" "/workspace/cache/git-repos/https%3A%2F%2Fgithub.com%2FGelbpunkt%2Fimageproc-lite", kill_on_drop: false }`
[INFO] [stderr] Cloning into bare repository '/workspace/cache/git-repos/https%3A%2F%2Fgithub.com%2FGelbpunkt%2Fimageproc-lite'...
[INFO] running `Command { std: "git" "rev-parse" "HEAD", kill_on_drop: false }`
[INFO] [stdout] 518ecdb112a01883bb5839513a5da327efdeeb3a
[INFO] testing Gelbpunkt/imageproc-lite/518ecdb112a01883bb5839513a5da327efdeeb3a against nightly-2024-10-28 for randomize-layout
[INFO] running `Command { std: "git" "clone" "/workspace/cache/git-repos/https%3A%2F%2Fgithub.com%2FGelbpunkt%2Fimageproc-lite" "/workspace/builds/worker-7-tc1/source", kill_on_drop: false }`
[INFO] [stderr] Cloning into '/workspace/builds/worker-7-tc1/source'...
[INFO] [stderr] done.
[INFO] validating manifest of git repo https://github.com/Gelbpunkt/imageproc-lite on toolchain nightly-2024-10-28
[INFO] running `Command { std: CARGO_HOME="/workspace/cargo-home" RUSTUP_HOME="/workspace/rustup-home" "/workspace/cargo-home/bin/cargo" "+nightly-2024-10-28" "metadata" "--manifest-path" "Cargo.toml" "--no-deps", kill_on_drop: false }`
[INFO] started tweaking git repo https://github.com/Gelbpunkt/imageproc-lite
[INFO] finished tweaking git repo https://github.com/Gelbpunkt/imageproc-lite
[INFO] tweaked toml for git repo https://github.com/Gelbpunkt/imageproc-lite written to /workspace/builds/worker-7-tc1/source/Cargo.toml
[INFO] crate git repo https://github.com/Gelbpunkt/imageproc-lite already has a lockfile, it will not be regenerated
[INFO] running `Command { std: CARGO_HOME="/workspace/cargo-home" RUSTUP_HOME="/workspace/rustup-home" "/workspace/cargo-home/bin/cargo" "+nightly-2024-10-28" "fetch" "--manifest-path" "Cargo.toml", kill_on_drop: false }`
[INFO] [stderr]     Updating git repository `https://github.com/image-rs/image.git`
[INFO] [stderr]     Blocking waiting for file lock on package cache
[INFO] running `Command { std: "docker" "create" "-v" "/var/lib/crater-agent-workspace/builds/worker-7-tc1/target:/opt/rustwide/target:rw,Z" "-v" "/var/lib/crater-agent-workspace/builds/worker-7-tc1/source:/opt/rustwide/workdir:ro,Z" "-v" "/var/lib/crater-agent-workspace/cargo-home:/opt/rustwide/cargo-home:ro,Z" "-v" "/var/lib/crater-agent-workspace/rustup-home:/opt/rustwide/rustup-home:ro,Z" "-e" "SOURCE_DIR=/opt/rustwide/workdir" "-e" "CARGO_TARGET_DIR=/opt/rustwide/target" "-e" "CARGO_HOME=/opt/rustwide/cargo-home" "-e" "RUSTUP_HOME=/opt/rustwide/rustup-home" "-w" "/opt/rustwide/workdir" "-m" "1610612736" "--user" "0:0" "--network" "none" "ghcr.io/rust-lang/crates-build-env/linux@sha256:4a844ea9eb2546a2d2c7022eacef16ef2e8229c7fbb2c7d4d55a9ceca922f72d" "/opt/rustwide/cargo-home/bin/cargo" "+nightly-2024-10-28" "metadata" "--no-deps" "--format-version=1", kill_on_drop: false }`
[INFO] [stdout] 18530605dfe426f1634768f4550fa07386968b86dff29842ab1d25006e69978a
[INFO] running `Command { std: "docker" "start" "-a" "18530605dfe426f1634768f4550fa07386968b86dff29842ab1d25006e69978a", kill_on_drop: false }`
[INFO] running `Command { std: "docker" "inspect" "18530605dfe426f1634768f4550fa07386968b86dff29842ab1d25006e69978a", kill_on_drop: false }`
[INFO] running `Command { std: "docker" "rm" "-f" "18530605dfe426f1634768f4550fa07386968b86dff29842ab1d25006e69978a", kill_on_drop: false }`
[INFO] [stdout] 18530605dfe426f1634768f4550fa07386968b86dff29842ab1d25006e69978a
[INFO] running `Command { std: "docker" "create" "-v" "/var/lib/crater-agent-workspace/builds/worker-7-tc1/target:/opt/rustwide/target:rw,Z" "-v" "/var/lib/crater-agent-workspace/builds/worker-7-tc1/source:/opt/rustwide/workdir:ro,Z" "-v" "/var/lib/crater-agent-workspace/cargo-home:/opt/rustwide/cargo-home:ro,Z" "-v" "/var/lib/crater-agent-workspace/rustup-home:/opt/rustwide/rustup-home:ro,Z" "-e" "SOURCE_DIR=/opt/rustwide/workdir" "-e" "CARGO_TARGET_DIR=/opt/rustwide/target" "-e" "CARGO_INCREMENTAL=0" "-e" "RUST_BACKTRACE=full" "-e" "RUSTFLAGS=--cap-lints=forbid" "-e" "RUSTDOCFLAGS=--cap-lints=forbid" "-e" "CARGO_HOME=/opt/rustwide/cargo-home" "-e" "RUSTUP_HOME=/opt/rustwide/rustup-home" "-w" "/opt/rustwide/workdir" "-m" "1610612736" "--user" "0:0" "--network" "none" "ghcr.io/rust-lang/crates-build-env/linux@sha256:4a844ea9eb2546a2d2c7022eacef16ef2e8229c7fbb2c7d4d55a9ceca922f72d" "/opt/rustwide/cargo-home/bin/cargo" "+nightly-2024-10-28" "build" "--frozen" "--message-format=json", kill_on_drop: false }`
[INFO] [stdout] 83b5ddd5a3e9c41e2ca6c78333621c3efbdc479ac4373feb1b42b2d92f69ab5f
[INFO] running `Command { std: "docker" "start" "-a" "83b5ddd5a3e9c41e2ca6c78333621c3efbdc479ac4373feb1b42b2d92f69ab5f", kill_on_drop: false }`
[INFO] [stderr]    Compiling autocfg v1.0.1
[INFO] [stderr]    Compiling ttf-parser v0.14.0
[INFO] [stderr]    Compiling bytemuck v1.7.3
[INFO] [stderr]    Compiling ab_glyph_rasterizer v0.1.5
[INFO] [stderr]    Compiling custom_derive v0.1.7
[INFO] [stderr]    Compiling color_quant v1.1.0
[INFO] [stderr]    Compiling byteorder v1.4.3
[INFO] [stderr]    Compiling conv v0.3.3
[INFO] [stderr]    Compiling num-traits v0.2.14
[INFO] [stderr]    Compiling num-integer v0.1.44
[INFO] [stderr]    Compiling num-iter v0.1.42
[INFO] [stderr]    Compiling num-rational v0.4.0
[INFO] [stderr]    Compiling owned_ttf_parser v0.14.0
[INFO] [stderr]    Compiling ab_glyph v0.2.13
[INFO] [stderr]    Compiling image v0.24.0-alpha (https://github.com/image-rs/image.git?branch=master#9d70ecf5)
[INFO] [stderr]    Compiling imageproc-lite v0.1.0 (/opt/rustwide/workdir)
[INFO] [stderr]     Finished `dev` profile [unoptimized + debuginfo] target(s) in 3.80s
[INFO] running `Command { std: "docker" "inspect" "83b5ddd5a3e9c41e2ca6c78333621c3efbdc479ac4373feb1b42b2d92f69ab5f", kill_on_drop: false }`
[INFO] running `Command { std: "docker" "rm" "-f" "83b5ddd5a3e9c41e2ca6c78333621c3efbdc479ac4373feb1b42b2d92f69ab5f", kill_on_drop: false }`
[INFO] [stdout] 83b5ddd5a3e9c41e2ca6c78333621c3efbdc479ac4373feb1b42b2d92f69ab5f
[INFO] running `Command { std: "docker" "create" "-v" "/var/lib/crater-agent-workspace/builds/worker-7-tc1/target:/opt/rustwide/target:rw,Z" "-v" "/var/lib/crater-agent-workspace/builds/worker-7-tc1/source:/opt/rustwide/workdir:ro,Z" "-v" "/var/lib/crater-agent-workspace/cargo-home:/opt/rustwide/cargo-home:ro,Z" "-v" "/var/lib/crater-agent-workspace/rustup-home:/opt/rustwide/rustup-home:ro,Z" "-e" "SOURCE_DIR=/opt/rustwide/workdir" "-e" "CARGO_TARGET_DIR=/opt/rustwide/target" "-e" "CARGO_INCREMENTAL=0" "-e" "RUST_BACKTRACE=full" "-e" "RUSTFLAGS=--cap-lints=forbid" "-e" "RUSTDOCFLAGS=--cap-lints=forbid" "-e" "CARGO_HOME=/opt/rustwide/cargo-home" "-e" "RUSTUP_HOME=/opt/rustwide/rustup-home" "-w" "/opt/rustwide/workdir" "-m" "1610612736" "--user" "0:0" "--network" "none" "ghcr.io/rust-lang/crates-build-env/linux@sha256:4a844ea9eb2546a2d2c7022eacef16ef2e8229c7fbb2c7d4d55a9ceca922f72d" "/opt/rustwide/cargo-home/bin/cargo" "+nightly-2024-10-28" "test" "--frozen" "--no-run" "--message-format=json", kill_on_drop: false }`
[INFO] [stdout] bfe095244c43b4e7f0ed02c4e6452572e28cd1495e4fcb813f4ac516d54a196b
[INFO] running `Command { std: "docker" "start" "-a" "bfe095244c43b4e7f0ed02c4e6452572e28cd1495e4fcb813f4ac516d54a196b", kill_on_drop: false }`
[INFO] [stderr]    Compiling imageproc-lite v0.1.0 (/opt/rustwide/workdir)
[INFO] [stderr]     Finished `test` profile [unoptimized + debuginfo] target(s) in 0.30s
[INFO] running `Command { std: "docker" "inspect" "bfe095244c43b4e7f0ed02c4e6452572e28cd1495e4fcb813f4ac516d54a196b", kill_on_drop: false }`
[INFO] running `Command { std: "docker" "rm" "-f" "bfe095244c43b4e7f0ed02c4e6452572e28cd1495e4fcb813f4ac516d54a196b", kill_on_drop: false }`
[INFO] [stdout] bfe095244c43b4e7f0ed02c4e6452572e28cd1495e4fcb813f4ac516d54a196b
[INFO] running `Command { std: "docker" "create" "-v" "/var/lib/crater-agent-workspace/builds/worker-7-tc1/target:/opt/rustwide/target:rw,Z" "-v" "/var/lib/crater-agent-workspace/builds/worker-7-tc1/source:/opt/rustwide/workdir:ro,Z" "-v" "/var/lib/crater-agent-workspace/cargo-home:/opt/rustwide/cargo-home:ro,Z" "-v" "/var/lib/crater-agent-workspace/rustup-home:/opt/rustwide/rustup-home:ro,Z" "-e" "SOURCE_DIR=/opt/rustwide/workdir" "-e" "CARGO_TARGET_DIR=/opt/rustwide/target" "-e" "CARGO_INCREMENTAL=0" "-e" "RUST_BACKTRACE=full" "-e" "RUSTFLAGS=--cap-lints=forbid" "-e" "RUSTDOCFLAGS=--cap-lints=forbid" "-e" "CARGO_HOME=/opt/rustwide/cargo-home" "-e" "RUSTUP_HOME=/opt/rustwide/rustup-home" "-w" "/opt/rustwide/workdir" "-m" "1610612736" "--user" "0:0" "--network" "none" "ghcr.io/rust-lang/crates-build-env/linux@sha256:4a844ea9eb2546a2d2c7022eacef16ef2e8229c7fbb2c7d4d55a9ceca922f72d" "/opt/rustwide/cargo-home/bin/cargo" "+nightly-2024-10-28" "test" "--frozen", kill_on_drop: false }`
[INFO] [stdout] 54c409b60ded95e625228b5c9a2fe5371cb1e9abf0100f8a56151fb50df1de94
[INFO] running `Command { std: "docker" "start" "-a" "54c409b60ded95e625228b5c9a2fe5371cb1e9abf0100f8a56151fb50df1de94", kill_on_drop: false }`
[INFO] [stderr]     Finished `test` profile [unoptimized + debuginfo] target(s) in 0.03s
[INFO] [stderr]      Running unittests src/lib.rs (/opt/rustwide/target/debug/deps/imageproc_lite-8d8900ddd3f879d6)
[INFO] [stdout] 
[INFO] [stdout] running 0 tests
[INFO] [stdout] 
[INFO] [stdout] test result: ok. 0 passed; 0 failed; 0 ignored; 0 measured; 0 filtered out; finished in 0.00s
[INFO] [stdout] 
[INFO] [stderr]    Doc-tests imageproc_lite
[INFO] [stdout] 
[INFO] [stdout] running 2 tests
[INFO] [stdout] test src/lib.rs - Canvas (line 755) ... FAILED
[INFO] [stdout] test src/lib.rs - weighted_sum (line 861) ... FAILED
[INFO] [stdout] 
[INFO] [stdout] failures:
[INFO] [stdout] 
[INFO] [stdout] ---- src/lib.rs - Canvas (line 755) stdout ----
[INFO] [stdout] error[E0463]: can't find crate for `imageproc`
[INFO] [stdout]  --> src/lib.rs:758:1
[INFO] [stdout]   |
[INFO] [stdout] 4 | extern crate imageproc;
[INFO] [stdout]   | ^^^^^^^^^^^^^^^^^^^^^^^ can't find crate
[INFO] [stdout] 
[INFO] [stdout] error: aborting due to 1 previous error
[INFO] [stdout] 
[INFO] [stdout] For more information about this error, try `rustc --explain E0463`.
[INFO] [stdout] Couldn't compile the test.
[INFO] [stdout] ---- src/lib.rs - weighted_sum (line 861) stdout ----
[INFO] [stdout] error[E0463]: can't find crate for `imageproc`
[INFO] [stdout]  --> src/lib.rs:863:1
[INFO] [stdout]   |
[INFO] [stdout] 3 | extern crate imageproc;
[INFO] [stdout]   | ^^^^^^^^^^^^^^^^^^^^^^^ can't find crate
[INFO] [stdout] 
[INFO] [stdout] error: aborting due to 1 previous error
[INFO] [stdout] 
[INFO] [stdout] For more information about this error, try `rustc --explain E0463`.
[INFO] [stdout] Couldn't compile the test.
[INFO] [stdout] 
[INFO] [stdout] failures:
[INFO] [stdout]     src/lib.rs - Canvas (line 755)
[INFO] [stdout]     src/lib.rs - weighted_sum (line 861)
[INFO] [stdout] 
[INFO] [stdout] test result: FAILED. 0 passed; 2 failed; 0 ignored; 0 measured; 0 filtered out; finished in 0.06s
[INFO] [stdout] 
[INFO] [stderr] error: doctest failed, to rerun pass `--doc`
[INFO] running `Command { std: "docker" "inspect" "54c409b60ded95e625228b5c9a2fe5371cb1e9abf0100f8a56151fb50df1de94", kill_on_drop: false }`
[INFO] running `Command { std: "docker" "rm" "-f" "54c409b60ded95e625228b5c9a2fe5371cb1e9abf0100f8a56151fb50df1de94", kill_on_drop: false }`
[INFO] [stdout] 54c409b60ded95e625228b5c9a2fe5371cb1e9abf0100f8a56151fb50df1de94
