[INFO] cloning repository https://github.com/Gaonuk/zero2prod
[INFO] running `Command { std: "git" "-c" "credential.helper=" "-c" "credential.helper=/workspace/cargo-home/bin/git-credential-null" "clone" "--bare" "https://github.com/Gaonuk/zero2prod" "/workspace/cache/git-repos/https%3A%2F%2Fgithub.com%2FGaonuk%2Fzero2prod", kill_on_drop: false }`
[INFO] [stderr] Cloning into bare repository '/workspace/cache/git-repos/https%3A%2F%2Fgithub.com%2FGaonuk%2Fzero2prod'...
[INFO] running `Command { std: "git" "rev-parse" "HEAD", kill_on_drop: false }`
[INFO] [stdout] 7631b01c3673fc399eb033931f082bdbcb2c0d8b
[INFO] testing Gaonuk/zero2prod/7631b01c3673fc399eb033931f082bdbcb2c0d8b against nightly-2024-10-28 for randomize-layout
[INFO] running `Command { std: "git" "clone" "/workspace/cache/git-repos/https%3A%2F%2Fgithub.com%2FGaonuk%2Fzero2prod" "/workspace/builds/worker-1-tc1/source", kill_on_drop: false }`
[INFO] [stderr] Cloning into '/workspace/builds/worker-1-tc1/source'...
[INFO] [stderr] done.
[INFO] validating manifest of git repo https://github.com/Gaonuk/zero2prod on toolchain nightly-2024-10-28
[INFO] running `Command { std: CARGO_HOME="/workspace/cargo-home" RUSTUP_HOME="/workspace/rustup-home" "/workspace/cargo-home/bin/cargo" "+nightly-2024-10-28" "metadata" "--manifest-path" "Cargo.toml" "--no-deps", kill_on_drop: false }`
[INFO] started tweaking git repo https://github.com/Gaonuk/zero2prod
[INFO] finished tweaking git repo https://github.com/Gaonuk/zero2prod
[INFO] tweaked toml for git repo https://github.com/Gaonuk/zero2prod written to /workspace/builds/worker-1-tc1/source/Cargo.toml
[INFO] crate git repo https://github.com/Gaonuk/zero2prod already has a lockfile, it will not be regenerated
[INFO] running `Command { std: CARGO_HOME="/workspace/cargo-home" RUSTUP_HOME="/workspace/rustup-home" "/workspace/cargo-home/bin/cargo" "+nightly-2024-10-28" "fetch" "--manifest-path" "Cargo.toml", kill_on_drop: false }`
[INFO] [stderr]  Downloading crates ...
[INFO] [stderr]   Downloaded actix-http v3.7.0
[INFO] [stderr]   Downloaded actix-web v4.6.0
[INFO] running `Command { std: "docker" "create" "-v" "/var/lib/crater-agent-workspace/builds/worker-1-tc1/target:/opt/rustwide/target:rw,Z" "-v" "/var/lib/crater-agent-workspace/builds/worker-1-tc1/source:/opt/rustwide/workdir:ro,Z" "-v" "/var/lib/crater-agent-workspace/cargo-home:/opt/rustwide/cargo-home:ro,Z" "-v" "/var/lib/crater-agent-workspace/rustup-home:/opt/rustwide/rustup-home:ro,Z" "-e" "SOURCE_DIR=/opt/rustwide/workdir" "-e" "CARGO_TARGET_DIR=/opt/rustwide/target" "-e" "CARGO_HOME=/opt/rustwide/cargo-home" "-e" "RUSTUP_HOME=/opt/rustwide/rustup-home" "-w" "/opt/rustwide/workdir" "-m" "1610612736" "--user" "0:0" "--network" "none" "ghcr.io/rust-lang/crates-build-env/linux@sha256:4a844ea9eb2546a2d2c7022eacef16ef2e8229c7fbb2c7d4d55a9ceca922f72d" "/opt/rustwide/cargo-home/bin/cargo" "+nightly-2024-10-28" "metadata" "--no-deps" "--format-version=1", kill_on_drop: false }`
[INFO] [stdout] 598d3dbe04eabdaacbbaa0d3f7829da496f64eca921023a049bfd778afb25f13
[INFO] running `Command { std: "docker" "start" "-a" "598d3dbe04eabdaacbbaa0d3f7829da496f64eca921023a049bfd778afb25f13", kill_on_drop: false }`
[INFO] running `Command { std: "docker" "inspect" "598d3dbe04eabdaacbbaa0d3f7829da496f64eca921023a049bfd778afb25f13", kill_on_drop: false }`
[INFO] running `Command { std: "docker" "rm" "-f" "598d3dbe04eabdaacbbaa0d3f7829da496f64eca921023a049bfd778afb25f13", kill_on_drop: false }`
[INFO] [stdout] 598d3dbe04eabdaacbbaa0d3f7829da496f64eca921023a049bfd778afb25f13
[INFO] running `Command { std: "docker" "create" "-v" "/var/lib/crater-agent-workspace/builds/worker-1-tc1/target:/opt/rustwide/target:rw,Z" "-v" "/var/lib/crater-agent-workspace/builds/worker-1-tc1/source:/opt/rustwide/workdir:ro,Z" "-v" "/var/lib/crater-agent-workspace/cargo-home:/opt/rustwide/cargo-home:ro,Z" "-v" "/var/lib/crater-agent-workspace/rustup-home:/opt/rustwide/rustup-home:ro,Z" "-e" "SOURCE_DIR=/opt/rustwide/workdir" "-e" "CARGO_TARGET_DIR=/opt/rustwide/target" "-e" "CARGO_INCREMENTAL=0" "-e" "RUST_BACKTRACE=full" "-e" "RUSTFLAGS=--cap-lints=forbid" "-e" "RUSTDOCFLAGS=--cap-lints=forbid" "-e" "CARGO_HOME=/opt/rustwide/cargo-home" "-e" "RUSTUP_HOME=/opt/rustwide/rustup-home" "-w" "/opt/rustwide/workdir" "-m" "1610612736" "--user" "0:0" "--network" "none" "ghcr.io/rust-lang/crates-build-env/linux@sha256:4a844ea9eb2546a2d2c7022eacef16ef2e8229c7fbb2c7d4d55a9ceca922f72d" "/opt/rustwide/cargo-home/bin/cargo" "+nightly-2024-10-28" "build" "--frozen" "--message-format=json", kill_on_drop: false }`
[INFO] [stdout] ad4018b78907aada1195996783cc55ce3620811939bd5e28303feb48b1d22e75
[INFO] running `Command { std: "docker" "start" "-a" "ad4018b78907aada1195996783cc55ce3620811939bd5e28303feb48b1d22e75", kill_on_drop: false }`
[INFO] [stderr]    Compiling proc-macro2 v1.0.85
[INFO] [stderr]    Compiling log v0.4.21
[INFO] [stderr]    Compiling bytes v1.6.0
[INFO] [stderr]    Compiling jobserver v0.1.31
[INFO] [stderr]    Compiling typenum v1.17.0
[INFO] [stderr]    Compiling num_cpus v1.16.0
[INFO] [stderr]    Compiling generic-array v0.14.7
[INFO] [stderr]    Compiling regex-syntax v0.8.3
[INFO] [stderr]    Compiling mio v0.8.11
[INFO] [stderr]    Compiling serde v1.0.203
[INFO] [stderr]    Compiling cc v1.0.98
[INFO] [stderr]    Compiling memchr v2.7.2
[INFO] [stderr]    Compiling http v0.2.12
[INFO] [stderr]    Compiling tracing v0.1.40
[INFO] [stderr]    Compiling quote v1.0.36
[INFO] [stderr]    Compiling syn v2.0.66
[INFO] [stderr]    Compiling getrandom v0.2.15
[INFO] [stderr]    Compiling percent-encoding v2.3.1
[INFO] [stderr]    Compiling paste v1.0.15
[INFO] [stderr]    Compiling bytestring v1.3.1
[INFO] [stderr]    Compiling alloc-no-stdlib v2.0.4
[INFO] [stderr]    Compiling zstd-safe v7.1.0
[INFO] [stderr]    Compiling futures-task v0.3.30
[INFO] [stderr]    Compiling local-waker v0.1.4
[INFO] [stderr]    Compiling syn v1.0.109
[INFO] [stderr]    Compiling tinyvec_macros v0.1.1
[INFO] [stderr]    Compiling aho-corasick v1.1.3
[INFO] [stderr]    Compiling tinyvec v1.6.0
[INFO] [stderr]    Compiling zstd-sys v2.0.10+zstd.1.5.6
[INFO] [stderr]    Compiling futures-util v0.3.30
[INFO] [stderr]    Compiling alloc-stdlib v0.2.2
[INFO] [stderr]    Compiling block-buffer v0.10.4
[INFO] [stderr]    Compiling crypto-common v0.1.6
[INFO] [stderr]    Compiling rand_core v0.6.4
[INFO] [stderr]    Compiling regex-automata v0.4.6
[INFO] [stderr]    Compiling ahash v0.8.11
[INFO] [stderr]    Compiling tracing-core v0.1.32
[INFO] [stderr]    Compiling httparse v1.8.0
[INFO] [stderr]    Compiling regex-lite v0.1.5
[INFO] [stderr]    Compiling ppv-lite86 v0.2.17
[INFO] [stderr]    Compiling rand_chacha v0.3.1
[INFO] [stderr]    Compiling time-macros v0.2.18
[INFO] [stderr]    Compiling indexmap v2.2.6
[INFO] [stderr]    Compiling miniz_oxide v0.7.3
[INFO] [stderr]    Compiling regex v1.10.4
[INFO] [stderr]    Compiling actix-service v2.0.2
[INFO] [stderr]    Compiling unicode-normalization v0.1.23
[INFO] [stderr]    Compiling digest v0.10.7
[INFO] [stderr]    Compiling brotli-decompressor v4.0.1
[INFO] [stderr]    Compiling actix-utils v3.0.1
[INFO] [stderr]    Compiling form_urlencoded v1.2.1
[INFO] [stderr]    Compiling tokio-macros v2.3.0
[INFO] [stderr]    Compiling cookie v0.16.2
[INFO] [stderr]    Compiling crc32fast v1.4.2
[INFO] [stderr]    Compiling convert_case v0.4.0
[INFO] [stderr]    Compiling cpufeatures v0.2.12
[INFO] [stderr]    Compiling bitflags v2.5.0
[INFO] [stderr]    Compiling serde_json v1.0.117
[INFO] [stderr]    Compiling unicode-bidi v0.3.15
[INFO] [stderr]    Compiling tokio v1.38.0
[INFO] [stderr]    Compiling zerocopy v0.7.34
[INFO] [stderr]    Compiling idna v0.5.0
[INFO] [stderr]    Compiling brotli v6.0.0
[INFO] [stderr]    Compiling sha1 v0.10.6
[INFO] [stderr]    Compiling flate2 v1.0.30
[INFO] [stderr]    Compiling time v0.3.36
[INFO] [stderr]    Compiling actix-router v0.5.3
[INFO] [stderr]    Compiling rand v0.8.5
[INFO] [stderr]    Compiling local-channel v0.1.5
[INFO] [stderr]    Compiling encoding_rs v0.8.34
[INFO] [stderr]    Compiling derive_more v0.99.17
[INFO] [stderr]    Compiling language-tags v0.3.2
[INFO] [stderr]    Compiling mime v0.3.17
[INFO] [stderr]    Compiling base64 v0.22.1
[INFO] [stderr]    Compiling actix-web-codegen v4.2.2
[INFO] [stderr]    Compiling tokio-util v0.7.11
[INFO] [stderr]    Compiling actix-rt v2.9.0
[INFO] [stderr]    Compiling url v2.5.0
[INFO] [stderr]    Compiling actix-codec v0.5.2
[INFO] [stderr]    Compiling h2 v0.3.26
[INFO] [stderr]    Compiling actix-server v2.3.0
[INFO] [stderr]    Compiling serde_urlencoded v0.7.1
[INFO] [stderr]    Compiling actix-macros v0.2.4
[INFO] [stderr]    Compiling zstd v0.13.1
[INFO] [stderr]    Compiling actix-http v3.7.0
[INFO] [stderr]    Compiling actix-web v4.6.0
[INFO] [stderr]    Compiling zero2prod v0.1.0 (/opt/rustwide/workdir)
[INFO] [stderr]     Finished `dev` profile [unoptimized + debuginfo] target(s) in 17.79s
[INFO] running `Command { std: "docker" "inspect" "ad4018b78907aada1195996783cc55ce3620811939bd5e28303feb48b1d22e75", kill_on_drop: false }`
[INFO] running `Command { std: "docker" "rm" "-f" "ad4018b78907aada1195996783cc55ce3620811939bd5e28303feb48b1d22e75", kill_on_drop: false }`
[INFO] [stdout] ad4018b78907aada1195996783cc55ce3620811939bd5e28303feb48b1d22e75
[INFO] running `Command { std: "docker" "create" "-v" "/var/lib/crater-agent-workspace/builds/worker-1-tc1/target:/opt/rustwide/target:rw,Z" "-v" "/var/lib/crater-agent-workspace/builds/worker-1-tc1/source:/opt/rustwide/workdir:ro,Z" "-v" "/var/lib/crater-agent-workspace/cargo-home:/opt/rustwide/cargo-home:ro,Z" "-v" "/var/lib/crater-agent-workspace/rustup-home:/opt/rustwide/rustup-home:ro,Z" "-e" "SOURCE_DIR=/opt/rustwide/workdir" "-e" "CARGO_TARGET_DIR=/opt/rustwide/target" "-e" "CARGO_INCREMENTAL=0" "-e" "RUST_BACKTRACE=full" "-e" "RUSTFLAGS=--cap-lints=forbid" "-e" "RUSTDOCFLAGS=--cap-lints=forbid" "-e" "CARGO_HOME=/opt/rustwide/cargo-home" "-e" "RUSTUP_HOME=/opt/rustwide/rustup-home" "-w" "/opt/rustwide/workdir" "-m" "1610612736" "--user" "0:0" "--network" "none" "ghcr.io/rust-lang/crates-build-env/linux@sha256:4a844ea9eb2546a2d2c7022eacef16ef2e8229c7fbb2c7d4d55a9ceca922f72d" "/opt/rustwide/cargo-home/bin/cargo" "+nightly-2024-10-28" "test" "--frozen" "--no-run" "--message-format=json", kill_on_drop: false }`
[INFO] [stdout] 132e4cd27fc048873557d8c7bd0447b1fd880568fb12c0314775059fd1dcad83
[INFO] running `Command { std: "docker" "start" "-a" "132e4cd27fc048873557d8c7bd0447b1fd880568fb12c0314775059fd1dcad83", kill_on_drop: false }`
[INFO] [stderr]    Compiling openssl-sys v0.9.102
[INFO] [stderr]    Compiling openssl v0.10.64
[INFO] [stderr]    Compiling openssl-macros v0.1.1
[INFO] [stderr]    Compiling http-body v0.4.6
[INFO] [stderr]    Compiling tower-service v0.3.2
[INFO] [stderr]    Compiling base64 v0.21.7
[INFO] [stderr]    Compiling ipnet v2.9.0
[INFO] [stderr]    Compiling sync_wrapper v0.1.2
[INFO] [stderr]    Compiling hyper v0.14.28
[INFO] [stderr]    Compiling rustls-pemfile v1.0.4
[INFO] [stderr]    Compiling native-tls v0.2.12
[INFO] [stderr]    Compiling tokio-native-tls v0.3.1
[INFO] [stderr]    Compiling hyper-tls v0.5.0
[INFO] [stderr]    Compiling reqwest v0.11.27
[INFO] [stderr]    Compiling zero2prod v0.1.0 (/opt/rustwide/workdir)
[INFO] [stderr]     Finished `test` profile [unoptimized + debuginfo] target(s) in 5.49s
[INFO] running `Command { std: "docker" "inspect" "132e4cd27fc048873557d8c7bd0447b1fd880568fb12c0314775059fd1dcad83", kill_on_drop: false }`
[INFO] running `Command { std: "docker" "rm" "-f" "132e4cd27fc048873557d8c7bd0447b1fd880568fb12c0314775059fd1dcad83", kill_on_drop: false }`
[INFO] [stdout] 132e4cd27fc048873557d8c7bd0447b1fd880568fb12c0314775059fd1dcad83
[INFO] running `Command { std: "docker" "create" "-v" "/var/lib/crater-agent-workspace/builds/worker-1-tc1/target:/opt/rustwide/target:rw,Z" "-v" "/var/lib/crater-agent-workspace/builds/worker-1-tc1/source:/opt/rustwide/workdir:ro,Z" "-v" "/var/lib/crater-agent-workspace/cargo-home:/opt/rustwide/cargo-home:ro,Z" "-v" "/var/lib/crater-agent-workspace/rustup-home:/opt/rustwide/rustup-home:ro,Z" "-e" "SOURCE_DIR=/opt/rustwide/workdir" "-e" "CARGO_TARGET_DIR=/opt/rustwide/target" "-e" "CARGO_INCREMENTAL=0" "-e" "RUST_BACKTRACE=full" "-e" "RUSTFLAGS=--cap-lints=forbid" "-e" "RUSTDOCFLAGS=--cap-lints=forbid" "-e" "CARGO_HOME=/opt/rustwide/cargo-home" "-e" "RUSTUP_HOME=/opt/rustwide/rustup-home" "-w" "/opt/rustwide/workdir" "-m" "1610612736" "--user" "0:0" "--network" "none" "ghcr.io/rust-lang/crates-build-env/linux@sha256:4a844ea9eb2546a2d2c7022eacef16ef2e8229c7fbb2c7d4d55a9ceca922f72d" "/opt/rustwide/cargo-home/bin/cargo" "+nightly-2024-10-28" "test" "--frozen", kill_on_drop: false }`
[INFO] [stdout] 8970d71bd8b0c6c663ab1676bdb08a8db7970c581f99001bbf8cc4f1ffb2b8df
[INFO] running `Command { std: "docker" "start" "-a" "8970d71bd8b0c6c663ab1676bdb08a8db7970c581f99001bbf8cc4f1ffb2b8df", kill_on_drop: false }`
[INFO] [stderr]     Finished `test` profile [unoptimized + debuginfo] target(s) in 0.09s
[INFO] [stderr]      Running unittests src/lib.rs (/opt/rustwide/target/debug/deps/zero2prod-d55670ad6709a1ae)
[INFO] [stdout] 
[INFO] [stdout] running 0 tests
[INFO] [stdout] 
[INFO] [stdout] test result: ok. 0 passed; 0 failed; 0 ignored; 0 measured; 0 filtered out; finished in 0.00s
[INFO] [stdout] 
[INFO] [stderr]      Running unittests src/main.rs (/opt/rustwide/target/debug/deps/zero2prod-571f715c91014d44)
[INFO] [stdout] 
[INFO] [stdout] running 0 tests
[INFO] [stdout] 
[INFO] [stdout] test result: ok. 0 passed; 0 failed; 0 ignored; 0 measured; 0 filtered out; finished in 0.00s
[INFO] [stdout] 
[INFO] [stderr]      Running tests/health_check.rs (/opt/rustwide/target/debug/deps/health_check-8ed374b0f16bb51d)
[INFO] [stdout] 
[INFO] [stdout] running 1 test
[INFO] [stdout] test health_check_works ... FAILED
[INFO] [stdout] 
[INFO] [stdout] failures:
[INFO] [stdout] 
[INFO] [stdout] ---- health_check_works stdout ----
[INFO] [stdout] thread 'health_check_works' panicked at tests/health_check.rs:13:10:
[INFO] [stdout] Failed to execute request.: reqwest::Error { kind: Request, url: Url { scheme: "http", cannot_be_a_base: false, username: "", password: None, host: Some(Ipv4(127.0.0.1)), port: Some(8000), path: "/health_check", query: None, fragment: None }, source: hyper::Error(Connect, ConnectError("tcp connect error", Os { code: 111, kind: ConnectionRefused, message: "Connection refused" })) }
[INFO] [stdout] stack backtrace:
[INFO] [stdout]    0:     0x573e67e6c09a - std::backtrace_rs::backtrace::libunwind::trace::h207520d6e9873551
[INFO] [stdout]                                at /rustc/df4ca44d3fbc9301ee17f30f4d474e6ae4b05252/library/std/src/../../backtrace/src/backtrace/libunwind.rs:116:5
[INFO] [stdout]    1:     0x573e67e6c09a - std::backtrace_rs::backtrace::trace_unsynchronized::h2ed7433f370e3eca
[INFO] [stdout]                                at /rustc/df4ca44d3fbc9301ee17f30f4d474e6ae4b05252/library/std/src/../../backtrace/src/backtrace/mod.rs:66:5
[INFO] [stdout]    2:     0x573e67e6c09a - std::sys::backtrace::_print_fmt::h916fac51166b18d7
[INFO] [stdout]                                at /rustc/df4ca44d3fbc9301ee17f30f4d474e6ae4b05252/library/std/src/sys/backtrace.rs:66:9
[INFO] [stdout]    3:     0x573e67e6c09a - <std::sys::backtrace::BacktraceLock::print::DisplayBacktrace as core::fmt::Display>::fmt::ha0a4c9b8ce3802e6
[INFO] [stdout]                                at /rustc/df4ca44d3fbc9301ee17f30f4d474e6ae4b05252/library/std/src/sys/backtrace.rs:39:26
[INFO] [stdout]    4:     0x573e67e97543 - core::fmt::rt::Argument::fmt::h4cfc8587d52b3eb5
[INFO] [stdout]                                at /rustc/df4ca44d3fbc9301ee17f30f4d474e6ae4b05252/library/core/src/fmt/rt.rs:177:76
[INFO] [stdout]    5:     0x573e67e97543 - core::fmt::write::h522cc39e5b36ae9f
[INFO] [stdout]                                at /rustc/df4ca44d3fbc9301ee17f30f4d474e6ae4b05252/library/core/src/fmt/mod.rs:1190:21
[INFO] [stdout]    6:     0x573e67e68063 - std::io::Write::write_fmt::h7d3c26752da97734
[INFO] [stdout]                                at /rustc/df4ca44d3fbc9301ee17f30f4d474e6ae4b05252/library/std/src/io/mod.rs:1839:15
[INFO] [stdout]    7:     0x573e67e6bee2 - std::sys::backtrace::BacktraceLock::print::h4b9e00b29e9c0942
[INFO] [stdout]                                at /rustc/df4ca44d3fbc9301ee17f30f4d474e6ae4b05252/library/std/src/sys/backtrace.rs:42:9
[INFO] [stdout]    8:     0x573e67e6d52a - std::panicking::default_hook::{{closure}}::hb59b88280d0324d9
[INFO] [stdout]                                at /rustc/df4ca44d3fbc9301ee17f30f4d474e6ae4b05252/library/std/src/panicking.rs:268:22
[INFO] [stdout]    9:     0x573e67e6d334 - std::panicking::default_hook::he1dd496665be4a29
[INFO] [stdout]                                at /rustc/df4ca44d3fbc9301ee17f30f4d474e6ae4b05252/library/std/src/panicking.rs:292:9
[INFO] [stdout]   10:     0x573e67d6a0d9 - <alloc::boxed::Box<F,A> as core::ops::function::Fn<Args>>::call::h4ff71de18744e1dc
[INFO] [stdout]                                at /rustc/df4ca44d3fbc9301ee17f30f4d474e6ae4b05252/library/alloc/src/boxed.rs:2468:9
[INFO] [stdout]   11:     0x573e67d6a0d9 - test::test_main::{{closure}}::hcf7c055ce117aa81
[INFO] [stdout]                                at /rustc/df4ca44d3fbc9301ee17f30f4d474e6ae4b05252/library/test/src/lib.rs:133:21
[INFO] [stdout]   12:     0x573e67e6dc28 - <alloc::boxed::Box<F,A> as core::ops::function::Fn<Args>>::call::h1d66c6bbd60c9692
[INFO] [stdout]                                at /rustc/df4ca44d3fbc9301ee17f30f4d474e6ae4b05252/library/alloc/src/boxed.rs:2468:9
[INFO] [stdout]   13:     0x573e67e6dc28 - std::panicking::rust_panic_with_hook::h2ff17fe8f26dfcf8
[INFO] [stdout]                                at /rustc/df4ca44d3fbc9301ee17f30f4d474e6ae4b05252/library/std/src/panicking.rs:809:13
[INFO] [stdout]   14:     0x573e67e6d9ea - std::panicking::begin_panic_handler::{{closure}}::h4fad77951c07e101
[INFO] [stdout]                                at /rustc/df4ca44d3fbc9301ee17f30f4d474e6ae4b05252/library/std/src/panicking.rs:674:13
[INFO] [stdout]   15:     0x573e67e6c579 - std::sys::backtrace::__rust_end_short_backtrace::hb1a25b3da5d0ea08
[INFO] [stdout]                                at /rustc/df4ca44d3fbc9301ee17f30f4d474e6ae4b05252/library/std/src/sys/backtrace.rs:170:18
[INFO] [stdout]   16:     0x573e67e6d67c - rust_begin_unwind
[INFO] [stdout]                                at /rustc/df4ca44d3fbc9301ee17f30f4d474e6ae4b05252/library/std/src/panicking.rs:665:5
[INFO] [stdout]   17:     0x573e67e947c0 - core::panicking::panic_fmt::ha9db07b529f9b256
[INFO] [stdout]                                at /rustc/df4ca44d3fbc9301ee17f30f4d474e6ae4b05252/library/core/src/panicking.rs:75:14
[INFO] [stdout]   18:     0x573e67e94ca6 - core::result::unwrap_failed::h5e8218e4d4338b8a
[INFO] [stdout]                                at /rustc/df4ca44d3fbc9301ee17f30f4d474e6ae4b05252/library/core/src/result.rs:1698:5
[INFO] [stdout]   19:     0x573e674dce0f - core::result::Result<T,E>::expect::heb08c0aaea086378
[INFO] [stdout]                                at /rustc/df4ca44d3fbc9301ee17f30f4d474e6ae4b05252/library/core/src/result.rs:1060:23
[INFO] [stdout]   20:     0x573e674e0426 - health_check::health_check_works::{{closure}}::h4dc0e010f9863c01
[INFO] [stdout]                                at /opt/rustwide/workdir/tests/health_check.rs:9:20
[INFO] [stdout]   21:     0x573e674dfbd2 - <core::pin::Pin<P> as core::future::future::Future>::poll::h53f307d9f9aed17b
[INFO] [stdout]                                at /rustc/df4ca44d3fbc9301ee17f30f4d474e6ae4b05252/library/core/src/future/future.rs:123:9
[INFO] [stdout]   22:     0x573e674dfc4d - <core::pin::Pin<P> as core::future::future::Future>::poll::hfe3dc233e99f4151
[INFO] [stdout]                                at /rustc/df4ca44d3fbc9301ee17f30f4d474e6ae4b05252/library/core/src/future/future.rs:123:9
[INFO] [stdout]   23:     0x573e674d597f - tokio::runtime::scheduler::current_thread::CoreGuard::block_on::{{closure}}::{{closure}}::{{closure}}::ha5e52865619f104a
[INFO] [stdout]                                at /opt/rustwide/cargo-home/registry/src/index.crates.io-6f17d22bba15001f/tokio-1.38.0/src/runtime/scheduler/current_thread/mod.rs:659:57
[INFO] [stdout]   24:     0x573e674d58c5 - tokio::runtime::coop::with_budget::h03aa34feb8ec2c8f
[INFO] [stdout]                                at /opt/rustwide/cargo-home/registry/src/index.crates.io-6f17d22bba15001f/tokio-1.38.0/src/runtime/coop.rs:107:5
[INFO] [stdout]   25:     0x573e674d58c5 - tokio::runtime::coop::budget::h2f2c8c853800fe43
[INFO] [stdout]                                at /opt/rustwide/cargo-home/registry/src/index.crates.io-6f17d22bba15001f/tokio-1.38.0/src/runtime/coop.rs:73:5
[INFO] [stdout]   26:     0x573e674d58c5 - tokio::runtime::scheduler::current_thread::CoreGuard::block_on::{{closure}}::{{closure}}::h539153bf3b26d7ab
[INFO] [stdout]                                at /opt/rustwide/cargo-home/registry/src/index.crates.io-6f17d22bba15001f/tokio-1.38.0/src/runtime/scheduler/current_thread/mod.rs:659:25
[INFO] [stdout]   27:     0x573e674d4370 - tokio::runtime::scheduler::current_thread::Context::enter::h9ca57fc78e80df71
[INFO] [stdout]                                at /opt/rustwide/cargo-home/registry/src/index.crates.io-6f17d22bba15001f/tokio-1.38.0/src/runtime/scheduler/current_thread/mod.rs:404:19
[INFO] [stdout]   28:     0x573e674d511e - tokio::runtime::scheduler::current_thread::CoreGuard::block_on::{{closure}}::h033c2386f8c0cb76
[INFO] [stdout]                                at /opt/rustwide/cargo-home/registry/src/index.crates.io-6f17d22bba15001f/tokio-1.38.0/src/runtime/scheduler/current_thread/mod.rs:658:36
[INFO] [stdout]   29:     0x573e674d4e94 - tokio::runtime::scheduler::current_thread::CoreGuard::enter::{{closure}}::h150f4b34e85a9b94
[INFO] [stdout]                                at /opt/rustwide/cargo-home/registry/src/index.crates.io-6f17d22bba15001f/tokio-1.38.0/src/runtime/scheduler/current_thread/mod.rs:737:68
[INFO] [stdout]   30:     0x573e674deb3b - tokio::runtime::context::scoped::Scoped<T>::set::h06ccc92d5827b3c8
[INFO] [stdout]                                at /opt/rustwide/cargo-home/registry/src/index.crates.io-6f17d22bba15001f/tokio-1.38.0/src/runtime/context/scoped.rs:40:9
[INFO] [stdout]   31:     0x573e674de979 - tokio::runtime::context::set_scheduler::{{closure}}::h0ae0de40c83e1ff3
[INFO] [stdout]                                at /opt/rustwide/cargo-home/registry/src/index.crates.io-6f17d22bba15001f/tokio-1.38.0/src/runtime/context.rs:180:26
[INFO] [stdout]   32:     0x573e674d654d - std::thread::local::LocalKey<T>::try_with::h8dc2882591626741
[INFO] [stdout]                                at /rustc/df4ca44d3fbc9301ee17f30f4d474e6ae4b05252/library/std/src/thread/local.rs:283:12
[INFO] [stdout]   33:     0x573e674d5fca - std::thread::local::LocalKey<T>::with::hbfe9429d9d4dfe5b
[INFO] [stdout]                                at /rustc/df4ca44d3fbc9301ee17f30f4d474e6ae4b05252/library/std/src/thread/local.rs:260:9
[INFO] [stdout]   34:     0x573e674de92d - tokio::runtime::context::set_scheduler::hdbfce739f158d977
[INFO] [stdout]                                at /opt/rustwide/cargo-home/registry/src/index.crates.io-6f17d22bba15001f/tokio-1.38.0/src/runtime/context.rs:180:9
[INFO] [stdout]   35:     0x573e674d4c40 - tokio::runtime::scheduler::current_thread::CoreGuard::enter::h650ff96ca4be1ca6
[INFO] [stdout]                                at /opt/rustwide/cargo-home/registry/src/index.crates.io-6f17d22bba15001f/tokio-1.38.0/src/runtime/scheduler/current_thread/mod.rs:737:27
[INFO] [stdout]   36:     0x573e674d4eb3 - tokio::runtime::scheduler::current_thread::CoreGuard::block_on::heda7ed1baf6461e1
[INFO] [stdout]                                at /opt/rustwide/cargo-home/registry/src/index.crates.io-6f17d22bba15001f/tokio-1.38.0/src/runtime/scheduler/current_thread/mod.rs:646:19
[INFO] [stdout]   37:     0x573e674d39dd - tokio::runtime::scheduler::current_thread::CurrentThread::block_on::{{closure}}::he40cbbd8c1048207
[INFO] [stdout]                                at /opt/rustwide/cargo-home/registry/src/index.crates.io-6f17d22bba15001f/tokio-1.38.0/src/runtime/scheduler/current_thread/mod.rs:175:28
[INFO] [stdout]   38:     0x573e674df0a6 - tokio::runtime::context::runtime::enter_runtime::h392d9e9eccc89b5c
[INFO] [stdout]                                at /opt/rustwide/cargo-home/registry/src/index.crates.io-6f17d22bba15001f/tokio-1.38.0/src/runtime/context/runtime.rs:65:16
[INFO] [stdout]   39:     0x573e674d38f1 - tokio::runtime::scheduler::current_thread::CurrentThread::block_on::he2d89fce22b8865c
[INFO] [stdout]                                at /opt/rustwide/cargo-home/registry/src/index.crates.io-6f17d22bba15001f/tokio-1.38.0/src/runtime/scheduler/current_thread/mod.rs:167:9
[INFO] [stdout]   40:     0x573e674df88d - tokio::runtime::runtime::Runtime::block_on::hb2c6a42754c4192e
[INFO] [stdout]                                at /opt/rustwide/cargo-home/registry/src/index.crates.io-6f17d22bba15001f/tokio-1.38.0/src/runtime/runtime.rs:347:47
[INFO] [stdout]   41:     0x573e674e0125 - health_check::health_check_works::h7d62ae7df014959f
[INFO] [stdout]                                at /opt/rustwide/workdir/tests/health_check.rs:16:5
[INFO] [stdout]   42:     0x573e674dffc7 - health_check::health_check_works::{{closure}}::h5732035e8b9347b0
[INFO] [stdout]                                at /opt/rustwide/workdir/tests/health_check.rs:2:30
[INFO] [stdout]   43:     0x573e674d6d46 - core::ops::function::FnOnce::call_once::hd3651d96f8de32b9
[INFO] [stdout]                                at /rustc/df4ca44d3fbc9301ee17f30f4d474e6ae4b05252/library/core/src/ops/function.rs:250:5
[INFO] [stdout]   44:     0x573e67d6e9ab - core::ops::function::FnOnce::call_once::h22c3ba5715e93f05
[INFO] [stdout]                                at /rustc/df4ca44d3fbc9301ee17f30f4d474e6ae4b05252/library/core/src/ops/function.rs:250:5
[INFO] [stdout]   45:     0x573e67d6e9ab - test::__rust_begin_short_backtrace::h8e82d8113d0da17f
[INFO] [stdout]                                at /rustc/df4ca44d3fbc9301ee17f30f4d474e6ae4b05252/library/test/src/lib.rs:621:18
[INFO] [stdout]   46:     0x573e67d6e327 - test::run_test_in_process::{{closure}}::h33235f4f20b7b7c7
[INFO] [stdout]                                at /rustc/df4ca44d3fbc9301ee17f30f4d474e6ae4b05252/library/test/src/lib.rs:644:60
[INFO] [stdout]   47:     0x573e67d6e327 - <core::panic::unwind_safe::AssertUnwindSafe<F> as core::ops::function::FnOnce<()>>::call_once::hb5043206310c586f
[INFO] [stdout]                                at /rustc/df4ca44d3fbc9301ee17f30f4d474e6ae4b05252/library/core/src/panic/unwind_safe.rs:272:9
[INFO] [stdout]   48:     0x573e67d6e327 - std::panicking::try::do_call::h9ad4731a60ab23e2
[INFO] [stdout]                                at /rustc/df4ca44d3fbc9301ee17f30f4d474e6ae4b05252/library/std/src/panicking.rs:557:40
[INFO] [stdout]   49:     0x573e67d6e327 - std::panicking::try::h3824d23db772a716
[INFO] [stdout]                                at /rustc/df4ca44d3fbc9301ee17f30f4d474e6ae4b05252/library/std/src/panicking.rs:520:19
[INFO] [stdout]   50:     0x573e67d6e327 - std::panic::catch_unwind::h5afd514605fde46b
[INFO] [stdout]                                at /rustc/df4ca44d3fbc9301ee17f30f4d474e6ae4b05252/library/std/src/panic.rs:358:14
[INFO] [stdout]   51:     0x573e67d6e327 - test::run_test_in_process::h0d5cbfa7067d1720
[INFO] [stdout]                                at /rustc/df4ca44d3fbc9301ee17f30f4d474e6ae4b05252/library/test/src/lib.rs:644:27
[INFO] [stdout]   52:     0x573e67d6e327 - test::run_test::{{closure}}::h708eb8872708115d
[INFO] [stdout]                                at /rustc/df4ca44d3fbc9301ee17f30f4d474e6ae4b05252/library/test/src/lib.rs:565:43
[INFO] [stdout]   53:     0x573e67d31a44 - test::run_test::{{closure}}::h392c51cee94713ab
[INFO] [stdout]                                at /rustc/df4ca44d3fbc9301ee17f30f4d474e6ae4b05252/library/test/src/lib.rs:595:41
[INFO] [stdout]   54:     0x573e67d31a44 - std::sys::backtrace::__rust_begin_short_backtrace::h2f40290710935a8b
[INFO] [stdout]                                at /rustc/df4ca44d3fbc9301ee17f30f4d474e6ae4b05252/library/std/src/sys/backtrace.rs:154:18
[INFO] [stdout]   55:     0x573e67d351ee - std::thread::Builder::spawn_unchecked_::{{closure}}::{{closure}}::h3fd968d89053a903
[INFO] [stdout]                                at /rustc/df4ca44d3fbc9301ee17f30f4d474e6ae4b05252/library/std/src/thread/mod.rs:541:17
[INFO] [stdout]   56:     0x573e67d351ee - <core::panic::unwind_safe::AssertUnwindSafe<F> as core::ops::function::FnOnce<()>>::call_once::h743f637ba4229880
[INFO] [stdout]                                at /rustc/df4ca44d3fbc9301ee17f30f4d474e6ae4b05252/library/core/src/panic/unwind_safe.rs:272:9
[INFO] [stdout]   57:     0x573e67d351ee - std::panicking::try::do_call::h07440897322525a6
[INFO] [stdout]                                at /rustc/df4ca44d3fbc9301ee17f30f4d474e6ae4b05252/library/std/src/panicking.rs:557:40
[INFO] [stdout]   58:     0x573e67d351ee - std::panicking::try::he5a2e00188156637
[INFO] [stdout]                                at /rustc/df4ca44d3fbc9301ee17f30f4d474e6ae4b05252/library/std/src/panicking.rs:520:19
[INFO] [stdout]   59:     0x573e67d351ee - std::panic::catch_unwind::hbaf3cae49b3c6433
[INFO] [stdout]                                at /rustc/df4ca44d3fbc9301ee17f30f4d474e6ae4b05252/library/std/src/panic.rs:358:14
[INFO] [stdout]   60:     0x573e67d351ee - std::thread::Builder::spawn_unchecked_::{{closure}}::h8e141ea224820bce
[INFO] [stdout]                                at /rustc/df4ca44d3fbc9301ee17f30f4d474e6ae4b05252/library/std/src/thread/mod.rs:540:30
[INFO] [stdout]   61:     0x573e67d351ee - core::ops::function::FnOnce::call_once{{vtable.shim}}::h90d312fedd7b8ea8
[INFO] [stdout]                                at /rustc/df4ca44d3fbc9301ee17f30f4d474e6ae4b05252/library/core/src/ops/function.rs:250:5
[INFO] [stdout]   62:     0x573e67e71f3b - <alloc::boxed::Box<F,A> as core::ops::function::FnOnce<Args>>::call_once::h69aa08ddb6adb8b6
[INFO] [stdout]                                at /rustc/df4ca44d3fbc9301ee17f30f4d474e6ae4b05252/library/alloc/src/boxed.rs:2454:9
[INFO] [stdout]   63:     0x573e67e71f3b - <alloc::boxed::Box<F,A> as core::ops::function::FnOnce<Args>>::call_once::h5aa36efdb79c806f
[INFO] [stdout]                                at /rustc/df4ca44d3fbc9301ee17f30f4d474e6ae4b05252/library/alloc/src/boxed.rs:2454:9
[INFO] [stdout]   64:     0x573e67e71f3b - std::sys::pal::unix::thread::Thread::new::thread_start::h6cd80a1b4be5158d
[INFO] [stdout]                                at /rustc/df4ca44d3fbc9301ee17f30f4d474e6ae4b05252/library/std/src/sys/pal/unix/thread.rs:105:17
[INFO] [stdout]   65:     0x7d0fd2325ac3 - <unknown>
[INFO] [stdout]   66:     0x7d0fd23b6a04 - clone
[INFO] [stdout]   67:                0x0 - <unknown>
[INFO] [stdout] 
[INFO] [stdout] 
[INFO] [stdout] failures:
[INFO] [stdout]     health_check_works
[INFO] [stdout] 
[INFO] [stdout] test result: FAILED. 0 passed; 1 failed; 0 ignored; 0 measured; 0 filtered out; finished in 0.08s
[INFO] [stdout] 
[INFO] [stderr] error: test failed, to rerun pass `--test health_check`
[INFO] running `Command { std: "docker" "inspect" "8970d71bd8b0c6c663ab1676bdb08a8db7970c581f99001bbf8cc4f1ffb2b8df", kill_on_drop: false }`
[INFO] running `Command { std: "docker" "rm" "-f" "8970d71bd8b0c6c663ab1676bdb08a8db7970c581f99001bbf8cc4f1ffb2b8df", kill_on_drop: false }`
[INFO] [stdout] 8970d71bd8b0c6c663ab1676bdb08a8db7970c581f99001bbf8cc4f1ffb2b8df
