[INFO] cloning repository https://github.com/GabrielDertoni/compiladores
[INFO] running `Command { std: "git" "-c" "credential.helper=" "-c" "credential.helper=/workspace/cargo-home/bin/git-credential-null" "clone" "--bare" "https://github.com/GabrielDertoni/compiladores" "/workspace/cache/git-repos/https%3A%2F%2Fgithub.com%2FGabrielDertoni%2Fcompiladores", kill_on_drop: false }`
[INFO] [stderr] Cloning into bare repository '/workspace/cache/git-repos/https%3A%2F%2Fgithub.com%2FGabrielDertoni%2Fcompiladores'...
[INFO] running `Command { std: "git" "rev-parse" "HEAD", kill_on_drop: false }`
[INFO] [stdout] 7ce880ba40773f294bc68b3f35e086050c442ed0
[INFO] testing GabrielDertoni/compiladores/7ce880ba40773f294bc68b3f35e086050c442ed0 against nightly-2024-10-28+rustflags=-Zrandomize-layout for randomize-layout
[INFO] running `Command { std: "git" "clone" "/workspace/cache/git-repos/https%3A%2F%2Fgithub.com%2FGabrielDertoni%2Fcompiladores" "/workspace/builds/worker-1-tc2/source", kill_on_drop: false }`
[INFO] [stderr] Cloning into '/workspace/builds/worker-1-tc2/source'...
[INFO] [stderr] done.
[INFO] validating manifest of git repo https://github.com/GabrielDertoni/compiladores on toolchain nightly-2024-10-28
[INFO] running `Command { std: CARGO_HOME="/workspace/cargo-home" RUSTUP_HOME="/workspace/rustup-home" "/workspace/cargo-home/bin/cargo" "+nightly-2024-10-28" "metadata" "--manifest-path" "Cargo.toml" "--no-deps", kill_on_drop: false }`
[INFO] started tweaking git repo https://github.com/GabrielDertoni/compiladores
[INFO] finished tweaking git repo https://github.com/GabrielDertoni/compiladores
[INFO] tweaked toml for git repo https://github.com/GabrielDertoni/compiladores written to /workspace/builds/worker-1-tc2/source/Cargo.toml
[INFO] crate git repo https://github.com/GabrielDertoni/compiladores already has a lockfile, it will not be regenerated
[INFO] running `Command { std: CARGO_HOME="/workspace/cargo-home" RUSTUP_HOME="/workspace/rustup-home" "/workspace/cargo-home/bin/cargo" "+nightly-2024-10-28" "fetch" "--manifest-path" "Cargo.toml", kill_on_drop: false }`
[INFO] [stderr] warning: virtual workspace defaulting to `resolver = "1"` despite one or more workspace members being on edition 2021 which implies `resolver = "2"`
[INFO] [stderr] note: to keep the current resolver, specify `workspace.resolver = "1"` in the workspace root's manifest
[INFO] [stderr] note: to use the edition 2021 resolver, specify `workspace.resolver = "2"` in the workspace root's manifest
[INFO] [stderr] note: for more details see https://doc.rust-lang.org/cargo/reference/resolver.html#resolver-versions
[INFO] running `Command { std: "docker" "create" "-v" "/var/lib/crater-agent-workspace/builds/worker-1-tc2/target:/opt/rustwide/target:rw,Z" "-v" "/var/lib/crater-agent-workspace/builds/worker-1-tc2/source:/opt/rustwide/workdir:ro,Z" "-v" "/var/lib/crater-agent-workspace/cargo-home:/opt/rustwide/cargo-home:ro,Z" "-v" "/var/lib/crater-agent-workspace/rustup-home:/opt/rustwide/rustup-home:ro,Z" "-e" "SOURCE_DIR=/opt/rustwide/workdir" "-e" "CARGO_TARGET_DIR=/opt/rustwide/target" "-e" "CARGO_HOME=/opt/rustwide/cargo-home" "-e" "RUSTUP_HOME=/opt/rustwide/rustup-home" "-w" "/opt/rustwide/workdir" "-m" "1610612736" "--user" "0:0" "--network" "none" "ghcr.io/rust-lang/crates-build-env/linux@sha256:4a844ea9eb2546a2d2c7022eacef16ef2e8229c7fbb2c7d4d55a9ceca922f72d" "/opt/rustwide/cargo-home/bin/cargo" "+nightly-2024-10-28" "metadata" "--no-deps" "--format-version=1", kill_on_drop: false }`
[INFO] [stdout] df71bffb13ab0c05cff196d53a07835b56611a8947429b19e77e48e1930cab91
[INFO] running `Command { std: "docker" "start" "-a" "df71bffb13ab0c05cff196d53a07835b56611a8947429b19e77e48e1930cab91", kill_on_drop: false }`
[INFO] running `Command { std: "docker" "inspect" "df71bffb13ab0c05cff196d53a07835b56611a8947429b19e77e48e1930cab91", kill_on_drop: false }`
[INFO] running `Command { std: "docker" "rm" "-f" "df71bffb13ab0c05cff196d53a07835b56611a8947429b19e77e48e1930cab91", kill_on_drop: false }`
[INFO] [stdout] df71bffb13ab0c05cff196d53a07835b56611a8947429b19e77e48e1930cab91
[INFO] running `Command { std: "docker" "create" "-v" "/var/lib/crater-agent-workspace/builds/worker-1-tc2/target:/opt/rustwide/target:rw,Z" "-v" "/var/lib/crater-agent-workspace/builds/worker-1-tc2/source:/opt/rustwide/workdir:ro,Z" "-v" "/var/lib/crater-agent-workspace/cargo-home:/opt/rustwide/cargo-home:ro,Z" "-v" "/var/lib/crater-agent-workspace/rustup-home:/opt/rustwide/rustup-home:ro,Z" "-e" "SOURCE_DIR=/opt/rustwide/workdir" "-e" "CARGO_TARGET_DIR=/opt/rustwide/target" "-e" "CARGO_INCREMENTAL=0" "-e" "RUST_BACKTRACE=full" "-e" "RUSTFLAGS=--cap-lints=forbid -Zrandomize-layout" "-e" "RUSTDOCFLAGS=--cap-lints=forbid" "-e" "CARGO_HOME=/opt/rustwide/cargo-home" "-e" "RUSTUP_HOME=/opt/rustwide/rustup-home" "-w" "/opt/rustwide/workdir" "-m" "1610612736" "--user" "0:0" "--network" "none" "ghcr.io/rust-lang/crates-build-env/linux@sha256:4a844ea9eb2546a2d2c7022eacef16ef2e8229c7fbb2c7d4d55a9ceca922f72d" "/opt/rustwide/cargo-home/bin/cargo" "+nightly-2024-10-28" "build" "--frozen" "--message-format=json", kill_on_drop: false }`
[INFO] [stdout] d6f002cd2a896cd936cd100c635d04f089c92fd0bd054c8c859d49c72939d8a7
[INFO] running `Command { std: "docker" "start" "-a" "d6f002cd2a896cd936cd100c635d04f089c92fd0bd054c8c859d49c72939d8a7", kill_on_drop: false }`
[INFO] [stderr] warning: virtual workspace defaulting to `resolver = "1"` despite one or more workspace members being on edition 2021 which implies `resolver = "2"`
[INFO] [stderr] note: to keep the current resolver, specify `workspace.resolver = "1"` in the workspace root's manifest
[INFO] [stderr] note: to use the edition 2021 resolver, specify `workspace.resolver = "2"` in the workspace root's manifest
[INFO] [stderr] note: for more details see https://doc.rust-lang.org/cargo/reference/resolver.html#resolver-versions
[INFO] [stderr]    Compiling proc-macro2 v1.0.64
[INFO] [stderr]    Compiling unicode-ident v1.0.10
[INFO] [stderr]    Compiling quote v1.0.29
[INFO] [stderr]    Compiling regex-syntax v0.6.29
[INFO] [stderr]    Compiling beef v0.5.2
[INFO] [stderr]    Compiling fnv v1.0.7
[INFO] [stderr]    Compiling ast v0.1.0 (/opt/rustwide/workdir/ast)
[INFO] [stderr]    Compiling type-check v0.1.0 (/opt/rustwide/workdir/type-check)
[INFO] [stdout] warning: unused import: `Instr::*`
[INFO] [stdout]     --> type-check/src/lib.rs:1004:9
[INFO] [stdout]      |
[INFO] [stdout] 1004 |     use Instr::*;
[INFO] [stdout]      |         ^^^^^^^^
[INFO] [stdout]      |
[INFO] [stdout]      = note: `#[warn(unused_imports)]` on by default
[INFO] [stdout] 
[INFO] [stdout] 
[INFO] [stdout] warning: unused variable: `instr`
[INFO] [stdout]     --> type-check/src/lib.rs:1006:9
[INFO] [stdout]      |
[INFO] [stdout] 1006 |     for instr in instrs {}
[INFO] [stdout]      |         ^^^^^ help: if this is intentional, prefix it with an underscore: `_instr`
[INFO] [stdout]      |
[INFO] [stdout]      = note: `#[warn(unused_variables)]` on by default
[INFO] [stdout] 
[INFO] [stdout] 
[INFO] [stdout] warning: unused variable: `w`
[INFO] [stdout]     --> type-check/src/lib.rs:1002:9
[INFO] [stdout]      |
[INFO] [stdout] 1002 |     mut w: W,
[INFO] [stdout]      |         ^ help: if this is intentional, prefix it with an underscore: `_w`
[INFO] [stdout] 
[INFO] [stdout] 
[INFO] [stdout] warning: variable does not need to be mutable
[INFO] [stdout]     --> type-check/src/lib.rs:1002:5
[INFO] [stdout]      |
[INFO] [stdout] 1002 |     mut w: W,
[INFO] [stdout]      |     ----^
[INFO] [stdout]      |     |
[INFO] [stdout]      |     help: remove this `mut`
[INFO] [stdout]      |
[INFO] [stdout]      = note: `#[warn(unused_mut)]` on by default
[INFO] [stdout] 
[INFO] [stdout] 
[INFO] [stdout] warning: fields `frame` and `code` are never read
[INFO] [stdout]    --> type-check/src/lib.rs:527:5
[INFO] [stdout]     |
[INFO] [stdout] 526 | pub struct Function {
[INFO] [stdout]     |            -------- fields in this struct
[INFO] [stdout] 527 |     frame: Frame,
[INFO] [stdout]     |     ^^^^^
[INFO] [stdout] 528 |     code: Vec<Instr>,
[INFO] [stdout]     |     ^^^^
[INFO] [stdout]     |
[INFO] [stdout]     = note: `Function` has derived impls for the traits `Clone` and `Debug`, but these are intentionally ignored during dead code analysis
[INFO] [stdout]     = note: `#[warn(dead_code)]` on by default
[INFO] [stdout] 
[INFO] [stdout] 
[INFO] [stdout] warning: field `globals` is never read
[INFO] [stdout]    --> type-check/src/lib.rs:585:5
[INFO] [stdout]     |
[INFO] [stdout] 584 | pub struct Codegen {
[INFO] [stdout]     |            ------- field in this struct
[INFO] [stdout] 585 |     globals: HashMap<ast::Ident, usize>,
[INFO] [stdout]     |     ^^^^^^^
[INFO] [stdout] 
[INFO] [stdout] 
[INFO] [stderr]    Compiling syn v2.0.25
[INFO] [stderr]    Compiling logos-codegen v0.13.0
[INFO] [stderr]    Compiling logos-derive v0.13.0
[INFO] [stderr]    Compiling logos v0.13.0
[INFO] [stderr]    Compiling parser v0.1.0 (/opt/rustwide/workdir/parser)
[INFO] [stderr]     Finished `dev` profile [unoptimized + debuginfo] target(s) in 4.83s
[INFO] running `Command { std: "docker" "inspect" "d6f002cd2a896cd936cd100c635d04f089c92fd0bd054c8c859d49c72939d8a7", kill_on_drop: false }`
[INFO] running `Command { std: "docker" "rm" "-f" "d6f002cd2a896cd936cd100c635d04f089c92fd0bd054c8c859d49c72939d8a7", kill_on_drop: false }`
[INFO] [stdout] d6f002cd2a896cd936cd100c635d04f089c92fd0bd054c8c859d49c72939d8a7
[INFO] running `Command { std: "docker" "create" "-v" "/var/lib/crater-agent-workspace/builds/worker-1-tc2/target:/opt/rustwide/target:rw,Z" "-v" "/var/lib/crater-agent-workspace/builds/worker-1-tc2/source:/opt/rustwide/workdir:ro,Z" "-v" "/var/lib/crater-agent-workspace/cargo-home:/opt/rustwide/cargo-home:ro,Z" "-v" "/var/lib/crater-agent-workspace/rustup-home:/opt/rustwide/rustup-home:ro,Z" "-e" "SOURCE_DIR=/opt/rustwide/workdir" "-e" "CARGO_TARGET_DIR=/opt/rustwide/target" "-e" "CARGO_INCREMENTAL=0" "-e" "RUST_BACKTRACE=full" "-e" "RUSTFLAGS=--cap-lints=forbid -Zrandomize-layout" "-e" "RUSTDOCFLAGS=--cap-lints=forbid" "-e" "CARGO_HOME=/opt/rustwide/cargo-home" "-e" "RUSTUP_HOME=/opt/rustwide/rustup-home" "-w" "/opt/rustwide/workdir" "-m" "1610612736" "--user" "0:0" "--network" "none" "ghcr.io/rust-lang/crates-build-env/linux@sha256:4a844ea9eb2546a2d2c7022eacef16ef2e8229c7fbb2c7d4d55a9ceca922f72d" "/opt/rustwide/cargo-home/bin/cargo" "+nightly-2024-10-28" "test" "--frozen" "--no-run" "--message-format=json", kill_on_drop: false }`
[INFO] [stdout] 76fb1dab43dbfc78f0101427c540c9a9a12dada768f9ac4efe28220706c0a629
[INFO] running `Command { std: "docker" "start" "-a" "76fb1dab43dbfc78f0101427c540c9a9a12dada768f9ac4efe28220706c0a629", kill_on_drop: false }`
[INFO] [stderr] warning: virtual workspace defaulting to `resolver = "1"` despite one or more workspace members being on edition 2021 which implies `resolver = "2"`
[INFO] [stderr] note: to keep the current resolver, specify `workspace.resolver = "1"` in the workspace root's manifest
[INFO] [stderr] note: to use the edition 2021 resolver, specify `workspace.resolver = "2"` in the workspace root's manifest
[INFO] [stderr] note: for more details see https://doc.rust-lang.org/cargo/reference/resolver.html#resolver-versions
[INFO] [stderr]    Compiling ast v0.1.0 (/opt/rustwide/workdir/ast)
[INFO] [stdout] warning: unused import: `Instr::*`
[INFO] [stdout]     --> type-check/src/lib.rs:1004:9
[INFO] [stdout]      |
[INFO] [stdout] 1004 |     use Instr::*;
[INFO] [stdout]      |         ^^^^^^^^
[INFO] [stdout]      |
[INFO] [stdout]      = note: `#[warn(unused_imports)]` on by default
[INFO] [stdout] 
[INFO] [stdout] 
[INFO] [stdout] warning: unused variable: `instr`
[INFO] [stdout]     --> type-check/src/lib.rs:1006:9
[INFO] [stdout]      |
[INFO] [stdout] 1006 |     for instr in instrs {}
[INFO] [stdout]      |         ^^^^^ help: if this is intentional, prefix it with an underscore: `_instr`
[INFO] [stdout]      |
[INFO] [stdout]      = note: `#[warn(unused_variables)]` on by default
[INFO] [stdout] 
[INFO] [stdout] 
[INFO] [stdout] warning: unused variable: `w`
[INFO] [stdout]     --> type-check/src/lib.rs:1002:9
[INFO] [stdout]      |
[INFO] [stdout] 1002 |     mut w: W,
[INFO] [stdout]      |         ^ help: if this is intentional, prefix it with an underscore: `_w`
[INFO] [stdout] 
[INFO] [stdout] 
[INFO] [stdout] warning: variable does not need to be mutable
[INFO] [stdout]     --> type-check/src/lib.rs:1002:5
[INFO] [stdout]      |
[INFO] [stdout] 1002 |     mut w: W,
[INFO] [stdout]      |     ----^
[INFO] [stdout]      |     |
[INFO] [stdout]      |     help: remove this `mut`
[INFO] [stdout]      |
[INFO] [stdout]      = note: `#[warn(unused_mut)]` on by default
[INFO] [stdout] 
[INFO] [stdout] 
[INFO] [stderr]    Compiling type-check v0.1.0 (/opt/rustwide/workdir/type-check)
[INFO] [stdout] warning: fields `frame` and `code` are never read
[INFO] [stdout]    --> type-check/src/lib.rs:527:5
[INFO] [stdout]     |
[INFO] [stdout] 526 | pub struct Function {
[INFO] [stdout]     |            -------- fields in this struct
[INFO] [stdout] 527 |     frame: Frame,
[INFO] [stdout]     |     ^^^^^
[INFO] [stdout] 528 |     code: Vec<Instr>,
[INFO] [stdout]     |     ^^^^
[INFO] [stdout]     |
[INFO] [stdout]     = note: `Function` has derived impls for the traits `Clone` and `Debug`, but these are intentionally ignored during dead code analysis
[INFO] [stdout]     = note: `#[warn(dead_code)]` on by default
[INFO] [stdout] 
[INFO] [stdout] 
[INFO] [stdout] warning: field `globals` is never read
[INFO] [stdout]    --> type-check/src/lib.rs:585:5
[INFO] [stdout]     |
[INFO] [stdout] 584 | pub struct Codegen {
[INFO] [stdout]     |            ------- field in this struct
[INFO] [stdout] 585 |     globals: HashMap<ast::Ident, usize>,
[INFO] [stdout]     |     ^^^^^^^
[INFO] [stdout] 
[INFO] [stdout] 
[INFO] [stderr]    Compiling parser v0.1.0 (/opt/rustwide/workdir/parser)
[INFO] [stdout] warning: unused import: `Instr::*`
[INFO] [stdout]     --> type-check/src/lib.rs:1004:9
[INFO] [stdout]      |
[INFO] [stdout] 1004 |     use Instr::*;
[INFO] [stdout]      |         ^^^^^^^^
[INFO] [stdout]      |
[INFO] [stdout]      = note: `#[warn(unused_imports)]` on by default
[INFO] [stdout] 
[INFO] [stdout] 
[INFO] [stdout] warning: unused variable: `instr`
[INFO] [stdout]     --> type-check/src/lib.rs:1006:9
[INFO] [stdout]      |
[INFO] [stdout] 1006 |     for instr in instrs {}
[INFO] [stdout]      |         ^^^^^ help: if this is intentional, prefix it with an underscore: `_instr`
[INFO] [stdout]      |
[INFO] [stdout]      = note: `#[warn(unused_variables)]` on by default
[INFO] [stdout] 
[INFO] [stdout] 
[INFO] [stdout] warning: unused variable: `w`
[INFO] [stdout]     --> type-check/src/lib.rs:1002:9
[INFO] [stdout]      |
[INFO] [stdout] 1002 |     mut w: W,
[INFO] [stdout]      |         ^ help: if this is intentional, prefix it with an underscore: `_w`
[INFO] [stdout] 
[INFO] [stdout] 
[INFO] [stdout] warning: variable does not need to be mutable
[INFO] [stdout]     --> type-check/src/lib.rs:1002:5
[INFO] [stdout]      |
[INFO] [stdout] 1002 |     mut w: W,
[INFO] [stdout]      |     ----^
[INFO] [stdout]      |     |
[INFO] [stdout]      |     help: remove this `mut`
[INFO] [stdout]      |
[INFO] [stdout]      = note: `#[warn(unused_mut)]` on by default
[INFO] [stdout] 
[INFO] [stdout] 
[INFO] [stdout] warning: field `frame` is never read
[INFO] [stdout]    --> type-check/src/lib.rs:527:5
[INFO] [stdout]     |
[INFO] [stdout] 526 | pub struct Function {
[INFO] [stdout]     |            -------- field in this struct
[INFO] [stdout] 527 |     frame: Frame,
[INFO] [stdout]     |     ^^^^^
[INFO] [stdout]     |
[INFO] [stdout]     = note: `Function` has derived impls for the traits `Clone` and `Debug`, but these are intentionally ignored during dead code analysis
[INFO] [stdout]     = note: `#[warn(dead_code)]` on by default
[INFO] [stdout] 
[INFO] [stdout] 
[INFO] [stdout] warning: field `globals` is never read
[INFO] [stdout]    --> type-check/src/lib.rs:585:5
[INFO] [stdout]     |
[INFO] [stdout] 584 | pub struct Codegen {
[INFO] [stdout]     |            ------- field in this struct
[INFO] [stdout] 585 |     globals: HashMap<ast::Ident, usize>,
[INFO] [stdout]     |     ^^^^^^^
[INFO] [stdout] 
[INFO] [stdout] 
[INFO] [stderr]     Finished `test` profile [unoptimized + debuginfo] target(s) in 0.58s
[INFO] running `Command { std: "docker" "inspect" "76fb1dab43dbfc78f0101427c540c9a9a12dada768f9ac4efe28220706c0a629", kill_on_drop: false }`
[INFO] running `Command { std: "docker" "rm" "-f" "76fb1dab43dbfc78f0101427c540c9a9a12dada768f9ac4efe28220706c0a629", kill_on_drop: false }`
[INFO] [stdout] 76fb1dab43dbfc78f0101427c540c9a9a12dada768f9ac4efe28220706c0a629
[INFO] running `Command { std: "docker" "create" "-v" "/var/lib/crater-agent-workspace/builds/worker-1-tc2/target:/opt/rustwide/target:rw,Z" "-v" "/var/lib/crater-agent-workspace/builds/worker-1-tc2/source:/opt/rustwide/workdir:ro,Z" "-v" "/var/lib/crater-agent-workspace/cargo-home:/opt/rustwide/cargo-home:ro,Z" "-v" "/var/lib/crater-agent-workspace/rustup-home:/opt/rustwide/rustup-home:ro,Z" "-e" "SOURCE_DIR=/opt/rustwide/workdir" "-e" "CARGO_TARGET_DIR=/opt/rustwide/target" "-e" "CARGO_INCREMENTAL=0" "-e" "RUST_BACKTRACE=full" "-e" "RUSTFLAGS=--cap-lints=forbid -Zrandomize-layout" "-e" "RUSTDOCFLAGS=--cap-lints=forbid" "-e" "CARGO_HOME=/opt/rustwide/cargo-home" "-e" "RUSTUP_HOME=/opt/rustwide/rustup-home" "-w" "/opt/rustwide/workdir" "-m" "1610612736" "--user" "0:0" "--network" "none" "ghcr.io/rust-lang/crates-build-env/linux@sha256:4a844ea9eb2546a2d2c7022eacef16ef2e8229c7fbb2c7d4d55a9ceca922f72d" "/opt/rustwide/cargo-home/bin/cargo" "+nightly-2024-10-28" "test" "--frozen", kill_on_drop: false }`
[INFO] [stdout] fc70516865ae417600ed9f797da55153a5708301aa1bea4bc9f3af7bede043a3
[INFO] running `Command { std: "docker" "start" "-a" "fc70516865ae417600ed9f797da55153a5708301aa1bea4bc9f3af7bede043a3", kill_on_drop: false }`
[INFO] [stderr] warning: virtual workspace defaulting to `resolver = "1"` despite one or more workspace members being on edition 2021 which implies `resolver = "2"`
[INFO] [stderr] note: to keep the current resolver, specify `workspace.resolver = "1"` in the workspace root's manifest
[INFO] [stderr] note: to use the edition 2021 resolver, specify `workspace.resolver = "2"` in the workspace root's manifest
[INFO] [stderr] note: for more details see https://doc.rust-lang.org/cargo/reference/resolver.html#resolver-versions
[INFO] [stderr] warning: unused import: `Instr::*`
[INFO] [stderr]     --> type-check/src/lib.rs:1004:9
[INFO] [stderr]      |
[INFO] [stderr] 1004 |     use Instr::*;
[INFO] [stderr]      |         ^^^^^^^^
[INFO] [stderr]      |
[INFO] [stderr]      = note: `#[warn(unused_imports)]` on by default
[INFO] [stderr] 
[INFO] [stderr] warning: unused variable: `instr`
[INFO] [stderr]     --> type-check/src/lib.rs:1006:9
[INFO] [stderr]      |
[INFO] [stderr] 1006 |     for instr in instrs {}
[INFO] [stderr]      |         ^^^^^ help: if this is intentional, prefix it with an underscore: `_instr`
[INFO] [stderr]      |
[INFO] [stderr]      = note: `#[warn(unused_variables)]` on by default
[INFO] [stderr] 
[INFO] [stderr] warning: unused variable: `w`
[INFO] [stderr]     --> type-check/src/lib.rs:1002:9
[INFO] [stderr]      |
[INFO] [stderr] 1002 |     mut w: W,
[INFO] [stderr]      |         ^ help: if this is intentional, prefix it with an underscore: `_w`
[INFO] [stderr] 
[INFO] [stderr] warning: variable does not need to be mutable
[INFO] [stderr]     --> type-check/src/lib.rs:1002:5
[INFO] [stderr]      |
[INFO] [stderr] 1002 |     mut w: W,
[INFO] [stderr]      |     ----^
[INFO] [stderr]      |     |
[INFO] [stderr]      |     help: remove this `mut`
[INFO] [stderr]      |
[INFO] [stderr]      = note: `#[warn(unused_mut)]` on by default
[INFO] [stderr] 
[INFO] [stderr] warning: fields `frame` and `code` are never read
[INFO] [stderr]    --> type-check/src/lib.rs:527:5
[INFO] [stderr]     |
[INFO] [stderr] 526 | pub struct Function {
[INFO] [stderr]     |            -------- fields in this struct
[INFO] [stderr] 527 |     frame: Frame,
[INFO] [stderr]     |     ^^^^^
[INFO] [stderr] 528 |     code: Vec<Instr>,
[INFO] [stderr]     |     ^^^^
[INFO] [stderr]     |
[INFO] [stderr]     = note: `Function` has derived impls for the traits `Clone` and `Debug`, but these are intentionally ignored during dead code analysis
[INFO] [stderr]     = note: `#[warn(dead_code)]` on by default
[INFO] [stderr] 
[INFO] [stderr] warning: field `globals` is never read
[INFO] [stderr]    --> type-check/src/lib.rs:585:5
[INFO] [stderr]     |
[INFO] [stderr] 584 | pub struct Codegen {
[INFO] [stderr]     |            ------- field in this struct
[INFO] [stderr] 585 |     globals: HashMap<ast::Ident, usize>,
[INFO] [stderr]     |     ^^^^^^^
[INFO] [stderr] 
[INFO] [stderr] warning: field `frame` is never read
[INFO] [stderr]    --> type-check/src/lib.rs:527:5
[INFO] [stderr]     |
[INFO] [stderr] 526 | pub struct Function {
[INFO] [stderr]     |            -------- field in this struct
[INFO] [stderr] 527 |     frame: Frame,
[INFO] [stderr]     |     ^^^^^
[INFO] [stderr]     |
[INFO] [stderr]     = note: `Function` has derived impls for the traits `Clone` and `Debug`, but these are intentionally ignored during dead code analysis
[INFO] [stderr]     = note: `#[warn(dead_code)]` on by default
[INFO] [stderr] 
[INFO] [stderr] warning: `type-check` (lib) generated 6 warnings (run `cargo fix --lib -p type-check` to apply 2 suggestions)
[INFO] [stderr] warning: `type-check` (lib test) generated 6 warnings (5 duplicates)
[INFO] [stderr]     Finished `test` profile [unoptimized + debuginfo] target(s) in 0.01s
[INFO] [stderr]      Running unittests src/lib.rs (/opt/rustwide/target/debug/deps/ast-8444da7ea0b73006)
[INFO] [stdout] 
[INFO] [stdout] running 0 tests
[INFO] [stdout] 
[INFO] [stdout] test result: ok. 0 passed; 0 failed; 0 ignored; 0 measured; 0 filtered out; finished in 0.00s
[INFO] [stdout] 
[INFO] [stderr]      Running unittests src/lib.rs (/opt/rustwide/target/debug/deps/parser-464eb550af6c09b1)
[INFO] [stdout] 
[INFO] [stdout] running 12 tests
[INFO] [stdout] test test::bit_ops ... ok
[INFO] [stdout] test test::boolean_ops ... ok
[INFO] [stdout] test test::call ... ok
[INFO] [stdout] test test::compare_ops ... ok
[INFO] [stdout] test test::const_decl ... ok
[INFO] [stdout] test test::fn_decl ... ok
[INFO] [stdout] test test::if_match ... ok
[INFO] [stdout] test test::idents ... ok
[INFO] [stdout] test test::math_ops ... ok
[INFO] [stdout] test test::numbers ... ok
[INFO] [stdout] test test::pseudo_numbers ... ok
[INFO] [stdout] test test::type_def ... ok
[INFO] [stdout] 
[INFO] [stdout] test result: ok. 12 passed; 0 failed; 0 ignored; 0 measured; 0 filtered out; finished in 0.00s
[INFO] [stdout] 
[INFO] [stderr]      Running unittests src/lib.rs (/opt/rustwide/target/debug/deps/type_check-43b3fc12934a2188)
[INFO] [stdout] 
[INFO] [stdout] running 2 tests
[INFO] [stdout] test test::add1 ... ok
[INFO] [stdout] test test::fib ... FAILED
[INFO] [stdout] 
[INFO] [stdout] failures:
[INFO] [stdout] 
[INFO] [stdout] ---- test::fib stdout ----
[INFO] [stdout] [type-check/src/lib.rs:846:9] &self.curr_frame = Frame {
[INFO] [stdout]     locals: [
[INFO] [stdout]         Ident(
[INFO] [stdout]             "n",
[INFO] [stdout]         ),
[INFO] [stdout]     ],
[INFO] [stdout] }
[INFO] [stdout] [type-check/src/lib.rs:849:27] &expr.ident = Ident(
[INFO] [stdout]     "n",
[INFO] [stdout] )
[INFO] [stdout] [type-check/src/lib.rs:846:9] &self.curr_frame = Frame {
[INFO] [stdout]     locals: [
[INFO] [stdout]         Ident(
[INFO] [stdout]             "n",
[INFO] [stdout]         ),
[INFO] [stdout]         Ident(
[INFO] [stdout]             "n1",
[INFO] [stdout]         ),
[INFO] [stdout]     ],
[INFO] [stdout] }
[INFO] [stdout] [type-check/src/lib.rs:849:27] &expr.ident = Ident(
[INFO] [stdout]     "n1",
[INFO] [stdout] )
[INFO] [stdout] [type-check/src/lib.rs:846:9] &self.curr_frame = Frame {
[INFO] [stdout]     locals: [
[INFO] [stdout]         Ident(
[INFO] [stdout]             "n",
[INFO] [stdout]         ),
[INFO] [stdout]         Ident(
[INFO] [stdout]             "n1",
[INFO] [stdout]         ),
[INFO] [stdout]     ],
[INFO] [stdout] }
[INFO] [stdout] [type-check/src/lib.rs:849:27] &expr.ident = Ident(
[INFO] [stdout]     "fib",
[INFO] [stdout] )
[INFO] [stdout] thread 'test::fib' panicked at type-check/src/lib.rs:850:14:
[INFO] [stdout] type checking should catch this
[INFO] [stdout] stack backtrace:
[INFO] [stdout]    0:     0x580b62ca5c6a - std::backtrace_rs::backtrace::libunwind::trace::h207520d6e9873551
[INFO] [stdout]                                at /rustc/df4ca44d3fbc9301ee17f30f4d474e6ae4b05252/library/std/src/../../backtrace/src/backtrace/libunwind.rs:116:5
[INFO] [stdout]    1:     0x580b62ca5c6a - std::backtrace_rs::backtrace::trace_unsynchronized::h2ed7433f370e3eca
[INFO] [stdout]                                at /rustc/df4ca44d3fbc9301ee17f30f4d474e6ae4b05252/library/std/src/../../backtrace/src/backtrace/mod.rs:66:5
[INFO] [stdout]    2:     0x580b62ca5c6a - std::sys::backtrace::_print_fmt::h916fac51166b18d7
[INFO] [stdout]                                at /rustc/df4ca44d3fbc9301ee17f30f4d474e6ae4b05252/library/std/src/sys/backtrace.rs:66:9
[INFO] [stdout]    3:     0x580b62ca5c6a - <std::sys::backtrace::BacktraceLock::print::DisplayBacktrace as core::fmt::Display>::fmt::ha0a4c9b8ce3802e6
[INFO] [stdout]                                at /rustc/df4ca44d3fbc9301ee17f30f4d474e6ae4b05252/library/std/src/sys/backtrace.rs:39:26
[INFO] [stdout]    4:     0x580b62ccc643 - core::fmt::rt::Argument::fmt::h4cfc8587d52b3eb5
[INFO] [stdout]                                at /rustc/df4ca44d3fbc9301ee17f30f4d474e6ae4b05252/library/core/src/fmt/rt.rs:177:76
[INFO] [stdout]    5:     0x580b62ccc643 - core::fmt::write::h522cc39e5b36ae9f
[INFO] [stdout]                                at /rustc/df4ca44d3fbc9301ee17f30f4d474e6ae4b05252/library/core/src/fmt/mod.rs:1190:21
[INFO] [stdout]    6:     0x580b62ca28d3 - std::io::Write::write_fmt::h7d3c26752da97734
[INFO] [stdout]                                at /rustc/df4ca44d3fbc9301ee17f30f4d474e6ae4b05252/library/std/src/io/mod.rs:1839:15
[INFO] [stdout]    7:     0x580b62ca5ab2 - std::sys::backtrace::BacktraceLock::print::h4b9e00b29e9c0942
[INFO] [stdout]                                at /rustc/df4ca44d3fbc9301ee17f30f4d474e6ae4b05252/library/std/src/sys/backtrace.rs:42:9
[INFO] [stdout]    8:     0x580b62ca70fa - std::panicking::default_hook::{{closure}}::hb59b88280d0324d9
[INFO] [stdout]                                at /rustc/df4ca44d3fbc9301ee17f30f4d474e6ae4b05252/library/std/src/panicking.rs:268:22
[INFO] [stdout]    9:     0x580b62ca6f04 - std::panicking::default_hook::he1dd496665be4a29
[INFO] [stdout]                                at /rustc/df4ca44d3fbc9301ee17f30f4d474e6ae4b05252/library/std/src/panicking.rs:292:9
[INFO] [stdout]   10:     0x580b62c6f4c9 - <alloc::boxed::Box<F,A> as core::ops::function::Fn<Args>>::call::h4ff71de18744e1dc
[INFO] [stdout]                                at /rustc/df4ca44d3fbc9301ee17f30f4d474e6ae4b05252/library/alloc/src/boxed.rs:2468:9
[INFO] [stdout]   11:     0x580b62c6f4c9 - test::test_main::{{closure}}::hcf7c055ce117aa81
[INFO] [stdout]                                at /rustc/df4ca44d3fbc9301ee17f30f4d474e6ae4b05252/library/test/src/lib.rs:133:21
[INFO] [stdout]   12:     0x580b62ca77f8 - <alloc::boxed::Box<F,A> as core::ops::function::Fn<Args>>::call::h1d66c6bbd60c9692
[INFO] [stdout]                                at /rustc/df4ca44d3fbc9301ee17f30f4d474e6ae4b05252/library/alloc/src/boxed.rs:2468:9
[INFO] [stdout]   13:     0x580b62ca77f8 - std::panicking::rust_panic_with_hook::h2ff17fe8f26dfcf8
[INFO] [stdout]                                at /rustc/df4ca44d3fbc9301ee17f30f4d474e6ae4b05252/library/std/src/panicking.rs:809:13
[INFO] [stdout]   14:     0x580b62ca75ba - std::panicking::begin_panic_handler::{{closure}}::h4fad77951c07e101
[INFO] [stdout]                                at /rustc/df4ca44d3fbc9301ee17f30f4d474e6ae4b05252/library/std/src/panicking.rs:674:13
[INFO] [stdout]   15:     0x580b62ca6149 - std::sys::backtrace::__rust_end_short_backtrace::hb1a25b3da5d0ea08
[INFO] [stdout]                                at /rustc/df4ca44d3fbc9301ee17f30f4d474e6ae4b05252/library/std/src/sys/backtrace.rs:170:18
[INFO] [stdout]   16:     0x580b62ca724c - rust_begin_unwind
[INFO] [stdout]                                at /rustc/df4ca44d3fbc9301ee17f30f4d474e6ae4b05252/library/std/src/panicking.rs:665:5
[INFO] [stdout]   17:     0x580b62ccad80 - core::panicking::panic_fmt::ha9db07b529f9b256
[INFO] [stdout]                                at /rustc/df4ca44d3fbc9301ee17f30f4d474e6ae4b05252/library/core/src/panicking.rs:75:14
[INFO] [stdout]   18:     0x580b62ccad5b - core::panicking::panic_display::h974ff3dec7c08c85
[INFO] [stdout]                                at /rustc/df4ca44d3fbc9301ee17f30f4d474e6ae4b05252/library/core/src/panicking.rs:273:5
[INFO] [stdout]   19:     0x580b62ccad5b - core::option::expect_failed::h08d05c9ecb334afa
[INFO] [stdout]                                at /rustc/df4ca44d3fbc9301ee17f30f4d474e6ae4b05252/library/core/src/option.rs:2017:5
[INFO] [stdout]   20:     0x580b62c27bc7 - core::option::Option<T>::expect::h4af6321f52466c11
[INFO] [stdout]                                at /rustc/df4ca44d3fbc9301ee17f30f4d474e6ae4b05252/library/core/src/option.rs:932:21
[INFO] [stdout]   21:     0x580b62c1376a - type_check::Codegen::codegen_ref_expr::h96d915afe1c1345f
[INFO] [stdout]                                at /opt/rustwide/workdir/type-check/src/lib.rs:847:19
[INFO] [stdout]   22:     0x580b62c108aa - type_check::Codegen::codegen_expr::h253be1088ca2e691
[INFO] [stdout]                                at /opt/rustwide/workdir/type-check/src/lib.rs:640:41
[INFO] [stdout]   23:     0x580b62c12e8e - type_check::Codegen::codegen_call_expr::h7e1a2edd38de3df8
[INFO] [stdout]                                at /opt/rustwide/workdir/type-check/src/lib.rs:822:9
[INFO] [stdout]   24:     0x580b62c1085e - type_check::Codegen::codegen_expr::h253be1088ca2e691
[INFO] [stdout]                                at /opt/rustwide/workdir/type-check/src/lib.rs:638:42
[INFO] [stdout]   25:     0x580b62c13ac0 - type_check::Codegen::codegen_bin_expr::h4c5d03fae359b46e
[INFO] [stdout]                                at /opt/rustwide/workdir/type-check/src/lib.rs:868:9
[INFO] [stdout]   26:     0x580b62c108f6 - type_check::Codegen::codegen_expr::h253be1088ca2e691
[INFO] [stdout]                                at /opt/rustwide/workdir/type-check/src/lib.rs:642:41
[INFO] [stdout]   27:     0x580b62c1217e - type_check::Codegen::codegen_match_expr::h6c676fcbd6035912
[INFO] [stdout]                                at /opt/rustwide/workdir/type-check/src/lib.rs:779:25
[INFO] [stdout]   28:     0x580b62c10838 - type_check::Codegen::codegen_expr::h253be1088ca2e691
[INFO] [stdout]                                at /opt/rustwide/workdir/type-check/src/lib.rs:637:43
[INFO] [stdout]   29:     0x580b62c110e2 - type_check::Codegen::codegen_stmt::h1110e762dde90e2a
[INFO] [stdout]                                at /opt/rustwide/workdir/type-check/src/lib.rs:694:17
[INFO] [stdout]   30:     0x580b62c10f2e - type_check::Codegen::codegen_block_expr::h3dc04ff902baa56b
[INFO] [stdout]                                at /opt/rustwide/workdir/type-check/src/lib.rs:677:13
[INFO] [stdout]   31:     0x580b62c10adc - type_check::Codegen::codegen_fn_expr::h20a4f07bb4367739
[INFO] [stdout]                                at /opt/rustwide/workdir/type-check/src/lib.rs:660:9
[INFO] [stdout]   32:     0x580b62c107c6 - type_check::Codegen::codegen_expr::h253be1088ca2e691
[INFO] [stdout]                                at /opt/rustwide/workdir/type-check/src/lib.rs:634:40
[INFO] [stdout]   33:     0x580b62c1108c - type_check::Codegen::codegen_stmt::h1110e762dde90e2a
[INFO] [stdout]                                at /opt/rustwide/workdir/type-check/src/lib.rs:689:17
[INFO] [stdout]   34:     0x580b62c32c10 - type_check::test::fib::hee1c35666677c162
[INFO] [stdout]                                at /opt/rustwide/workdir/type-check/src/lib.rs:1403:19
[INFO] [stdout]   35:     0x580b62c30887 - type_check::test::fib::{{closure}}::h9db1b24f2265298a
[INFO] [stdout]                                at /opt/rustwide/workdir/type-check/src/lib.rs:1263:17
[INFO] [stdout]   36:     0x580b62c220b6 - core::ops::function::FnOnce::call_once::hf11bb08f3e075edf
[INFO] [stdout]                                at /rustc/df4ca44d3fbc9301ee17f30f4d474e6ae4b05252/library/core/src/ops/function.rs:250:5
[INFO] [stdout]   37:     0x580b62c73d9b - core::ops::function::FnOnce::call_once::h22c3ba5715e93f05
[INFO] [stdout]                                at /rustc/df4ca44d3fbc9301ee17f30f4d474e6ae4b05252/library/core/src/ops/function.rs:250:5
[INFO] [stdout]   38:     0x580b62c73d9b - test::__rust_begin_short_backtrace::h8e82d8113d0da17f
[INFO] [stdout]                                at /rustc/df4ca44d3fbc9301ee17f30f4d474e6ae4b05252/library/test/src/lib.rs:621:18
[INFO] [stdout]   39:     0x580b62c73717 - test::run_test_in_process::{{closure}}::h33235f4f20b7b7c7
[INFO] [stdout]                                at /rustc/df4ca44d3fbc9301ee17f30f4d474e6ae4b05252/library/test/src/lib.rs:644:60
[INFO] [stdout]   40:     0x580b62c73717 - <core::panic::unwind_safe::AssertUnwindSafe<F> as core::ops::function::FnOnce<()>>::call_once::hb5043206310c586f
[INFO] [stdout]                                at /rustc/df4ca44d3fbc9301ee17f30f4d474e6ae4b05252/library/core/src/panic/unwind_safe.rs:272:9
[INFO] [stdout]   41:     0x580b62c73717 - std::panicking::try::do_call::h9ad4731a60ab23e2
[INFO] [stdout]                                at /rustc/df4ca44d3fbc9301ee17f30f4d474e6ae4b05252/library/std/src/panicking.rs:557:40
[INFO] [stdout]   42:     0x580b62c73717 - std::panicking::try::h3824d23db772a716
[INFO] [stdout]                                at /rustc/df4ca44d3fbc9301ee17f30f4d474e6ae4b05252/library/std/src/panicking.rs:520:19
[INFO] [stdout]   43:     0x580b62c73717 - std::panic::catch_unwind::h5afd514605fde46b
[INFO] [stdout]                                at /rustc/df4ca44d3fbc9301ee17f30f4d474e6ae4b05252/library/std/src/panic.rs:358:14
[INFO] [stdout]   44:     0x580b62c73717 - test::run_test_in_process::h0d5cbfa7067d1720
[INFO] [stdout]                                at /rustc/df4ca44d3fbc9301ee17f30f4d474e6ae4b05252/library/test/src/lib.rs:644:27
[INFO] [stdout]   45:     0x580b62c73717 - test::run_test::{{closure}}::h708eb8872708115d
[INFO] [stdout]                                at /rustc/df4ca44d3fbc9301ee17f30f4d474e6ae4b05252/library/test/src/lib.rs:565:43
[INFO] [stdout]   46:     0x580b62c36e34 - test::run_test::{{closure}}::h392c51cee94713ab
[INFO] [stdout]                                at /rustc/df4ca44d3fbc9301ee17f30f4d474e6ae4b05252/library/test/src/lib.rs:595:41
[INFO] [stdout]   47:     0x580b62c36e34 - std::sys::backtrace::__rust_begin_short_backtrace::h2f40290710935a8b
[INFO] [stdout]                                at /rustc/df4ca44d3fbc9301ee17f30f4d474e6ae4b05252/library/std/src/sys/backtrace.rs:154:18
[INFO] [stdout]   48:     0x580b62c3a5de - std::thread::Builder::spawn_unchecked_::{{closure}}::{{closure}}::h3fd968d89053a903
[INFO] [stdout]                                at /rustc/df4ca44d3fbc9301ee17f30f4d474e6ae4b05252/library/std/src/thread/mod.rs:541:17
[INFO] [stdout]   49:     0x580b62c3a5de - <core::panic::unwind_safe::AssertUnwindSafe<F> as core::ops::function::FnOnce<()>>::call_once::h743f637ba4229880
[INFO] [stdout]                                at /rustc/df4ca44d3fbc9301ee17f30f4d474e6ae4b05252/library/core/src/panic/unwind_safe.rs:272:9
[INFO] [stdout]   50:     0x580b62c3a5de - std::panicking::try::do_call::h07440897322525a6
[INFO] [stdout]                                at /rustc/df4ca44d3fbc9301ee17f30f4d474e6ae4b05252/library/std/src/panicking.rs:557:40
[INFO] [stdout]   51:     0x580b62c3a5de - std::panicking::try::he5a2e00188156637
[INFO] [stdout]                                at /rustc/df4ca44d3fbc9301ee17f30f4d474e6ae4b05252/library/std/src/panicking.rs:520:19
[INFO] [stdout]   52:     0x580b62c3a5de - std::panic::catch_unwind::hbaf3cae49b3c6433
[INFO] [stdout]                                at /rustc/df4ca44d3fbc9301ee17f30f4d474e6ae4b05252/library/std/src/panic.rs:358:14
[INFO] [stdout]   53:     0x580b62c3a5de - std::thread::Builder::spawn_unchecked_::{{closure}}::h8e141ea224820bce
[INFO] [stdout]                                at /rustc/df4ca44d3fbc9301ee17f30f4d474e6ae4b05252/library/std/src/thread/mod.rs:540:30
[INFO] [stdout]   54:     0x580b62c3a5de - core::ops::function::FnOnce::call_once{{vtable.shim}}::h90d312fedd7b8ea8
[INFO] [stdout]                                at /rustc/df4ca44d3fbc9301ee17f30f4d474e6ae4b05252/library/core/src/ops/function.rs:250:5
[INFO] [stdout]   55:     0x580b62cab5eb - <alloc::boxed::Box<F,A> as core::ops::function::FnOnce<Args>>::call_once::h69aa08ddb6adb8b6
[INFO] [stdout]                                at /rustc/df4ca44d3fbc9301ee17f30f4d474e6ae4b05252/library/alloc/src/boxed.rs:2454:9
[INFO] [stdout]   56:     0x580b62cab5eb - <alloc::boxed::Box<F,A> as core::ops::function::FnOnce<Args>>::call_once::h5aa36efdb79c806f
[INFO] [stdout]                                at /rustc/df4ca44d3fbc9301ee17f30f4d474e6ae4b05252/library/alloc/src/boxed.rs:2454:9
[INFO] [stdout]   57:     0x580b62cab5eb - std::sys::pal::unix::thread::Thread::new::thread_start::h6cd80a1b4be5158d
[INFO] [stdout]                                at /rustc/df4ca44d3fbc9301ee17f30f4d474e6ae4b05252/library/std/src/sys/pal/unix/thread.rs:105:17
[INFO] [stdout]   58:     0x754629747ac3 - <unknown>
[INFO] [stdout]   59:     0x7546297d8a04 - clone
[INFO] [stdout]   60:                0x0 - <unknown>
[INFO] [stdout] 
[INFO] [stdout] 
[INFO] [stdout] failures:
[INFO] [stdout]     test::fib
[INFO] [stdout] 
[INFO] [stdout] test result: FAILED. 1 passed; 1 failed; 0 ignored; 0 measured; 0 filtered out; finished in 0.02s
[INFO] [stdout] 
[INFO] [stderr] error: test failed, to rerun pass `-p type-check --lib`
[INFO] running `Command { std: "docker" "inspect" "fc70516865ae417600ed9f797da55153a5708301aa1bea4bc9f3af7bede043a3", kill_on_drop: false }`
[INFO] running `Command { std: "docker" "rm" "-f" "fc70516865ae417600ed9f797da55153a5708301aa1bea4bc9f3af7bede043a3", kill_on_drop: false }`
[INFO] [stdout] fc70516865ae417600ed9f797da55153a5708301aa1bea4bc9f3af7bede043a3
