[INFO] cloning repository https://github.com/FyraLabs/string-reader
[INFO] running `Command { std: "git" "-c" "credential.helper=" "-c" "credential.helper=/workspace/cargo-home/bin/git-credential-null" "clone" "--bare" "https://github.com/FyraLabs/string-reader" "/workspace/cache/git-repos/https%3A%2F%2Fgithub.com%2FFyraLabs%2Fstring-reader", kill_on_drop: false }`
[INFO] [stderr] Cloning into bare repository '/workspace/cache/git-repos/https%3A%2F%2Fgithub.com%2FFyraLabs%2Fstring-reader'...
[INFO] running `Command { std: "git" "rev-parse" "HEAD", kill_on_drop: false }`
[INFO] [stdout] d82486509cd1e46a99f9205dbf6b576d346b1b14
[INFO] testing FyraLabs/string-reader/d82486509cd1e46a99f9205dbf6b576d346b1b14 against nightly-2024-10-28 for randomize-layout
[INFO] running `Command { std: "git" "clone" "/workspace/cache/git-repos/https%3A%2F%2Fgithub.com%2FFyraLabs%2Fstring-reader" "/workspace/builds/worker-4-tc1/source", kill_on_drop: false }`
[INFO] [stderr] Cloning into '/workspace/builds/worker-4-tc1/source'...
[INFO] [stderr] done.
[INFO] validating manifest of git repo https://github.com/FyraLabs/string-reader on toolchain nightly-2024-10-28
[INFO] running `Command { std: CARGO_HOME="/workspace/cargo-home" RUSTUP_HOME="/workspace/rustup-home" "/workspace/cargo-home/bin/cargo" "+nightly-2024-10-28" "metadata" "--manifest-path" "Cargo.toml" "--no-deps", kill_on_drop: false }`
[INFO] started tweaking git repo https://github.com/FyraLabs/string-reader
[INFO] finished tweaking git repo https://github.com/FyraLabs/string-reader
[INFO] tweaked toml for git repo https://github.com/FyraLabs/string-reader written to /workspace/builds/worker-4-tc1/source/Cargo.toml
[INFO] crate git repo https://github.com/FyraLabs/string-reader already has a lockfile, it will not be regenerated
[INFO] running `Command { std: CARGO_HOME="/workspace/cargo-home" RUSTUP_HOME="/workspace/rustup-home" "/workspace/cargo-home/bin/cargo" "+nightly-2024-10-28" "fetch" "--manifest-path" "Cargo.toml", kill_on_drop: false }`
[INFO] running `Command { std: "docker" "create" "-v" "/var/lib/crater-agent-workspace/builds/worker-4-tc1/target:/opt/rustwide/target:rw,Z" "-v" "/var/lib/crater-agent-workspace/builds/worker-4-tc1/source:/opt/rustwide/workdir:ro,Z" "-v" "/var/lib/crater-agent-workspace/cargo-home:/opt/rustwide/cargo-home:ro,Z" "-v" "/var/lib/crater-agent-workspace/rustup-home:/opt/rustwide/rustup-home:ro,Z" "-e" "SOURCE_DIR=/opt/rustwide/workdir" "-e" "CARGO_TARGET_DIR=/opt/rustwide/target" "-e" "CARGO_HOME=/opt/rustwide/cargo-home" "-e" "RUSTUP_HOME=/opt/rustwide/rustup-home" "-w" "/opt/rustwide/workdir" "-m" "1610612736" "--user" "0:0" "--network" "none" "ghcr.io/rust-lang/crates-build-env/linux@sha256:4a844ea9eb2546a2d2c7022eacef16ef2e8229c7fbb2c7d4d55a9ceca922f72d" "/opt/rustwide/cargo-home/bin/cargo" "+nightly-2024-10-28" "metadata" "--no-deps" "--format-version=1", kill_on_drop: false }`
[INFO] [stdout] f91db203316d3ba5afa5053076f1451e75edc24e58888ca1ca539ff1b77ed517
[INFO] running `Command { std: "docker" "start" "-a" "f91db203316d3ba5afa5053076f1451e75edc24e58888ca1ca539ff1b77ed517", kill_on_drop: false }`
[INFO] running `Command { std: "docker" "inspect" "f91db203316d3ba5afa5053076f1451e75edc24e58888ca1ca539ff1b77ed517", kill_on_drop: false }`
[INFO] running `Command { std: "docker" "rm" "-f" "f91db203316d3ba5afa5053076f1451e75edc24e58888ca1ca539ff1b77ed517", kill_on_drop: false }`
[INFO] [stdout] f91db203316d3ba5afa5053076f1451e75edc24e58888ca1ca539ff1b77ed517
[INFO] running `Command { std: "docker" "create" "-v" "/var/lib/crater-agent-workspace/builds/worker-4-tc1/target:/opt/rustwide/target:rw,Z" "-v" "/var/lib/crater-agent-workspace/builds/worker-4-tc1/source:/opt/rustwide/workdir:ro,Z" "-v" "/var/lib/crater-agent-workspace/cargo-home:/opt/rustwide/cargo-home:ro,Z" "-v" "/var/lib/crater-agent-workspace/rustup-home:/opt/rustwide/rustup-home:ro,Z" "-e" "SOURCE_DIR=/opt/rustwide/workdir" "-e" "CARGO_TARGET_DIR=/opt/rustwide/target" "-e" "CARGO_INCREMENTAL=0" "-e" "RUST_BACKTRACE=full" "-e" "RUSTFLAGS=--cap-lints=forbid" "-e" "RUSTDOCFLAGS=--cap-lints=forbid" "-e" "CARGO_HOME=/opt/rustwide/cargo-home" "-e" "RUSTUP_HOME=/opt/rustwide/rustup-home" "-w" "/opt/rustwide/workdir" "-m" "1610612736" "--user" "0:0" "--network" "none" "ghcr.io/rust-lang/crates-build-env/linux@sha256:4a844ea9eb2546a2d2c7022eacef16ef2e8229c7fbb2c7d4d55a9ceca922f72d" "/opt/rustwide/cargo-home/bin/cargo" "+nightly-2024-10-28" "build" "--frozen" "--message-format=json", kill_on_drop: false }`
[INFO] [stdout] 42d50b0f9a9927604ca0021916d9c7f6ab43013df8e0f86e92ac4fc69b1eae22
[INFO] running `Command { std: "docker" "start" "-a" "42d50b0f9a9927604ca0021916d9c7f6ab43013df8e0f86e92ac4fc69b1eae22", kill_on_drop: false }`
[INFO] [stderr]    Compiling string-reader v0.1.1 (/opt/rustwide/workdir)
[INFO] [stderr]     Finished `dev` profile [unoptimized + debuginfo] target(s) in 0.17s
[INFO] running `Command { std: "docker" "inspect" "42d50b0f9a9927604ca0021916d9c7f6ab43013df8e0f86e92ac4fc69b1eae22", kill_on_drop: false }`
[INFO] running `Command { std: "docker" "rm" "-f" "42d50b0f9a9927604ca0021916d9c7f6ab43013df8e0f86e92ac4fc69b1eae22", kill_on_drop: false }`
[INFO] [stdout] 42d50b0f9a9927604ca0021916d9c7f6ab43013df8e0f86e92ac4fc69b1eae22
[INFO] running `Command { std: "docker" "create" "-v" "/var/lib/crater-agent-workspace/builds/worker-4-tc1/target:/opt/rustwide/target:rw,Z" "-v" "/var/lib/crater-agent-workspace/builds/worker-4-tc1/source:/opt/rustwide/workdir:ro,Z" "-v" "/var/lib/crater-agent-workspace/cargo-home:/opt/rustwide/cargo-home:ro,Z" "-v" "/var/lib/crater-agent-workspace/rustup-home:/opt/rustwide/rustup-home:ro,Z" "-e" "SOURCE_DIR=/opt/rustwide/workdir" "-e" "CARGO_TARGET_DIR=/opt/rustwide/target" "-e" "CARGO_INCREMENTAL=0" "-e" "RUST_BACKTRACE=full" "-e" "RUSTFLAGS=--cap-lints=forbid" "-e" "RUSTDOCFLAGS=--cap-lints=forbid" "-e" "CARGO_HOME=/opt/rustwide/cargo-home" "-e" "RUSTUP_HOME=/opt/rustwide/rustup-home" "-w" "/opt/rustwide/workdir" "-m" "1610612736" "--user" "0:0" "--network" "none" "ghcr.io/rust-lang/crates-build-env/linux@sha256:4a844ea9eb2546a2d2c7022eacef16ef2e8229c7fbb2c7d4d55a9ceca922f72d" "/opt/rustwide/cargo-home/bin/cargo" "+nightly-2024-10-28" "test" "--frozen" "--no-run" "--message-format=json", kill_on_drop: false }`
[INFO] [stdout] 14d3444e9064347d9363663b523a3965004795c7d4c4026a0b3058466f72eb49
[INFO] running `Command { std: "docker" "start" "-a" "14d3444e9064347d9363663b523a3965004795c7d4c4026a0b3058466f72eb49", kill_on_drop: false }`
[INFO] [stderr]    Compiling string-reader v0.1.1 (/opt/rustwide/workdir)
[INFO] [stderr]     Finished `test` profile [unoptimized + debuginfo] target(s) in 0.20s
[INFO] running `Command { std: "docker" "inspect" "14d3444e9064347d9363663b523a3965004795c7d4c4026a0b3058466f72eb49", kill_on_drop: false }`
[INFO] running `Command { std: "docker" "rm" "-f" "14d3444e9064347d9363663b523a3965004795c7d4c4026a0b3058466f72eb49", kill_on_drop: false }`
[INFO] [stdout] 14d3444e9064347d9363663b523a3965004795c7d4c4026a0b3058466f72eb49
[INFO] running `Command { std: "docker" "create" "-v" "/var/lib/crater-agent-workspace/builds/worker-4-tc1/target:/opt/rustwide/target:rw,Z" "-v" "/var/lib/crater-agent-workspace/builds/worker-4-tc1/source:/opt/rustwide/workdir:ro,Z" "-v" "/var/lib/crater-agent-workspace/cargo-home:/opt/rustwide/cargo-home:ro,Z" "-v" "/var/lib/crater-agent-workspace/rustup-home:/opt/rustwide/rustup-home:ro,Z" "-e" "SOURCE_DIR=/opt/rustwide/workdir" "-e" "CARGO_TARGET_DIR=/opt/rustwide/target" "-e" "CARGO_INCREMENTAL=0" "-e" "RUST_BACKTRACE=full" "-e" "RUSTFLAGS=--cap-lints=forbid" "-e" "RUSTDOCFLAGS=--cap-lints=forbid" "-e" "CARGO_HOME=/opt/rustwide/cargo-home" "-e" "RUSTUP_HOME=/opt/rustwide/rustup-home" "-w" "/opt/rustwide/workdir" "-m" "1610612736" "--user" "0:0" "--network" "none" "ghcr.io/rust-lang/crates-build-env/linux@sha256:4a844ea9eb2546a2d2c7022eacef16ef2e8229c7fbb2c7d4d55a9ceca922f72d" "/opt/rustwide/cargo-home/bin/cargo" "+nightly-2024-10-28" "test" "--frozen", kill_on_drop: false }`
[INFO] [stdout] 3f514b313bcac50f090dd004d1326a624c0aff59fc6579d30904242dc61e6907
[INFO] running `Command { std: "docker" "start" "-a" "3f514b313bcac50f090dd004d1326a624c0aff59fc6579d30904242dc61e6907", kill_on_drop: false }`
[INFO] [stderr]     Finished `test` profile [unoptimized + debuginfo] target(s) in 0.01s
[INFO] [stdout] 
[INFO] [stderr]      Running unittests src/lib.rs (/opt/rustwide/target/debug/deps/string_reader-7696610bf99925dd)
[INFO] [stdout] running 0 tests
[INFO] [stdout] 
[INFO] [stdout] test result: ok. 0 passed; 0 failed; 0 ignored; 0 measured; 0 filtered out; finished in 0.00s
[INFO] [stdout] 
[INFO] [stderr]    Doc-tests string_reader
[INFO] [stdout] 
[INFO] [stdout] running 4 tests
[INFO] [stdout] test src/lib.rs - StrWrite::shift_str (line 72) ... FAILED
[INFO] [stdout] test src/lib.rs - StringWrite::shift_string (line 104) ... FAILED
[INFO] [stdout] test src/lib.rs - StringWrite::push_string (line 90) ... FAILED
[INFO] [stdout] test src/lib.rs - StrWrite::push_str (line 57) ... FAILED
[INFO] [stdout] 
[INFO] [stdout] failures:
[INFO] [stdout] 
[INFO] [stdout] ---- src/lib.rs - StrWrite::shift_str (line 72) stdout ----
[INFO] [stdout] error[E0433]: failed to resolve: use of undeclared type `StrReader`
[INFO] [stdout]  --> src/lib.rs:73:13
[INFO] [stdout]   |
[INFO] [stdout] 3 | let sread = StrReader::default();
[INFO] [stdout]   |             ^^^^^^^^^ use of undeclared type `StrReader`
[INFO] [stdout]   |
[INFO] [stdout] help: consider importing this struct
[INFO] [stdout]   |
[INFO] [stdout] 2 + use string_reader::StrReader;
[INFO] [stdout]   |
[INFO] [stdout] 
[INFO] [stdout] error: aborting due to 1 previous error
[INFO] [stdout] 
[INFO] [stdout] For more information about this error, try `rustc --explain E0433`.
[INFO] [stdout] Couldn't compile the test.
[INFO] [stdout] ---- src/lib.rs - StringWrite::shift_string (line 104) stdout ----
[INFO] [stdout] error: prefix `shift_string` is unknown
[INFO] [stdout]  --> src/lib.rs:107:7
[INFO] [stdout]   |
[INFO] [stdout] 3 | sread.shift_string"bai".to_string());
[INFO] [stdout]   |       ^^^^^^^^^^^^ unknown prefix
[INFO] [stdout]   |
[INFO] [stdout]   = note: prefixed identifiers and literals are reserved since Rust 2021
[INFO] [stdout] help: consider inserting whitespace here
[INFO] [stdout]   |
[INFO] [stdout] 3 | sread.shift_string "bai".to_string());
[INFO] [stdout]   |                   +
[INFO] [stdout] 
[INFO] [stdout] error: unexpected closing delimiter: `)`
[INFO] [stdout]  --> src/lib.rs:107:36
[INFO] [stdout]   |
[INFO] [stdout] 3 | sread.shift_string"bai".to_string());
[INFO] [stdout]   |                                    ^ unexpected closing delimiter
[INFO] [stdout] 
[INFO] [stdout] error: aborting due to 2 previous errors
[INFO] [stdout] 
[INFO] [stdout] Couldn't compile the test.
[INFO] [stdout] ---- src/lib.rs - StringWrite::push_string (line 90) stdout ----
[INFO] [stdout] error[E0433]: failed to resolve: use of undeclared type `StringReader`
[INFO] [stdout]  --> src/lib.rs:91:13
[INFO] [stdout]   |
[INFO] [stdout] 3 | let sread = StringReader::default();
[INFO] [stdout]   |             ^^^^^^^^^^^^ use of undeclared type `StringReader`
[INFO] [stdout]   |
[INFO] [stdout] help: consider importing this struct
[INFO] [stdout]   |
[INFO] [stdout] 2 + use string_reader::StringReader;
[INFO] [stdout]   |
[INFO] [stdout] 
[INFO] [stdout] error: aborting due to 1 previous error
[INFO] [stdout] 
[INFO] [stdout] For more information about this error, try `rustc --explain E0433`.
[INFO] [stdout] Couldn't compile the test.
[INFO] [stdout] ---- src/lib.rs - StrWrite::push_str (line 57) stdout ----
[INFO] [stdout] error[E0433]: failed to resolve: use of undeclared type `StrReader`
[INFO] [stdout]  --> src/lib.rs:58:13
[INFO] [stdout]   |
[INFO] [stdout] 3 | let sread = StrReader::default();
[INFO] [stdout]   |             ^^^^^^^^^ use of undeclared type `StrReader`
[INFO] [stdout]   |
[INFO] [stdout] help: consider importing this struct
[INFO] [stdout]   |
[INFO] [stdout] 2 + use string_reader::StrReader;
[INFO] [stdout]   |
[INFO] [stdout] 
[INFO] [stdout] error: aborting due to 1 previous error
[INFO] [stdout] 
[INFO] [stdout] For more information about this error, try `rustc --explain E0433`.
[INFO] [stdout] Couldn't compile the test.
[INFO] [stdout] 
[INFO] [stdout] failures:
[INFO] [stdout]     src/lib.rs - StrWrite::push_str (line 57)
[INFO] [stdout]     src/lib.rs - StrWrite::shift_str (line 72)
[INFO] [stdout]     src/lib.rs - StringWrite::push_string (line 90)
[INFO] [stdout]     src/lib.rs - StringWrite::shift_string (line 104)
[INFO] [stdout] 
[INFO] [stdout] test result: FAILED. 0 passed; 4 failed; 0 ignored; 0 measured; 0 filtered out; finished in 0.11s
[INFO] [stdout] 
[INFO] [stderr] error: doctest failed, to rerun pass `--doc`
[INFO] running `Command { std: "docker" "inspect" "3f514b313bcac50f090dd004d1326a624c0aff59fc6579d30904242dc61e6907", kill_on_drop: false }`
[INFO] running `Command { std: "docker" "rm" "-f" "3f514b313bcac50f090dd004d1326a624c0aff59fc6579d30904242dc61e6907", kill_on_drop: false }`
[INFO] [stdout] 3f514b313bcac50f090dd004d1326a624c0aff59fc6579d30904242dc61e6907
