[INFO] cloning repository https://github.com/Fundevoge/aoc2023
[INFO] running `Command { std: "git" "-c" "credential.helper=" "-c" "credential.helper=/workspace/cargo-home/bin/git-credential-null" "clone" "--bare" "https://github.com/Fundevoge/aoc2023" "/workspace/cache/git-repos/https%3A%2F%2Fgithub.com%2FFundevoge%2Faoc2023", kill_on_drop: false }`
[INFO] [stderr] Cloning into bare repository '/workspace/cache/git-repos/https%3A%2F%2Fgithub.com%2FFundevoge%2Faoc2023'...
[INFO] running `Command { std: "git" "rev-parse" "HEAD", kill_on_drop: false }`
[INFO] [stdout] babec82bf10c746bd448beff1e0f33abb4106d5b
[INFO] testing Fundevoge/aoc2023/babec82bf10c746bd448beff1e0f33abb4106d5b against nightly-2024-10-28 for randomize-layout
[INFO] running `Command { std: "git" "clone" "/workspace/cache/git-repos/https%3A%2F%2Fgithub.com%2FFundevoge%2Faoc2023" "/workspace/builds/worker-3-tc1/source", kill_on_drop: false }`
[INFO] [stderr] Cloning into '/workspace/builds/worker-3-tc1/source'...
[INFO] [stderr] done.
[INFO] validating manifest of git repo https://github.com/Fundevoge/aoc2023 on toolchain nightly-2024-10-28
[INFO] running `Command { std: CARGO_HOME="/workspace/cargo-home" RUSTUP_HOME="/workspace/rustup-home" "/workspace/cargo-home/bin/cargo" "+nightly-2024-10-28" "metadata" "--manifest-path" "Cargo.toml" "--no-deps", kill_on_drop: false }`
[INFO] started tweaking git repo https://github.com/Fundevoge/aoc2023
[INFO] finished tweaking git repo https://github.com/Fundevoge/aoc2023
[INFO] tweaked toml for git repo https://github.com/Fundevoge/aoc2023 written to /workspace/builds/worker-3-tc1/source/Cargo.toml
[INFO] crate git repo https://github.com/Fundevoge/aoc2023 already has a lockfile, it will not be regenerated
[INFO] running `Command { std: CARGO_HOME="/workspace/cargo-home" RUSTUP_HOME="/workspace/rustup-home" "/workspace/cargo-home/bin/cargo" "+nightly-2024-10-28" "fetch" "--manifest-path" "Cargo.toml", kill_on_drop: false }`
[INFO] [stderr] warning: unused manifest key: target.release.lto
[INFO] [stderr]     Updating crates.io index
[INFO] [stderr]  Downloading crates ...
[INFO] [stderr]   Downloaded bacon-sci v0.14.0
[INFO] running `Command { std: "docker" "create" "-v" "/var/lib/crater-agent-workspace/builds/worker-3-tc1/target:/opt/rustwide/target:rw,Z" "-v" "/var/lib/crater-agent-workspace/builds/worker-3-tc1/source:/opt/rustwide/workdir:ro,Z" "-v" "/var/lib/crater-agent-workspace/cargo-home:/opt/rustwide/cargo-home:ro,Z" "-v" "/var/lib/crater-agent-workspace/rustup-home:/opt/rustwide/rustup-home:ro,Z" "-e" "SOURCE_DIR=/opt/rustwide/workdir" "-e" "CARGO_TARGET_DIR=/opt/rustwide/target" "-e" "CARGO_HOME=/opt/rustwide/cargo-home" "-e" "RUSTUP_HOME=/opt/rustwide/rustup-home" "-w" "/opt/rustwide/workdir" "-m" "1610612736" "--user" "0:0" "--network" "none" "ghcr.io/rust-lang/crates-build-env/linux@sha256:4a844ea9eb2546a2d2c7022eacef16ef2e8229c7fbb2c7d4d55a9ceca922f72d" "/opt/rustwide/cargo-home/bin/cargo" "+nightly-2024-10-28" "metadata" "--no-deps" "--format-version=1", kill_on_drop: false }`
[INFO] [stdout] a7184c88a7e29ca624d027848d0e70680e26ead32275a43d20cbbfc340159775
[INFO] running `Command { std: "docker" "start" "-a" "a7184c88a7e29ca624d027848d0e70680e26ead32275a43d20cbbfc340159775", kill_on_drop: false }`
[INFO] running `Command { std: "docker" "inspect" "a7184c88a7e29ca624d027848d0e70680e26ead32275a43d20cbbfc340159775", kill_on_drop: false }`
[INFO] running `Command { std: "docker" "rm" "-f" "a7184c88a7e29ca624d027848d0e70680e26ead32275a43d20cbbfc340159775", kill_on_drop: false }`
[INFO] [stdout] a7184c88a7e29ca624d027848d0e70680e26ead32275a43d20cbbfc340159775
[INFO] running `Command { std: "docker" "create" "-v" "/var/lib/crater-agent-workspace/builds/worker-3-tc1/target:/opt/rustwide/target:rw,Z" "-v" "/var/lib/crater-agent-workspace/builds/worker-3-tc1/source:/opt/rustwide/workdir:ro,Z" "-v" "/var/lib/crater-agent-workspace/cargo-home:/opt/rustwide/cargo-home:ro,Z" "-v" "/var/lib/crater-agent-workspace/rustup-home:/opt/rustwide/rustup-home:ro,Z" "-e" "SOURCE_DIR=/opt/rustwide/workdir" "-e" "CARGO_TARGET_DIR=/opt/rustwide/target" "-e" "CARGO_INCREMENTAL=0" "-e" "RUST_BACKTRACE=full" "-e" "RUSTFLAGS=--cap-lints=forbid" "-e" "RUSTDOCFLAGS=--cap-lints=forbid" "-e" "CARGO_HOME=/opt/rustwide/cargo-home" "-e" "RUSTUP_HOME=/opt/rustwide/rustup-home" "-w" "/opt/rustwide/workdir" "-m" "1610612736" "--user" "0:0" "--network" "none" "ghcr.io/rust-lang/crates-build-env/linux@sha256:4a844ea9eb2546a2d2c7022eacef16ef2e8229c7fbb2c7d4d55a9ceca922f72d" "/opt/rustwide/cargo-home/bin/cargo" "+nightly-2024-10-28" "build" "--frozen" "--message-format=json", kill_on_drop: false }`
[INFO] [stdout] d1015be81e8f569ccf9e95e29ff77e4e136280a14e3c764c575c400e76d77a3a
[INFO] running `Command { std: "docker" "start" "-a" "d1015be81e8f569ccf9e95e29ff77e4e136280a14e3c764c575c400e76d77a3a", kill_on_drop: false }`
[INFO] [stderr] warning: unused manifest key: target.release.lto
[INFO] [stderr]    Compiling autocfg v1.1.0
[INFO] [stderr]    Compiling proc-macro2 v1.0.70
[INFO] [stderr]    Compiling unicode-ident v1.0.12
[INFO] [stderr]    Compiling siphasher v0.3.11
[INFO] [stderr]    Compiling crossbeam-utils v0.8.16
[INFO] [stderr]    Compiling rand_core v0.6.4
[INFO] [stderr]    Compiling syn v1.0.109
[INFO] [stderr]    Compiling paste v1.0.14
[INFO] [stderr]    Compiling cfg-if v1.0.0
[INFO] [stderr]    Compiling bytemuck v1.14.0
[INFO] [stderr]    Compiling typenum v1.17.0
[INFO] [stderr]    Compiling scopeguard v1.2.0
[INFO] [stderr]    Compiling rayon-core v1.12.0
[INFO] [stderr]    Compiling rawpointer v0.2.1
[INFO] [stderr]    Compiling either v1.9.0
[INFO] [stderr]    Compiling memchr v2.6.4
[INFO] [stderr]    Compiling minimal-lexical v0.2.1
[INFO] [stderr]    Compiling once_cell v1.19.0
[INFO] [stderr]    Compiling lazy_static v1.4.0
[INFO] [stderr]    Compiling rand v0.8.5
[INFO] [stderr]    Compiling phf_shared v0.11.2
[INFO] [stderr]    Compiling safe_arch v0.7.1
[INFO] [stderr]    Compiling itertools v0.12.0
[INFO] [stderr]    Compiling phf v0.11.2
[INFO] [stderr]    Compiling num-traits v0.2.17
[INFO] [stderr]    Compiling num-integer v0.1.45
[INFO] [stderr]    Compiling memoffset v0.9.0
[INFO] [stderr]    Compiling num-bigint v0.4.4
[INFO] [stderr]    Compiling num-rational v0.4.1
[INFO] [stderr]    Compiling crossbeam-epoch v0.9.15
[INFO] [stderr]    Compiling matrixmultiply v0.3.8
[INFO] [stderr]    Compiling num-iter v0.1.43
[INFO] [stderr]    Compiling wide v0.7.13
[INFO] [stderr]    Compiling nom v7.1.3
[INFO] [stderr]    Compiling quote v1.0.33
[INFO] [stderr]    Compiling phf_generator v0.11.2
[INFO] [stderr]    Compiling syn v2.0.39
[INFO] [stderr]    Compiling crossbeam-deque v0.8.3
[INFO] [stderr]    Compiling phf_codegen v0.11.2
[INFO] [stderr]    Compiling bacon-sci v0.14.0
[INFO] [stderr]    Compiling rayon v1.8.0
[INFO] [stderr]    Compiling num-complex v0.4.4
[INFO] [stderr]    Compiling approx v0.5.1
[INFO] [stderr]    Compiling simba v0.8.1
[INFO] [stderr]    Compiling num v0.4.1
[INFO] [stderr]    Compiling nalgebra-macros v0.2.1
[INFO] [stderr]    Compiling nalgebra v0.32.3
[INFO] [stderr]    Compiling rust v0.1.0 (/opt/rustwide/workdir)
[INFO] [stdout] warning: unused import: `proc_macro2::TokenStream`
[INFO] [stdout]   --> src/lib.rs:16:5
[INFO] [stdout]    |
[INFO] [stdout] 16 | use proc_macro2::TokenStream;
[INFO] [stdout]    |     ^^^^^^^^^^^^^^^^^^^^^^^^
[INFO] [stdout]    |
[INFO] [stdout]    = note: `#[warn(unused_imports)]` on by default
[INFO] [stdout] 
[INFO] [stdout] 
[INFO] [stdout] warning: unused variable: `input`
[INFO] [stdout]   --> src/lib.rs:62:14
[INFO] [stdout]    |
[INFO] [stdout] 62 |     fn parse(input: ParseStream) -> Result<Self> {
[INFO] [stdout]    |              ^^^^^ help: if this is intentional, prefix it with an underscore: `_input`
[INFO] [stdout]    |
[INFO] [stdout]    = note: `#[warn(unused_variables)]` on by default
[INFO] [stdout] 
[INFO] [stdout] 
[INFO] [stdout] warning: struct `SpecificationList` is never constructed
[INFO] [stdout]   --> src/lib.rs:24:8
[INFO] [stdout]    |
[INFO] [stdout] 24 | struct SpecificationList {
[INFO] [stdout]    |        ^^^^^^^^^^^^^^^^^
[INFO] [stdout]    |
[INFO] [stdout]    = note: `#[warn(dead_code)]` on by default
[INFO] [stdout] 
[INFO] [stdout] 
[INFO] [stdout] warning: fields `delimiter` and `container` are never read
[INFO] [stdout]   --> src/lib.rs:31:5
[INFO] [stdout]    |
[INFO] [stdout] 30 | struct Specification {
[INFO] [stdout]    |        ------------- fields in this struct
[INFO] [stdout] 31 |     delimiter: Delimiter,
[INFO] [stdout]    |     ^^^^^^^^^
[INFO] [stdout] 32 |     container: ContainerType,
[INFO] [stdout]    |     ^^^^^^^^^
[INFO] [stdout]    |
[INFO] [stdout]    = note: `Specification` has a derived impl for the trait `Debug`, but this is intentionally ignored during dead code analysis
[INFO] [stdout] 
[INFO] [stdout] 
[INFO] [stdout] warning: field `0` is never read
[INFO] [stdout]   --> src/lib.rs:41:12
[INFO] [stdout]    |
[INFO] [stdout] 41 |     Custom(Box<str>),
[INFO] [stdout]    |     ------ ^^^^^^^^
[INFO] [stdout]    |     |
[INFO] [stdout]    |     field in this variant
[INFO] [stdout]    |
[INFO] [stdout]    = note: `Delimiter` has a derived impl for the trait `Debug`, but this is intentionally ignored during dead code analysis
[INFO] [stdout] help: consider changing the field to be of unit type to suppress this warning while preserving the field numbering, or remove the field
[INFO] [stdout]    |
[INFO] [stdout] 41 |     Custom(()),
[INFO] [stdout]    |            ~~
[INFO] [stdout] 
[INFO] [stdout] 
[INFO] [stdout] warning: variants `Vec`, `Tuple`, `HashMap`, `HashSet`, and `String` are never constructed
[INFO] [stdout]   --> src/lib.rs:46:5
[INFO] [stdout]    |
[INFO] [stdout] 45 | enum ContainerType {
[INFO] [stdout]    |      ------------- variants in this enum
[INFO] [stdout] 46 |     Vec(InnerType),
[INFO] [stdout]    |     ^^^
[INFO] [stdout] 47 |     Tuple(Vec<InnerType>),
[INFO] [stdout]    |     ^^^^^
[INFO] [stdout] 48 |     HashMap(InnerType, InnerType),
[INFO] [stdout]    |     ^^^^^^^
[INFO] [stdout] 49 |     HashSet(InnerType),
[INFO] [stdout]    |     ^^^^^^^
[INFO] [stdout] 50 |     String,
[INFO] [stdout]    |     ^^^^^^
[INFO] [stdout]    |
[INFO] [stdout]    = note: `ContainerType` has a derived impl for the trait `Debug`, but this is intentionally ignored during dead code analysis
[INFO] [stdout] 
[INFO] [stdout] 
[INFO] [stdout] warning: variants `Integer`, `Float`, `Char`, and `Nested` are never constructed
[INFO] [stdout]   --> src/lib.rs:55:5
[INFO] [stdout]    |
[INFO] [stdout] 54 | enum InnerType {
[INFO] [stdout]    |      --------- variants in this enum
[INFO] [stdout] 55 |     Integer,
[INFO] [stdout]    |     ^^^^^^^
[INFO] [stdout] 56 |     Float,
[INFO] [stdout]    |     ^^^^^
[INFO] [stdout] 57 |     Char,
[INFO] [stdout]    |     ^^^^
[INFO] [stdout] 58 |     Nested(Box<Specification>),
[INFO] [stdout]    |     ^^^^^^
[INFO] [stdout]    |
[INFO] [stdout]    = note: `InnerType` has a derived impl for the trait `Debug`, but this is intentionally ignored during dead code analysis
[INFO] [stdout] 
[INFO] [stdout] 
[INFO] [stdout] warning: function `parse_specs` is never used
[INFO] [stdout]   --> src/lib.rs:79:4
[INFO] [stdout]    |
[INFO] [stdout] 79 | fn parse_specs(specs: &str) -> SpecificationList {
[INFO] [stdout]    |    ^^^^^^^^^^^
[INFO] [stdout] 
[INFO] [stdout] 
[INFO] [stderr]     Finished `dev` profile [unoptimized + debuginfo] target(s) in 13.55s
[INFO] running `Command { std: "docker" "inspect" "d1015be81e8f569ccf9e95e29ff77e4e136280a14e3c764c575c400e76d77a3a", kill_on_drop: false }`
[INFO] running `Command { std: "docker" "rm" "-f" "d1015be81e8f569ccf9e95e29ff77e4e136280a14e3c764c575c400e76d77a3a", kill_on_drop: false }`
[INFO] [stdout] d1015be81e8f569ccf9e95e29ff77e4e136280a14e3c764c575c400e76d77a3a
[INFO] running `Command { std: "docker" "create" "-v" "/var/lib/crater-agent-workspace/builds/worker-3-tc1/target:/opt/rustwide/target:rw,Z" "-v" "/var/lib/crater-agent-workspace/builds/worker-3-tc1/source:/opt/rustwide/workdir:ro,Z" "-v" "/var/lib/crater-agent-workspace/cargo-home:/opt/rustwide/cargo-home:ro,Z" "-v" "/var/lib/crater-agent-workspace/rustup-home:/opt/rustwide/rustup-home:ro,Z" "-e" "SOURCE_DIR=/opt/rustwide/workdir" "-e" "CARGO_TARGET_DIR=/opt/rustwide/target" "-e" "CARGO_INCREMENTAL=0" "-e" "RUST_BACKTRACE=full" "-e" "RUSTFLAGS=--cap-lints=forbid" "-e" "RUSTDOCFLAGS=--cap-lints=forbid" "-e" "CARGO_HOME=/opt/rustwide/cargo-home" "-e" "RUSTUP_HOME=/opt/rustwide/rustup-home" "-w" "/opt/rustwide/workdir" "-m" "1610612736" "--user" "0:0" "--network" "none" "ghcr.io/rust-lang/crates-build-env/linux@sha256:4a844ea9eb2546a2d2c7022eacef16ef2e8229c7fbb2c7d4d55a9ceca922f72d" "/opt/rustwide/cargo-home/bin/cargo" "+nightly-2024-10-28" "test" "--frozen" "--no-run" "--message-format=json", kill_on_drop: false }`
[INFO] [stdout] 5bab8a09a672ef8ba521d284e80ad53e777a01ee761c14b757e5b0de48ed1903
[INFO] running `Command { std: "docker" "start" "-a" "5bab8a09a672ef8ba521d284e80ad53e777a01ee761c14b757e5b0de48ed1903", kill_on_drop: false }`
[INFO] [stderr] warning: unused manifest key: target.release.lto
[INFO] [stdout] warning: unused import: `proc_macro2::TokenStream`
[INFO] [stdout]   --> src/lib.rs:16:5
[INFO] [stdout]    |
[INFO] [stdout] 16 | use proc_macro2::TokenStream;
[INFO] [stdout]    |     ^^^^^^^^^^^^^^^^^^^^^^^^
[INFO] [stdout]    |
[INFO] [stdout]    = note: `#[warn(unused_imports)]` on by default
[INFO] [stdout] 
[INFO] [stdout] 
[INFO] [stdout] warning: unused variable: `input`
[INFO] [stdout]   --> src/lib.rs:62:14
[INFO] [stdout]    |
[INFO] [stdout] 62 |     fn parse(input: ParseStream) -> Result<Self> {
[INFO] [stdout]    |              ^^^^^ help: if this is intentional, prefix it with an underscore: `_input`
[INFO] [stdout]    |
[INFO] [stdout]    = note: `#[warn(unused_variables)]` on by default
[INFO] [stdout] 
[INFO] [stdout] 
[INFO] [stdout] warning: struct `SpecificationList` is never constructed
[INFO] [stdout]   --> src/lib.rs:24:8
[INFO] [stdout]    |
[INFO] [stdout] 24 | struct SpecificationList {
[INFO] [stdout]    |        ^^^^^^^^^^^^^^^^^
[INFO] [stdout]    |
[INFO] [stdout]    = note: `#[warn(dead_code)]` on by default
[INFO] [stdout] 
[INFO] [stdout] 
[INFO] [stdout] warning: fields `delimiter` and `container` are never read
[INFO] [stdout]   --> src/lib.rs:31:5
[INFO] [stdout]    |
[INFO] [stdout] 30 | struct Specification {
[INFO] [stdout]    |        ------------- fields in this struct
[INFO] [stdout] 31 |     delimiter: Delimiter,
[INFO] [stdout]    |     ^^^^^^^^^
[INFO] [stdout] 32 |     container: ContainerType,
[INFO] [stdout]    |     ^^^^^^^^^
[INFO] [stdout]    |
[INFO] [stdout]    = note: `Specification` has a derived impl for the trait `Debug`, but this is intentionally ignored during dead code analysis
[INFO] [stdout] 
[INFO] [stdout] 
[INFO] [stdout] warning: field `0` is never read
[INFO] [stdout]   --> src/lib.rs:41:12
[INFO] [stdout]    |
[INFO] [stdout] 41 |     Custom(Box<str>),
[INFO] [stdout]    |     ------ ^^^^^^^^
[INFO] [stdout]    |     |
[INFO] [stdout]    |     field in this variant
[INFO] [stdout]    |
[INFO] [stdout]    = note: `Delimiter` has a derived impl for the trait `Debug`, but this is intentionally ignored during dead code analysis
[INFO] [stdout] help: consider changing the field to be of unit type to suppress this warning while preserving the field numbering, or remove the field
[INFO] [stdout]    |
[INFO] [stdout] 41 |     Custom(()),
[INFO] [stdout]    |            ~~
[INFO] [stdout] 
[INFO] [stdout] 
[INFO] [stdout] warning: variants `Vec`, `Tuple`, `HashMap`, `HashSet`, and `String` are never constructed
[INFO] [stdout]   --> src/lib.rs:46:5
[INFO] [stdout]    |
[INFO] [stdout] 45 | enum ContainerType {
[INFO] [stdout]    |      ------------- variants in this enum
[INFO] [stdout] 46 |     Vec(InnerType),
[INFO] [stdout]    |     ^^^
[INFO] [stdout] 47 |     Tuple(Vec<InnerType>),
[INFO] [stdout]    |     ^^^^^
[INFO] [stdout] 48 |     HashMap(InnerType, InnerType),
[INFO] [stdout]    |     ^^^^^^^
[INFO] [stdout] 49 |     HashSet(InnerType),
[INFO] [stdout]    |     ^^^^^^^
[INFO] [stdout] 50 |     String,
[INFO] [stdout]    |     ^^^^^^
[INFO] [stdout]    |
[INFO] [stdout]    = note: `ContainerType` has a derived impl for the trait `Debug`, but this is intentionally ignored during dead code analysis
[INFO] [stdout] 
[INFO] [stdout] 
[INFO] [stdout] warning: variants `Integer`, `Float`, `Char`, and `Nested` are never constructed
[INFO] [stdout]   --> src/lib.rs:55:5
[INFO] [stdout]    |
[INFO] [stdout] 54 | enum InnerType {
[INFO] [stdout]    |      --------- variants in this enum
[INFO] [stdout] 55 |     Integer,
[INFO] [stdout]    |     ^^^^^^^
[INFO] [stdout] 56 |     Float,
[INFO] [stdout]    |     ^^^^^
[INFO] [stdout] 57 |     Char,
[INFO] [stdout]    |     ^^^^
[INFO] [stdout] 58 |     Nested(Box<Specification>),
[INFO] [stdout]    |     ^^^^^^
[INFO] [stdout]    |
[INFO] [stdout]    = note: `InnerType` has a derived impl for the trait `Debug`, but this is intentionally ignored during dead code analysis
[INFO] [stdout] 
[INFO] [stdout] 
[INFO] [stderr]    Compiling rust v0.1.0 (/opt/rustwide/workdir)
[INFO] [stdout] warning: function `parse_specs` is never used
[INFO] [stdout]   --> src/lib.rs:79:4
[INFO] [stdout]    |
[INFO] [stdout] 79 | fn parse_specs(specs: &str) -> SpecificationList {
[INFO] [stdout]    |    ^^^^^^^^^^^
[INFO] [stdout] 
[INFO] [stdout] 
[INFO] [stdout] warning: unused import: `proc_macro2::TokenStream`
[INFO] [stdout]   --> src/lib.rs:16:5
[INFO] [stdout]    |
[INFO] [stdout] 16 | use proc_macro2::TokenStream;
[INFO] [stdout]    |     ^^^^^^^^^^^^^^^^^^^^^^^^
[INFO] [stdout]    |
[INFO] [stdout]    = note: `#[warn(unused_imports)]` on by default
[INFO] [stdout] 
[INFO] [stdout] 
[INFO] [stdout] warning: unused variable: `input`
[INFO] [stdout]   --> src/lib.rs:62:14
[INFO] [stdout]    |
[INFO] [stdout] 62 |     fn parse(input: ParseStream) -> Result<Self> {
[INFO] [stdout]    |              ^^^^^ help: if this is intentional, prefix it with an underscore: `_input`
[INFO] [stdout]    |
[INFO] [stdout]    = note: `#[warn(unused_variables)]` on by default
[INFO] [stdout] 
[INFO] [stdout] 
[INFO] [stdout] warning: fields `specifications` and `macro_delimiters` are never read
[INFO] [stdout]   --> src/lib.rs:25:5
[INFO] [stdout]    |
[INFO] [stdout] 24 | struct SpecificationList {
[INFO] [stdout]    |        ----------------- fields in this struct
[INFO] [stdout] 25 |     specifications: Vec<Specification>,
[INFO] [stdout]    |     ^^^^^^^^^^^^^^
[INFO] [stdout] 26 |     macro_delimiters: Vec<Delimiter>,
[INFO] [stdout]    |     ^^^^^^^^^^^^^^^^
[INFO] [stdout]    |
[INFO] [stdout]    = note: `SpecificationList` has a derived impl for the trait `Debug`, but this is intentionally ignored during dead code analysis
[INFO] [stdout]    = note: `#[warn(dead_code)]` on by default
[INFO] [stdout] 
[INFO] [stdout] 
[INFO] [stdout] warning: fields `delimiter` and `container` are never read
[INFO] [stdout]   --> src/lib.rs:31:5
[INFO] [stdout]    |
[INFO] [stdout] 30 | struct Specification {
[INFO] [stdout]    |        ------------- fields in this struct
[INFO] [stdout] 31 |     delimiter: Delimiter,
[INFO] [stdout]    |     ^^^^^^^^^
[INFO] [stdout] 32 |     container: ContainerType,
[INFO] [stdout]    |     ^^^^^^^^^
[INFO] [stdout]    |
[INFO] [stdout]    = note: `Specification` has a derived impl for the trait `Debug`, but this is intentionally ignored during dead code analysis
[INFO] [stdout] 
[INFO] [stdout] 
[INFO] [stdout] warning: field `0` is never read
[INFO] [stdout]   --> src/lib.rs:41:12
[INFO] [stdout]    |
[INFO] [stdout] 41 |     Custom(Box<str>),
[INFO] [stdout]    |     ------ ^^^^^^^^
[INFO] [stdout]    |     |
[INFO] [stdout]    |     field in this variant
[INFO] [stdout]    |
[INFO] [stdout]    = note: `Delimiter` has a derived impl for the trait `Debug`, but this is intentionally ignored during dead code analysis
[INFO] [stdout] help: consider changing the field to be of unit type to suppress this warning while preserving the field numbering, or remove the field
[INFO] [stdout]    |
[INFO] [stdout] 41 |     Custom(()),
[INFO] [stdout]    |            ~~
[INFO] [stdout] 
[INFO] [stdout] 
[INFO] [stdout] warning: variants `Vec`, `Tuple`, `HashMap`, `HashSet`, and `String` are never constructed
[INFO] [stdout]   --> src/lib.rs:46:5
[INFO] [stdout]    |
[INFO] [stdout] 45 | enum ContainerType {
[INFO] [stdout]    |      ------------- variants in this enum
[INFO] [stdout] 46 |     Vec(InnerType),
[INFO] [stdout]    |     ^^^
[INFO] [stdout] 47 |     Tuple(Vec<InnerType>),
[INFO] [stdout]    |     ^^^^^
[INFO] [stdout] 48 |     HashMap(InnerType, InnerType),
[INFO] [stdout]    |     ^^^^^^^
[INFO] [stdout] 49 |     HashSet(InnerType),
[INFO] [stdout]    |     ^^^^^^^
[INFO] [stdout] 50 |     String,
[INFO] [stdout]    |     ^^^^^^
[INFO] [stdout]    |
[INFO] [stdout]    = note: `ContainerType` has a derived impl for the trait `Debug`, but this is intentionally ignored during dead code analysis
[INFO] [stdout] 
[INFO] [stdout] 
[INFO] [stdout] warning: variants `Integer`, `Float`, `Char`, and `Nested` are never constructed
[INFO] [stdout]   --> src/lib.rs:55:5
[INFO] [stdout]    |
[INFO] [stdout] 54 | enum InnerType {
[INFO] [stdout]    |      --------- variants in this enum
[INFO] [stdout] 55 |     Integer,
[INFO] [stdout]    |     ^^^^^^^
[INFO] [stdout] 56 |     Float,
[INFO] [stdout]    |     ^^^^^
[INFO] [stdout] 57 |     Char,
[INFO] [stdout]    |     ^^^^
[INFO] [stdout] 58 |     Nested(Box<Specification>),
[INFO] [stdout]    |     ^^^^^^
[INFO] [stdout]    |
[INFO] [stdout]    = note: `InnerType` has a derived impl for the trait `Debug`, but this is intentionally ignored during dead code analysis
[INFO] [stdout] 
[INFO] [stdout] 
[INFO] [stderr]     Finished `test` profile [unoptimized + debuginfo] target(s) in 0.36s
[INFO] running `Command { std: "docker" "inspect" "5bab8a09a672ef8ba521d284e80ad53e777a01ee761c14b757e5b0de48ed1903", kill_on_drop: false }`
[INFO] running `Command { std: "docker" "rm" "-f" "5bab8a09a672ef8ba521d284e80ad53e777a01ee761c14b757e5b0de48ed1903", kill_on_drop: false }`
[INFO] [stdout] 5bab8a09a672ef8ba521d284e80ad53e777a01ee761c14b757e5b0de48ed1903
[INFO] running `Command { std: "docker" "create" "-v" "/var/lib/crater-agent-workspace/builds/worker-3-tc1/target:/opt/rustwide/target:rw,Z" "-v" "/var/lib/crater-agent-workspace/builds/worker-3-tc1/source:/opt/rustwide/workdir:ro,Z" "-v" "/var/lib/crater-agent-workspace/cargo-home:/opt/rustwide/cargo-home:ro,Z" "-v" "/var/lib/crater-agent-workspace/rustup-home:/opt/rustwide/rustup-home:ro,Z" "-e" "SOURCE_DIR=/opt/rustwide/workdir" "-e" "CARGO_TARGET_DIR=/opt/rustwide/target" "-e" "CARGO_INCREMENTAL=0" "-e" "RUST_BACKTRACE=full" "-e" "RUSTFLAGS=--cap-lints=forbid" "-e" "RUSTDOCFLAGS=--cap-lints=forbid" "-e" "CARGO_HOME=/opt/rustwide/cargo-home" "-e" "RUSTUP_HOME=/opt/rustwide/rustup-home" "-w" "/opt/rustwide/workdir" "-m" "1610612736" "--user" "0:0" "--network" "none" "ghcr.io/rust-lang/crates-build-env/linux@sha256:4a844ea9eb2546a2d2c7022eacef16ef2e8229c7fbb2c7d4d55a9ceca922f72d" "/opt/rustwide/cargo-home/bin/cargo" "+nightly-2024-10-28" "test" "--frozen", kill_on_drop: false }`
[INFO] [stdout] c9ac44fdb7c69c6cda15b4df93be7587bbfec02ab63e3511b4ffe1aa3408c40b
[INFO] running `Command { std: "docker" "start" "-a" "c9ac44fdb7c69c6cda15b4df93be7587bbfec02ab63e3511b4ffe1aa3408c40b", kill_on_drop: false }`
[INFO] [stderr] warning: unused manifest key: target.release.lto
[INFO] [stderr] warning: unused import: `proc_macro2::TokenStream`
[INFO] [stderr]   --> src/lib.rs:16:5
[INFO] [stderr]    |
[INFO] [stderr] 16 | use proc_macro2::TokenStream;
[INFO] [stderr]    |     ^^^^^^^^^^^^^^^^^^^^^^^^
[INFO] [stderr]    |
[INFO] [stderr]    = note: `#[warn(unused_imports)]` on by default
[INFO] [stderr] 
[INFO] [stderr] warning: unused variable: `input`
[INFO] [stderr]   --> src/lib.rs:62:14
[INFO] [stderr]    |
[INFO] [stderr] 62 |     fn parse(input: ParseStream) -> Result<Self> {
[INFO] [stderr]    |              ^^^^^ help: if this is intentional, prefix it with an underscore: `_input`
[INFO] [stderr]    |
[INFO] [stderr]    = note: `#[warn(unused_variables)]` on by default
[INFO] [stderr] 
[INFO] [stderr] warning: struct `SpecificationList` is never constructed
[INFO] [stderr]   --> src/lib.rs:24:8
[INFO] [stderr]    |
[INFO] [stderr] 24 | struct SpecificationList {
[INFO] [stderr]    |        ^^^^^^^^^^^^^^^^^
[INFO] [stderr]    |
[INFO] [stderr]    = note: `#[warn(dead_code)]` on by default
[INFO] [stderr] 
[INFO] [stderr] warning: fields `delimiter` and `container` are never read
[INFO] [stderr]   --> src/lib.rs:31:5
[INFO] [stderr]    |
[INFO] [stderr] 30 | struct Specification {
[INFO] [stderr]    |        ------------- fields in this struct
[INFO] [stderr] 31 |     delimiter: Delimiter,
[INFO] [stderr]    |     ^^^^^^^^^
[INFO] [stderr] 32 |     container: ContainerType,
[INFO] [stderr]    |     ^^^^^^^^^
[INFO] [stderr]    |
[INFO] [stderr]    = note: `Specification` has a derived impl for the trait `Debug`, but this is intentionally ignored during dead code analysis
[INFO] [stderr] 
[INFO] [stderr] warning: field `0` is never read
[INFO] [stderr]   --> src/lib.rs:41:12
[INFO] [stderr]    |
[INFO] [stderr] 41 |     Custom(Box<str>),
[INFO] [stderr]    |     ------ ^^^^^^^^
[INFO] [stderr]    |     |
[INFO] [stderr]    |     field in this variant
[INFO] [stderr]    |
[INFO] [stderr]    = note: `Delimiter` has a derived impl for the trait `Debug`, but this is intentionally ignored during dead code analysis
[INFO] [stderr] help: consider changing the field to be of unit type to suppress this warning while preserving the field numbering, or remove the field
[INFO] [stderr]    |
[INFO] [stderr] 41 |     Custom(()),
[INFO] [stderr]    |            ~~
[INFO] [stderr] 
[INFO] [stderr] warning: variants `Vec`, `Tuple`, `HashMap`, `HashSet`, and `String` are never constructed
[INFO] [stderr]   --> src/lib.rs:46:5
[INFO] [stderr]    |
[INFO] [stderr] 45 | enum ContainerType {
[INFO] [stderr]    |      ------------- variants in this enum
[INFO] [stderr] 46 |     Vec(InnerType),
[INFO] [stderr]    |     ^^^
[INFO] [stderr] 47 |     Tuple(Vec<InnerType>),
[INFO] [stderr]    |     ^^^^^
[INFO] [stderr] 48 |     HashMap(InnerType, InnerType),
[INFO] [stderr]    |     ^^^^^^^
[INFO] [stderr] 49 |     HashSet(InnerType),
[INFO] [stderr]    |     ^^^^^^^
[INFO] [stderr] 50 |     String,
[INFO] [stderr]    |     ^^^^^^
[INFO] [stderr]    |
[INFO] [stderr]    = note: `ContainerType` has a derived impl for the trait `Debug`, but this is intentionally ignored during dead code analysis
[INFO] [stderr] 
[INFO] [stderr] warning: variants `Integer`, `Float`, `Char`, and `Nested` are never constructed
[INFO] [stderr]   --> src/lib.rs:55:5
[INFO] [stderr]    |
[INFO] [stderr] 54 | enum InnerType {
[INFO] [stderr]    |      --------- variants in this enum
[INFO] [stderr] 55 |     Integer,
[INFO] [stderr]    |     ^^^^^^^
[INFO] [stderr] 56 |     Float,
[INFO] [stderr]    |     ^^^^^
[INFO] [stderr] 57 |     Char,
[INFO] [stderr]    |     ^^^^
[INFO] [stderr] 58 |     Nested(Box<Specification>),
[INFO] [stderr]    |     ^^^^^^
[INFO] [stderr]    |
[INFO] [stderr]    = note: `InnerType` has a derived impl for the trait `Debug`, but this is intentionally ignored during dead code analysis
[INFO] [stderr] 
[INFO] [stderr] warning: function `parse_specs` is never used
[INFO] [stderr]   --> src/lib.rs:79:4
[INFO] [stderr]    |
[INFO] [stderr] 79 | fn parse_specs(specs: &str) -> SpecificationList {
[INFO] [stderr]    |    ^^^^^^^^^^^
[INFO] [stderr] 
[INFO] [stderr] warning: fields `specifications` and `macro_delimiters` are never read
[INFO] [stderr]   --> src/lib.rs:25:5
[INFO] [stderr]    |
[INFO] [stderr] 24 | struct SpecificationList {
[INFO] [stderr]    |        ----------------- fields in this struct
[INFO] [stderr] 25 |     specifications: Vec<Specification>,
[INFO] [stderr]    |     ^^^^^^^^^^^^^^
[INFO] [stderr] 26 |     macro_delimiters: Vec<Delimiter>,
[INFO] [stderr]    |     ^^^^^^^^^^^^^^^^
[INFO] [stderr]    |
[INFO] [stderr]    = note: `SpecificationList` has a derived impl for the trait `Debug`, but this is intentionally ignored during dead code analysis
[INFO] [stderr]    = note: `#[warn(dead_code)]` on by default
[INFO] [stderr] 
[INFO] [stderr] warning: `rust` (lib) generated 8 warnings (run `cargo fix --lib -p rust` to apply 1 suggestion)
[INFO] [stderr] warning: `rust` (lib test) generated 7 warnings (6 duplicates)
[INFO] [stderr]     Finished `test` profile [unoptimized + debuginfo] target(s) in 0.04s
[INFO] [stderr]      Running unittests src/lib.rs (/opt/rustwide/target/debug/deps/rust-dacaad89415677e0)
[INFO] [stdout] 
[INFO] [stdout] running 1 test
[INFO] [stdout] test test::test_vec_vec_char ... FAILED
[INFO] [stdout] 
[INFO] [stdout] failures:
[INFO] [stdout] 
[INFO] [stdout] ---- test::test_vec_vec_char stdout ----
[INFO] [stdout] thread 'test::test_vec_vec_char' panicked at src/lib.rs:63:9:
[INFO] [stdout] not yet implemented
[INFO] [stdout] stack backtrace:
[INFO] [stdout]    0:     0x60e890aa78ea - std::backtrace_rs::backtrace::libunwind::trace::h207520d6e9873551
[INFO] [stdout]                                at /rustc/df4ca44d3fbc9301ee17f30f4d474e6ae4b05252/library/std/src/../../backtrace/src/backtrace/libunwind.rs:116:5
[INFO] [stdout]    1:     0x60e890aa78ea - std::backtrace_rs::backtrace::trace_unsynchronized::h2ed7433f370e3eca
[INFO] [stdout]                                at /rustc/df4ca44d3fbc9301ee17f30f4d474e6ae4b05252/library/std/src/../../backtrace/src/backtrace/mod.rs:66:5
[INFO] [stdout]    2:     0x60e890aa78ea - std::sys::backtrace::_print_fmt::h916fac51166b18d7
[INFO] [stdout]                                at /rustc/df4ca44d3fbc9301ee17f30f4d474e6ae4b05252/library/std/src/sys/backtrace.rs:66:9
[INFO] [stdout]    3:     0x60e890aa78ea - <std::sys::backtrace::BacktraceLock::print::DisplayBacktrace as core::fmt::Display>::fmt::ha0a4c9b8ce3802e6
[INFO] [stdout]                                at /rustc/df4ca44d3fbc9301ee17f30f4d474e6ae4b05252/library/std/src/sys/backtrace.rs:39:26
[INFO] [stdout]    4:     0x60e890ace0c3 - core::fmt::rt::Argument::fmt::h4cfc8587d52b3eb5
[INFO] [stdout]                                at /rustc/df4ca44d3fbc9301ee17f30f4d474e6ae4b05252/library/core/src/fmt/rt.rs:177:76
[INFO] [stdout]    5:     0x60e890ace0c3 - core::fmt::write::h522cc39e5b36ae9f
[INFO] [stdout]                                at /rustc/df4ca44d3fbc9301ee17f30f4d474e6ae4b05252/library/core/src/fmt/mod.rs:1190:21
[INFO] [stdout]    6:     0x60e890aa4543 - std::io::Write::write_fmt::h7d3c26752da97734
[INFO] [stdout]                                at /rustc/df4ca44d3fbc9301ee17f30f4d474e6ae4b05252/library/std/src/io/mod.rs:1839:15
[INFO] [stdout]    7:     0x60e890aa7732 - std::sys::backtrace::BacktraceLock::print::h4b9e00b29e9c0942
[INFO] [stdout]                                at /rustc/df4ca44d3fbc9301ee17f30f4d474e6ae4b05252/library/std/src/sys/backtrace.rs:42:9
[INFO] [stdout]    8:     0x60e890aa8d7a - std::panicking::default_hook::{{closure}}::hb59b88280d0324d9
[INFO] [stdout]                                at /rustc/df4ca44d3fbc9301ee17f30f4d474e6ae4b05252/library/std/src/panicking.rs:268:22
[INFO] [stdout]    9:     0x60e890aa8b84 - std::panicking::default_hook::he1dd496665be4a29
[INFO] [stdout]                                at /rustc/df4ca44d3fbc9301ee17f30f4d474e6ae4b05252/library/std/src/panicking.rs:292:9
[INFO] [stdout]   10:     0x60e890a4c129 - <alloc::boxed::Box<F,A> as core::ops::function::Fn<Args>>::call::h4ff71de18744e1dc
[INFO] [stdout]                                at /rustc/df4ca44d3fbc9301ee17f30f4d474e6ae4b05252/library/alloc/src/boxed.rs:2468:9
[INFO] [stdout]   11:     0x60e890a4c129 - test::test_main::{{closure}}::hcf7c055ce117aa81
[INFO] [stdout]                                at /rustc/df4ca44d3fbc9301ee17f30f4d474e6ae4b05252/library/test/src/lib.rs:133:21
[INFO] [stdout]   12:     0x60e890aa9478 - <alloc::boxed::Box<F,A> as core::ops::function::Fn<Args>>::call::h1d66c6bbd60c9692
[INFO] [stdout]                                at /rustc/df4ca44d3fbc9301ee17f30f4d474e6ae4b05252/library/alloc/src/boxed.rs:2468:9
[INFO] [stdout]   13:     0x60e890aa9478 - std::panicking::rust_panic_with_hook::h2ff17fe8f26dfcf8
[INFO] [stdout]                                at /rustc/df4ca44d3fbc9301ee17f30f4d474e6ae4b05252/library/std/src/panicking.rs:809:13
[INFO] [stdout]   14:     0x60e890aa9206 - std::panicking::begin_panic_handler::{{closure}}::h4fad77951c07e101
[INFO] [stdout]                                at /rustc/df4ca44d3fbc9301ee17f30f4d474e6ae4b05252/library/std/src/panicking.rs:667:13
[INFO] [stdout]   15:     0x60e890aa7dc9 - std::sys::backtrace::__rust_end_short_backtrace::hb1a25b3da5d0ea08
[INFO] [stdout]                                at /rustc/df4ca44d3fbc9301ee17f30f4d474e6ae4b05252/library/std/src/sys/backtrace.rs:170:18
[INFO] [stdout]   16:     0x60e890aa8ecc - rust_begin_unwind
[INFO] [stdout]                                at /rustc/df4ca44d3fbc9301ee17f30f4d474e6ae4b05252/library/std/src/panicking.rs:665:5
[INFO] [stdout]   17:     0x60e890accac0 - core::panicking::panic_fmt::ha9db07b529f9b256
[INFO] [stdout]                                at /rustc/df4ca44d3fbc9301ee17f30f4d474e6ae4b05252/library/core/src/panicking.rs:75:14
[INFO] [stdout]   18:     0x60e890accb4c - core::panicking::panic::h993086813d94accc
[INFO] [stdout]                                at /rustc/df4ca44d3fbc9301ee17f30f4d474e6ae4b05252/library/core/src/panicking.rs:152:5
[INFO] [stdout]   19:     0x60e890a112d1 - <rust::Specification as syn::parse::Parse>::parse::h1e7485da5aa4275b
[INFO] [stdout]                                at /opt/rustwide/workdir/src/lib.rs:63:9
[INFO] [stdout]   20:     0x60e890a0e0da - core::ops::function::FnOnce::call_once::ha6c3de9ad2986e09
[INFO] [stdout]                                at /rustc/df4ca44d3fbc9301ee17f30f4d474e6ae4b05252/library/core/src/ops/function.rs:250:5
[INFO] [stdout]   21:     0x60e890a0d2cd - <F as syn::parse::Parser>::parse2::h47b25c65c35b9c83
[INFO] [stdout]                                at /opt/rustwide/cargo-home/registry/src/index.crates.io-6f17d22bba15001f/syn-2.0.39/src/parse.rs:1242:20
[INFO] [stdout]   22:     0x60e890a0d1dd - syn::parse2::haa7ed0499dd1c8b4
[INFO] [stdout]                                at /opt/rustwide/cargo-home/registry/src/index.crates.io-6f17d22bba15001f/syn-2.0.39/src/lib.rs:883:5
[INFO] [stdout]   23:     0x60e890a11646 - rust::parse_specs::h37b02420e63ed8f3
[INFO] [stdout]                                at /opt/rustwide/workdir/src/lib.rs:82:14
[INFO] [stdout]   24:     0x60e890a120ed - rust::test::test_vec_vec_char::h19ece712d6df2dae
[INFO] [stdout]                                at /opt/rustwide/workdir/src/lib.rs:118:26
[INFO] [stdout]   25:     0x60e890a120b7 - rust::test::test_vec_vec_char::{{closure}}::hc3f6d715e76561c8
[INFO] [stdout]                                at /opt/rustwide/workdir/src/lib.rs:117:27
[INFO] [stdout]   26:     0x60e890a0e046 - core::ops::function::FnOnce::call_once::h3c4adc5579d3af0f
[INFO] [stdout]                                at /rustc/df4ca44d3fbc9301ee17f30f4d474e6ae4b05252/library/core/src/ops/function.rs:250:5
[INFO] [stdout]   27:     0x60e890a509fb - core::ops::function::FnOnce::call_once::h22c3ba5715e93f05
[INFO] [stdout]                                at /rustc/df4ca44d3fbc9301ee17f30f4d474e6ae4b05252/library/core/src/ops/function.rs:250:5
[INFO] [stdout]   28:     0x60e890a509fb - test::__rust_begin_short_backtrace::h8e82d8113d0da17f
[INFO] [stdout]                                at /rustc/df4ca44d3fbc9301ee17f30f4d474e6ae4b05252/library/test/src/lib.rs:621:18
[INFO] [stdout]   29:     0x60e890a50377 - test::run_test_in_process::{{closure}}::h33235f4f20b7b7c7
[INFO] [stdout]                                at /rustc/df4ca44d3fbc9301ee17f30f4d474e6ae4b05252/library/test/src/lib.rs:644:60
[INFO] [stdout]   30:     0x60e890a50377 - <core::panic::unwind_safe::AssertUnwindSafe<F> as core::ops::function::FnOnce<()>>::call_once::hb5043206310c586f
[INFO] [stdout]                                at /rustc/df4ca44d3fbc9301ee17f30f4d474e6ae4b05252/library/core/src/panic/unwind_safe.rs:272:9
[INFO] [stdout]   31:     0x60e890a50377 - std::panicking::try::do_call::h9ad4731a60ab23e2
[INFO] [stdout]                                at /rustc/df4ca44d3fbc9301ee17f30f4d474e6ae4b05252/library/std/src/panicking.rs:557:40
[INFO] [stdout]   32:     0x60e890a50377 - std::panicking::try::h3824d23db772a716
[INFO] [stdout]                                at /rustc/df4ca44d3fbc9301ee17f30f4d474e6ae4b05252/library/std/src/panicking.rs:520:19
[INFO] [stdout]   33:     0x60e890a50377 - std::panic::catch_unwind::h5afd514605fde46b
[INFO] [stdout]                                at /rustc/df4ca44d3fbc9301ee17f30f4d474e6ae4b05252/library/std/src/panic.rs:358:14
[INFO] [stdout]   34:     0x60e890a50377 - test::run_test_in_process::h0d5cbfa7067d1720
[INFO] [stdout]                                at /rustc/df4ca44d3fbc9301ee17f30f4d474e6ae4b05252/library/test/src/lib.rs:644:27
[INFO] [stdout]   35:     0x60e890a50377 - test::run_test::{{closure}}::h708eb8872708115d
[INFO] [stdout]                                at /rustc/df4ca44d3fbc9301ee17f30f4d474e6ae4b05252/library/test/src/lib.rs:565:43
[INFO] [stdout]   36:     0x60e890a13a94 - test::run_test::{{closure}}::h392c51cee94713ab
[INFO] [stdout]                                at /rustc/df4ca44d3fbc9301ee17f30f4d474e6ae4b05252/library/test/src/lib.rs:595:41
[INFO] [stdout]   37:     0x60e890a13a94 - std::sys::backtrace::__rust_begin_short_backtrace::h2f40290710935a8b
[INFO] [stdout]                                at /rustc/df4ca44d3fbc9301ee17f30f4d474e6ae4b05252/library/std/src/sys/backtrace.rs:154:18
[INFO] [stdout]   38:     0x60e890a1723e - std::thread::Builder::spawn_unchecked_::{{closure}}::{{closure}}::h3fd968d89053a903
[INFO] [stdout]                                at /rustc/df4ca44d3fbc9301ee17f30f4d474e6ae4b05252/library/std/src/thread/mod.rs:541:17
[INFO] [stdout]   39:     0x60e890a1723e - <core::panic::unwind_safe::AssertUnwindSafe<F> as core::ops::function::FnOnce<()>>::call_once::h743f637ba4229880
[INFO] [stdout]                                at /rustc/df4ca44d3fbc9301ee17f30f4d474e6ae4b05252/library/core/src/panic/unwind_safe.rs:272:9
[INFO] [stdout]   40:     0x60e890a1723e - std::panicking::try::do_call::h07440897322525a6
[INFO] [stdout]                                at /rustc/df4ca44d3fbc9301ee17f30f4d474e6ae4b05252/library/std/src/panicking.rs:557:40
[INFO] [stdout]   41:     0x60e890a1723e - std::panicking::try::he5a2e00188156637
[INFO] [stdout]                                at /rustc/df4ca44d3fbc9301ee17f30f4d474e6ae4b05252/library/std/src/panicking.rs:520:19
[INFO] [stdout]   42:     0x60e890a1723e - std::panic::catch_unwind::hbaf3cae49b3c6433
[INFO] [stdout]                                at /rustc/df4ca44d3fbc9301ee17f30f4d474e6ae4b05252/library/std/src/panic.rs:358:14
[INFO] [stdout]   43:     0x60e890a1723e - std::thread::Builder::spawn_unchecked_::{{closure}}::h8e141ea224820bce
[INFO] [stdout]                                at /rustc/df4ca44d3fbc9301ee17f30f4d474e6ae4b05252/library/std/src/thread/mod.rs:540:30
[INFO] [stdout]   44:     0x60e890a1723e - core::ops::function::FnOnce::call_once{{vtable.shim}}::h90d312fedd7b8ea8
[INFO] [stdout]                                at /rustc/df4ca44d3fbc9301ee17f30f4d474e6ae4b05252/library/core/src/ops/function.rs:250:5
[INFO] [stdout]   45:     0x60e890aad36b - <alloc::boxed::Box<F,A> as core::ops::function::FnOnce<Args>>::call_once::h69aa08ddb6adb8b6
[INFO] [stdout]                                at /rustc/df4ca44d3fbc9301ee17f30f4d474e6ae4b05252/library/alloc/src/boxed.rs:2454:9
[INFO] [stdout]   46:     0x60e890aad36b - <alloc::boxed::Box<F,A> as core::ops::function::FnOnce<Args>>::call_once::h5aa36efdb79c806f
[INFO] [stdout]                                at /rustc/df4ca44d3fbc9301ee17f30f4d474e6ae4b05252/library/alloc/src/boxed.rs:2454:9
[INFO] [stdout]   47:     0x60e890aad36b - std::sys::pal::unix::thread::Thread::new::thread_start::h6cd80a1b4be5158d
[INFO] [stdout]                                at /rustc/df4ca44d3fbc9301ee17f30f4d474e6ae4b05252/library/std/src/sys/pal/unix/thread.rs:105:17
[INFO] [stdout]   48:     0x79979e782ac3 - <unknown>
[INFO] [stdout]   49:     0x79979e813a04 - clone
[INFO] [stdout]   50:                0x0 - <unknown>
[INFO] [stdout] 
[INFO] [stdout] 
[INFO] [stdout] failures:
[INFO] [stdout]     test::test_vec_vec_char
[INFO] [stdout] 
[INFO] [stdout] test result: FAILED. 0 passed; 1 failed; 0 ignored; 0 measured; 0 filtered out; finished in 0.01s
[INFO] [stdout] 
[INFO] [stderr] error: test failed, to rerun pass `--lib`
[INFO] running `Command { std: "docker" "inspect" "c9ac44fdb7c69c6cda15b4df93be7587bbfec02ab63e3511b4ffe1aa3408c40b", kill_on_drop: false }`
[INFO] running `Command { std: "docker" "rm" "-f" "c9ac44fdb7c69c6cda15b4df93be7587bbfec02ab63e3511b4ffe1aa3408c40b", kill_on_drop: false }`
[INFO] [stdout] c9ac44fdb7c69c6cda15b4df93be7587bbfec02ab63e3511b4ffe1aa3408c40b
