[INFO] cloning repository https://github.com/FedericoPonzi/bina
[INFO] running `Command { std: "git" "-c" "credential.helper=" "-c" "credential.helper=/workspace/cargo-home/bin/git-credential-null" "clone" "--bare" "https://github.com/FedericoPonzi/bina" "/workspace/cache/git-repos/https%3A%2F%2Fgithub.com%2FFedericoPonzi%2Fbina", kill_on_drop: false }`
[INFO] [stderr] Cloning into bare repository '/workspace/cache/git-repos/https%3A%2F%2Fgithub.com%2FFedericoPonzi%2Fbina'...
[INFO] running `Command { std: "git" "rev-parse" "HEAD", kill_on_drop: false }`
[INFO] [stdout] 4154eefeef824c6993b316595c296816cd5beeeb
[INFO] testing FedericoPonzi/bina/4154eefeef824c6993b316595c296816cd5beeeb against nightly-2024-10-28+rustflags=-Zrandomize-layout for randomize-layout
[INFO] running `Command { std: "git" "clone" "/workspace/cache/git-repos/https%3A%2F%2Fgithub.com%2FFedericoPonzi%2Fbina" "/workspace/builds/worker-6-tc2/source", kill_on_drop: false }`
[INFO] [stderr] Cloning into '/workspace/builds/worker-6-tc2/source'...
[INFO] [stderr] done.
[INFO] validating manifest of git repo https://github.com/FedericoPonzi/bina on toolchain nightly-2024-10-28
[INFO] running `Command { std: CARGO_HOME="/workspace/cargo-home" RUSTUP_HOME="/workspace/rustup-home" "/workspace/cargo-home/bin/cargo" "+nightly-2024-10-28" "metadata" "--manifest-path" "Cargo.toml" "--no-deps", kill_on_drop: false }`
[INFO] started tweaking git repo https://github.com/FedericoPonzi/bina
[INFO] finished tweaking git repo https://github.com/FedericoPonzi/bina
[INFO] tweaked toml for git repo https://github.com/FedericoPonzi/bina written to /workspace/builds/worker-6-tc2/source/Cargo.toml
[INFO] crate git repo https://github.com/FedericoPonzi/bina already has a lockfile, it will not be regenerated
[INFO] running `Command { std: CARGO_HOME="/workspace/cargo-home" RUSTUP_HOME="/workspace/rustup-home" "/workspace/cargo-home/bin/cargo" "+nightly-2024-10-28" "fetch" "--manifest-path" "Cargo.toml", kill_on_drop: false }`
[INFO] running `Command { std: "docker" "create" "-v" "/var/lib/crater-agent-workspace/builds/worker-6-tc2/target:/opt/rustwide/target:rw,Z" "-v" "/var/lib/crater-agent-workspace/builds/worker-6-tc2/source:/opt/rustwide/workdir:ro,Z" "-v" "/var/lib/crater-agent-workspace/cargo-home:/opt/rustwide/cargo-home:ro,Z" "-v" "/var/lib/crater-agent-workspace/rustup-home:/opt/rustwide/rustup-home:ro,Z" "-e" "SOURCE_DIR=/opt/rustwide/workdir" "-e" "CARGO_TARGET_DIR=/opt/rustwide/target" "-e" "CARGO_HOME=/opt/rustwide/cargo-home" "-e" "RUSTUP_HOME=/opt/rustwide/rustup-home" "-w" "/opt/rustwide/workdir" "-m" "1610612736" "--user" "0:0" "--network" "none" "ghcr.io/rust-lang/crates-build-env/linux@sha256:4a844ea9eb2546a2d2c7022eacef16ef2e8229c7fbb2c7d4d55a9ceca922f72d" "/opt/rustwide/cargo-home/bin/cargo" "+nightly-2024-10-28" "metadata" "--no-deps" "--format-version=1", kill_on_drop: false }`
[INFO] [stdout] b5d6a95094f969ae8076cc629a97c5026e2c7bcf09f3f1607056f86ad8610d2d
[INFO] running `Command { std: "docker" "start" "-a" "b5d6a95094f969ae8076cc629a97c5026e2c7bcf09f3f1607056f86ad8610d2d", kill_on_drop: false }`
[INFO] running `Command { std: "docker" "inspect" "b5d6a95094f969ae8076cc629a97c5026e2c7bcf09f3f1607056f86ad8610d2d", kill_on_drop: false }`
[INFO] running `Command { std: "docker" "rm" "-f" "b5d6a95094f969ae8076cc629a97c5026e2c7bcf09f3f1607056f86ad8610d2d", kill_on_drop: false }`
[INFO] [stdout] b5d6a95094f969ae8076cc629a97c5026e2c7bcf09f3f1607056f86ad8610d2d
[INFO] running `Command { std: "docker" "create" "-v" "/var/lib/crater-agent-workspace/builds/worker-6-tc2/target:/opt/rustwide/target:rw,Z" "-v" "/var/lib/crater-agent-workspace/builds/worker-6-tc2/source:/opt/rustwide/workdir:ro,Z" "-v" "/var/lib/crater-agent-workspace/cargo-home:/opt/rustwide/cargo-home:ro,Z" "-v" "/var/lib/crater-agent-workspace/rustup-home:/opt/rustwide/rustup-home:ro,Z" "-e" "SOURCE_DIR=/opt/rustwide/workdir" "-e" "CARGO_TARGET_DIR=/opt/rustwide/target" "-e" "CARGO_INCREMENTAL=0" "-e" "RUST_BACKTRACE=full" "-e" "RUSTFLAGS=--cap-lints=forbid -Zrandomize-layout" "-e" "RUSTDOCFLAGS=--cap-lints=forbid" "-e" "CARGO_HOME=/opt/rustwide/cargo-home" "-e" "RUSTUP_HOME=/opt/rustwide/rustup-home" "-w" "/opt/rustwide/workdir" "-m" "1610612736" "--user" "0:0" "--network" "none" "ghcr.io/rust-lang/crates-build-env/linux@sha256:4a844ea9eb2546a2d2c7022eacef16ef2e8229c7fbb2c7d4d55a9ceca922f72d" "/opt/rustwide/cargo-home/bin/cargo" "+nightly-2024-10-28" "build" "--frozen" "--message-format=json", kill_on_drop: false }`
[INFO] [stdout] 20e4105955df3d10f5eb9404f7c1f89bae7e09796d11ccd9cc5e05da743b3a46
[INFO] running `Command { std: "docker" "start" "-a" "20e4105955df3d10f5eb9404f7c1f89bae7e09796d11ccd9cc5e05da743b3a46", kill_on_drop: false }`
[INFO] [stderr]    Compiling memchr v2.6.4
[INFO] [stderr]    Compiling rustix v0.38.25
[INFO] [stderr]    Compiling regex-syntax v0.8.2
[INFO] [stderr]    Compiling linux-raw-sys v0.4.12
[INFO] [stderr]    Compiling bitflags v2.4.1
[INFO] [stderr]    Compiling anyhow v1.0.75
[INFO] [stderr]    Compiling log v0.4.20
[INFO] [stderr]    Compiling termcolor v1.4.0
[INFO] [stderr]    Compiling humantime v2.1.0
[INFO] [stderr]    Compiling aho-corasick v1.1.2
[INFO] [stderr]    Compiling is-terminal v0.4.9
[INFO] [stderr]    Compiling regex-automata v0.4.3
[INFO] [stderr]    Compiling regex v1.10.2
[INFO] [stderr]    Compiling env_logger v0.10.1
[INFO] [stderr]    Compiling bina v0.1.0 (/opt/rustwide/workdir)
[INFO] [stdout] warning: unused import: `anyhow`
[INFO] [stdout]  --> src/runtime.rs:3:14
[INFO] [stdout]   |
[INFO] [stdout] 3 | use anyhow::{anyhow, bail, Context, Result};
[INFO] [stdout]   |              ^^^^^^
[INFO] [stdout]   |
[INFO] [stdout]   = note: `#[warn(unused_imports)]` on by default
[INFO] [stdout] 
[INFO] [stdout] 
[INFO] [stdout] warning: unused variable: `index`
[INFO] [stdout]   --> src/lexer.rs:40:9
[INFO] [stdout]    |
[INFO] [stdout] 40 |     let index = 0;
[INFO] [stdout]    |         ^^^^^ help: if this is intentional, prefix it with an underscore: `_index`
[INFO] [stdout]    |
[INFO] [stdout]    = note: `#[warn(unused_variables)]` on by default
[INFO] [stdout] 
[INFO] [stdout] 
[INFO] [stdout] warning: unused variable: `other`
[INFO] [stdout]    --> src/parser.rs:166:14
[INFO] [stdout]     |
[INFO] [stdout] 166 |         Some(other) => Expr::TermWrapper(left),
[INFO] [stdout]     |              ^^^^^ help: if this is intentional, prefix it with an underscore: `_other`
[INFO] [stdout] 
[INFO] [stdout] 
[INFO] [stdout] warning: variable does not need to be mutable
[INFO] [stdout]    --> src/parser.rs:174:20
[INFO] [stdout]     |
[INFO] [stdout] 174 | pub fn parse_input(mut input: Vec<Token>) -> Result<Vec<Statement>> {
[INFO] [stdout]     |                    ----^^^^^
[INFO] [stdout]     |                    |
[INFO] [stdout]     |                    help: remove this `mut`
[INFO] [stdout]     |
[INFO] [stdout]     = note: `#[warn(unused_mut)]` on by default
[INFO] [stdout] 
[INFO] [stdout] 
[INFO] [stdout] warning: unused variable: `is_let`
[INFO] [stdout]   --> src/runtime.rs:22:5
[INFO] [stdout]    |
[INFO] [stdout] 22 |     is_let: bool,
[INFO] [stdout]    |     ^^^^^^ help: if this is intentional, prefix it with an underscore: `_is_let`
[INFO] [stdout] 
[INFO] [stdout] 
[INFO] [stdout] warning: unreachable pattern
[INFO] [stdout]    --> src/runtime.rs:129:9
[INFO] [stdout]     |
[INFO] [stdout] 129 |         _ => unimplemented!("{value:?}"),
[INFO] [stdout]     |         ^ no value can reach this
[INFO] [stdout]     |
[INFO] [stdout] note: multiple earlier patterns match some of the same values
[INFO] [stdout]    --> src/runtime.rs:129:9
[INFO] [stdout]     |
[INFO] [stdout] 126 |         Value::String(s) => println!("{s}"),
[INFO] [stdout]     |         ---------------- matches some of the same values
[INFO] [stdout] 127 |         Value::Number(n) => println!("{n}"),
[INFO] [stdout]     |         ---------------- matches some of the same values
[INFO] [stdout] 128 |         Value::Boolean(b) => println!("{b}"),
[INFO] [stdout]     |         ----------------- matches some of the same values
[INFO] [stdout] 129 |         _ => unimplemented!("{value:?}"),
[INFO] [stdout]     |         ^ collectively making this unreachable
[INFO] [stdout]     = note: `#[warn(unreachable_patterns)]` on by default
[INFO] [stdout] 
[INFO] [stdout] 
[INFO] [stdout] warning: unreachable pattern
[INFO] [stdout]    --> src/runtime.rs:162:9
[INFO] [stdout]     |
[INFO] [stdout] 162 |         _ => unimplemented!("{expr:?}"),
[INFO] [stdout]     |         ^ no value can reach this
[INFO] [stdout]     |
[INFO] [stdout] note: multiple earlier patterns match some of the same values
[INFO] [stdout]    --> src/runtime.rs:162:9
[INFO] [stdout]     |
[INFO] [stdout] 143 |         Statement::Assignment(variable_name, expr, is_let) => {
[INFO] [stdout]     |         -------------------------------------------------- matches some of the same values
[INFO] [stdout] ...
[INFO] [stdout] 146 |         Statement::Print(expr) => eval_print(env, expr)?,
[INFO] [stdout]     |         ---------------------- matches some of the same values
[INFO] [stdout] 147 |         Statement::If(expr, body) => eval_if(env, expr, body)?,
[INFO] [stdout]     |         ------------------------- matches some of the same values
[INFO] [stdout] 148 |         Statement::While(expr, body) => {
[INFO] [stdout]     |         ---------------------------- matches some of the same values
[INFO] [stdout] ...
[INFO] [stdout] 162 |         _ => unimplemented!("{expr:?}"),
[INFO] [stdout]     |         ^ ...and 1 other patterns collectively make this unreachable
[INFO] [stdout] 
[INFO] [stdout] 
[INFO] [stdout] warning: variant `ExclamationPoint` is never constructed
[INFO] [stdout]   --> src/lexer.rs:22:5
[INFO] [stdout]    |
[INFO] [stdout] 4  | pub enum Token {
[INFO] [stdout]    |          ----- variant in this enum
[INFO] [stdout] ...
[INFO] [stdout] 22 |     ExclamationPoint,
[INFO] [stdout]    |     ^^^^^^^^^^^^^^^^
[INFO] [stdout]    |
[INFO] [stdout]    = note: `Token` has derived impls for the traits `Clone` and `Debug`, but these are intentionally ignored during dead code analysis
[INFO] [stdout]    = note: `#[warn(dead_code)]` on by default
[INFO] [stdout] 
[INFO] [stdout] 
[INFO] [stdout] warning: variant `LogicalOr` is never constructed
[INFO] [stdout]   --> src/parser.rs:18:5
[INFO] [stdout]    |
[INFO] [stdout] 14 | pub enum Expr {
[INFO] [stdout]    |          ---- variant in this enum
[INFO] [stdout] ...
[INFO] [stdout] 18 |     LogicalOr(Box<Term>, Box<Term>),
[INFO] [stdout]    |     ^^^^^^^^^
[INFO] [stdout]    |
[INFO] [stdout]    = note: `Expr` has derived impls for the traits `Clone` and `Debug`, but these are intentionally ignored during dead code analysis
[INFO] [stdout] 
[INFO] [stdout] 
[INFO] [stdout] warning: type alias `EnvironmentStack` is never used
[INFO] [stdout]   --> src/runtime.rs:16:6
[INFO] [stdout]    |
[INFO] [stdout] 16 | type EnvironmentStack = Vec<Environment>;
[INFO] [stdout]    |      ^^^^^^^^^^^^^^^^
[INFO] [stdout] 
[INFO] [stdout] 
[INFO] [stderr]     Finished `dev` profile [unoptimized + debuginfo] target(s) in 4.72s
[INFO] running `Command { std: "docker" "inspect" "20e4105955df3d10f5eb9404f7c1f89bae7e09796d11ccd9cc5e05da743b3a46", kill_on_drop: false }`
[INFO] running `Command { std: "docker" "rm" "-f" "20e4105955df3d10f5eb9404f7c1f89bae7e09796d11ccd9cc5e05da743b3a46", kill_on_drop: false }`
[INFO] [stdout] 20e4105955df3d10f5eb9404f7c1f89bae7e09796d11ccd9cc5e05da743b3a46
[INFO] running `Command { std: "docker" "create" "-v" "/var/lib/crater-agent-workspace/builds/worker-6-tc2/target:/opt/rustwide/target:rw,Z" "-v" "/var/lib/crater-agent-workspace/builds/worker-6-tc2/source:/opt/rustwide/workdir:ro,Z" "-v" "/var/lib/crater-agent-workspace/cargo-home:/opt/rustwide/cargo-home:ro,Z" "-v" "/var/lib/crater-agent-workspace/rustup-home:/opt/rustwide/rustup-home:ro,Z" "-e" "SOURCE_DIR=/opt/rustwide/workdir" "-e" "CARGO_TARGET_DIR=/opt/rustwide/target" "-e" "CARGO_INCREMENTAL=0" "-e" "RUST_BACKTRACE=full" "-e" "RUSTFLAGS=--cap-lints=forbid -Zrandomize-layout" "-e" "RUSTDOCFLAGS=--cap-lints=forbid" "-e" "CARGO_HOME=/opt/rustwide/cargo-home" "-e" "RUSTUP_HOME=/opt/rustwide/rustup-home" "-w" "/opt/rustwide/workdir" "-m" "1610612736" "--user" "0:0" "--network" "none" "ghcr.io/rust-lang/crates-build-env/linux@sha256:4a844ea9eb2546a2d2c7022eacef16ef2e8229c7fbb2c7d4d55a9ceca922f72d" "/opt/rustwide/cargo-home/bin/cargo" "+nightly-2024-10-28" "test" "--frozen" "--no-run" "--message-format=json", kill_on_drop: false }`
[INFO] [stdout] b5071d9f28d9eda8fbbf321f24ecaa1173465fdbcdafdf401156a62b525a2f81
[INFO] running `Command { std: "docker" "start" "-a" "b5071d9f28d9eda8fbbf321f24ecaa1173465fdbcdafdf401156a62b525a2f81", kill_on_drop: false }`
[INFO] [stderr]    Compiling bina v0.1.0 (/opt/rustwide/workdir)
[INFO] [stdout] warning: unused import: `anyhow`
[INFO] [stdout]  --> src/runtime.rs:3:14
[INFO] [stdout]   |
[INFO] [stdout] 3 | use anyhow::{anyhow, bail, Context, Result};
[INFO] [stdout]   |              ^^^^^^
[INFO] [stdout]   |
[INFO] [stdout]   = note: `#[warn(unused_imports)]` on by default
[INFO] [stdout] 
[INFO] [stdout] 
[INFO] [stdout] warning: unused variable: `index`
[INFO] [stdout]   --> src/lexer.rs:40:9
[INFO] [stdout]    |
[INFO] [stdout] 40 |     let index = 0;
[INFO] [stdout]    |         ^^^^^ help: if this is intentional, prefix it with an underscore: `_index`
[INFO] [stdout]    |
[INFO] [stdout]    = note: `#[warn(unused_variables)]` on by default
[INFO] [stdout] 
[INFO] [stdout] 
[INFO] [stdout] warning: unused variable: `other`
[INFO] [stdout]    --> src/parser.rs:166:14
[INFO] [stdout]     |
[INFO] [stdout] 166 |         Some(other) => Expr::TermWrapper(left),
[INFO] [stdout]     |              ^^^^^ help: if this is intentional, prefix it with an underscore: `_other`
[INFO] [stdout] 
[INFO] [stdout] 
[INFO] [stdout] warning: variable does not need to be mutable
[INFO] [stdout]    --> src/parser.rs:174:20
[INFO] [stdout]     |
[INFO] [stdout] 174 | pub fn parse_input(mut input: Vec<Token>) -> Result<Vec<Statement>> {
[INFO] [stdout]     |                    ----^^^^^
[INFO] [stdout]     |                    |
[INFO] [stdout]     |                    help: remove this `mut`
[INFO] [stdout]     |
[INFO] [stdout]     = note: `#[warn(unused_mut)]` on by default
[INFO] [stdout] 
[INFO] [stdout] 
[INFO] [stdout] warning: unused variable: `is_let`
[INFO] [stdout]   --> src/runtime.rs:22:5
[INFO] [stdout]    |
[INFO] [stdout] 22 |     is_let: bool,
[INFO] [stdout]    |     ^^^^^^ help: if this is intentional, prefix it with an underscore: `_is_let`
[INFO] [stdout] 
[INFO] [stdout] 
[INFO] [stdout] warning: unreachable pattern
[INFO] [stdout]    --> src/runtime.rs:129:9
[INFO] [stdout]     |
[INFO] [stdout] 129 |         _ => unimplemented!("{value:?}"),
[INFO] [stdout]     |         ^ no value can reach this
[INFO] [stdout]     |
[INFO] [stdout] note: multiple earlier patterns match some of the same values
[INFO] [stdout]    --> src/runtime.rs:129:9
[INFO] [stdout]     |
[INFO] [stdout] 126 |         Value::String(s) => println!("{s}"),
[INFO] [stdout]     |         ---------------- matches some of the same values
[INFO] [stdout] 127 |         Value::Number(n) => println!("{n}"),
[INFO] [stdout]     |         ---------------- matches some of the same values
[INFO] [stdout] 128 |         Value::Boolean(b) => println!("{b}"),
[INFO] [stdout]     |         ----------------- matches some of the same values
[INFO] [stdout] 129 |         _ => unimplemented!("{value:?}"),
[INFO] [stdout]     |         ^ collectively making this unreachable
[INFO] [stdout]     = note: `#[warn(unreachable_patterns)]` on by default
[INFO] [stdout] 
[INFO] [stdout] 
[INFO] [stdout] warning: unreachable pattern
[INFO] [stdout]    --> src/runtime.rs:162:9
[INFO] [stdout]     |
[INFO] [stdout] 162 |         _ => unimplemented!("{expr:?}"),
[INFO] [stdout]     |         ^ no value can reach this
[INFO] [stdout]     |
[INFO] [stdout] note: multiple earlier patterns match some of the same values
[INFO] [stdout]    --> src/runtime.rs:162:9
[INFO] [stdout]     |
[INFO] [stdout] 143 |         Statement::Assignment(variable_name, expr, is_let) => {
[INFO] [stdout]     |         -------------------------------------------------- matches some of the same values
[INFO] [stdout] ...
[INFO] [stdout] 146 |         Statement::Print(expr) => eval_print(env, expr)?,
[INFO] [stdout]     |         ---------------------- matches some of the same values
[INFO] [stdout] 147 |         Statement::If(expr, body) => eval_if(env, expr, body)?,
[INFO] [stdout]     |         ------------------------- matches some of the same values
[INFO] [stdout] 148 |         Statement::While(expr, body) => {
[INFO] [stdout]     |         ---------------------------- matches some of the same values
[INFO] [stdout] ...
[INFO] [stdout] 162 |         _ => unimplemented!("{expr:?}"),
[INFO] [stdout]     |         ^ ...and 1 other patterns collectively make this unreachable
[INFO] [stdout] 
[INFO] [stdout] 
[INFO] [stdout] warning: variant `ExclamationPoint` is never constructed
[INFO] [stdout]   --> src/lexer.rs:22:5
[INFO] [stdout]    |
[INFO] [stdout] 4  | pub enum Token {
[INFO] [stdout]    |          ----- variant in this enum
[INFO] [stdout] ...
[INFO] [stdout] 22 |     ExclamationPoint,
[INFO] [stdout]    |     ^^^^^^^^^^^^^^^^
[INFO] [stdout]    |
[INFO] [stdout]    = note: `Token` has derived impls for the traits `Clone` and `Debug`, but these are intentionally ignored during dead code analysis
[INFO] [stdout]    = note: `#[warn(dead_code)]` on by default
[INFO] [stdout] 
[INFO] [stdout] 
[INFO] [stdout] warning: variant `LogicalOr` is never constructed
[INFO] [stdout]   --> src/parser.rs:18:5
[INFO] [stdout]    |
[INFO] [stdout] 14 | pub enum Expr {
[INFO] [stdout]    |          ---- variant in this enum
[INFO] [stdout] ...
[INFO] [stdout] 18 |     LogicalOr(Box<Term>, Box<Term>),
[INFO] [stdout]    |     ^^^^^^^^^
[INFO] [stdout]    |
[INFO] [stdout]    = note: `Expr` has derived impls for the traits `Clone` and `Debug`, but these are intentionally ignored during dead code analysis
[INFO] [stdout] 
[INFO] [stdout] 
[INFO] [stdout] warning: type alias `EnvironmentStack` is never used
[INFO] [stdout]   --> src/runtime.rs:16:6
[INFO] [stdout]    |
[INFO] [stdout] 16 | type EnvironmentStack = Vec<Environment>;
[INFO] [stdout]    |      ^^^^^^^^^^^^^^^^
[INFO] [stdout] 
[INFO] [stdout] 
[INFO] [stdout] warning: unused import: `Identifier`
[INFO] [stdout]    --> src/lexer.rs:197:44
[INFO] [stdout]     |
[INFO] [stdout] 197 |         Assignment, CloseGraphParenthesis, Identifier, Let, OpenGraphParenthesis, True,
[INFO] [stdout]     |                                            ^^^^^^^^^^
[INFO] [stdout]     |
[INFO] [stdout]     = note: `#[warn(unused_imports)]` on by default
[INFO] [stdout] 
[INFO] [stdout] 
[INFO] [stdout] warning: unused import: `anyhow`
[INFO] [stdout]  --> src/runtime.rs:3:14
[INFO] [stdout]   |
[INFO] [stdout] 3 | use anyhow::{anyhow, bail, Context, Result};
[INFO] [stdout]   |              ^^^^^^
[INFO] [stdout] 
[INFO] [stdout] 
[INFO] [stdout] warning: unused variable: `index`
[INFO] [stdout]   --> src/lexer.rs:40:9
[INFO] [stdout]    |
[INFO] [stdout] 40 |     let index = 0;
[INFO] [stdout]    |         ^^^^^ help: if this is intentional, prefix it with an underscore: `_index`
[INFO] [stdout]    |
[INFO] [stdout]    = note: `#[warn(unused_variables)]` on by default
[INFO] [stdout] 
[INFO] [stdout] 
[INFO] [stdout] warning: unused variable: `expected`
[INFO] [stdout]    --> src/lexer.rs:205:38
[INFO] [stdout]     |
[INFO] [stdout] 205 |         assert!(matches!(&tokens[0], expected));
[INFO] [stdout]     |                                      ^^^^^^^^ help: if this is intentional, prefix it with an underscore: `_expected`
[INFO] [stdout] 
[INFO] [stdout] 
[INFO] [stdout] warning: unused variable: `expected`
[INFO] [stdout]    --> src/lexer.rs:202:41
[INFO] [stdout]     |
[INFO] [stdout] 202 |     fn expect_single_number(line: &str, expected: Token) {
[INFO] [stdout]     |                                         ^^^^^^^^ help: if this is intentional, prefix it with an underscore: `_expected`
[INFO] [stdout] 
[INFO] [stdout] 
[INFO] [stdout] warning: unused variable: `line`
[INFO] [stdout]    --> src/lexer.rs:245:13
[INFO] [stdout]     |
[INFO] [stdout] 245 |         let line = "while ";
[INFO] [stdout]     |             ^^^^ help: if this is intentional, prefix it with an underscore: `_line`
[INFO] [stdout] 
[INFO] [stdout] 
[INFO] [stdout] warning: unused variable: `other`
[INFO] [stdout]    --> src/parser.rs:166:14
[INFO] [stdout]     |
[INFO] [stdout] 166 |         Some(other) => Expr::TermWrapper(left),
[INFO] [stdout]     |              ^^^^^ help: if this is intentional, prefix it with an underscore: `_other`
[INFO] [stdout] 
[INFO] [stdout] 
[INFO] [stdout] warning: variable does not need to be mutable
[INFO] [stdout]    --> src/parser.rs:174:20
[INFO] [stdout]     |
[INFO] [stdout] 174 | pub fn parse_input(mut input: Vec<Token>) -> Result<Vec<Statement>> {
[INFO] [stdout]     |                    ----^^^^^
[INFO] [stdout]     |                    |
[INFO] [stdout]     |                    help: remove this `mut`
[INFO] [stdout]     |
[INFO] [stdout]     = note: `#[warn(unused_mut)]` on by default
[INFO] [stdout] 
[INFO] [stdout] 
[INFO] [stdout] warning: unused variable: `is_let`
[INFO] [stdout]   --> src/runtime.rs:22:5
[INFO] [stdout]    |
[INFO] [stdout] 22 |     is_let: bool,
[INFO] [stdout]    |     ^^^^^^ help: if this is intentional, prefix it with an underscore: `_is_let`
[INFO] [stdout] 
[INFO] [stdout] 
[INFO] [stdout] warning: unreachable pattern
[INFO] [stdout]    --> src/runtime.rs:129:9
[INFO] [stdout]     |
[INFO] [stdout] 129 |         _ => unimplemented!("{value:?}"),
[INFO] [stdout]     |         ^ no value can reach this
[INFO] [stdout]     |
[INFO] [stdout] note: multiple earlier patterns match some of the same values
[INFO] [stdout]    --> src/runtime.rs:129:9
[INFO] [stdout]     |
[INFO] [stdout] 126 |         Value::String(s) => println!("{s}"),
[INFO] [stdout]     |         ---------------- matches some of the same values
[INFO] [stdout] 127 |         Value::Number(n) => println!("{n}"),
[INFO] [stdout]     |         ---------------- matches some of the same values
[INFO] [stdout] 128 |         Value::Boolean(b) => println!("{b}"),
[INFO] [stdout]     |         ----------------- matches some of the same values
[INFO] [stdout] 129 |         _ => unimplemented!("{value:?}"),
[INFO] [stdout]     |         ^ collectively making this unreachable
[INFO] [stdout]     = note: `#[warn(unreachable_patterns)]` on by default
[INFO] [stdout] 
[INFO] [stdout] 
[INFO] [stdout] warning: unreachable pattern
[INFO] [stdout]    --> src/runtime.rs:162:9
[INFO] [stdout]     |
[INFO] [stdout] 162 |         _ => unimplemented!("{expr:?}"),
[INFO] [stdout]     |         ^ no value can reach this
[INFO] [stdout]     |
[INFO] [stdout] note: multiple earlier patterns match some of the same values
[INFO] [stdout]    --> src/runtime.rs:162:9
[INFO] [stdout]     |
[INFO] [stdout] 143 |         Statement::Assignment(variable_name, expr, is_let) => {
[INFO] [stdout]     |         -------------------------------------------------- matches some of the same values
[INFO] [stdout] ...
[INFO] [stdout] 146 |         Statement::Print(expr) => eval_print(env, expr)?,
[INFO] [stdout]     |         ---------------------- matches some of the same values
[INFO] [stdout] 147 |         Statement::If(expr, body) => eval_if(env, expr, body)?,
[INFO] [stdout]     |         ------------------------- matches some of the same values
[INFO] [stdout] 148 |         Statement::While(expr, body) => {
[INFO] [stdout]     |         ---------------------------- matches some of the same values
[INFO] [stdout] ...
[INFO] [stdout] 162 |         _ => unimplemented!("{expr:?}"),
[INFO] [stdout]     |         ^ ...and 1 other patterns collectively make this unreachable
[INFO] [stdout] 
[INFO] [stdout] 
[INFO] [stdout] warning: variant `ExclamationPoint` is never constructed
[INFO] [stdout]   --> src/lexer.rs:22:5
[INFO] [stdout]    |
[INFO] [stdout] 4  | pub enum Token {
[INFO] [stdout]    |          ----- variant in this enum
[INFO] [stdout] ...
[INFO] [stdout] 22 |     ExclamationPoint,
[INFO] [stdout]    |     ^^^^^^^^^^^^^^^^
[INFO] [stdout]    |
[INFO] [stdout]    = note: `Token` has derived impls for the traits `Clone` and `Debug`, but these are intentionally ignored during dead code analysis
[INFO] [stdout]    = note: `#[warn(dead_code)]` on by default
[INFO] [stdout] 
[INFO] [stdout] 
[INFO] [stdout] warning: variant `LogicalOr` is never constructed
[INFO] [stdout]   --> src/parser.rs:18:5
[INFO] [stdout]    |
[INFO] [stdout] 14 | pub enum Expr {
[INFO] [stdout]    |          ---- variant in this enum
[INFO] [stdout] ...
[INFO] [stdout] 18 |     LogicalOr(Box<Term>, Box<Term>),
[INFO] [stdout]    |     ^^^^^^^^^
[INFO] [stdout]    |
[INFO] [stdout]    = note: `Expr` has derived impls for the traits `Clone` and `Debug`, but these are intentionally ignored during dead code analysis
[INFO] [stdout] 
[INFO] [stdout] 
[INFO] [stdout] warning: type alias `EnvironmentStack` is never used
[INFO] [stdout]   --> src/runtime.rs:16:6
[INFO] [stdout]    |
[INFO] [stdout] 16 | type EnvironmentStack = Vec<Environment>;
[INFO] [stdout]    |      ^^^^^^^^^^^^^^^^
[INFO] [stdout] 
[INFO] [stdout] 
[INFO] [stderr]     Finished `test` profile [unoptimized + debuginfo] target(s) in 0.43s
[INFO] running `Command { std: "docker" "inspect" "b5071d9f28d9eda8fbbf321f24ecaa1173465fdbcdafdf401156a62b525a2f81", kill_on_drop: false }`
[INFO] running `Command { std: "docker" "rm" "-f" "b5071d9f28d9eda8fbbf321f24ecaa1173465fdbcdafdf401156a62b525a2f81", kill_on_drop: false }`
[INFO] [stdout] b5071d9f28d9eda8fbbf321f24ecaa1173465fdbcdafdf401156a62b525a2f81
[INFO] running `Command { std: "docker" "create" "-v" "/var/lib/crater-agent-workspace/builds/worker-6-tc2/target:/opt/rustwide/target:rw,Z" "-v" "/var/lib/crater-agent-workspace/builds/worker-6-tc2/source:/opt/rustwide/workdir:ro,Z" "-v" "/var/lib/crater-agent-workspace/cargo-home:/opt/rustwide/cargo-home:ro,Z" "-v" "/var/lib/crater-agent-workspace/rustup-home:/opt/rustwide/rustup-home:ro,Z" "-e" "SOURCE_DIR=/opt/rustwide/workdir" "-e" "CARGO_TARGET_DIR=/opt/rustwide/target" "-e" "CARGO_INCREMENTAL=0" "-e" "RUST_BACKTRACE=full" "-e" "RUSTFLAGS=--cap-lints=forbid -Zrandomize-layout" "-e" "RUSTDOCFLAGS=--cap-lints=forbid" "-e" "CARGO_HOME=/opt/rustwide/cargo-home" "-e" "RUSTUP_HOME=/opt/rustwide/rustup-home" "-w" "/opt/rustwide/workdir" "-m" "1610612736" "--user" "0:0" "--network" "none" "ghcr.io/rust-lang/crates-build-env/linux@sha256:4a844ea9eb2546a2d2c7022eacef16ef2e8229c7fbb2c7d4d55a9ceca922f72d" "/opt/rustwide/cargo-home/bin/cargo" "+nightly-2024-10-28" "test" "--frozen", kill_on_drop: false }`
[INFO] [stdout] e072c2066b8b45e665a60ca9882d5b266cdb9a9a5bcf6e4cfee145256f00a156
[INFO] running `Command { std: "docker" "start" "-a" "e072c2066b8b45e665a60ca9882d5b266cdb9a9a5bcf6e4cfee145256f00a156", kill_on_drop: false }`
[INFO] [stderr] warning: unused import: `Identifier`
[INFO] [stderr]    --> src/lexer.rs:197:44
[INFO] [stderr]     |
[INFO] [stderr] 197 |         Assignment, CloseGraphParenthesis, Identifier, Let, OpenGraphParenthesis, True,
[INFO] [stderr]     |                                            ^^^^^^^^^^
[INFO] [stderr]     |
[INFO] [stderr]     = note: `#[warn(unused_imports)]` on by default
[INFO] [stderr] 
[INFO] [stderr] warning: unused import: `anyhow`
[INFO] [stderr]  --> src/runtime.rs:3:14
[INFO] [stderr]   |
[INFO] [stderr] 3 | use anyhow::{anyhow, bail, Context, Result};
[INFO] [stderr]   |              ^^^^^^
[INFO] [stderr] 
[INFO] [stderr] warning: unused variable: `index`
[INFO] [stderr]   --> src/lexer.rs:40:9
[INFO] [stderr]    |
[INFO] [stderr] 40 |     let index = 0;
[INFO] [stderr]    |         ^^^^^ help: if this is intentional, prefix it with an underscore: `_index`
[INFO] [stderr]    |
[INFO] [stderr]    = note: `#[warn(unused_variables)]` on by default
[INFO] [stderr] 
[INFO] [stderr] warning: unused variable: `expected`
[INFO] [stderr]    --> src/lexer.rs:205:38
[INFO] [stderr]     |
[INFO] [stderr] 205 |         assert!(matches!(&tokens[0], expected));
[INFO] [stderr]     |                                      ^^^^^^^^ help: if this is intentional, prefix it with an underscore: `_expected`
[INFO] [stderr] 
[INFO] [stderr] warning: unused variable: `expected`
[INFO] [stderr]    --> src/lexer.rs:202:41
[INFO] [stderr]     |
[INFO] [stderr] 202 |     fn expect_single_number(line: &str, expected: Token) {
[INFO] [stderr]     |                                         ^^^^^^^^ help: if this is intentional, prefix it with an underscore: `_expected`
[INFO] [stderr] 
[INFO] [stderr] warning: unused variable: `line`
[INFO] [stderr]    --> src/lexer.rs:245:13
[INFO] [stderr]     |
[INFO] [stderr] 245 |         let line = "while ";
[INFO] [stderr]     |             ^^^^ help: if this is intentional, prefix it with an underscore: `_line`
[INFO] [stderr] 
[INFO] [stderr] warning: unused variable: `other`
[INFO] [stderr]    --> src/parser.rs:166:14
[INFO] [stderr]     |
[INFO] [stderr] 166 |         Some(other) => Expr::TermWrapper(left),
[INFO] [stderr]     |              ^^^^^ help: if this is intentional, prefix it with an underscore: `_other`
[INFO] [stderr] 
[INFO] [stderr] warning: variable does not need to be mutable
[INFO] [stderr]    --> src/parser.rs:174:20
[INFO] [stderr]     |
[INFO] [stderr] 174 | pub fn parse_input(mut input: Vec<Token>) -> Result<Vec<Statement>> {
[INFO] [stderr]     |                    ----^^^^^
[INFO] [stderr]     |                    |
[INFO] [stderr]     |                    help: remove this `mut`
[INFO] [stderr]     |
[INFO] [stderr]     = note: `#[warn(unused_mut)]` on by default
[INFO] [stderr] 
[INFO] [stderr] warning: unused variable: `is_let`
[INFO] [stderr]   --> src/runtime.rs:22:5
[INFO] [stderr]    |
[INFO] [stderr] 22 |     is_let: bool,
[INFO] [stderr]    |     ^^^^^^ help: if this is intentional, prefix it with an underscore: `_is_let`
[INFO] [stderr] 
[INFO] [stderr] warning: unreachable pattern
[INFO] [stderr]    --> src/runtime.rs:129:9
[INFO] [stderr]     |
[INFO] [stderr] 129 |         _ => unimplemented!("{value:?}"),
[INFO] [stderr]     |         ^ no value can reach this
[INFO] [stderr]     |
[INFO] [stderr] note: multiple earlier patterns match some of the same values
[INFO] [stderr]    --> src/runtime.rs:129:9
[INFO] [stderr]     |
[INFO] [stderr] 126 |         Value::String(s) => println!("{s}"),
[INFO] [stderr]     |         ---------------- matches some of the same values
[INFO] [stderr] 127 |         Value::Number(n) => println!("{n}"),
[INFO] [stderr]     |         ---------------- matches some of the same values
[INFO] [stderr] 128 |         Value::Boolean(b) => println!("{b}"),
[INFO] [stderr]     |         ----------------- matches some of the same values
[INFO] [stderr] 129 |         _ => unimplemented!("{value:?}"),
[INFO] [stderr]     |         ^ collectively making this unreachable
[INFO] [stderr]     = note: `#[warn(unreachable_patterns)]` on by default
[INFO] [stderr] 
[INFO] [stderr] warning: unreachable pattern
[INFO] [stderr]    --> src/runtime.rs:162:9
[INFO] [stderr]     |
[INFO] [stderr] 162 |         _ => unimplemented!("{expr:?}"),
[INFO] [stderr]     |         ^ no value can reach this
[INFO] [stderr]     |
[INFO] [stderr] note: multiple earlier patterns match some of the same values
[INFO] [stderr]    --> src/runtime.rs:162:9
[INFO] [stderr]     |
[INFO] [stderr] 143 |         Statement::Assignment(variable_name, expr, is_let) => {
[INFO] [stderr]     |         -------------------------------------------------- matches some of the same values
[INFO] [stderr] ...
[INFO] [stderr] 146 |         Statement::Print(expr) => eval_print(env, expr)?,
[INFO] [stderr]     |         ---------------------- matches some of the same values
[INFO] [stderr] 147 |         Statement::If(expr, body) => eval_if(env, expr, body)?,
[INFO] [stderr]     |         ------------------------- matches some of the same values
[INFO] [stderr] 148 |         Statement::While(expr, body) => {
[INFO] [stderr]     |         ---------------------------- matches some of the same values
[INFO] [stderr] ...
[INFO] [stderr] 162 |         _ => unimplemented!("{expr:?}"),
[INFO] [stderr]     |         ^ ...and 1 other patterns collectively make this unreachable
[INFO] [stderr] 
[INFO] [stderr] warning: variant `ExclamationPoint` is never constructed
[INFO] [stderr]   --> src/lexer.rs:22:5
[INFO] [stderr]    |
[INFO] [stderr] 4  | pub enum Token {
[INFO] [stderr]    |          ----- variant in this enum
[INFO] [stderr] ...
[INFO] [stderr] 22 |     ExclamationPoint,
[INFO] [stderr]    |     ^^^^^^^^^^^^^^^^
[INFO] [stderr]    |
[INFO] [stderr]    = note: `Token` has derived impls for the traits `Clone` and `Debug`, but these are intentionally ignored during dead code analysis
[INFO] [stderr]    = note: `#[warn(dead_code)]` on by default
[INFO] [stderr] 
[INFO] [stderr] warning: variant `LogicalOr` is never constructed
[INFO] [stderr]   --> src/parser.rs:18:5
[INFO] [stderr]    |
[INFO] [stderr] 14 | pub enum Expr {
[INFO] [stderr]    |          ---- variant in this enum
[INFO] [stderr] ...
[INFO] [stderr] 18 |     LogicalOr(Box<Term>, Box<Term>),
[INFO] [stderr]    |     ^^^^^^^^^
[INFO] [stderr]    |
[INFO] [stderr]    = note: `Expr` has derived impls for the traits `Clone` and `Debug`, but these are intentionally ignored during dead code analysis
[INFO] [stderr] 
[INFO] [stderr] warning: type alias `EnvironmentStack` is never used
[INFO] [stderr]   --> src/runtime.rs:16:6
[INFO] [stderr]    |
[INFO] [stderr] 16 | type EnvironmentStack = Vec<Environment>;
[INFO] [stderr]    |      ^^^^^^^^^^^^^^^^
[INFO] [stderr] 
[INFO] [stderr] warning: unused import: `anyhow`
[INFO] [stderr]  --> src/runtime.rs:3:14
[INFO] [stderr]   |
[INFO] [stderr] 3 | use anyhow::{anyhow, bail, Context, Result};
[INFO] [stderr]   |              ^^^^^^
[INFO] [stderr]   |
[INFO] [stderr]   = note: `#[warn(unused_imports)]` on by default
[INFO] [stderr] 
[INFO] [stderr] warning: `bina` (bin "bina" test) generated 14 warnings (run `cargo fix --bin "bina" --tests` to apply 3 suggestions)
[INFO] [stderr] warning: `bina` (bin "bina") generated 10 warnings (9 duplicates) (run `cargo fix --bin "bina"` to apply 1 suggestion)
[INFO] [stderr]     Finished `test` profile [unoptimized + debuginfo] target(s) in 0.02s
[INFO] [stderr]      Running unittests src/main.rs (/opt/rustwide/target/debug/deps/bina-76e94939746ac08a)
[INFO] [stdout] 
[INFO] [stdout] running 9 tests
[INFO] [stdout] test lexer::test::test_keywords_identifiers_parsing ... ok
[INFO] [stdout] test lexer::test::test_number_parsing ... ok
[INFO] [stdout] test lexer::test::test_while ... ok
[INFO] [stdout] test lexer::test::test_parse_line ... ok
[INFO] [stdout] test parser::tests::test_parser ... ok
[INFO] [stdout] test runtime::tests::test_eval ... ok
[INFO] [stdout] test parser::tests::test_program ... ok
[INFO] [stdout] test runtime::tests::test_simple ... ok
[INFO] [stdout] test parser::tests::test_assignment ... FAILED
[INFO] [stdout] 
[INFO] [stdout] failures:
[INFO] [stdout] 
[INFO] [stdout] ---- parser::tests::test_assignment stdout ----
[INFO] [stdout] Some(Identifier("x"))
[INFO] [stdout] thread 'parser::tests::test_assignment' panicked at src/parser.rs:198:38:
[INFO] [stdout] called `Result::unwrap()` on an `Err` value: parse_expr: Unexpected token None
[INFO] [stdout] 
[INFO] [stdout] Stack backtrace:
[INFO] [stdout]    0: anyhow::error::<impl anyhow::Error>::msg
[INFO] [stdout]              at /opt/rustwide/cargo-home/registry/src/index.crates.io-6f17d22bba15001f/anyhow-1.0.75/src/backtrace.rs:27:14
[INFO] [stdout]    1: bina::parser::parse_expr
[INFO] [stdout]              at ./src/parser.rs:168:13
[INFO] [stdout]    2: bina::parser::parse_statement
[INFO] [stdout]              at ./src/parser.rs:76:24
[INFO] [stdout]    3: bina::parser::parse_input
[INFO] [stdout]              at ./src/parser.rs:179:18
[INFO] [stdout]    4: bina::parser::tests::test_assignment
[INFO] [stdout]              at ./src/parser.rs:198:19
[INFO] [stdout]    5: bina::parser::tests::test_assignment::{{closure}}
[INFO] [stdout]              at ./src/parser.rs:192:25
[INFO] [stdout]    6: core::ops::function::FnOnce::call_once
[INFO] [stdout]              at /rustc/df4ca44d3fbc9301ee17f30f4d474e6ae4b05252/library/core/src/ops/function.rs:250:5
[INFO] [stdout]    7: core::ops::function::FnOnce::call_once
[INFO] [stdout]              at /rustc/df4ca44d3fbc9301ee17f30f4d474e6ae4b05252/library/core/src/ops/function.rs:250:5
[INFO] [stdout]    8: test::__rust_begin_short_backtrace
[INFO] [stdout]              at /rustc/df4ca44d3fbc9301ee17f30f4d474e6ae4b05252/library/test/src/lib.rs:621:18
[INFO] [stdout]    9: test::run_test_in_process::{{closure}}
[INFO] [stdout]              at /rustc/df4ca44d3fbc9301ee17f30f4d474e6ae4b05252/library/test/src/lib.rs:644:60
[INFO] [stdout]   10: <core::panic::unwind_safe::AssertUnwindSafe<F> as core::ops::function::FnOnce<()>>::call_once
[INFO] [stdout]              at /rustc/df4ca44d3fbc9301ee17f30f4d474e6ae4b05252/library/core/src/panic/unwind_safe.rs:272:9
[INFO] [stdout]   11: std::panicking::try::do_call
[INFO] [stdout]              at /rustc/df4ca44d3fbc9301ee17f30f4d474e6ae4b05252/library/std/src/panicking.rs:557:40
[INFO] [stdout]   12: std::panicking::try
[INFO] [stdout]              at /rustc/df4ca44d3fbc9301ee17f30f4d474e6ae4b05252/library/std/src/panicking.rs:520:19
[INFO] [stdout]   13: std::panic::catch_unwind
[INFO] [stdout]              at /rustc/df4ca44d3fbc9301ee17f30f4d474e6ae4b05252/library/std/src/panic.rs:358:14
[INFO] [stdout]   14: test::run_test_in_process
[INFO] [stdout]              at /rustc/df4ca44d3fbc9301ee17f30f4d474e6ae4b05252/library/test/src/lib.rs:644:27
[INFO] [stdout]   15: test::run_test::{{closure}}
[INFO] [stdout]              at /rustc/df4ca44d3fbc9301ee17f30f4d474e6ae4b05252/library/test/src/lib.rs:565:43
[INFO] [stdout]   16: test::run_test::{{closure}}
[INFO] [stdout]              at /rustc/df4ca44d3fbc9301ee17f30f4d474e6ae4b05252/library/test/src/lib.rs:595:41
[INFO] [stdout]   17: std::sys::backtrace::__rust_begin_short_backtrace
[INFO] [stdout]              at /rustc/df4ca44d3fbc9301ee17f30f4d474e6ae4b05252/library/std/src/sys/backtrace.rs:154:18
[INFO] [stdout]   18: std::thread::Builder::spawn_unchecked_::{{closure}}::{{closure}}
[INFO] [stdout]              at /rustc/df4ca44d3fbc9301ee17f30f4d474e6ae4b05252/library/std/src/thread/mod.rs:541:17
[INFO] [stdout]   19: <core::panic::unwind_safe::AssertUnwindSafe<F> as core::ops::function::FnOnce<()>>::call_once
[INFO] [stdout]              at /rustc/df4ca44d3fbc9301ee17f30f4d474e6ae4b05252/library/core/src/panic/unwind_safe.rs:272:9
[INFO] [stdout]   20: std::panicking::try::do_call
[INFO] [stdout]              at /rustc/df4ca44d3fbc9301ee17f30f4d474e6ae4b05252/library/std/src/panicking.rs:557:40
[INFO] [stdout]   21: std::panicking::try
[INFO] [stdout]              at /rustc/df4ca44d3fbc9301ee17f30f4d474e6ae4b05252/library/std/src/panicking.rs:520:19
[INFO] [stdout]   22: std::panic::catch_unwind
[INFO] [stdout]              at /rustc/df4ca44d3fbc9301ee17f30f4d474e6ae4b05252/library/std/src/panic.rs:358:14
[INFO] [stdout]   23: std::thread::Builder::spawn_unchecked_::{{closure}}
[INFO] [stdout]              at /rustc/df4ca44d3fbc9301ee17f30f4d474e6ae4b05252/library/std/src/thread/mod.rs:540:30
[INFO] [stdout]   24: core::ops::function::FnOnce::call_once{{vtable.shim}}
[INFO] [stdout]              at /rustc/df4ca44d3fbc9301ee17f30f4d474e6ae4b05252/library/core/src/ops/function.rs:250:5
[INFO] [stdout]   25: <alloc::boxed::Box<F,A> as core::ops::function::FnOnce<Args>>::call_once
[INFO] [stdout]              at /rustc/df4ca44d3fbc9301ee17f30f4d474e6ae4b05252/library/alloc/src/boxed.rs:2454:9
[INFO] [stdout]   26: <alloc::boxed::Box<F,A> as core::ops::function::FnOnce<Args>>::call_once
[INFO] [stdout]              at /rustc/df4ca44d3fbc9301ee17f30f4d474e6ae4b05252/library/alloc/src/boxed.rs:2454:9
[INFO] [stdout]   27: std::sys::pal::unix::thread::Thread::new::thread_start
[INFO] [stdout]              at /rustc/df4ca44d3fbc9301ee17f30f4d474e6ae4b05252/library/std/src/sys/pal/unix/thread.rs:105:17
[INFO] [stdout]   28: <unknown>
[INFO] [stdout]   29: clone
[INFO] [stdout] stack backtrace:
[INFO] [stdout]    0:     0x5c572643ea4a - std::backtrace_rs::backtrace::libunwind::trace::h207520d6e9873551
[INFO] [stdout]                                at /rustc/df4ca44d3fbc9301ee17f30f4d474e6ae4b05252/library/std/src/../../backtrace/src/backtrace/libunwind.rs:116:5
[INFO] [stdout]    1:     0x5c572643ea4a - std::backtrace_rs::backtrace::trace_unsynchronized::h2ed7433f370e3eca
[INFO] [stdout]                                at /rustc/df4ca44d3fbc9301ee17f30f4d474e6ae4b05252/library/std/src/../../backtrace/src/backtrace/mod.rs:66:5
[INFO] [stdout]    2:     0x5c572643ea4a - std::sys::backtrace::_print_fmt::h916fac51166b18d7
[INFO] [stdout]                                at /rustc/df4ca44d3fbc9301ee17f30f4d474e6ae4b05252/library/std/src/sys/backtrace.rs:66:9
[INFO] [stdout]    3:     0x5c572643ea4a - <std::sys::backtrace::BacktraceLock::print::DisplayBacktrace as core::fmt::Display>::fmt::ha0a4c9b8ce3802e6
[INFO] [stdout]                                at /rustc/df4ca44d3fbc9301ee17f30f4d474e6ae4b05252/library/std/src/sys/backtrace.rs:39:26
[INFO] [stdout]    4:     0x5c5726465383 - core::fmt::rt::Argument::fmt::h4cfc8587d52b3eb5
[INFO] [stdout]                                at /rustc/df4ca44d3fbc9301ee17f30f4d474e6ae4b05252/library/core/src/fmt/rt.rs:177:76
[INFO] [stdout]    5:     0x5c5726465383 - core::fmt::write::h522cc39e5b36ae9f
[INFO] [stdout]                                at /rustc/df4ca44d3fbc9301ee17f30f4d474e6ae4b05252/library/core/src/fmt/mod.rs:1190:21
[INFO] [stdout]    6:     0x5c572643b4e3 - std::io::Write::write_fmt::h7d3c26752da97734
[INFO] [stdout]                                at /rustc/df4ca44d3fbc9301ee17f30f4d474e6ae4b05252/library/std/src/io/mod.rs:1839:15
[INFO] [stdout]    7:     0x5c572643e892 - std::sys::backtrace::BacktraceLock::print::h4b9e00b29e9c0942
[INFO] [stdout]                                at /rustc/df4ca44d3fbc9301ee17f30f4d474e6ae4b05252/library/std/src/sys/backtrace.rs:42:9
[INFO] [stdout]    8:     0x5c572643feda - std::panicking::default_hook::{{closure}}::hb59b88280d0324d9
[INFO] [stdout]                                at /rustc/df4ca44d3fbc9301ee17f30f4d474e6ae4b05252/library/std/src/panicking.rs:268:22
[INFO] [stdout]    9:     0x5c572643fce4 - std::panicking::default_hook::he1dd496665be4a29
[INFO] [stdout]                                at /rustc/df4ca44d3fbc9301ee17f30f4d474e6ae4b05252/library/std/src/panicking.rs:292:9
[INFO] [stdout]   10:     0x5c57263fc509 - <alloc::boxed::Box<F,A> as core::ops::function::Fn<Args>>::call::h4ff71de18744e1dc
[INFO] [stdout]                                at /rustc/df4ca44d3fbc9301ee17f30f4d474e6ae4b05252/library/alloc/src/boxed.rs:2468:9
[INFO] [stdout]   11:     0x5c57263fc509 - test::test_main::{{closure}}::hcf7c055ce117aa81
[INFO] [stdout]                                at /rustc/df4ca44d3fbc9301ee17f30f4d474e6ae4b05252/library/test/src/lib.rs:133:21
[INFO] [stdout]   12:     0x5c57264405d8 - <alloc::boxed::Box<F,A> as core::ops::function::Fn<Args>>::call::h1d66c6bbd60c9692
[INFO] [stdout]                                at /rustc/df4ca44d3fbc9301ee17f30f4d474e6ae4b05252/library/alloc/src/boxed.rs:2468:9
[INFO] [stdout]   13:     0x5c57264405d8 - std::panicking::rust_panic_with_hook::h2ff17fe8f26dfcf8
[INFO] [stdout]                                at /rustc/df4ca44d3fbc9301ee17f30f4d474e6ae4b05252/library/std/src/panicking.rs:809:13
[INFO] [stdout]   14:     0x5c572644039a - std::panicking::begin_panic_handler::{{closure}}::h4fad77951c07e101
[INFO] [stdout]                                at /rustc/df4ca44d3fbc9301ee17f30f4d474e6ae4b05252/library/std/src/panicking.rs:674:13
[INFO] [stdout]   15:     0x5c572643ef29 - std::sys::backtrace::__rust_end_short_backtrace::hb1a25b3da5d0ea08
[INFO] [stdout]                                at /rustc/df4ca44d3fbc9301ee17f30f4d474e6ae4b05252/library/std/src/sys/backtrace.rs:170:18
[INFO] [stdout]   16:     0x5c572644002c - rust_begin_unwind
[INFO] [stdout]                                at /rustc/df4ca44d3fbc9301ee17f30f4d474e6ae4b05252/library/std/src/panicking.rs:665:5
[INFO] [stdout]   17:     0x5c5726463a30 - core::panicking::panic_fmt::ha9db07b529f9b256
[INFO] [stdout]                                at /rustc/df4ca44d3fbc9301ee17f30f4d474e6ae4b05252/library/core/src/panicking.rs:75:14
[INFO] [stdout]   18:     0x5c5726463e76 - core::result::unwrap_failed::h5e8218e4d4338b8a
[INFO] [stdout]                                at /rustc/df4ca44d3fbc9301ee17f30f4d474e6ae4b05252/library/core/src/result.rs:1698:5
[INFO] [stdout]   19:     0x5c57263aba07 - core::result::Result<T,E>::unwrap::hdca3aade7f343683
[INFO] [stdout]                                at /rustc/df4ca44d3fbc9301ee17f30f4d474e6ae4b05252/library/core/src/result.rs:1103:23
[INFO] [stdout]   20:     0x5c57263aba07 - bina::parser::tests::test_assignment::hb1ce71e911395bbc
[INFO] [stdout]                                at /opt/rustwide/workdir/src/parser.rs:198:19
[INFO] [stdout]   21:     0x5c57263ab7e7 - bina::parser::tests::test_assignment::{{closure}}::h6e5dc6406c28f348
[INFO] [stdout]                                at /opt/rustwide/workdir/src/parser.rs:192:25
[INFO] [stdout]   22:     0x5c57263b0a36 - core::ops::function::FnOnce::call_once::h79e34fad7d24b9d2
[INFO] [stdout]                                at /rustc/df4ca44d3fbc9301ee17f30f4d474e6ae4b05252/library/core/src/ops/function.rs:250:5
[INFO] [stdout]   23:     0x5c5726400ddb - core::ops::function::FnOnce::call_once::h22c3ba5715e93f05
[INFO] [stdout]                                at /rustc/df4ca44d3fbc9301ee17f30f4d474e6ae4b05252/library/core/src/ops/function.rs:250:5
[INFO] [stdout]   24:     0x5c5726400ddb - test::__rust_begin_short_backtrace::h8e82d8113d0da17f
[INFO] [stdout]                                at /rustc/df4ca44d3fbc9301ee17f30f4d474e6ae4b05252/library/test/src/lib.rs:621:18
[INFO] [stdout]   25:     0x5c5726400757 - test::run_test_in_process::{{closure}}::h33235f4f20b7b7c7
[INFO] [stdout]                                at /rustc/df4ca44d3fbc9301ee17f30f4d474e6ae4b05252/library/test/src/lib.rs:644:60
[INFO] [stdout]   26:     0x5c5726400757 - <core::panic::unwind_safe::AssertUnwindSafe<F> as core::ops::function::FnOnce<()>>::call_once::hb5043206310c586f
[INFO] [stdout]                                at /rustc/df4ca44d3fbc9301ee17f30f4d474e6ae4b05252/library/core/src/panic/unwind_safe.rs:272:9
[INFO] [stdout]   27:     0x5c5726400757 - std::panicking::try::do_call::h9ad4731a60ab23e2
[INFO] [stdout]                                at /rustc/df4ca44d3fbc9301ee17f30f4d474e6ae4b05252/library/std/src/panicking.rs:557:40
[INFO] [stdout]   28:     0x5c5726400757 - std::panicking::try::h3824d23db772a716
[INFO] [stdout]                                at /rustc/df4ca44d3fbc9301ee17f30f4d474e6ae4b05252/library/std/src/panicking.rs:520:19
[INFO] [stdout]   29:     0x5c5726400757 - std::panic::catch_unwind::h5afd514605fde46b
[INFO] [stdout]                                at /rustc/df4ca44d3fbc9301ee17f30f4d474e6ae4b05252/library/std/src/panic.rs:358:14
[INFO] [stdout]   30:     0x5c5726400757 - test::run_test_in_process::h0d5cbfa7067d1720
[INFO] [stdout]                                at /rustc/df4ca44d3fbc9301ee17f30f4d474e6ae4b05252/library/test/src/lib.rs:644:27
[INFO] [stdout]   31:     0x5c5726400757 - test::run_test::{{closure}}::h708eb8872708115d
[INFO] [stdout]                                at /rustc/df4ca44d3fbc9301ee17f30f4d474e6ae4b05252/library/test/src/lib.rs:565:43
[INFO] [stdout]   32:     0x5c57263c3e74 - test::run_test::{{closure}}::h392c51cee94713ab
[INFO] [stdout]                                at /rustc/df4ca44d3fbc9301ee17f30f4d474e6ae4b05252/library/test/src/lib.rs:595:41
[INFO] [stdout]   33:     0x5c57263c3e74 - std::sys::backtrace::__rust_begin_short_backtrace::h2f40290710935a8b
[INFO] [stdout]                                at /rustc/df4ca44d3fbc9301ee17f30f4d474e6ae4b05252/library/std/src/sys/backtrace.rs:154:18
[INFO] [stdout]   34:     0x5c57263c761e - std::thread::Builder::spawn_unchecked_::{{closure}}::{{closure}}::h3fd968d89053a903
[INFO] [stdout]                                at /rustc/df4ca44d3fbc9301ee17f30f4d474e6ae4b05252/library/std/src/thread/mod.rs:541:17
[INFO] [stdout]   35:     0x5c57263c761e - <core::panic::unwind_safe::AssertUnwindSafe<F> as core::ops::function::FnOnce<()>>::call_once::h743f637ba4229880
[INFO] [stdout]                                at /rustc/df4ca44d3fbc9301ee17f30f4d474e6ae4b05252/library/core/src/panic/unwind_safe.rs:272:9
[INFO] [stdout]   36:     0x5c57263c761e - std::panicking::try::do_call::h07440897322525a6
[INFO] [stdout]                                at /rustc/df4ca44d3fbc9301ee17f30f4d474e6ae4b05252/library/std/src/panicking.rs:557:40
[INFO] [stdout]   37:     0x5c57263c761e - std::panicking::try::he5a2e00188156637
[INFO] [stdout]                                at /rustc/df4ca44d3fbc9301ee17f30f4d474e6ae4b05252/library/std/src/panicking.rs:520:19
[INFO] [stdout]   38:     0x5c57263c761e - std::panic::catch_unwind::hbaf3cae49b3c6433
[INFO] [stdout]                                at /rustc/df4ca44d3fbc9301ee17f30f4d474e6ae4b05252/library/std/src/panic.rs:358:14
[INFO] [stdout]   39:     0x5c57263c761e - std::thread::Builder::spawn_unchecked_::{{closure}}::h8e141ea224820bce
[INFO] [stdout]                                at /rustc/df4ca44d3fbc9301ee17f30f4d474e6ae4b05252/library/std/src/thread/mod.rs:540:30
[INFO] [stdout]   40:     0x5c57263c761e - core::ops::function::FnOnce::call_once{{vtable.shim}}::h90d312fedd7b8ea8
[INFO] [stdout]                                at /rustc/df4ca44d3fbc9301ee17f30f4d474e6ae4b05252/library/core/src/ops/function.rs:250:5
[INFO] [stdout]   41:     0x5c57264443cb - <alloc::boxed::Box<F,A> as core::ops::function::FnOnce<Args>>::call_once::h69aa08ddb6adb8b6
[INFO] [stdout]                                at /rustc/df4ca44d3fbc9301ee17f30f4d474e6ae4b05252/library/alloc/src/boxed.rs:2454:9
[INFO] [stdout]   42:     0x5c57264443cb - <alloc::boxed::Box<F,A> as core::ops::function::FnOnce<Args>>::call_once::h5aa36efdb79c806f
[INFO] [stdout]                                at /rustc/df4ca44d3fbc9301ee17f30f4d474e6ae4b05252/library/alloc/src/boxed.rs:2454:9
[INFO] [stdout]   43:     0x5c57264443cb - std::sys::pal::unix::thread::Thread::new::thread_start::h6cd80a1b4be5158d
[INFO] [stdout]                                at /rustc/df4ca44d3fbc9301ee17f30f4d474e6ae4b05252/library/std/src/sys/pal/unix/thread.rs:105:17
[INFO] [stdout]   44:     0x70e855e4dac3 - <unknown>
[INFO] [stdout]   45:     0x70e855edea04 - clone
[INFO] [stdout]   46:                0x0 - <unknown>
[INFO] [stdout] 
[INFO] [stdout] 
[INFO] [stdout] failures:
[INFO] [stdout]     parser::tests::test_assignment
[INFO] [stdout] 
[INFO] [stdout] test result: FAILED. 8 passed; 1 failed; 0 ignored; 0 measured; 0 filtered out; finished in 0.02s
[INFO] [stdout] 
[INFO] [stderr] error: test failed, to rerun pass `--bin bina`
[INFO] running `Command { std: "docker" "inspect" "e072c2066b8b45e665a60ca9882d5b266cdb9a9a5bcf6e4cfee145256f00a156", kill_on_drop: false }`
[INFO] running `Command { std: "docker" "rm" "-f" "e072c2066b8b45e665a60ca9882d5b266cdb9a9a5bcf6e4cfee145256f00a156", kill_on_drop: false }`
[INFO] [stdout] e072c2066b8b45e665a60ca9882d5b266cdb9a9a5bcf6e4cfee145256f00a156
