[INFO] cloning repository https://github.com/Farmadupe/vid_dup_finder_lib
[INFO] running `Command { std: "git" "-c" "credential.helper=" "-c" "credential.helper=/workspace/cargo-home/bin/git-credential-null" "clone" "--bare" "https://github.com/Farmadupe/vid_dup_finder_lib" "/workspace/cache/git-repos/https%3A%2F%2Fgithub.com%2FFarmadupe%2Fvid_dup_finder_lib", kill_on_drop: false }`
[INFO] [stderr] Cloning into bare repository '/workspace/cache/git-repos/https%3A%2F%2Fgithub.com%2FFarmadupe%2Fvid_dup_finder_lib'...
[INFO] running `Command { std: "git" "rev-parse" "HEAD", kill_on_drop: false }`
[INFO] [stdout] 49165d15991faea0ab69f9f68e85ab9b3506ebe9
[INFO] testing Farmadupe/vid_dup_finder_lib/49165d15991faea0ab69f9f68e85ab9b3506ebe9 against nightly-2024-10-28 for randomize-layout
[INFO] running `Command { std: "git" "clone" "/workspace/cache/git-repos/https%3A%2F%2Fgithub.com%2FFarmadupe%2Fvid_dup_finder_lib" "/workspace/builds/worker-7-tc1/source", kill_on_drop: false }`
[INFO] [stderr] Cloning into '/workspace/builds/worker-7-tc1/source'...
[INFO] [stderr] done.
[INFO] validating manifest of git repo https://github.com/Farmadupe/vid_dup_finder_lib on toolchain nightly-2024-10-28
[INFO] running `Command { std: CARGO_HOME="/workspace/cargo-home" RUSTUP_HOME="/workspace/rustup-home" "/workspace/cargo-home/bin/cargo" "+nightly-2024-10-28" "metadata" "--manifest-path" "Cargo.toml" "--no-deps", kill_on_drop: false }`
[INFO] started tweaking git repo https://github.com/Farmadupe/vid_dup_finder_lib
[INFO] removed 0 missing examples
[INFO] removed 0 missing tests
[INFO] finished tweaking git repo https://github.com/Farmadupe/vid_dup_finder_lib
[INFO] tweaked toml for git repo https://github.com/Farmadupe/vid_dup_finder_lib written to /workspace/builds/worker-7-tc1/source/Cargo.toml
[INFO] running `Command { std: CARGO_HOME="/workspace/cargo-home" RUSTUP_HOME="/workspace/rustup-home" "/workspace/cargo-home/bin/cargo" "+nightly-2024-10-28" "generate-lockfile" "--manifest-path" "Cargo.toml", kill_on_drop: false }`
[INFO] [stderr]     Updating crates.io index
[INFO] [stderr]      Locking 66 packages to latest compatible versions
[INFO] [stderr]       Adding image v0.24.9 (available: v0.25.4)
[INFO] [stderr]       Adding itertools v0.10.5 (available: v0.13.0)
[INFO] [stderr]       Adding rustdct v0.6.0 (available: v0.7.1)
[INFO] running `Command { std: CARGO_HOME="/workspace/cargo-home" RUSTUP_HOME="/workspace/rustup-home" "/workspace/cargo-home/bin/cargo" "+nightly-2024-10-28" "fetch" "--manifest-path" "Cargo.toml", kill_on_drop: false }`
[INFO] [stderr]  Downloading crates ...
[INFO] [stderr]   Downloaded thiserror v1.0.66
[INFO] [stderr]   Downloaded png v0.17.14
[INFO] [stderr]   Downloaded primal-check v0.3.4
[INFO] [stderr]   Downloaded fdeflate v0.3.6
[INFO] [stderr]   Downloaded thiserror-impl v1.0.66
[INFO] [stderr]   Downloaded ffmpeg_cmdline_utils v0.1.3
[INFO] [stderr]   Downloaded transpose v0.2.3
[INFO] [stderr]   Downloaded rustdct v0.6.0
[INFO] [stderr]   Downloaded strength_reduce v0.2.4
[INFO] [stderr]   Downloaded rustfft v5.1.1
[INFO] [stderr]   Downloaded exr v1.73.0
[INFO] running `Command { std: "docker" "create" "-v" "/var/lib/crater-agent-workspace/builds/worker-7-tc1/target:/opt/rustwide/target:rw,Z" "-v" "/var/lib/crater-agent-workspace/builds/worker-7-tc1/source:/opt/rustwide/workdir:ro,Z" "-v" "/var/lib/crater-agent-workspace/cargo-home:/opt/rustwide/cargo-home:ro,Z" "-v" "/var/lib/crater-agent-workspace/rustup-home:/opt/rustwide/rustup-home:ro,Z" "-e" "SOURCE_DIR=/opt/rustwide/workdir" "-e" "CARGO_TARGET_DIR=/opt/rustwide/target" "-e" "CARGO_HOME=/opt/rustwide/cargo-home" "-e" "RUSTUP_HOME=/opt/rustwide/rustup-home" "-w" "/opt/rustwide/workdir" "-m" "1610612736" "--user" "0:0" "--network" "none" "ghcr.io/rust-lang/crates-build-env/linux@sha256:4a844ea9eb2546a2d2c7022eacef16ef2e8229c7fbb2c7d4d55a9ceca922f72d" "/opt/rustwide/cargo-home/bin/cargo" "+nightly-2024-10-28" "metadata" "--no-deps" "--format-version=1", kill_on_drop: false }`
[INFO] [stdout] 344fda66580735a59eddaa3fe7d1cbd16b054fd13402e36bd083fb320f7f7ea8
[INFO] running `Command { std: "docker" "start" "-a" "344fda66580735a59eddaa3fe7d1cbd16b054fd13402e36bd083fb320f7f7ea8", kill_on_drop: false }`
[INFO] running `Command { std: "docker" "inspect" "344fda66580735a59eddaa3fe7d1cbd16b054fd13402e36bd083fb320f7f7ea8", kill_on_drop: false }`
[INFO] running `Command { std: "docker" "rm" "-f" "344fda66580735a59eddaa3fe7d1cbd16b054fd13402e36bd083fb320f7f7ea8", kill_on_drop: false }`
[INFO] [stdout] 344fda66580735a59eddaa3fe7d1cbd16b054fd13402e36bd083fb320f7f7ea8
[INFO] running `Command { std: "docker" "create" "-v" "/var/lib/crater-agent-workspace/builds/worker-7-tc1/target:/opt/rustwide/target:rw,Z" "-v" "/var/lib/crater-agent-workspace/builds/worker-7-tc1/source:/opt/rustwide/workdir:ro,Z" "-v" "/var/lib/crater-agent-workspace/cargo-home:/opt/rustwide/cargo-home:ro,Z" "-v" "/var/lib/crater-agent-workspace/rustup-home:/opt/rustwide/rustup-home:ro,Z" "-e" "SOURCE_DIR=/opt/rustwide/workdir" "-e" "CARGO_TARGET_DIR=/opt/rustwide/target" "-e" "CARGO_INCREMENTAL=0" "-e" "RUST_BACKTRACE=full" "-e" "RUSTFLAGS=--cap-lints=forbid" "-e" "RUSTDOCFLAGS=--cap-lints=forbid" "-e" "CARGO_HOME=/opt/rustwide/cargo-home" "-e" "RUSTUP_HOME=/opt/rustwide/rustup-home" "-w" "/opt/rustwide/workdir" "-m" "1610612736" "--user" "0:0" "--network" "none" "ghcr.io/rust-lang/crates-build-env/linux@sha256:4a844ea9eb2546a2d2c7022eacef16ef2e8229c7fbb2c7d4d55a9ceca922f72d" "/opt/rustwide/cargo-home/bin/cargo" "+nightly-2024-10-28" "build" "--frozen" "--message-format=json", kill_on_drop: false }`
[INFO] [stdout] c5e4ef7456e3803632a937a1509fb556101cd0d40ec796c112f7db24ed8fb0ba
[INFO] running `Command { std: "docker" "start" "-a" "c5e4ef7456e3803632a937a1509fb556101cd0d40ec796c112f7db24ed8fb0ba", kill_on_drop: false }`
[INFO] [stderr]    Compiling proc-macro2 v1.0.89
[INFO] [stderr]    Compiling simd-adler32 v0.3.7
[INFO] [stderr]    Compiling libc v0.2.161
[INFO] [stderr]    Compiling serde v1.0.214
[INFO] [stderr]    Compiling weezl v0.1.8
[INFO] [stderr]    Compiling thiserror v1.0.66
[INFO] [stderr]    Compiling color_quant v1.1.0
[INFO] [stderr]    Compiling num-traits v0.2.19
[INFO] [stderr]    Compiling half v2.4.1
[INFO] [stderr]    Compiling serde_json v1.0.132
[INFO] [stderr]    Compiling bit_field v0.10.2
[INFO] [stderr]    Compiling lebe v0.5.2
[INFO] [stderr]    Compiling bytemuck v1.19.0
[INFO] [stderr]    Compiling strength_reduce v0.2.4
[INFO] [stderr]    Compiling memchr v2.7.4
[INFO] [stderr]    Compiling jpeg-decoder v0.3.1
[INFO] [stderr]    Compiling miniz_oxide v0.8.0
[INFO] [stderr]    Compiling zune-inflate v0.2.54
[INFO] [stderr]    Compiling fdeflate v0.3.6
[INFO] [stderr]    Compiling qoi v0.4.1
[INFO] [stderr]    Compiling gif v0.13.1
[INFO] [stderr]    Compiling flate2 v1.0.34
[INFO] [stderr]    Compiling exr v1.73.0
[INFO] [stderr]    Compiling quote v1.0.37
[INFO] [stderr]    Compiling syn v2.0.86
[INFO] [stderr]    Compiling png v0.17.14
[INFO] [stderr]    Compiling tiff v0.9.1
[INFO] [stderr]    Compiling getrandom v0.2.15
[INFO] [stderr]    Compiling rand_core v0.6.4
[INFO] [stderr]    Compiling num-integer v0.1.46
[INFO] [stderr]    Compiling num-complex v0.3.1
[INFO] [stderr]    Compiling primal-check v0.3.4
[INFO] [stderr]    Compiling transpose v0.2.3
[INFO] [stderr]    Compiling rustfft v5.1.1
[INFO] [stderr]    Compiling zerocopy-derive v0.7.35
[INFO] [stderr]    Compiling serde_derive v1.0.214
[INFO] [stderr]    Compiling thiserror-impl v1.0.66
[INFO] [stderr]    Compiling zerocopy v0.7.35
[INFO] [stderr]    Compiling image v0.24.9
[INFO] [stderr]    Compiling ppv-lite86 v0.2.20
[INFO] [stderr]    Compiling rand_chacha v0.3.1
[INFO] [stderr]    Compiling rand v0.8.5
[INFO] [stderr]    Compiling rustdct v0.6.0
[INFO] [stderr]    Compiling ffmpeg_cmdline_utils v0.1.3
[INFO] [stderr]    Compiling vid_dup_finder_lib v0.1.1 (/opt/rustwide/workdir)
[INFO] [stdout] warning: variable does not need to be mutable
[INFO] [stdout]   --> src/video_hashing/search.rs:60:13
[INFO] [stdout]    |
[INFO] [stdout] 60 |         for mut entry in self.duration_slice(target.duration()) {
[INFO] [stdout]    |             ----^^^^^
[INFO] [stdout]    |             |
[INFO] [stdout]    |             help: remove this `mut`
[INFO] [stdout]    |
[INFO] [stdout]    = note: `#[warn(unused_mut)]` on by default
[INFO] [stdout] 
[INFO] [stdout] 
[INFO] [stderr]     Finished `dev` profile [unoptimized + debuginfo] target(s) in 9.61s
[INFO] running `Command { std: "docker" "inspect" "c5e4ef7456e3803632a937a1509fb556101cd0d40ec796c112f7db24ed8fb0ba", kill_on_drop: false }`
[INFO] running `Command { std: "docker" "rm" "-f" "c5e4ef7456e3803632a937a1509fb556101cd0d40ec796c112f7db24ed8fb0ba", kill_on_drop: false }`
[INFO] [stdout] c5e4ef7456e3803632a937a1509fb556101cd0d40ec796c112f7db24ed8fb0ba
[INFO] running `Command { std: "docker" "create" "-v" "/var/lib/crater-agent-workspace/builds/worker-7-tc1/target:/opt/rustwide/target:rw,Z" "-v" "/var/lib/crater-agent-workspace/builds/worker-7-tc1/source:/opt/rustwide/workdir:ro,Z" "-v" "/var/lib/crater-agent-workspace/cargo-home:/opt/rustwide/cargo-home:ro,Z" "-v" "/var/lib/crater-agent-workspace/rustup-home:/opt/rustwide/rustup-home:ro,Z" "-e" "SOURCE_DIR=/opt/rustwide/workdir" "-e" "CARGO_TARGET_DIR=/opt/rustwide/target" "-e" "CARGO_INCREMENTAL=0" "-e" "RUST_BACKTRACE=full" "-e" "RUSTFLAGS=--cap-lints=forbid" "-e" "RUSTDOCFLAGS=--cap-lints=forbid" "-e" "CARGO_HOME=/opt/rustwide/cargo-home" "-e" "RUSTUP_HOME=/opt/rustwide/rustup-home" "-w" "/opt/rustwide/workdir" "-m" "1610612736" "--user" "0:0" "--network" "none" "ghcr.io/rust-lang/crates-build-env/linux@sha256:4a844ea9eb2546a2d2c7022eacef16ef2e8229c7fbb2c7d4d55a9ceca922f72d" "/opt/rustwide/cargo-home/bin/cargo" "+nightly-2024-10-28" "test" "--frozen" "--no-run" "--message-format=json", kill_on_drop: false }`
[INFO] [stdout] 9656ff4c2291649f24f61273a75a697bb1445121bce3bc3e584616abc6e7a3e7
[INFO] running `Command { std: "docker" "start" "-a" "9656ff4c2291649f24f61273a75a697bb1445121bce3bc3e584616abc6e7a3e7", kill_on_drop: false }`
[INFO] [stderr]    Compiling itertools v0.10.5
[INFO] [stdout] warning: variable does not need to be mutable
[INFO] [stdout]   --> src/video_hashing/search.rs:60:13
[INFO] [stdout]    |
[INFO] [stdout] 60 |         for mut entry in self.duration_slice(target.duration()) {
[INFO] [stdout]    |             ----^^^^^
[INFO] [stdout]    |             |
[INFO] [stdout]    |             help: remove this `mut`
[INFO] [stdout]    |
[INFO] [stdout]    = note: `#[warn(unused_mut)]` on by default
[INFO] [stdout] 
[INFO] [stdout] 
[INFO] [stderr]    Compiling vid_dup_finder_lib v0.1.1 (/opt/rustwide/workdir)
[INFO] [stdout] warning: unused import: `*`
[INFO] [stdout]    --> src/lib.rs:108:54
[INFO] [stdout]     |
[INFO] [stdout] 108 | pub use video_hashing::video_hash::test_util::{self, *};
[INFO] [stdout]     |                                                      ^
[INFO] [stdout]     |
[INFO] [stdout]     = note: `#[warn(unused_imports)]` on by default
[INFO] [stdout] 
[INFO] [stdout] 
[INFO] [stdout] warning: variable does not need to be mutable
[INFO] [stdout]   --> src/video_hashing/search.rs:60:13
[INFO] [stdout]    |
[INFO] [stdout] 60 |         for mut entry in self.duration_slice(target.duration()) {
[INFO] [stdout]    |             ----^^^^^
[INFO] [stdout]    |             |
[INFO] [stdout]    |             help: remove this `mut`
[INFO] [stdout]    |
[INFO] [stdout]    = note: `#[warn(unused_mut)]` on by default
[INFO] [stdout] 
[INFO] [stdout] 
[INFO] [stderr]     Finished `test` profile [unoptimized + debuginfo] target(s) in 1.67s
[INFO] running `Command { std: "docker" "inspect" "9656ff4c2291649f24f61273a75a697bb1445121bce3bc3e584616abc6e7a3e7", kill_on_drop: false }`
[INFO] running `Command { std: "docker" "rm" "-f" "9656ff4c2291649f24f61273a75a697bb1445121bce3bc3e584616abc6e7a3e7", kill_on_drop: false }`
[INFO] [stdout] 9656ff4c2291649f24f61273a75a697bb1445121bce3bc3e584616abc6e7a3e7
[INFO] running `Command { std: "docker" "create" "-v" "/var/lib/crater-agent-workspace/builds/worker-7-tc1/target:/opt/rustwide/target:rw,Z" "-v" "/var/lib/crater-agent-workspace/builds/worker-7-tc1/source:/opt/rustwide/workdir:ro,Z" "-v" "/var/lib/crater-agent-workspace/cargo-home:/opt/rustwide/cargo-home:ro,Z" "-v" "/var/lib/crater-agent-workspace/rustup-home:/opt/rustwide/rustup-home:ro,Z" "-e" "SOURCE_DIR=/opt/rustwide/workdir" "-e" "CARGO_TARGET_DIR=/opt/rustwide/target" "-e" "CARGO_INCREMENTAL=0" "-e" "RUST_BACKTRACE=full" "-e" "RUSTFLAGS=--cap-lints=forbid" "-e" "RUSTDOCFLAGS=--cap-lints=forbid" "-e" "CARGO_HOME=/opt/rustwide/cargo-home" "-e" "RUSTUP_HOME=/opt/rustwide/rustup-home" "-w" "/opt/rustwide/workdir" "-m" "1610612736" "--user" "0:0" "--network" "none" "ghcr.io/rust-lang/crates-build-env/linux@sha256:4a844ea9eb2546a2d2c7022eacef16ef2e8229c7fbb2c7d4d55a9ceca922f72d" "/opt/rustwide/cargo-home/bin/cargo" "+nightly-2024-10-28" "test" "--frozen", kill_on_drop: false }`
[INFO] [stdout] 83c0ef8205c05c9b6e945ce89182fef099297d4a0ca6497535d5fc3cf49e9ee6
[INFO] running `Command { std: "docker" "start" "-a" "83c0ef8205c05c9b6e945ce89182fef099297d4a0ca6497535d5fc3cf49e9ee6", kill_on_drop: false }`
[INFO] [stderr] warning: variable does not need to be mutable
[INFO] [stderr]   --> src/video_hashing/search.rs:60:13
[INFO] [stderr]    |
[INFO] [stderr] 60 |         for mut entry in self.duration_slice(target.duration()) {
[INFO] [stderr]    |             ----^^^^^
[INFO] [stderr]    |             |
[INFO] [stderr]    |             help: remove this `mut`
[INFO] [stderr]    |
[INFO] [stderr]    = note: `#[warn(unused_mut)]` on by default
[INFO] [stderr] 
[INFO] [stderr] warning: unused import: `*`
[INFO] [stderr]    --> src/lib.rs:108:54
[INFO] [stderr]     |
[INFO] [stderr] 108 | pub use video_hashing::video_hash::test_util::{self, *};
[INFO] [stderr]     |                                                      ^
[INFO] [stderr]     |
[INFO] [stderr]     = note: `#[warn(unused_imports)]` on by default
[INFO] [stderr] 
[INFO] [stderr] warning: `vid_dup_finder_lib` (lib) generated 1 warning (run `cargo fix --lib -p vid_dup_finder_lib` to apply 1 suggestion)
[INFO] [stderr] warning: `vid_dup_finder_lib` (lib test) generated 2 warnings (1 duplicate) (run `cargo fix --lib -p vid_dup_finder_lib --tests` to apply 1 suggestion)
[INFO] [stderr]     Finished `test` profile [unoptimized + debuginfo] target(s) in 0.04s
[INFO] [stderr]      Running unittests src/lib.rs (/opt/rustwide/target/debug/deps/vid_dup_finder_lib-f0d80706794a8735)
[INFO] [stdout] 
[INFO] [stdout] running 7 tests
[INFO] [stdout] test video_hashing::search::test::test_searching_nothing_returns_empty_vec ... ok
[INFO] [stdout] test video_hashing::video_hash::test::test_distance_between_empty_and_full_is_max ... ok
[INFO] [stdout] test video_hashing::video_hash::test::test_distance_between_two_empty_hashes_is_0 ... ok
[INFO] [stdout] test video_hashing::video_hash::test::test_distance_between_unequal_length_includes_length_difference ... ok
[INFO] [stdout] test video_hashing::video_hash::test::test_distance_between_two_full_hashes_is_0 ... ok
[INFO] [stdout] test video_hashing::video_hash::test::test_symmetry ... ok
[INFO] [stdout] test video_hashing::video_hash::test::test_triangle_inequality ... ok
[INFO] [stdout] 
[INFO] [stdout] test result: ok. 7 passed; 0 failed; 0 ignored; 0 measured; 0 filtered out; finished in 0.02s
[INFO] [stdout] 
[INFO] [stderr]      Running tests/test_find_all.rs (/opt/rustwide/target/debug/deps/test_find_all-0a280cf7e4062042)
[INFO] [stdout] 
[INFO] [stdout] running 4 tests
[INFO] [stdout] test test_find_dups_finds_a_known_group ... ok
[INFO] [stdout] test test_find_dups_discriminates_by_duration ... ok
[INFO] [stdout] test test_find_dups_discriminates_by_distance ... ok
[INFO] [stdout] test test_find_with_refs ... ok
[INFO] [stdout] 
[INFO] [stdout] test result: ok. 4 passed; 0 failed; 0 ignored; 0 measured; 0 filtered out; finished in 0.13s
[INFO] [stdout] 
[INFO] [stderr]      Running unittests examples/example.rs (/opt/rustwide/target/debug/examples/example-4ff853e4affb7390)
[INFO] [stdout] 
[INFO] [stdout] running 1 test
[INFO] [stdout] test test ... FAILED
[INFO] [stdout] 
[INFO] [stdout] failures:
[INFO] [stdout] 
[INFO] [stdout] ---- test stdout ----
[INFO] [stdout] Loading /opt/rustwide/workdir/examples/vids/cat.1.mp4
[INFO] [stdout] failed to create hash from /opt/rustwide/workdir/examples/vids/cat.1.mp4. Error: Failed to determine whether file is a video: /opt/rustwide/workdir/examples/vids/cat.1.mp4.
[INFO] [stdout] thread 'test' panicked at examples/example.rs:43:21:
[INFO] [stdout] explicit panic
[INFO] [stdout] stack backtrace:
[INFO] [stdout]    0:     0x6073cc21f77a - std::backtrace_rs::backtrace::libunwind::trace::h207520d6e9873551
[INFO] [stdout]                                at /rustc/df4ca44d3fbc9301ee17f30f4d474e6ae4b05252/library/std/src/../../backtrace/src/backtrace/libunwind.rs:116:5
[INFO] [stdout]    1:     0x6073cc21f77a - std::backtrace_rs::backtrace::trace_unsynchronized::h2ed7433f370e3eca
[INFO] [stdout]                                at /rustc/df4ca44d3fbc9301ee17f30f4d474e6ae4b05252/library/std/src/../../backtrace/src/backtrace/mod.rs:66:5
[INFO] [stdout]    2:     0x6073cc21f77a - std::sys::backtrace::_print_fmt::h916fac51166b18d7
[INFO] [stdout]                                at /rustc/df4ca44d3fbc9301ee17f30f4d474e6ae4b05252/library/std/src/sys/backtrace.rs:66:9
[INFO] [stdout]    3:     0x6073cc21f77a - <std::sys::backtrace::BacktraceLock::print::DisplayBacktrace as core::fmt::Display>::fmt::ha0a4c9b8ce3802e6
[INFO] [stdout]                                at /rustc/df4ca44d3fbc9301ee17f30f4d474e6ae4b05252/library/std/src/sys/backtrace.rs:39:26
[INFO] [stdout]    4:     0x6073cc248573 - core::fmt::rt::Argument::fmt::h4cfc8587d52b3eb5
[INFO] [stdout]                                at /rustc/df4ca44d3fbc9301ee17f30f4d474e6ae4b05252/library/core/src/fmt/rt.rs:177:76
[INFO] [stdout]    5:     0x6073cc248573 - core::fmt::write::h522cc39e5b36ae9f
[INFO] [stdout]                                at /rustc/df4ca44d3fbc9301ee17f30f4d474e6ae4b05252/library/core/src/fmt/mod.rs:1190:21
[INFO] [stdout]    6:     0x6073cc21bf13 - std::io::Write::write_fmt::h7d3c26752da97734
[INFO] [stdout]                                at /rustc/df4ca44d3fbc9301ee17f30f4d474e6ae4b05252/library/std/src/io/mod.rs:1839:15
[INFO] [stdout]    7:     0x6073cc21f5c2 - std::sys::backtrace::BacktraceLock::print::h4b9e00b29e9c0942
[INFO] [stdout]                                at /rustc/df4ca44d3fbc9301ee17f30f4d474e6ae4b05252/library/std/src/sys/backtrace.rs:42:9
[INFO] [stdout]    8:     0x6073cc220c0a - std::panicking::default_hook::{{closure}}::hb59b88280d0324d9
[INFO] [stdout]                                at /rustc/df4ca44d3fbc9301ee17f30f4d474e6ae4b05252/library/std/src/panicking.rs:268:22
[INFO] [stdout]    9:     0x6073cc220a14 - std::panicking::default_hook::he1dd496665be4a29
[INFO] [stdout]                                at /rustc/df4ca44d3fbc9301ee17f30f4d474e6ae4b05252/library/std/src/panicking.rs:292:9
[INFO] [stdout]   10:     0x6073cb8aa6c9 - <alloc::boxed::Box<F,A> as core::ops::function::Fn<Args>>::call::h4ff71de18744e1dc
[INFO] [stdout]                                at /rustc/df4ca44d3fbc9301ee17f30f4d474e6ae4b05252/library/alloc/src/boxed.rs:2468:9
[INFO] [stdout]   11:     0x6073cb8aa6c9 - test::test_main::{{closure}}::hcf7c055ce117aa81
[INFO] [stdout]                                at /rustc/df4ca44d3fbc9301ee17f30f4d474e6ae4b05252/library/test/src/lib.rs:133:21
[INFO] [stdout]   12:     0x6073cc221308 - <alloc::boxed::Box<F,A> as core::ops::function::Fn<Args>>::call::h1d66c6bbd60c9692
[INFO] [stdout]                                at /rustc/df4ca44d3fbc9301ee17f30f4d474e6ae4b05252/library/alloc/src/boxed.rs:2468:9
[INFO] [stdout]   13:     0x6073cc221308 - std::panicking::rust_panic_with_hook::h2ff17fe8f26dfcf8
[INFO] [stdout]                                at /rustc/df4ca44d3fbc9301ee17f30f4d474e6ae4b05252/library/std/src/panicking.rs:809:13
[INFO] [stdout]   14:     0x6073cc0c6dea - std::panicking::begin_panic::{{closure}}::hdd5022629b72e96a
[INFO] [stdout]                                at /rustc/df4ca44d3fbc9301ee17f30f4d474e6ae4b05252/library/std/src/panicking.rs:738:9
[INFO] [stdout]   15:     0x6073cc0c4caa - std::sys::backtrace::__rust_end_short_backtrace::ha496ff6807b529ec
[INFO] [stdout]                                at /rustc/df4ca44d3fbc9301ee17f30f4d474e6ae4b05252/library/std/src/sys/backtrace.rs:170:18
[INFO] [stdout]   16:     0x6073cc0c6d91 - std::panicking::begin_panic::hc79ccb2c23f0228b
[INFO] [stdout]                                at /rustc/df4ca44d3fbc9301ee17f30f4d474e6ae4b05252/library/std/src/panicking.rs:737:5
[INFO] [stdout]   17:     0x6073cb86c09e - example::inner::{{closure}}::hb3991f4882a3a85b
[INFO] [stdout]                                at /opt/rustwide/workdir/examples/example.rs:43:21
[INFO] [stdout]   18:     0x6073cb86a127 - core::ops::function::impls::<impl core::ops::function::FnMut<A> for &mut F>::call_mut::h258e0c7461639410
[INFO] [stdout]                                at /rustc/df4ca44d3fbc9301ee17f30f4d474e6ae4b05252/library/core/src/ops/function.rs:294:13
[INFO] [stdout]   19:     0x6073cb86ebad - core::iter::traits::iterator::Iterator::find_map::check::{{closure}}::hdf2b669359f53e2d
[INFO] [stdout]                                at /rustc/df4ca44d3fbc9301ee17f30f4d474e6ae4b05252/library/core/src/iter/traits/iterator.rs:2903:32
[INFO] [stdout]   20:     0x6073cb865c4e - core::iter::adapters::map::map_try_fold::{{closure}}::h07d37e6355ef7b9d
[INFO] [stdout]                                at /rustc/df4ca44d3fbc9301ee17f30f4d474e6ae4b05252/library/core/src/iter/adapters/map.rs:95:21
[INFO] [stdout]   21:     0x6073cb8655e2 - core::ops::function::impls::<impl core::ops::function::FnMut<A> for &mut F>::call_mut::h2e14755093ea4ee4
[INFO] [stdout]                                at /rustc/df4ca44d3fbc9301ee17f30f4d474e6ae4b05252/library/core/src/ops/function.rs:294:13
[INFO] [stdout]   22:     0x6073cb865af4 - core::iter::traits::iterator::Iterator::try_fold::hab657e8c67fff2d5
[INFO] [stdout]                                at /rustc/df4ca44d3fbc9301ee17f30f4d474e6ae4b05252/library/core/src/iter/traits/iterator.rs:2406:21
[INFO] [stdout]   23:     0x6073cb86c52f - <core::iter::adapters::chain::Chain<A,B> as core::iter::traits::iterator::Iterator>::try_fold::h4f619684a57e6144
[INFO] [stdout]                                at /rustc/df4ca44d3fbc9301ee17f30f4d474e6ae4b05252/library/core/src/iter/adapters/chain.rs:108:19
[INFO] [stdout]   24:     0x6073cb863006 - <core::iter::adapters::map::Map<I,F> as core::iter::traits::iterator::Iterator>::try_fold::h73c9975346e3469e
[INFO] [stdout]                                at /rustc/df4ca44d3fbc9301ee17f30f4d474e6ae4b05252/library/core/src/iter/adapters/map.rs:121:9
[INFO] [stdout]   25:     0x6073cb8657cb - core::iter::traits::iterator::Iterator::find_map::h22d34b18ec610cb7
[INFO] [stdout]                                at /rustc/df4ca44d3fbc9301ee17f30f4d474e6ae4b05252/library/core/src/iter/traits/iterator.rs:2909:9
[INFO] [stdout]   26:     0x6073cb86cddd - <core::iter::adapters::filter_map::FilterMap<I,F> as core::iter::traits::iterator::Iterator>::next::he08961a0632f4bb1
[INFO] [stdout]                                at /rustc/df4ca44d3fbc9301ee17f30f4d474e6ae4b05252/library/core/src/iter/adapters/filter_map.rs:64:9
[INFO] [stdout]   27:     0x6073cb8639ad - <alloc::vec::Vec<T> as alloc::vec::spec_from_iter_nested::SpecFromIterNested<T,I>>::from_iter::hcb48cee9b7c54170
[INFO] [stdout]                                at /rustc/df4ca44d3fbc9301ee17f30f4d474e6ae4b05252/library/alloc/src/vec/spec_from_iter_nested.rs:25:32
[INFO] [stdout]   28:     0x6073cb867f0d - <alloc::vec::Vec<T> as alloc::vec::spec_from_iter::SpecFromIter<T,I>>::from_iter::hd96af4fbd679ed0d
[INFO] [stdout]                                at /rustc/df4ca44d3fbc9301ee17f30f4d474e6ae4b05252/library/alloc/src/vec/spec_from_iter.rs:34:9
[INFO] [stdout]   29:     0x6073cb867c9f - <alloc::vec::Vec<T> as core::iter::traits::collect::FromIterator<T>>::from_iter::h67325bf19617ad1e
[INFO] [stdout]                                at /rustc/df4ca44d3fbc9301ee17f30f4d474e6ae4b05252/library/alloc/src/vec/mod.rs:3410:9
[INFO] [stdout]   30:     0x6073cb86eb14 - core::iter::traits::iterator::Iterator::collect::h7b65e9c8e5f1c247
[INFO] [stdout]                                at /rustc/df4ca44d3fbc9301ee17f30f4d474e6ae4b05252/library/core/src/iter/traits/iterator.rs:2001:9
[INFO] [stdout]   31:     0x6073cb86b302 - example::inner::h71eb2f86231bddcf
[INFO] [stdout]                                at /opt/rustwide/workdir/examples/example.rs:36:34
[INFO] [stdout]   32:     0x6073cb86c0f6 - example::test::hf94bafe263cdd1ee
[INFO] [stdout]                                at /opt/rustwide/workdir/examples/example.rs:13:5
[INFO] [stdout]   33:     0x6073cb86c0d7 - example::test::{{closure}}::h437fc6242ed718c6
[INFO] [stdout]                                at /opt/rustwide/workdir/examples/example.rs:12:10
[INFO] [stdout]   34:     0x6073cb86e296 - core::ops::function::FnOnce::call_once::h4b95a93cf2ca0b27
[INFO] [stdout]                                at /rustc/df4ca44d3fbc9301ee17f30f4d474e6ae4b05252/library/core/src/ops/function.rs:250:5
[INFO] [stdout]   35:     0x6073cb8aef9b - core::ops::function::FnOnce::call_once::h22c3ba5715e93f05
[INFO] [stdout]                                at /rustc/df4ca44d3fbc9301ee17f30f4d474e6ae4b05252/library/core/src/ops/function.rs:250:5
[INFO] [stdout]   36:     0x6073cb8aef9b - test::__rust_begin_short_backtrace::h8e82d8113d0da17f
[INFO] [stdout]                                at /rustc/df4ca44d3fbc9301ee17f30f4d474e6ae4b05252/library/test/src/lib.rs:621:18
[INFO] [stdout]   37:     0x6073cb8ae917 - test::run_test_in_process::{{closure}}::h33235f4f20b7b7c7
[INFO] [stdout]                                at /rustc/df4ca44d3fbc9301ee17f30f4d474e6ae4b05252/library/test/src/lib.rs:644:60
[INFO] [stdout]   38:     0x6073cb8ae917 - <core::panic::unwind_safe::AssertUnwindSafe<F> as core::ops::function::FnOnce<()>>::call_once::hb5043206310c586f
[INFO] [stdout]                                at /rustc/df4ca44d3fbc9301ee17f30f4d474e6ae4b05252/library/core/src/panic/unwind_safe.rs:272:9
[INFO] [stdout]   39:     0x6073cb8ae917 - std::panicking::try::do_call::h9ad4731a60ab23e2
[INFO] [stdout]                                at /rustc/df4ca44d3fbc9301ee17f30f4d474e6ae4b05252/library/std/src/panicking.rs:557:40
[INFO] [stdout]   40:     0x6073cb8ae917 - std::panicking::try::h3824d23db772a716
[INFO] [stdout]                                at /rustc/df4ca44d3fbc9301ee17f30f4d474e6ae4b05252/library/std/src/panicking.rs:520:19
[INFO] [stdout]   41:     0x6073cb8ae917 - std::panic::catch_unwind::h5afd514605fde46b
[INFO] [stdout]                                at /rustc/df4ca44d3fbc9301ee17f30f4d474e6ae4b05252/library/std/src/panic.rs:358:14
[INFO] [stdout]   42:     0x6073cb8ae917 - test::run_test_in_process::h0d5cbfa7067d1720
[INFO] [stdout]                                at /rustc/df4ca44d3fbc9301ee17f30f4d474e6ae4b05252/library/test/src/lib.rs:644:27
[INFO] [stdout]   43:     0x6073cb8ae917 - test::run_test::{{closure}}::h708eb8872708115d
[INFO] [stdout]                                at /rustc/df4ca44d3fbc9301ee17f30f4d474e6ae4b05252/library/test/src/lib.rs:565:43
[INFO] [stdout]   44:     0x6073cb872034 - test::run_test::{{closure}}::h392c51cee94713ab
[INFO] [stdout]                                at /rustc/df4ca44d3fbc9301ee17f30f4d474e6ae4b05252/library/test/src/lib.rs:595:41
[INFO] [stdout]   45:     0x6073cb872034 - std::sys::backtrace::__rust_begin_short_backtrace::h2f40290710935a8b
[INFO] [stdout]                                at /rustc/df4ca44d3fbc9301ee17f30f4d474e6ae4b05252/library/std/src/sys/backtrace.rs:154:18
[INFO] [stdout]   46:     0x6073cb8757de - std::thread::Builder::spawn_unchecked_::{{closure}}::{{closure}}::h3fd968d89053a903
[INFO] [stdout]                                at /rustc/df4ca44d3fbc9301ee17f30f4d474e6ae4b05252/library/std/src/thread/mod.rs:541:17
[INFO] [stdout]   47:     0x6073cb8757de - <core::panic::unwind_safe::AssertUnwindSafe<F> as core::ops::function::FnOnce<()>>::call_once::h743f637ba4229880
[INFO] [stdout]                                at /rustc/df4ca44d3fbc9301ee17f30f4d474e6ae4b05252/library/core/src/panic/unwind_safe.rs:272:9
[INFO] [stdout]   48:     0x6073cb8757de - std::panicking::try::do_call::h07440897322525a6
[INFO] [stdout]                                at /rustc/df4ca44d3fbc9301ee17f30f4d474e6ae4b05252/library/std/src/panicking.rs:557:40
[INFO] [stdout]   49:     0x6073cb8757de - std::panicking::try::he5a2e00188156637
[INFO] [stdout]                                at /rustc/df4ca44d3fbc9301ee17f30f4d474e6ae4b05252/library/std/src/panicking.rs:520:19
[INFO] [stdout]   50:     0x6073cb8757de - std::panic::catch_unwind::hbaf3cae49b3c6433
[INFO] [stdout]                                at /rustc/df4ca44d3fbc9301ee17f30f4d474e6ae4b05252/library/std/src/panic.rs:358:14
[INFO] [stdout]   51:     0x6073cb8757de - std::thread::Builder::spawn_unchecked_::{{closure}}::h8e141ea224820bce
[INFO] [stdout]                                at /rustc/df4ca44d3fbc9301ee17f30f4d474e6ae4b05252/library/std/src/thread/mod.rs:540:30
[INFO] [stdout]   52:     0x6073cb8757de - core::ops::function::FnOnce::call_once{{vtable.shim}}::h90d312fedd7b8ea8
[INFO] [stdout]                                at /rustc/df4ca44d3fbc9301ee17f30f4d474e6ae4b05252/library/core/src/ops/function.rs:250:5
[INFO] [stdout]   53:     0x6073cc2253fb - <alloc::boxed::Box<F,A> as core::ops::function::FnOnce<Args>>::call_once::h69aa08ddb6adb8b6
[INFO] [stdout]                                at /rustc/df4ca44d3fbc9301ee17f30f4d474e6ae4b05252/library/alloc/src/boxed.rs:2454:9
[INFO] [stdout]   54:     0x6073cc2253fb - <alloc::boxed::Box<F,A> as core::ops::function::FnOnce<Args>>::call_once::h5aa36efdb79c806f
[INFO] [stdout]                                at /rustc/df4ca44d3fbc9301ee17f30f4d474e6ae4b05252/library/alloc/src/boxed.rs:2454:9
[INFO] [stdout]   55:     0x6073cc2253fb - std::sys::pal::unix::thread::Thread::new::thread_start::h6cd80a1b4be5158d
[INFO] [stdout]                                at /rustc/df4ca44d3fbc9301ee17f30f4d474e6ae4b05252/library/std/src/sys/pal/unix/thread.rs:105:17
[INFO] [stdout]   56:     0x78df61276ac3 - <unknown>
[INFO] [stdout]   57:     0x78df61307a04 - clone
[INFO] [stdout]   58:                0x0 - <unknown>
[INFO] [stdout] 
[INFO] [stdout] 
[INFO] [stdout] failures:
[INFO] [stdout]     test
[INFO] [stdout] 
[INFO] [stdout] test result: FAILED. 0 passed; 1 failed; 0 ignored; 0 measured; 0 filtered out; finished in 0.02s
[INFO] [stdout] 
[INFO] [stderr] error: test failed, to rerun pass `--example example`
[INFO] running `Command { std: "docker" "inspect" "83c0ef8205c05c9b6e945ce89182fef099297d4a0ca6497535d5fc3cf49e9ee6", kill_on_drop: false }`
[INFO] running `Command { std: "docker" "rm" "-f" "83c0ef8205c05c9b6e945ce89182fef099297d4a0ca6497535d5fc3cf49e9ee6", kill_on_drop: false }`
[INFO] [stdout] 83c0ef8205c05c9b6e945ce89182fef099297d4a0ca6497535d5fc3cf49e9ee6
