[INFO] cloning repository https://github.com/FUTingFei/algo
[INFO] running `Command { std: "git" "-c" "credential.helper=" "-c" "credential.helper=/workspace/cargo-home/bin/git-credential-null" "clone" "--bare" "https://github.com/FUTingFei/algo" "/workspace/cache/git-repos/https%3A%2F%2Fgithub.com%2FFUTingFei%2Falgo", kill_on_drop: false }`
[INFO] [stderr] Cloning into bare repository '/workspace/cache/git-repos/https%3A%2F%2Fgithub.com%2FFUTingFei%2Falgo'...
[INFO] running `Command { std: "git" "rev-parse" "HEAD", kill_on_drop: false }`
[INFO] [stdout] 37afd0c150a545c2c986a15c9cd7cd73532edfa9
[INFO] testing FUTingFei/algo/37afd0c150a545c2c986a15c9cd7cd73532edfa9 against nightly-2024-10-28+rustflags=-Zrandomize-layout for randomize-layout
[INFO] running `Command { std: "git" "clone" "/workspace/cache/git-repos/https%3A%2F%2Fgithub.com%2FFUTingFei%2Falgo" "/workspace/builds/worker-3-tc2/source", kill_on_drop: false }`
[INFO] [stderr] Cloning into '/workspace/builds/worker-3-tc2/source'...
[INFO] [stderr] done.
[INFO] validating manifest of git repo https://github.com/FUTingFei/algo on toolchain nightly-2024-10-28
[INFO] running `Command { std: CARGO_HOME="/workspace/cargo-home" RUSTUP_HOME="/workspace/rustup-home" "/workspace/cargo-home/bin/cargo" "+nightly-2024-10-28" "metadata" "--manifest-path" "Cargo.toml" "--no-deps", kill_on_drop: false }`
[INFO] started tweaking git repo https://github.com/FUTingFei/algo
[INFO] finished tweaking git repo https://github.com/FUTingFei/algo
[INFO] tweaked toml for git repo https://github.com/FUTingFei/algo written to /workspace/builds/worker-3-tc2/source/Cargo.toml
[INFO] crate git repo https://github.com/FUTingFei/algo already has a lockfile, it will not be regenerated
[INFO] running `Command { std: CARGO_HOME="/workspace/cargo-home" RUSTUP_HOME="/workspace/rustup-home" "/workspace/cargo-home/bin/cargo" "+nightly-2024-10-28" "fetch" "--manifest-path" "Cargo.toml", kill_on_drop: false }`
[INFO] running `Command { std: "docker" "create" "-v" "/var/lib/crater-agent-workspace/builds/worker-3-tc2/target:/opt/rustwide/target:rw,Z" "-v" "/var/lib/crater-agent-workspace/builds/worker-3-tc2/source:/opt/rustwide/workdir:ro,Z" "-v" "/var/lib/crater-agent-workspace/cargo-home:/opt/rustwide/cargo-home:ro,Z" "-v" "/var/lib/crater-agent-workspace/rustup-home:/opt/rustwide/rustup-home:ro,Z" "-e" "SOURCE_DIR=/opt/rustwide/workdir" "-e" "CARGO_TARGET_DIR=/opt/rustwide/target" "-e" "CARGO_HOME=/opt/rustwide/cargo-home" "-e" "RUSTUP_HOME=/opt/rustwide/rustup-home" "-w" "/opt/rustwide/workdir" "-m" "1610612736" "--user" "0:0" "--network" "none" "ghcr.io/rust-lang/crates-build-env/linux@sha256:4a844ea9eb2546a2d2c7022eacef16ef2e8229c7fbb2c7d4d55a9ceca922f72d" "/opt/rustwide/cargo-home/bin/cargo" "+nightly-2024-10-28" "metadata" "--no-deps" "--format-version=1", kill_on_drop: false }`
[INFO] [stdout] c8a3c78559bc059ada07f02b2f0ea00a49bad7112daf776998c7b37abb114c3f
[INFO] running `Command { std: "docker" "start" "-a" "c8a3c78559bc059ada07f02b2f0ea00a49bad7112daf776998c7b37abb114c3f", kill_on_drop: false }`
[INFO] running `Command { std: "docker" "inspect" "c8a3c78559bc059ada07f02b2f0ea00a49bad7112daf776998c7b37abb114c3f", kill_on_drop: false }`
[INFO] running `Command { std: "docker" "rm" "-f" "c8a3c78559bc059ada07f02b2f0ea00a49bad7112daf776998c7b37abb114c3f", kill_on_drop: false }`
[INFO] [stdout] c8a3c78559bc059ada07f02b2f0ea00a49bad7112daf776998c7b37abb114c3f
[INFO] running `Command { std: "docker" "create" "-v" "/var/lib/crater-agent-workspace/builds/worker-3-tc2/target:/opt/rustwide/target:rw,Z" "-v" "/var/lib/crater-agent-workspace/builds/worker-3-tc2/source:/opt/rustwide/workdir:ro,Z" "-v" "/var/lib/crater-agent-workspace/cargo-home:/opt/rustwide/cargo-home:ro,Z" "-v" "/var/lib/crater-agent-workspace/rustup-home:/opt/rustwide/rustup-home:ro,Z" "-e" "SOURCE_DIR=/opt/rustwide/workdir" "-e" "CARGO_TARGET_DIR=/opt/rustwide/target" "-e" "CARGO_INCREMENTAL=0" "-e" "RUST_BACKTRACE=full" "-e" "RUSTFLAGS=--cap-lints=forbid -Zrandomize-layout" "-e" "RUSTDOCFLAGS=--cap-lints=forbid" "-e" "CARGO_HOME=/opt/rustwide/cargo-home" "-e" "RUSTUP_HOME=/opt/rustwide/rustup-home" "-w" "/opt/rustwide/workdir" "-m" "1610612736" "--user" "0:0" "--network" "none" "ghcr.io/rust-lang/crates-build-env/linux@sha256:4a844ea9eb2546a2d2c7022eacef16ef2e8229c7fbb2c7d4d55a9ceca922f72d" "/opt/rustwide/cargo-home/bin/cargo" "+nightly-2024-10-28" "build" "--frozen" "--message-format=json", kill_on_drop: false }`
[INFO] [stdout] 71bdcf59ebb1cf57635d2ea19ad6652b8621c2706ddd6f586ac345a19acfddc1
[INFO] running `Command { std: "docker" "start" "-a" "71bdcf59ebb1cf57635d2ea19ad6652b8621c2706ddd6f586ac345a19acfddc1", kill_on_drop: false }`
[INFO] [stderr]    Compiling serde v1.0.104
[INFO] [stderr]    Compiling ryu v1.0.2
[INFO] [stderr]    Compiling itoa v0.4.5
[INFO] [stderr]    Compiling serde_json v1.0.48
[INFO] [stderr]    Compiling leetcode_test v0.1.1
[INFO] [stderr]    Compiling leetcode_prelude v0.2.2
[INFO] [stderr]    Compiling algo v0.1.0 (/opt/rustwide/workdir)
[INFO] [stdout] warning: unused import: `leetcode_prelude::btree`
[INFO] [stdout]  --> src/interview/i07build_tree.rs:3:5
[INFO] [stdout]   |
[INFO] [stdout] 3 | use leetcode_prelude::btree;
[INFO] [stdout]   |     ^^^^^^^^^^^^^^^^^^^^^^^
[INFO] [stdout]   |
[INFO] [stdout]   = note: `#[warn(unused_imports)]` on by default
[INFO] [stdout] 
[INFO] [stdout] 
[INFO] [stdout] warning: unused import: `leetcode_prelude::linkedlist`
[INFO] [stdout]  --> src/n002add_two_numbers.rs:2:5
[INFO] [stdout]   |
[INFO] [stdout] 2 | use leetcode_prelude::linkedlist;
[INFO] [stdout]   |     ^^^^^^^^^^^^^^^^^^^^^^^^^^^^
[INFO] [stdout] 
[INFO] [stdout] 
[INFO] [stdout] warning: unused import: `super::*`
[INFO] [stdout]   --> src/n1002common_chars.rs:37:9
[INFO] [stdout]    |
[INFO] [stdout] 37 |     use super::*;
[INFO] [stdout]    |         ^^^^^^^^
[INFO] [stdout] 
[INFO] [stdout] 
[INFO] [stdout] warning: unused import: `leetcode_prelude::linkedlist`
[INFO] [stdout]  --> src/n206reverse_list.rs:2:5
[INFO] [stdout]   |
[INFO] [stdout] 2 | use leetcode_prelude::linkedlist;
[INFO] [stdout]   |     ^^^^^^^^^^^^^^^^^^^^^^^^^^^^
[INFO] [stdout] 
[INFO] [stdout] 
[INFO] [stdout] warning: unused import: `super::*`
[INFO] [stdout]   --> src/n392is_subsequence.rs:26:9
[INFO] [stdout]    |
[INFO] [stdout] 26 |     use super::*;
[INFO] [stdout]    |         ^^^^^^^^
[INFO] [stdout] 
[INFO] [stdout] 
[INFO] [stdout] warning: unused import: `leetcode_prelude::linkedlist`
[INFO] [stdout]  --> src/n876middle_node.rs:2:5
[INFO] [stdout]   |
[INFO] [stdout] 2 | use leetcode_prelude::linkedlist;
[INFO] [stdout]   |     ^^^^^^^^^^^^^^^^^^^^^^^^^^^^
[INFO] [stdout] 
[INFO] [stdout] 
[INFO] [stdout] warning: unused import: `leetcode_prelude::btree`
[INFO] [stdout]  --> src/n100is_same_tree.rs:1:5
[INFO] [stdout]   |
[INFO] [stdout] 1 | use leetcode_prelude::btree;
[INFO] [stdout]   |     ^^^^^^^^^^^^^^^^^^^^^^^
[INFO] [stdout] 
[INFO] [stdout] 
[INFO] [stdout] warning: unused import: `leetcode_prelude::btree`
[INFO] [stdout]  --> src/n107level_order_bottom.rs:3:5
[INFO] [stdout]   |
[INFO] [stdout] 3 | use leetcode_prelude::btree;
[INFO] [stdout]   |     ^^^^^^^^^^^^^^^^^^^^^^^
[INFO] [stdout] 
[INFO] [stdout] 
[INFO] [stdout] warning: unused import: `leetcode_prelude::btree`
[INFO] [stdout]  --> src/n108sorted_array_to_bst.rs:3:5
[INFO] [stdout]   |
[INFO] [stdout] 3 | use leetcode_prelude::btree;
[INFO] [stdout]   |     ^^^^^^^^^^^^^^^^^^^^^^^
[INFO] [stdout] 
[INFO] [stdout] 
[INFO] [stdout] warning: unused import: `leetcode_prelude::btree`
[INFO] [stdout]  --> src/n110is_balanced.rs:3:5
[INFO] [stdout]   |
[INFO] [stdout] 3 | use leetcode_prelude::btree;
[INFO] [stdout]   |     ^^^^^^^^^^^^^^^^^^^^^^^
[INFO] [stdout] 
[INFO] [stdout] 
[INFO] [stdout] warning: unused import: `leetcode_prelude::btree`
[INFO] [stdout]  --> src/n111min_depth.rs:3:5
[INFO] [stdout]   |
[INFO] [stdout] 3 | use leetcode_prelude::btree;
[INFO] [stdout]   |     ^^^^^^^^^^^^^^^^^^^^^^^
[INFO] [stdout] 
[INFO] [stdout] 
[INFO] [stdout] warning: unused import: `leetcode_prelude::btree`
[INFO] [stdout]  --> src/n112has_path_sum.rs:3:5
[INFO] [stdout]   |
[INFO] [stdout] 3 | use leetcode_prelude::btree;
[INFO] [stdout]   |     ^^^^^^^^^^^^^^^^^^^^^^^
[INFO] [stdout] 
[INFO] [stdout] 
[INFO] [stdout] warning: unused import: `leetcode_prelude::btree`
[INFO] [stdout]  --> src/n226invert_tree.rs:3:5
[INFO] [stdout]   |
[INFO] [stdout] 3 | use leetcode_prelude::btree;
[INFO] [stdout]   |     ^^^^^^^^^^^^^^^^^^^^^^^
[INFO] [stdout] 
[INFO] [stdout] 
[INFO] [stdout] warning: unused import: `leetcode_prelude::btree`
[INFO] [stdout]  --> src/n257binary_tree_paths.rs:3:5
[INFO] [stdout]   |
[INFO] [stdout] 3 | use leetcode_prelude::btree;
[INFO] [stdout]   |     ^^^^^^^^^^^^^^^^^^^^^^^
[INFO] [stdout] 
[INFO] [stdout] 
[INFO] [stdout] warning: unused import: `super::*`
[INFO] [stdout]   --> src/n401read_binary_watch.rs:34:9
[INFO] [stdout]    |
[INFO] [stdout] 34 |     use super::*;
[INFO] [stdout]    |         ^^^^^^^^
[INFO] [stdout] 
[INFO] [stdout] 
[INFO] [stdout] warning: unused import: `leetcode_prelude::btree`
[INFO] [stdout]  --> src/n404sum_of_left_leaves.rs:3:5
[INFO] [stdout]   |
[INFO] [stdout] 3 | use leetcode_prelude::btree;
[INFO] [stdout]   |     ^^^^^^^^^^^^^^^^^^^^^^^
[INFO] [stdout] 
[INFO] [stdout] 
[INFO] [stdout] warning: unused import: `leetcode_prelude::btree`
[INFO] [stdout]  --> src/n437path_sum.rs:3:5
[INFO] [stdout]   |
[INFO] [stdout] 3 | use leetcode_prelude::btree;
[INFO] [stdout]   |     ^^^^^^^^^^^^^^^^^^^^^^^
[INFO] [stdout] 
[INFO] [stdout] 
[INFO] [stdout] warning: unreachable statement
[INFO] [stdout]   --> src/n392is_subsequence.rs:17:17
[INFO] [stdout]    |
[INFO] [stdout] 16 |                 return false;
[INFO] [stdout]    |                 ------------ any code following this expression is unreachable
[INFO] [stdout] 17 |                 break;
[INFO] [stdout]    |                 ^^^^^^ unreachable statement
[INFO] [stdout]    |
[INFO] [stdout]    = note: `#[warn(unreachable_code)]` on by default
[INFO] [stdout] 
[INFO] [stdout] 
[INFO] [stdout] warning: unused variable: `e`
[INFO] [stdout]   --> src/interview/i11min_array.rs:33:41
[INFO] [stdout]    |
[INFO] [stdout] 33 |     fn in_order(v: &Vec<i32>, s: usize, e: usize) -> i32 {
[INFO] [stdout]    |                                         ^ help: if this is intentional, prefix it with an underscore: `_e`
[INFO] [stdout]    |
[INFO] [stdout]    = note: `#[warn(unused_variables)]` on by default
[INFO] [stdout] 
[INFO] [stdout] 
[INFO] [stdout] warning: unused variable: `nums1`
[INFO] [stdout]  --> src/n004find_median_sorted_arrays.rs:4:38
[INFO] [stdout]   |
[INFO] [stdout] 4 |     pub fn find_median_sorted_arrays(nums1: Vec<i32>, nums2: Vec<i32>) -> f64 {
[INFO] [stdout]   |                                      ^^^^^ help: if this is intentional, prefix it with an underscore: `_nums1`
[INFO] [stdout] 
[INFO] [stdout] 
[INFO] [stdout] warning: unused variable: `nums2`
[INFO] [stdout]  --> src/n004find_median_sorted_arrays.rs:4:55
[INFO] [stdout]   |
[INFO] [stdout] 4 |     pub fn find_median_sorted_arrays(nums1: Vec<i32>, nums2: Vec<i32>) -> f64 {
[INFO] [stdout]   |                                                       ^^^^^ help: if this is intentional, prefix it with an underscore: `_nums2`
[INFO] [stdout] 
[INFO] [stdout] 
[INFO] [stdout] warning: value assigned to `re` is never read
[INFO] [stdout]  --> src/n035search_insert.rs:3:13
[INFO] [stdout]   |
[INFO] [stdout] 3 |     let mut re = 0;
[INFO] [stdout]   |             ^^
[INFO] [stdout]   |
[INFO] [stdout]   = help: maybe it is overwritten before being read?
[INFO] [stdout]   = note: `#[warn(unused_assignments)]` on by default
[INFO] [stdout] 
[INFO] [stdout] 
[INFO] [stdout] warning: value assigned to `res` is never read
[INFO] [stdout]  --> src/n058length_of_last_word.rs:6:13
[INFO] [stdout]   |
[INFO] [stdout] 6 |     let mut res = 0;
[INFO] [stdout]   |             ^^^
[INFO] [stdout]   |
[INFO] [stdout]   = help: maybe it is overwritten before being read?
[INFO] [stdout] 
[INFO] [stdout] 
[INFO] [stdout] warning: variable `i` is assigned to, but never used
[INFO] [stdout]  --> src/n058length_of_last_word.rs:9:13
[INFO] [stdout]   |
[INFO] [stdout] 9 |     let mut i = 0;
[INFO] [stdout]   |             ^
[INFO] [stdout]   |
[INFO] [stdout]   = note: consider using `_i` instead
[INFO] [stdout] 
[INFO] [stdout] 
[INFO] [stdout] warning: unused variable: `n`
[INFO] [stdout]  --> src/n310find_min_height_trees.rs:4:34
[INFO] [stdout]   |
[INFO] [stdout] 4 |     pub fn find_min_height_trees(n: i32, edges: Vec<Vec<i32>>) -> Vec<i32> {
[INFO] [stdout]   |                                  ^ help: if this is intentional, prefix it with an underscore: `_n`
[INFO] [stdout] 
[INFO] [stdout] 
[INFO] [stdout] warning: unused variable: `edges`
[INFO] [stdout]  --> src/n310find_min_height_trees.rs:4:42
[INFO] [stdout]   |
[INFO] [stdout] 4 |     pub fn find_min_height_trees(n: i32, edges: Vec<Vec<i32>>) -> Vec<i32> {
[INFO] [stdout]   |                                          ^^^^^ help: if this is intentional, prefix it with an underscore: `_edges`
[INFO] [stdout] 
[INFO] [stdout] 
[INFO] [stdout] warning: unused variable: `first`
[INFO] [stdout]   --> src/n392is_subsequence.rs:13:22
[INFO] [stdout]    |
[INFO] [stdout] 13 |                 let (first, last) = t.split_at(ni as usize + 1);
[INFO] [stdout]    |                      ^^^^^ help: if this is intentional, prefix it with an underscore: `_first`
[INFO] [stdout] 
[INFO] [stdout] 
[INFO] [stdout] warning: variable does not need to be mutable
[INFO] [stdout]  --> src/n392is_subsequence.rs:7:13
[INFO] [stdout]   |
[INFO] [stdout] 7 |         let mut s = s;
[INFO] [stdout]   |             ----^
[INFO] [stdout]   |             |
[INFO] [stdout]   |             help: remove this `mut`
[INFO] [stdout]   |
[INFO] [stdout]   = note: `#[warn(unused_mut)]` on by default
[INFO] [stdout] 
[INFO] [stdout] 
[INFO] [stdout] warning: unused variable: `node`
[INFO] [stdout]   --> src/n437path_sum.rs:19:21
[INFO] [stdout]    |
[INFO] [stdout] 19 |         if let Some(node) = root.clone() {
[INFO] [stdout]    |                     ^^^^ help: if this is intentional, prefix it with an underscore: `_node`
[INFO] [stdout] 
[INFO] [stdout] 
[INFO] [stdout] warning: value assigned to `res` is never read
[INFO] [stdout]  --> src/n441arrange_coins.rs:5:17
[INFO] [stdout]   |
[INFO] [stdout] 5 |         let mut res = 0;
[INFO] [stdout]   |                 ^^^
[INFO] [stdout]   |
[INFO] [stdout]   = help: maybe it is overwritten before being read?
[INFO] [stdout] 
[INFO] [stdout] 
[INFO] [stdout] warning: struct `CQueue` is never constructed
[INFO] [stdout]  --> src/interview/i09c_queue.rs:1:8
[INFO] [stdout]   |
[INFO] [stdout] 1 | struct CQueue {
[INFO] [stdout]   |        ^^^^^^
[INFO] [stdout]   |
[INFO] [stdout]   = note: `#[warn(dead_code)]` on by default
[INFO] [stdout] 
[INFO] [stdout] 
[INFO] [stdout] warning: associated items `new`, `append_tail`, and `delete_head` are never used
[INFO] [stdout]   --> src/interview/i09c_queue.rs:8:8
[INFO] [stdout]    |
[INFO] [stdout] 6  | impl CQueue {
[INFO] [stdout]    | ----------- associated items in this implementation
[INFO] [stdout] 7  |
[INFO] [stdout] 8  |     fn new() -> Self {
[INFO] [stdout]    |        ^^^
[INFO] [stdout] ...
[INFO] [stdout] 15 |     fn append_tail(&mut self, value: i32) {
[INFO] [stdout]    |        ^^^^^^^^^^^
[INFO] [stdout] ...
[INFO] [stdout] 19 |     fn delete_head(&mut self) -> i32 {
[INFO] [stdout]    |        ^^^^^^^^^^^
[INFO] [stdout] 
[INFO] [stdout] 
[INFO] [stdout] warning: struct `Solution` is never constructed
[INFO] [stdout]  --> src/n1002common_chars.rs:1:8
[INFO] [stdout]   |
[INFO] [stdout] 1 | struct Solution {}
[INFO] [stdout]   |        ^^^^^^^^
[INFO] [stdout] 
[INFO] [stdout] 
[INFO] [stdout] warning: associated function `common_chars` is never used
[INFO] [stdout]  --> src/n1002common_chars.rs:4:12
[INFO] [stdout]   |
[INFO] [stdout] 3 | impl Solution {
[INFO] [stdout]   | ------------- associated function in this implementation
[INFO] [stdout] 4 |     pub fn common_chars(a: Vec<String>) -> Vec<String> {
[INFO] [stdout]   |            ^^^^^^^^^^^^
[INFO] [stdout] 
[INFO] [stdout] 
[INFO] [stdout] warning: struct `Solution` is never constructed
[INFO] [stdout]  --> src/n310find_min_height_trees.rs:1:8
[INFO] [stdout]   |
[INFO] [stdout] 1 | struct Solution {}
[INFO] [stdout]   |        ^^^^^^^^
[INFO] [stdout] 
[INFO] [stdout] 
[INFO] [stdout] warning: associated function `find_min_height_trees` is never used
[INFO] [stdout]  --> src/n310find_min_height_trees.rs:4:12
[INFO] [stdout]   |
[INFO] [stdout] 3 | impl Solution {
[INFO] [stdout]   | ------------- associated function in this implementation
[INFO] [stdout] 4 |     pub fn find_min_height_trees(n: i32, edges: Vec<Vec<i32>>) -> Vec<i32> {
[INFO] [stdout]   |            ^^^^^^^^^^^^^^^^^^^^^
[INFO] [stdout] 
[INFO] [stdout] 
[INFO] [stdout] warning: struct `Solution` is never constructed
[INFO] [stdout]  --> src/n392is_subsequence.rs:1:8
[INFO] [stdout]   |
[INFO] [stdout] 1 | struct Solution {}
[INFO] [stdout]   |        ^^^^^^^^
[INFO] [stdout] 
[INFO] [stdout] 
[INFO] [stdout] warning: associated function `is_subsequence` is never used
[INFO] [stdout]  --> src/n392is_subsequence.rs:4:12
[INFO] [stdout]   |
[INFO] [stdout] 3 | impl Solution {
[INFO] [stdout]   | ------------- associated function in this implementation
[INFO] [stdout] 4 |     pub fn is_subsequence(s: String, t: String) -> bool {
[INFO] [stdout]   |            ^^^^^^^^^^^^^^
[INFO] [stdout] 
[INFO] [stdout] 
[INFO] [stdout] warning: struct `MinStack` is never constructed
[INFO] [stdout]  --> src/n155min_stack.rs:1:8
[INFO] [stdout]   |
[INFO] [stdout] 1 | struct MinStack {
[INFO] [stdout]   |        ^^^^^^^^
[INFO] [stdout] 
[INFO] [stdout] 
[INFO] [stdout] warning: associated items `new`, `push`, `pop`, `top`, `get_min`, and `update_min` are never used
[INFO] [stdout]   --> src/n155min_stack.rs:13:8
[INFO] [stdout]    |
[INFO] [stdout] 10 | impl MinStack {
[INFO] [stdout]    | ------------- associated items in this implementation
[INFO] [stdout] ...
[INFO] [stdout] 13 |     fn new() -> Self {
[INFO] [stdout]    |        ^^^
[INFO] [stdout] ...
[INFO] [stdout] 20 |     fn push(&mut self, x: i32) {
[INFO] [stdout]    |        ^^^^
[INFO] [stdout] ...
[INFO] [stdout] 25 |     fn pop(&mut self) {
[INFO] [stdout]    |        ^^^
[INFO] [stdout] ...
[INFO] [stdout] 30 |     fn top(&self) -> i32 {
[INFO] [stdout]    |        ^^^
[INFO] [stdout] ...
[INFO] [stdout] 34 |     fn get_min(&self) -> i32 {
[INFO] [stdout]    |        ^^^^^^^
[INFO] [stdout] ...
[INFO] [stdout] 38 |     fn update_min(&mut self) {
[INFO] [stdout]    |        ^^^^^^^^^^
[INFO] [stdout] 
[INFO] [stdout] 
[INFO] [stdout] warning: struct `MyStack` is never constructed
[INFO] [stdout]  --> src/n225my_stack.rs:1:8
[INFO] [stdout]   |
[INFO] [stdout] 1 | struct MyStack {
[INFO] [stdout]   |        ^^^^^^^
[INFO] [stdout] 
[INFO] [stdout] 
[INFO] [stdout] warning: associated items `new`, `push`, `pop`, `top`, and `empty` are never used
[INFO] [stdout]   --> src/n225my_stack.rs:12:8
[INFO] [stdout]    |
[INFO] [stdout] 9  | impl MyStack {
[INFO] [stdout]    | ------------ associated items in this implementation
[INFO] [stdout] ...
[INFO] [stdout] 12 |     fn new() -> Self {
[INFO] [stdout]    |        ^^^
[INFO] [stdout] ...
[INFO] [stdout] 19 |     fn push(&mut self, x: i32) {
[INFO] [stdout]    |        ^^^^
[INFO] [stdout] ...
[INFO] [stdout] 24 |     fn pop(&mut self) -> i32 {
[INFO] [stdout]    |        ^^^
[INFO] [stdout] ...
[INFO] [stdout] 32 |     fn top(&self) -> i32 {
[INFO] [stdout]    |        ^^^
[INFO] [stdout] ...
[INFO] [stdout] 37 |     fn empty(&self) -> bool {
[INFO] [stdout]    |        ^^^^^
[INFO] [stdout] 
[INFO] [stdout] 
[INFO] [stdout] warning: struct `MyQueue` is never constructed
[INFO] [stdout]  --> src/n232my_queue.rs:1:8
[INFO] [stdout]   |
[INFO] [stdout] 1 | struct MyQueue {
[INFO] [stdout]   |        ^^^^^^^
[INFO] [stdout] 
[INFO] [stdout] 
[INFO] [stdout] warning: associated items `new`, `push`, `pop`, `peek`, and `empty` are never used
[INFO] [stdout]   --> src/n232my_queue.rs:12:8
[INFO] [stdout]    |
[INFO] [stdout] 9  | impl MyQueue {
[INFO] [stdout]    | ------------ associated items in this implementation
[INFO] [stdout] ...
[INFO] [stdout] 12 |     fn new() -> Self {
[INFO] [stdout]    |        ^^^
[INFO] [stdout] ...
[INFO] [stdout] 19 |     fn push(&mut self, x: i32) {
[INFO] [stdout]    |        ^^^^
[INFO] [stdout] ...
[INFO] [stdout] 24 |     fn pop(&mut self) -> i32 {
[INFO] [stdout]    |        ^^^
[INFO] [stdout] ...
[INFO] [stdout] 32 |     fn peek(&self) -> i32 {
[INFO] [stdout]    |        ^^^^
[INFO] [stdout] ...
[INFO] [stdout] 37 |     fn empty(&self) -> bool {
[INFO] [stdout]    |        ^^^^^
[INFO] [stdout] 
[INFO] [stdout] 
[INFO] [stdout] warning: struct `NumArray` is never constructed
[INFO] [stdout]  --> src/n303num_array.rs:1:8
[INFO] [stdout]   |
[INFO] [stdout] 1 | struct NumArray {
[INFO] [stdout]   |        ^^^^^^^^
[INFO] [stdout] 
[INFO] [stdout] 
[INFO] [stdout] warning: associated items `new` and `sum_range` are never used
[INFO] [stdout]   --> src/n303num_array.rs:12:8
[INFO] [stdout]    |
[INFO] [stdout] 10 | impl NumArray {
[INFO] [stdout]    | ------------- associated items in this implementation
[INFO] [stdout] 11 |
[INFO] [stdout] 12 |     fn new(nums: Vec<i32>) -> Self {
[INFO] [stdout]    |        ^^^
[INFO] [stdout] ...
[INFO] [stdout] 16 |     fn sum_range(&mut self, i: i32, j: i32) -> i32 {
[INFO] [stdout]    |        ^^^^^^^^^
[INFO] [stdout] 
[INFO] [stdout] 
[INFO] [stdout] warning: struct `Solution` is never constructed
[INFO] [stdout]  --> src/n401read_binary_watch.rs:1:8
[INFO] [stdout]   |
[INFO] [stdout] 1 | struct Solution {}
[INFO] [stdout]   |        ^^^^^^^^
[INFO] [stdout] 
[INFO] [stdout] 
[INFO] [stdout] warning: associated functions `read_binary_watch` and `count_one` are never used
[INFO] [stdout]   --> src/n401read_binary_watch.rs:4:12
[INFO] [stdout]    |
[INFO] [stdout] 3  | impl Solution {
[INFO] [stdout]    | ------------- associated functions in this implementation
[INFO] [stdout] 4  |     pub fn read_binary_watch(num: i32) -> Vec<String> {
[INFO] [stdout]    |            ^^^^^^^^^^^^^^^^^
[INFO] [stdout] ...
[INFO] [stdout] 22 |     fn count_one(n: i32) -> i32 {
[INFO] [stdout]    |        ^^^^^^^^^
[INFO] [stdout] 
[INFO] [stdout] 
[INFO] [stdout] warning: module `n191hammingWeight` should have a snake case name
[INFO] [stdout]   --> src/lib.rs:71:9
[INFO] [stdout]    |
[INFO] [stdout] 71 | pub mod n191hammingWeight;
[INFO] [stdout]    |         ^^^^^^^^^^^^^^^^^ help: convert the identifier to snake case: `n191hamming_weight`
[INFO] [stdout]    |
[INFO] [stdout]    = note: `#[warn(non_snake_case)]` on by default
[INFO] [stdout] 
[INFO] [stdout] 
[INFO] [stdout] warning: variable `prevMax` should have a snake case name
[INFO] [stdout]  --> src/n198rob.rs:5:17
[INFO] [stdout]   |
[INFO] [stdout] 5 |         let mut prevMax = 0;
[INFO] [stdout]   |                 ^^^^^^^ help: convert the identifier to snake case: `prev_max`
[INFO] [stdout] 
[INFO] [stdout] 
[INFO] [stdout] warning: variable `currMax` should have a snake case name
[INFO] [stdout]  --> src/n198rob.rs:6:17
[INFO] [stdout]   |
[INFO] [stdout] 6 |         let mut currMax = 0;
[INFO] [stdout]   |                 ^^^^^^^ help: convert the identifier to snake case: `curr_max`
[INFO] [stdout] 
[INFO] [stdout] 
[INFO] [stdout] warning: method `hammingWeight` should have a snake case name
[INFO] [stdout]  --> src/n191hammingWeight.rs:4:12
[INFO] [stdout]   |
[INFO] [stdout] 4 |     pub fn hammingWeight (n: u32) -> i32 {
[INFO] [stdout]   |            ^^^^^^^^^^^^^ help: convert the identifier to snake case: `hamming_weight`
[INFO] [stdout] 
[INFO] [stdout] 
[INFO] [stdout] warning: unused import: `leetcode_prelude::ListNode`
[INFO] [stdout]  --> src/main.rs:2:5
[INFO] [stdout]   |
[INFO] [stdout] 2 | use leetcode_prelude::ListNode;
[INFO] [stdout]   |     ^^^^^^^^^^^^^^^^^^^^^^^^^^
[INFO] [stdout]   |
[INFO] [stdout]   = note: `#[warn(unused_imports)]` on by default
[INFO] [stdout] 
[INFO] [stdout] 
[INFO] [stdout] warning: unused import: `leetcode_prelude::linkedlist`
[INFO] [stdout]  --> src/main.rs:3:5
[INFO] [stdout]   |
[INFO] [stdout] 3 | use leetcode_prelude::linkedlist;
[INFO] [stdout]   |     ^^^^^^^^^^^^^^^^^^^^^^^^^^^^
[INFO] [stdout] 
[INFO] [stdout] 
[INFO] [stdout] warning: struct `Solution` is never constructed
[INFO] [stdout]  --> src/n443compress.rs:1:12
[INFO] [stdout]   |
[INFO] [stdout] 1 | pub struct Solution {}
[INFO] [stdout]   |            ^^^^^^^^
[INFO] [stdout]   |
[INFO] [stdout]   = note: `#[warn(dead_code)]` on by default
[INFO] [stdout] 
[INFO] [stdout] 
[INFO] [stdout] warning: associated function `compress` is never used
[INFO] [stdout]  --> src/n443compress.rs:4:12
[INFO] [stdout]   |
[INFO] [stdout] 3 | impl Solution {
[INFO] [stdout]   | ------------- associated function in this implementation
[INFO] [stdout] 4 |     pub fn compress(chars: &mut Vec<char>) -> i32 {
[INFO] [stdout]   |            ^^^^^^^^
[INFO] [stdout] 
[INFO] [stdout] 
[INFO] [stderr]     Finished `dev` profile [unoptimized + debuginfo] target(s) in 2.83s
[INFO] running `Command { std: "docker" "inspect" "71bdcf59ebb1cf57635d2ea19ad6652b8621c2706ddd6f586ac345a19acfddc1", kill_on_drop: false }`
[INFO] running `Command { std: "docker" "rm" "-f" "71bdcf59ebb1cf57635d2ea19ad6652b8621c2706ddd6f586ac345a19acfddc1", kill_on_drop: false }`
[INFO] [stdout] 71bdcf59ebb1cf57635d2ea19ad6652b8621c2706ddd6f586ac345a19acfddc1
[INFO] running `Command { std: "docker" "create" "-v" "/var/lib/crater-agent-workspace/builds/worker-3-tc2/target:/opt/rustwide/target:rw,Z" "-v" "/var/lib/crater-agent-workspace/builds/worker-3-tc2/source:/opt/rustwide/workdir:ro,Z" "-v" "/var/lib/crater-agent-workspace/cargo-home:/opt/rustwide/cargo-home:ro,Z" "-v" "/var/lib/crater-agent-workspace/rustup-home:/opt/rustwide/rustup-home:ro,Z" "-e" "SOURCE_DIR=/opt/rustwide/workdir" "-e" "CARGO_TARGET_DIR=/opt/rustwide/target" "-e" "CARGO_INCREMENTAL=0" "-e" "RUST_BACKTRACE=full" "-e" "RUSTFLAGS=--cap-lints=forbid -Zrandomize-layout" "-e" "RUSTDOCFLAGS=--cap-lints=forbid" "-e" "CARGO_HOME=/opt/rustwide/cargo-home" "-e" "RUSTUP_HOME=/opt/rustwide/rustup-home" "-w" "/opt/rustwide/workdir" "-m" "1610612736" "--user" "0:0" "--network" "none" "ghcr.io/rust-lang/crates-build-env/linux@sha256:4a844ea9eb2546a2d2c7022eacef16ef2e8229c7fbb2c7d4d55a9ceca922f72d" "/opt/rustwide/cargo-home/bin/cargo" "+nightly-2024-10-28" "test" "--frozen" "--no-run" "--message-format=json", kill_on_drop: false }`
[INFO] [stdout] 9b02ae7dc8fdfd910f136f640f22b138a9fb4b60af7a0fca77d9ea4a452e8e93
[INFO] running `Command { std: "docker" "start" "-a" "9b02ae7dc8fdfd910f136f640f22b138a9fb4b60af7a0fca77d9ea4a452e8e93", kill_on_drop: false }`
[INFO] [stdout] warning: unused import: `leetcode_prelude::btree`
[INFO] [stdout]  --> src/interview/i07build_tree.rs:3:5
[INFO] [stdout]   |
[INFO] [stdout] 3 | use leetcode_prelude::btree;
[INFO] [stdout]   |     ^^^^^^^^^^^^^^^^^^^^^^^
[INFO] [stdout]   |
[INFO] [stdout]   = note: `#[warn(unused_imports)]` on by default
[INFO] [stdout] 
[INFO] [stdout] 
[INFO] [stdout] warning: unused import: `leetcode_prelude::linkedlist`
[INFO] [stdout]  --> src/n002add_two_numbers.rs:2:5
[INFO] [stdout]   |
[INFO] [stdout] 2 | use leetcode_prelude::linkedlist;
[INFO] [stdout]   |     ^^^^^^^^^^^^^^^^^^^^^^^^^^^^
[INFO] [stdout] 
[INFO] [stdout] 
[INFO] [stdout] warning: unused import: `super::*`
[INFO] [stdout]   --> src/n1002common_chars.rs:37:9
[INFO] [stdout]    |
[INFO] [stdout] 37 |     use super::*;
[INFO] [stdout]    |         ^^^^^^^^
[INFO] [stdout] 
[INFO] [stdout] 
[INFO] [stdout] warning: unused import: `leetcode_prelude::linkedlist`
[INFO] [stdout]  --> src/n206reverse_list.rs:2:5
[INFO] [stdout]   |
[INFO] [stdout] 2 | use leetcode_prelude::linkedlist;
[INFO] [stdout]   |     ^^^^^^^^^^^^^^^^^^^^^^^^^^^^
[INFO] [stdout] 
[INFO] [stdout] 
[INFO] [stdout] warning: unused import: `super::*`
[INFO] [stdout]   --> src/n392is_subsequence.rs:26:9
[INFO] [stdout]    |
[INFO] [stdout] 26 |     use super::*;
[INFO] [stdout]    |         ^^^^^^^^
[INFO] [stdout] 
[INFO] [stdout] 
[INFO] [stdout] warning: unused import: `leetcode_prelude::linkedlist`
[INFO] [stdout]  --> src/n876middle_node.rs:2:5
[INFO] [stdout]   |
[INFO] [stdout] 2 | use leetcode_prelude::linkedlist;
[INFO] [stdout]   |     ^^^^^^^^^^^^^^^^^^^^^^^^^^^^
[INFO] [stdout] 
[INFO] [stdout] 
[INFO] [stdout] warning: unused import: `leetcode_prelude::btree`
[INFO] [stdout]  --> src/n100is_same_tree.rs:1:5
[INFO] [stdout]   |
[INFO] [stdout] 1 | use leetcode_prelude::btree;
[INFO] [stdout]   |     ^^^^^^^^^^^^^^^^^^^^^^^
[INFO] [stdout] 
[INFO] [stdout] 
[INFO] [stdout] warning: unused import: `leetcode_prelude::btree`
[INFO] [stdout]  --> src/n107level_order_bottom.rs:3:5
[INFO] [stdout]   |
[INFO] [stdout] 3 | use leetcode_prelude::btree;
[INFO] [stdout]   |     ^^^^^^^^^^^^^^^^^^^^^^^
[INFO] [stdout] 
[INFO] [stdout] 
[INFO] [stdout] warning: unused import: `leetcode_prelude::btree`
[INFO] [stdout]  --> src/n108sorted_array_to_bst.rs:3:5
[INFO] [stdout]   |
[INFO] [stdout] 3 | use leetcode_prelude::btree;
[INFO] [stdout]   |     ^^^^^^^^^^^^^^^^^^^^^^^
[INFO] [stdout] 
[INFO] [stdout] 
[INFO] [stdout] warning: unused import: `leetcode_prelude::btree`
[INFO] [stdout]  --> src/n110is_balanced.rs:3:5
[INFO] [stdout]   |
[INFO] [stdout] 3 | use leetcode_prelude::btree;
[INFO] [stdout]   |     ^^^^^^^^^^^^^^^^^^^^^^^
[INFO] [stdout] 
[INFO] [stdout] 
[INFO] [stdout] warning: unused import: `leetcode_prelude::btree`
[INFO] [stdout]  --> src/n111min_depth.rs:3:5
[INFO] [stdout]   |
[INFO] [stdout] 3 | use leetcode_prelude::btree;
[INFO] [stdout]   |     ^^^^^^^^^^^^^^^^^^^^^^^
[INFO] [stdout] 
[INFO] [stdout] 
[INFO] [stdout] warning: unused import: `leetcode_prelude::btree`
[INFO] [stdout]  --> src/n112has_path_sum.rs:3:5
[INFO] [stdout]   |
[INFO] [stdout] 3 | use leetcode_prelude::btree;
[INFO] [stdout]   |     ^^^^^^^^^^^^^^^^^^^^^^^
[INFO] [stdout] 
[INFO] [stdout] 
[INFO] [stdout] warning: unused import: `leetcode_prelude::btree`
[INFO] [stdout]  --> src/n226invert_tree.rs:3:5
[INFO] [stdout]   |
[INFO] [stdout] 3 | use leetcode_prelude::btree;
[INFO] [stdout]   |     ^^^^^^^^^^^^^^^^^^^^^^^
[INFO] [stdout] 
[INFO] [stdout] 
[INFO] [stdout] warning: unused import: `leetcode_prelude::btree`
[INFO] [stdout]  --> src/n257binary_tree_paths.rs:3:5
[INFO] [stdout]   |
[INFO] [stdout] 3 | use leetcode_prelude::btree;
[INFO] [stdout]   |     ^^^^^^^^^^^^^^^^^^^^^^^
[INFO] [stdout] 
[INFO] [stdout] 
[INFO] [stdout] warning: unused import: `super::*`
[INFO] [stdout]   --> src/n401read_binary_watch.rs:34:9
[INFO] [stdout]    |
[INFO] [stdout] 34 |     use super::*;
[INFO] [stdout]    |         ^^^^^^^^
[INFO] [stdout] 
[INFO] [stdout] 
[INFO] [stdout] warning: unused import: `leetcode_prelude::btree`
[INFO] [stdout]  --> src/n404sum_of_left_leaves.rs:3:5
[INFO] [stdout]   |
[INFO] [stdout] 3 | use leetcode_prelude::btree;
[INFO] [stdout]   |     ^^^^^^^^^^^^^^^^^^^^^^^
[INFO] [stdout] 
[INFO] [stdout] 
[INFO] [stdout] warning: unused import: `leetcode_prelude::btree`
[INFO] [stdout]  --> src/n437path_sum.rs:3:5
[INFO] [stdout]   |
[INFO] [stdout] 3 | use leetcode_prelude::btree;
[INFO] [stdout]   |     ^^^^^^^^^^^^^^^^^^^^^^^
[INFO] [stdout] 
[INFO] [stdout] 
[INFO] [stdout] warning: unreachable statement
[INFO] [stdout]   --> src/n392is_subsequence.rs:17:17
[INFO] [stdout]    |
[INFO] [stdout] 16 |                 return false;
[INFO] [stdout]    |                 ------------ any code following this expression is unreachable
[INFO] [stdout] 17 |                 break;
[INFO] [stdout]    |                 ^^^^^^ unreachable statement
[INFO] [stdout]    |
[INFO] [stdout]    = note: `#[warn(unreachable_code)]` on by default
[INFO] [stdout] 
[INFO] [stdout] 
[INFO] [stdout] warning: unused variable: `e`
[INFO] [stdout]   --> src/interview/i11min_array.rs:33:41
[INFO] [stdout]    |
[INFO] [stdout] 33 |     fn in_order(v: &Vec<i32>, s: usize, e: usize) -> i32 {
[INFO] [stdout]    |                                         ^ help: if this is intentional, prefix it with an underscore: `_e`
[INFO] [stdout]    |
[INFO] [stdout]    = note: `#[warn(unused_variables)]` on by default
[INFO] [stdout] 
[INFO] [stdout] 
[INFO] [stdout] warning: unused variable: `nums1`
[INFO] [stdout]  --> src/n004find_median_sorted_arrays.rs:4:38
[INFO] [stdout]   |
[INFO] [stdout] 4 |     pub fn find_median_sorted_arrays(nums1: Vec<i32>, nums2: Vec<i32>) -> f64 {
[INFO] [stdout]   |                                      ^^^^^ help: if this is intentional, prefix it with an underscore: `_nums1`
[INFO] [stdout] 
[INFO] [stdout] 
[INFO] [stdout] warning: unused variable: `nums2`
[INFO] [stdout]  --> src/n004find_median_sorted_arrays.rs:4:55
[INFO] [stdout]   |
[INFO] [stdout] 4 |     pub fn find_median_sorted_arrays(nums1: Vec<i32>, nums2: Vec<i32>) -> f64 {
[INFO] [stdout]   |                                                       ^^^^^ help: if this is intentional, prefix it with an underscore: `_nums2`
[INFO] [stdout] 
[INFO] [stdout] 
[INFO] [stdout] warning: value assigned to `re` is never read
[INFO] [stdout]  --> src/n035search_insert.rs:3:13
[INFO] [stdout]   |
[INFO] [stdout] 3 |     let mut re = 0;
[INFO] [stdout]   |             ^^
[INFO] [stdout]   |
[INFO] [stdout]   = help: maybe it is overwritten before being read?
[INFO] [stdout]   = note: `#[warn(unused_assignments)]` on by default
[INFO] [stdout] 
[INFO] [stdout] 
[INFO] [stdout] warning: value assigned to `res` is never read
[INFO] [stdout]  --> src/n058length_of_last_word.rs:6:13
[INFO] [stdout]   |
[INFO] [stdout] 6 |     let mut res = 0;
[INFO] [stdout]   |             ^^^
[INFO] [stdout]   |
[INFO] [stdout]   = help: maybe it is overwritten before being read?
[INFO] [stdout] 
[INFO] [stdout] 
[INFO] [stdout] warning: variable `i` is assigned to, but never used
[INFO] [stdout]  --> src/n058length_of_last_word.rs:9:13
[INFO] [stdout]   |
[INFO] [stdout] 9 |     let mut i = 0;
[INFO] [stdout]   |             ^
[INFO] [stdout]   |
[INFO] [stdout]   = note: consider using `_i` instead
[INFO] [stdout] 
[INFO] [stdout] 
[INFO] [stdout] warning: unused variable: `n`
[INFO] [stdout]  --> src/n310find_min_height_trees.rs:4:34
[INFO] [stdout]   |
[INFO] [stdout] 4 |     pub fn find_min_height_trees(n: i32, edges: Vec<Vec<i32>>) -> Vec<i32> {
[INFO] [stdout]   |                                  ^ help: if this is intentional, prefix it with an underscore: `_n`
[INFO] [stdout] 
[INFO] [stdout] 
[INFO] [stdout] warning: unused variable: `edges`
[INFO] [stdout]  --> src/n310find_min_height_trees.rs:4:42
[INFO] [stdout]   |
[INFO] [stdout] 4 |     pub fn find_min_height_trees(n: i32, edges: Vec<Vec<i32>>) -> Vec<i32> {
[INFO] [stdout]   |                                          ^^^^^ help: if this is intentional, prefix it with an underscore: `_edges`
[INFO] [stdout] 
[INFO] [stdout] 
[INFO] [stdout] warning: unused variable: `first`
[INFO] [stdout]   --> src/n392is_subsequence.rs:13:22
[INFO] [stdout]    |
[INFO] [stdout] 13 |                 let (first, last) = t.split_at(ni as usize + 1);
[INFO] [stdout]    |                      ^^^^^ help: if this is intentional, prefix it with an underscore: `_first`
[INFO] [stdout] 
[INFO] [stdout] 
[INFO] [stdout] warning: variable does not need to be mutable
[INFO] [stdout]  --> src/n392is_subsequence.rs:7:13
[INFO] [stdout]   |
[INFO] [stdout] 7 |         let mut s = s;
[INFO] [stdout]   |             ----^
[INFO] [stdout]   |             |
[INFO] [stdout]   |             help: remove this `mut`
[INFO] [stdout]   |
[INFO] [stdout]   = note: `#[warn(unused_mut)]` on by default
[INFO] [stdout] 
[INFO] [stdout] 
[INFO] [stdout] warning: unused variable: `node`
[INFO] [stdout]   --> src/n437path_sum.rs:19:21
[INFO] [stdout]    |
[INFO] [stdout] 19 |         if let Some(node) = root.clone() {
[INFO] [stdout]    |                     ^^^^ help: if this is intentional, prefix it with an underscore: `_node`
[INFO] [stdout] 
[INFO] [stdout] 
[INFO] [stdout] warning: value assigned to `res` is never read
[INFO] [stdout]  --> src/n441arrange_coins.rs:5:17
[INFO] [stdout]   |
[INFO] [stdout] 5 |         let mut res = 0;
[INFO] [stdout]   |                 ^^^
[INFO] [stdout]   |
[INFO] [stdout]   = help: maybe it is overwritten before being read?
[INFO] [stdout] 
[INFO] [stdout] 
[INFO] [stdout] warning: struct `CQueue` is never constructed
[INFO] [stdout]  --> src/interview/i09c_queue.rs:1:8
[INFO] [stdout]   |
[INFO] [stdout] 1 | struct CQueue {
[INFO] [stdout]   |        ^^^^^^
[INFO] [stdout]   |
[INFO] [stdout]   = note: `#[warn(dead_code)]` on by default
[INFO] [stdout] 
[INFO] [stdout] 
[INFO] [stdout] warning: associated items `new`, `append_tail`, and `delete_head` are never used
[INFO] [stdout]   --> src/interview/i09c_queue.rs:8:8
[INFO] [stdout]    |
[INFO] [stdout] 6  | impl CQueue {
[INFO] [stdout]    | ----------- associated items in this implementation
[INFO] [stdout] 7  |
[INFO] [stdout] 8  |     fn new() -> Self {
[INFO] [stdout]    |        ^^^
[INFO] [stdout] ...
[INFO] [stdout] 15 |     fn append_tail(&mut self, value: i32) {
[INFO] [stdout]    |        ^^^^^^^^^^^
[INFO] [stdout] ...
[INFO] [stdout] 19 |     fn delete_head(&mut self) -> i32 {
[INFO] [stdout]    |        ^^^^^^^^^^^
[INFO] [stdout] 
[INFO] [stdout] 
[INFO] [stdout] warning: struct `Solution` is never constructed
[INFO] [stdout]  --> src/n1002common_chars.rs:1:8
[INFO] [stdout]   |
[INFO] [stdout] 1 | struct Solution {}
[INFO] [stdout]   |        ^^^^^^^^
[INFO] [stdout] 
[INFO] [stdout] 
[INFO] [stdout] warning: associated function `common_chars` is never used
[INFO] [stdout]  --> src/n1002common_chars.rs:4:12
[INFO] [stdout]   |
[INFO] [stdout] 3 | impl Solution {
[INFO] [stdout]   | ------------- associated function in this implementation
[INFO] [stdout] 4 |     pub fn common_chars(a: Vec<String>) -> Vec<String> {
[INFO] [stdout]   |            ^^^^^^^^^^^^
[INFO] [stdout] 
[INFO] [stdout] 
[INFO] [stdout] warning: struct `Solution` is never constructed
[INFO] [stdout]  --> src/n310find_min_height_trees.rs:1:8
[INFO] [stdout]   |
[INFO] [stdout] 1 | struct Solution {}
[INFO] [stdout]   |        ^^^^^^^^
[INFO] [stdout] 
[INFO] [stdout] 
[INFO] [stdout] warning: associated function `find_min_height_trees` is never used
[INFO] [stdout]  --> src/n310find_min_height_trees.rs:4:12
[INFO] [stdout]   |
[INFO] [stdout] 3 | impl Solution {
[INFO] [stdout]   | ------------- associated function in this implementation
[INFO] [stdout] 4 |     pub fn find_min_height_trees(n: i32, edges: Vec<Vec<i32>>) -> Vec<i32> {
[INFO] [stdout]   |            ^^^^^^^^^^^^^^^^^^^^^
[INFO] [stdout] 
[INFO] [stdout] 
[INFO] [stdout] warning: struct `Solution` is never constructed
[INFO] [stdout]  --> src/n392is_subsequence.rs:1:8
[INFO] [stdout]   |
[INFO] [stdout] 1 | struct Solution {}
[INFO] [stdout]   |        ^^^^^^^^
[INFO] [stdout] 
[INFO] [stdout] 
[INFO] [stdout] warning: associated function `is_subsequence` is never used
[INFO] [stdout]  --> src/n392is_subsequence.rs:4:12
[INFO] [stdout]   |
[INFO] [stdout] 3 | impl Solution {
[INFO] [stdout]   | ------------- associated function in this implementation
[INFO] [stdout] 4 |     pub fn is_subsequence(s: String, t: String) -> bool {
[INFO] [stdout]   |            ^^^^^^^^^^^^^^
[INFO] [stdout] 
[INFO] [stdout] 
[INFO] [stdout] warning: struct `MinStack` is never constructed
[INFO] [stdout]  --> src/n155min_stack.rs:1:8
[INFO] [stdout]   |
[INFO] [stdout] 1 | struct MinStack {
[INFO] [stdout]   |        ^^^^^^^^
[INFO] [stdout] 
[INFO] [stdout] 
[INFO] [stdout] warning: associated items `new`, `push`, `pop`, `top`, `get_min`, and `update_min` are never used
[INFO] [stdout]   --> src/n155min_stack.rs:13:8
[INFO] [stdout]    |
[INFO] [stdout] 10 | impl MinStack {
[INFO] [stdout]    | ------------- associated items in this implementation
[INFO] [stdout] ...
[INFO] [stdout] 13 |     fn new() -> Self {
[INFO] [stdout]    |        ^^^
[INFO] [stdout] ...
[INFO] [stdout] 20 |     fn push(&mut self, x: i32) {
[INFO] [stdout]    |        ^^^^
[INFO] [stdout] ...
[INFO] [stdout] 25 |     fn pop(&mut self) {
[INFO] [stdout]    |        ^^^
[INFO] [stdout] ...
[INFO] [stdout] 30 |     fn top(&self) -> i32 {
[INFO] [stdout]    |        ^^^
[INFO] [stdout] ...
[INFO] [stdout] 34 |     fn get_min(&self) -> i32 {
[INFO] [stdout]    |        ^^^^^^^
[INFO] [stdout] ...
[INFO] [stdout] 38 |     fn update_min(&mut self) {
[INFO] [stdout]    |        ^^^^^^^^^^
[INFO] [stdout] 
[INFO] [stdout] 
[INFO] [stdout] warning: struct `MyStack` is never constructed
[INFO] [stdout]  --> src/n225my_stack.rs:1:8
[INFO] [stdout]   |
[INFO] [stdout] 1 | struct MyStack {
[INFO] [stdout]   |        ^^^^^^^
[INFO] [stdout] 
[INFO] [stdout] 
[INFO] [stdout] warning: associated items `new`, `push`, `pop`, `top`, and `empty` are never used
[INFO] [stdout]   --> src/n225my_stack.rs:12:8
[INFO] [stdout]    |
[INFO] [stdout] 9  | impl MyStack {
[INFO] [stdout]    | ------------ associated items in this implementation
[INFO] [stdout] ...
[INFO] [stdout] 12 |     fn new() -> Self {
[INFO] [stdout]    |        ^^^
[INFO] [stdout] ...
[INFO] [stdout] 19 |     fn push(&mut self, x: i32) {
[INFO] [stdout]    |        ^^^^
[INFO] [stdout] ...
[INFO] [stdout] 24 |     fn pop(&mut self) -> i32 {
[INFO] [stdout]    |        ^^^
[INFO] [stdout] ...
[INFO] [stdout] 32 |     fn top(&self) -> i32 {
[INFO] [stdout]    |        ^^^
[INFO] [stdout] ...
[INFO] [stdout] 37 |     fn empty(&self) -> bool {
[INFO] [stdout]    |        ^^^^^
[INFO] [stdout] 
[INFO] [stdout] 
[INFO] [stdout] warning: struct `MyQueue` is never constructed
[INFO] [stdout]  --> src/n232my_queue.rs:1:8
[INFO] [stdout]   |
[INFO] [stdout] 1 | struct MyQueue {
[INFO] [stdout]   |        ^^^^^^^
[INFO] [stdout] 
[INFO] [stdout] 
[INFO] [stdout] warning: associated items `new`, `push`, `pop`, `peek`, and `empty` are never used
[INFO] [stdout]   --> src/n232my_queue.rs:12:8
[INFO] [stdout]    |
[INFO] [stdout] 9  | impl MyQueue {
[INFO] [stdout]    | ------------ associated items in this implementation
[INFO] [stdout] ...
[INFO] [stdout] 12 |     fn new() -> Self {
[INFO] [stdout]    |        ^^^
[INFO] [stdout] ...
[INFO] [stdout] 19 |     fn push(&mut self, x: i32) {
[INFO] [stdout]    |        ^^^^
[INFO] [stdout] ...
[INFO] [stdout] 24 |     fn pop(&mut self) -> i32 {
[INFO] [stdout]    |        ^^^
[INFO] [stdout] ...
[INFO] [stdout] 32 |     fn peek(&self) -> i32 {
[INFO] [stdout]    |        ^^^^
[INFO] [stdout] ...
[INFO] [stdout] 37 |     fn empty(&self) -> bool {
[INFO] [stdout]    |        ^^^^^
[INFO] [stdout] 
[INFO] [stdout] 
[INFO] [stdout] warning: struct `NumArray` is never constructed
[INFO] [stdout]  --> src/n303num_array.rs:1:8
[INFO] [stdout]   |
[INFO] [stdout] 1 | struct NumArray {
[INFO] [stdout]   |        ^^^^^^^^
[INFO] [stdout] 
[INFO] [stdout] 
[INFO] [stdout] warning: associated items `new` and `sum_range` are never used
[INFO] [stdout]   --> src/n303num_array.rs:12:8
[INFO] [stdout]    |
[INFO] [stdout] 10 | impl NumArray {
[INFO] [stdout]    | ------------- associated items in this implementation
[INFO] [stdout] 11 |
[INFO] [stdout] 12 |     fn new(nums: Vec<i32>) -> Self {
[INFO] [stdout]    |        ^^^
[INFO] [stdout] ...
[INFO] [stdout] 16 |     fn sum_range(&mut self, i: i32, j: i32) -> i32 {
[INFO] [stdout]    |        ^^^^^^^^^
[INFO] [stdout] 
[INFO] [stdout] 
[INFO] [stdout] warning: struct `Solution` is never constructed
[INFO] [stdout]  --> src/n401read_binary_watch.rs:1:8
[INFO] [stdout]   |
[INFO] [stdout] 1 | struct Solution {}
[INFO] [stdout]   |        ^^^^^^^^
[INFO] [stdout] 
[INFO] [stdout] 
[INFO] [stdout] warning: associated functions `read_binary_watch` and `count_one` are never used
[INFO] [stdout]   --> src/n401read_binary_watch.rs:4:12
[INFO] [stdout]    |
[INFO] [stdout] 3  | impl Solution {
[INFO] [stdout]    | ------------- associated functions in this implementation
[INFO] [stdout] 4  |     pub fn read_binary_watch(num: i32) -> Vec<String> {
[INFO] [stdout]    |            ^^^^^^^^^^^^^^^^^
[INFO] [stdout] ...
[INFO] [stdout] 22 |     fn count_one(n: i32) -> i32 {
[INFO] [stdout]    |        ^^^^^^^^^
[INFO] [stdout] 
[INFO] [stdout] 
[INFO] [stdout] warning: module `n191hammingWeight` should have a snake case name
[INFO] [stdout]   --> src/lib.rs:71:9
[INFO] [stdout]    |
[INFO] [stdout] 71 | pub mod n191hammingWeight;
[INFO] [stdout]    |         ^^^^^^^^^^^^^^^^^ help: convert the identifier to snake case: `n191hamming_weight`
[INFO] [stdout]    |
[INFO] [stdout]    = note: `#[warn(non_snake_case)]` on by default
[INFO] [stdout] 
[INFO] [stdout] 
[INFO] [stdout] warning: variable `prevMax` should have a snake case name
[INFO] [stdout]  --> src/n198rob.rs:5:17
[INFO] [stdout]   |
[INFO] [stdout] 5 |         let mut prevMax = 0;
[INFO] [stdout]   |                 ^^^^^^^ help: convert the identifier to snake case: `prev_max`
[INFO] [stdout] 
[INFO] [stdout] 
[INFO] [stdout] warning: variable `currMax` should have a snake case name
[INFO] [stdout]  --> src/n198rob.rs:6:17
[INFO] [stdout]   |
[INFO] [stdout] 6 |         let mut currMax = 0;
[INFO] [stdout]   |                 ^^^^^^^ help: convert the identifier to snake case: `curr_max`
[INFO] [stdout] 
[INFO] [stdout] 
[INFO] [stdout] warning: method `hammingWeight` should have a snake case name
[INFO] [stdout]  --> src/n191hammingWeight.rs:4:12
[INFO] [stdout]   |
[INFO] [stdout] 4 |     pub fn hammingWeight (n: u32) -> i32 {
[INFO] [stdout]   |            ^^^^^^^^^^^^^ help: convert the identifier to snake case: `hamming_weight`
[INFO] [stdout] 
[INFO] [stdout] 
[INFO] [stderr]    Compiling algo v0.1.0 (/opt/rustwide/workdir)
[INFO] [stdout] warning: unused import: `leetcode_prelude::ListNode`
[INFO] [stdout]  --> src/main.rs:2:5
[INFO] [stdout]   |
[INFO] [stdout] 2 | use leetcode_prelude::ListNode;
[INFO] [stdout]   |     ^^^^^^^^^^^^^^^^^^^^^^^^^^
[INFO] [stdout]   |
[INFO] [stdout]   = note: `#[warn(unused_imports)]` on by default
[INFO] [stdout] 
[INFO] [stdout] 
[INFO] [stdout] warning: unused import: `leetcode_prelude::linkedlist`
[INFO] [stdout]  --> src/main.rs:3:5
[INFO] [stdout]   |
[INFO] [stdout] 3 | use leetcode_prelude::linkedlist;
[INFO] [stdout]   |     ^^^^^^^^^^^^^^^^^^^^^^^^^^^^
[INFO] [stdout] 
[INFO] [stdout] 
[INFO] [stdout] warning: unused import: `super::*`
[INFO] [stdout]  --> src/interview/i00example.rs:7:9
[INFO] [stdout]   |
[INFO] [stdout] 7 |     use super::*;
[INFO] [stdout]   |         ^^^^^^^^
[INFO] [stdout]   |
[INFO] [stdout]   = note: `#[warn(unused_imports)]` on by default
[INFO] [stdout] 
[INFO] [stdout] 
[INFO] [stdout] warning: unreachable statement
[INFO] [stdout]   --> src/n392is_subsequence.rs:17:17
[INFO] [stdout]    |
[INFO] [stdout] 16 |                 return false;
[INFO] [stdout]    |                 ------------ any code following this expression is unreachable
[INFO] [stdout] 17 |                 break;
[INFO] [stdout]    |                 ^^^^^^ unreachable statement
[INFO] [stdout]    |
[INFO] [stdout]    = note: `#[warn(unreachable_code)]` on by default
[INFO] [stdout] 
[INFO] [stdout] 
[INFO] [stdout] warning: unused variable: `e`
[INFO] [stdout]   --> src/interview/i11min_array.rs:33:41
[INFO] [stdout]    |
[INFO] [stdout] 33 |     fn in_order(v: &Vec<i32>, s: usize, e: usize) -> i32 {
[INFO] [stdout]    |                                         ^ help: if this is intentional, prefix it with an underscore: `_e`
[INFO] [stdout]    |
[INFO] [stdout]    = note: `#[warn(unused_variables)]` on by default
[INFO] [stdout] 
[INFO] [stdout] 
[INFO] [stdout] warning: unused variable: `nums1`
[INFO] [stdout]  --> src/n004find_median_sorted_arrays.rs:4:38
[INFO] [stdout]   |
[INFO] [stdout] 4 |     pub fn find_median_sorted_arrays(nums1: Vec<i32>, nums2: Vec<i32>) -> f64 {
[INFO] [stdout]   |                                      ^^^^^ help: if this is intentional, prefix it with an underscore: `_nums1`
[INFO] [stdout] 
[INFO] [stdout] 
[INFO] [stdout] warning: unused variable: `nums2`
[INFO] [stdout]  --> src/n004find_median_sorted_arrays.rs:4:55
[INFO] [stdout]   |
[INFO] [stdout] 4 |     pub fn find_median_sorted_arrays(nums1: Vec<i32>, nums2: Vec<i32>) -> f64 {
[INFO] [stdout]   |                                                       ^^^^^ help: if this is intentional, prefix it with an underscore: `_nums2`
[INFO] [stdout] 
[INFO] [stdout] 
[INFO] [stdout] warning: value assigned to `re` is never read
[INFO] [stdout]  --> src/n035search_insert.rs:3:13
[INFO] [stdout]   |
[INFO] [stdout] 3 |     let mut re = 0;
[INFO] [stdout]   |             ^^
[INFO] [stdout]   |
[INFO] [stdout]   = help: maybe it is overwritten before being read?
[INFO] [stdout]   = note: `#[warn(unused_assignments)]` on by default
[INFO] [stdout] 
[INFO] [stdout] 
[INFO] [stdout] warning: value assigned to `res` is never read
[INFO] [stdout]  --> src/n058length_of_last_word.rs:6:13
[INFO] [stdout]   |
[INFO] [stdout] 6 |     let mut res = 0;
[INFO] [stdout]   |             ^^^
[INFO] [stdout]   |
[INFO] [stdout]   = help: maybe it is overwritten before being read?
[INFO] [stdout] 
[INFO] [stdout] 
[INFO] [stdout] warning: variable `i` is assigned to, but never used
[INFO] [stdout]  --> src/n058length_of_last_word.rs:9:13
[INFO] [stdout]   |
[INFO] [stdout] 9 |     let mut i = 0;
[INFO] [stdout]   |             ^
[INFO] [stdout]   |
[INFO] [stdout]   = note: consider using `_i` instead
[INFO] [stdout] 
[INFO] [stdout] 
[INFO] [stdout] warning: unused variable: `n`
[INFO] [stdout]  --> src/n310find_min_height_trees.rs:4:34
[INFO] [stdout]   |
[INFO] [stdout] 4 |     pub fn find_min_height_trees(n: i32, edges: Vec<Vec<i32>>) -> Vec<i32> {
[INFO] [stdout]   |                                  ^ help: if this is intentional, prefix it with an underscore: `_n`
[INFO] [stdout] 
[INFO] [stdout] 
[INFO] [stdout] warning: unused variable: `edges`
[INFO] [stdout]  --> src/n310find_min_height_trees.rs:4:42
[INFO] [stdout]   |
[INFO] [stdout] 4 |     pub fn find_min_height_trees(n: i32, edges: Vec<Vec<i32>>) -> Vec<i32> {
[INFO] [stdout]   |                                          ^^^^^ help: if this is intentional, prefix it with an underscore: `_edges`
[INFO] [stdout] 
[INFO] [stdout] 
[INFO] [stdout] warning: unused variable: `first`
[INFO] [stdout]   --> src/n392is_subsequence.rs:13:22
[INFO] [stdout]    |
[INFO] [stdout] 13 |                 let (first, last) = t.split_at(ni as usize + 1);
[INFO] [stdout]    |                      ^^^^^ help: if this is intentional, prefix it with an underscore: `_first`
[INFO] [stdout] 
[INFO] [stdout] 
[INFO] [stdout] warning: variable does not need to be mutable
[INFO] [stdout]  --> src/n392is_subsequence.rs:7:13
[INFO] [stdout]   |
[INFO] [stdout] 7 |         let mut s = s;
[INFO] [stdout]   |             ----^
[INFO] [stdout]   |             |
[INFO] [stdout]   |             help: remove this `mut`
[INFO] [stdout]   |
[INFO] [stdout]   = note: `#[warn(unused_mut)]` on by default
[INFO] [stdout] 
[INFO] [stdout] 
[INFO] [stdout] warning: variable does not need to be mutable
[INFO] [stdout]   --> src/n876middle_node.rs:55:13
[INFO] [stdout]    |
[INFO] [stdout] 55 |         let mut head = linkedlist![1,2,3,4,5];
[INFO] [stdout]    |             ----^^^^
[INFO] [stdout]    |             |
[INFO] [stdout]    |             help: remove this `mut`
[INFO] [stdout] 
[INFO] [stdout] 
[INFO] [stdout] warning: variable does not need to be mutable
[INFO] [stdout]   --> src/n876middle_node.rs:62:13
[INFO] [stdout]    |
[INFO] [stdout] 62 |         let mut head = linkedlist![1,2,3,4,5,6];
[INFO] [stdout]    |             ----^^^^
[INFO] [stdout]    |             |
[INFO] [stdout]    |             help: remove this `mut`
[INFO] [stdout] 
[INFO] [stdout] 
[INFO] [stdout] warning: variable does not need to be mutable
[INFO] [stdout]   --> src/n401read_binary_watch.rs:38:13
[INFO] [stdout]    |
[INFO] [stdout] 38 | ...   let mut res = vec!["1:00".to_owned(), "2:00".to_owned(), "4:00".to_owned(), "8:00".to_owned(), "0:01".to_owned(), "0:02".to_owned()...
[INFO] [stdout]    |           ----^^^
[INFO] [stdout]    |           |
[INFO] [stdout]    |           help: remove this `mut`
[INFO] [stdout] 
[INFO] [stdout] 
[INFO] [stdout] warning: unused variable: `node`
[INFO] [stdout]   --> src/n437path_sum.rs:19:21
[INFO] [stdout]    |
[INFO] [stdout] 19 |         if let Some(node) = root.clone() {
[INFO] [stdout]    |                     ^^^^ help: if this is intentional, prefix it with an underscore: `_node`
[INFO] [stdout] 
[INFO] [stdout] 
[INFO] [stdout] warning: value assigned to `res` is never read
[INFO] [stdout]  --> src/n441arrange_coins.rs:5:17
[INFO] [stdout]   |
[INFO] [stdout] 5 |         let mut res = 0;
[INFO] [stdout]   |                 ^^^
[INFO] [stdout]   |
[INFO] [stdout]   = help: maybe it is overwritten before being read?
[INFO] [stdout] 
[INFO] [stdout] 
[INFO] [stdout] warning: function `i15` is never used
[INFO] [stdout]   --> src/interview/i15hamming_weight.rs:24:12
[INFO] [stdout]    |
[INFO] [stdout] 24 |     pub fn i15() {
[INFO] [stdout]    |            ^^^
[INFO] [stdout]    |
[INFO] [stdout]    = note: `#[warn(dead_code)]` on by default
[INFO] [stdout] 
[INFO] [stdout] 
[INFO] [stdout] warning: struct `Solution` is never constructed
[INFO] [stdout]  --> src/n310find_min_height_trees.rs:1:8
[INFO] [stdout]   |
[INFO] [stdout] 1 | struct Solution {}
[INFO] [stdout]   |        ^^^^^^^^
[INFO] [stdout] 
[INFO] [stdout] 
[INFO] [stdout] warning: associated function `find_min_height_trees` is never used
[INFO] [stdout]  --> src/n310find_min_height_trees.rs:4:12
[INFO] [stdout]   |
[INFO] [stdout] 3 | impl Solution {
[INFO] [stdout]   | ------------- associated function in this implementation
[INFO] [stdout] 4 |     pub fn find_min_height_trees(n: i32, edges: Vec<Vec<i32>>) -> Vec<i32> {
[INFO] [stdout]   |            ^^^^^^^^^^^^^^^^^^^^^
[INFO] [stdout] 
[INFO] [stdout] 
[INFO] [stdout] warning: module `n191hammingWeight` should have a snake case name
[INFO] [stdout]   --> src/lib.rs:71:9
[INFO] [stdout]    |
[INFO] [stdout] 71 | pub mod n191hammingWeight;
[INFO] [stdout]    |         ^^^^^^^^^^^^^^^^^ help: convert the identifier to snake case: `n191hamming_weight`
[INFO] [stdout]    |
[INFO] [stdout]    = note: `#[warn(non_snake_case)]` on by default
[INFO] [stdout] 
[INFO] [stdout] 
[INFO] [stdout] warning: variable `prevMax` should have a snake case name
[INFO] [stdout]  --> src/n198rob.rs:5:17
[INFO] [stdout]   |
[INFO] [stdout] 5 |         let mut prevMax = 0;
[INFO] [stdout]   |                 ^^^^^^^ help: convert the identifier to snake case: `prev_max`
[INFO] [stdout] 
[INFO] [stdout] 
[INFO] [stdout] warning: variable `currMax` should have a snake case name
[INFO] [stdout]  --> src/n198rob.rs:6:17
[INFO] [stdout]   |
[INFO] [stdout] 6 |         let mut currMax = 0;
[INFO] [stdout]   |                 ^^^^^^^ help: convert the identifier to snake case: `curr_max`
[INFO] [stdout] 
[INFO] [stdout] 
[INFO] [stdout] warning: method `hammingWeight` should have a snake case name
[INFO] [stdout]  --> src/n191hammingWeight.rs:4:12
[INFO] [stdout]   |
[INFO] [stdout] 4 |     pub fn hammingWeight (n: u32) -> i32 {
[INFO] [stdout]   |            ^^^^^^^^^^^^^ help: convert the identifier to snake case: `hamming_weight`
[INFO] [stdout] 
[INFO] [stdout] 
[INFO] [stderr]     Finished `test` profile [unoptimized + debuginfo] target(s) in 0.70s
[INFO] running `Command { std: "docker" "inspect" "9b02ae7dc8fdfd910f136f640f22b138a9fb4b60af7a0fca77d9ea4a452e8e93", kill_on_drop: false }`
[INFO] running `Command { std: "docker" "rm" "-f" "9b02ae7dc8fdfd910f136f640f22b138a9fb4b60af7a0fca77d9ea4a452e8e93", kill_on_drop: false }`
[INFO] [stdout] 9b02ae7dc8fdfd910f136f640f22b138a9fb4b60af7a0fca77d9ea4a452e8e93
[INFO] running `Command { std: "docker" "create" "-v" "/var/lib/crater-agent-workspace/builds/worker-3-tc2/target:/opt/rustwide/target:rw,Z" "-v" "/var/lib/crater-agent-workspace/builds/worker-3-tc2/source:/opt/rustwide/workdir:ro,Z" "-v" "/var/lib/crater-agent-workspace/cargo-home:/opt/rustwide/cargo-home:ro,Z" "-v" "/var/lib/crater-agent-workspace/rustup-home:/opt/rustwide/rustup-home:ro,Z" "-e" "SOURCE_DIR=/opt/rustwide/workdir" "-e" "CARGO_TARGET_DIR=/opt/rustwide/target" "-e" "CARGO_INCREMENTAL=0" "-e" "RUST_BACKTRACE=full" "-e" "RUSTFLAGS=--cap-lints=forbid -Zrandomize-layout" "-e" "RUSTDOCFLAGS=--cap-lints=forbid" "-e" "CARGO_HOME=/opt/rustwide/cargo-home" "-e" "RUSTUP_HOME=/opt/rustwide/rustup-home" "-w" "/opt/rustwide/workdir" "-m" "1610612736" "--user" "0:0" "--network" "none" "ghcr.io/rust-lang/crates-build-env/linux@sha256:4a844ea9eb2546a2d2c7022eacef16ef2e8229c7fbb2c7d4d55a9ceca922f72d" "/opt/rustwide/cargo-home/bin/cargo" "+nightly-2024-10-28" "test" "--frozen", kill_on_drop: false }`
[INFO] [stdout] 4fb6aefd84caa7bc7add91c215412f42afa76b499f8bba821e3679be0e9f20cd
[INFO] running `Command { std: "docker" "start" "-a" "4fb6aefd84caa7bc7add91c215412f42afa76b499f8bba821e3679be0e9f20cd", kill_on_drop: false }`
[INFO] [stderr] warning: unused import: `leetcode_prelude::btree`
[INFO] [stderr]  --> src/interview/i07build_tree.rs:3:5
[INFO] [stderr]   |
[INFO] [stderr] 3 | use leetcode_prelude::btree;
[INFO] [stderr]   |     ^^^^^^^^^^^^^^^^^^^^^^^
[INFO] [stderr]   |
[INFO] [stderr]   = note: `#[warn(unused_imports)]` on by default
[INFO] [stderr] 
[INFO] [stderr] warning: unused import: `leetcode_prelude::linkedlist`
[INFO] [stderr]  --> src/n002add_two_numbers.rs:2:5
[INFO] [stderr]   |
[INFO] [stderr] 2 | use leetcode_prelude::linkedlist;
[INFO] [stderr]   |     ^^^^^^^^^^^^^^^^^^^^^^^^^^^^
[INFO] [stderr] 
[INFO] [stderr] warning: unused import: `super::*`
[INFO] [stderr]   --> src/n1002common_chars.rs:37:9
[INFO] [stderr]    |
[INFO] [stderr] 37 |     use super::*;
[INFO] [stderr]    |         ^^^^^^^^
[INFO] [stderr] 
[INFO] [stderr] warning: unused import: `leetcode_prelude::linkedlist`
[INFO] [stderr]  --> src/n206reverse_list.rs:2:5
[INFO] [stderr]   |
[INFO] [stderr] 2 | use leetcode_prelude::linkedlist;
[INFO] [stderr]   |     ^^^^^^^^^^^^^^^^^^^^^^^^^^^^
[INFO] [stderr] 
[INFO] [stderr] warning: unused import: `super::*`
[INFO] [stderr]   --> src/n392is_subsequence.rs:26:9
[INFO] [stderr]    |
[INFO] [stderr] 26 |     use super::*;
[INFO] [stderr]    |         ^^^^^^^^
[INFO] [stderr] 
[INFO] [stderr] warning: unused import: `leetcode_prelude::linkedlist`
[INFO] [stderr]  --> src/n876middle_node.rs:2:5
[INFO] [stderr]   |
[INFO] [stderr] 2 | use leetcode_prelude::linkedlist;
[INFO] [stderr]   |     ^^^^^^^^^^^^^^^^^^^^^^^^^^^^
[INFO] [stderr] 
[INFO] [stderr] warning: unused import: `leetcode_prelude::btree`
[INFO] [stderr]  --> src/n100is_same_tree.rs:1:5
[INFO] [stderr]   |
[INFO] [stderr] 1 | use leetcode_prelude::btree;
[INFO] [stderr]   |     ^^^^^^^^^^^^^^^^^^^^^^^
[INFO] [stderr] 
[INFO] [stderr] warning: unused import: `leetcode_prelude::btree`
[INFO] [stderr]  --> src/n107level_order_bottom.rs:3:5
[INFO] [stderr]   |
[INFO] [stderr] 3 | use leetcode_prelude::btree;
[INFO] [stderr]   |     ^^^^^^^^^^^^^^^^^^^^^^^
[INFO] [stderr] 
[INFO] [stderr] warning: unused import: `leetcode_prelude::btree`
[INFO] [stderr]  --> src/n108sorted_array_to_bst.rs:3:5
[INFO] [stderr]   |
[INFO] [stderr] 3 | use leetcode_prelude::btree;
[INFO] [stderr]   |     ^^^^^^^^^^^^^^^^^^^^^^^
[INFO] [stderr] 
[INFO] [stderr] warning: unused import: `leetcode_prelude::btree`
[INFO] [stderr]  --> src/n110is_balanced.rs:3:5
[INFO] [stderr]   |
[INFO] [stderr] 3 | use leetcode_prelude::btree;
[INFO] [stderr]   |     ^^^^^^^^^^^^^^^^^^^^^^^
[INFO] [stderr] 
[INFO] [stderr] warning: unused import: `leetcode_prelude::btree`
[INFO] [stderr]  --> src/n111min_depth.rs:3:5
[INFO] [stderr]   |
[INFO] [stderr] 3 | use leetcode_prelude::btree;
[INFO] [stderr]   |     ^^^^^^^^^^^^^^^^^^^^^^^
[INFO] [stderr] 
[INFO] [stderr] warning: unused import: `leetcode_prelude::btree`
[INFO] [stderr]  --> src/n112has_path_sum.rs:3:5
[INFO] [stderr]   |
[INFO] [stderr] 3 | use leetcode_prelude::btree;
[INFO] [stderr]   |     ^^^^^^^^^^^^^^^^^^^^^^^
[INFO] [stderr] 
[INFO] [stderr] warning: unused import: `leetcode_prelude::btree`
[INFO] [stderr]  --> src/n226invert_tree.rs:3:5
[INFO] [stderr]   |
[INFO] [stderr] 3 | use leetcode_prelude::btree;
[INFO] [stderr]   |     ^^^^^^^^^^^^^^^^^^^^^^^
[INFO] [stderr] 
[INFO] [stderr] warning: unused import: `leetcode_prelude::btree`
[INFO] [stderr]  --> src/n257binary_tree_paths.rs:3:5
[INFO] [stderr]   |
[INFO] [stderr] 3 | use leetcode_prelude::btree;
[INFO] [stderr]   |     ^^^^^^^^^^^^^^^^^^^^^^^
[INFO] [stderr] 
[INFO] [stderr] warning: unused import: `super::*`
[INFO] [stderr]   --> src/n401read_binary_watch.rs:34:9
[INFO] [stderr]    |
[INFO] [stderr] 34 |     use super::*;
[INFO] [stderr]    |         ^^^^^^^^
[INFO] [stderr] 
[INFO] [stderr] warning: unused import: `leetcode_prelude::btree`
[INFO] [stderr]  --> src/n404sum_of_left_leaves.rs:3:5
[INFO] [stderr]   |
[INFO] [stderr] 3 | use leetcode_prelude::btree;
[INFO] [stderr]   |     ^^^^^^^^^^^^^^^^^^^^^^^
[INFO] [stderr] 
[INFO] [stderr] warning: unused import: `leetcode_prelude::btree`
[INFO] [stderr]  --> src/n437path_sum.rs:3:5
[INFO] [stderr]   |
[INFO] [stderr] 3 | use leetcode_prelude::btree;
[INFO] [stderr]   |     ^^^^^^^^^^^^^^^^^^^^^^^
[INFO] [stderr] 
[INFO] [stderr] warning: unreachable statement
[INFO] [stderr]   --> src/n392is_subsequence.rs:17:17
[INFO] [stderr]    |
[INFO] [stderr] 16 |                 return false;
[INFO] [stderr]    |                 ------------ any code following this expression is unreachable
[INFO] [stderr] 17 |                 break;
[INFO] [stderr]    |                 ^^^^^^ unreachable statement
[INFO] [stderr]    |
[INFO] [stderr]    = note: `#[warn(unreachable_code)]` on by default
[INFO] [stderr] 
[INFO] [stderr] warning: unused variable: `e`
[INFO] [stderr]   --> src/interview/i11min_array.rs:33:41
[INFO] [stderr]    |
[INFO] [stderr] 33 |     fn in_order(v: &Vec<i32>, s: usize, e: usize) -> i32 {
[INFO] [stderr]    |                                         ^ help: if this is intentional, prefix it with an underscore: `_e`
[INFO] [stderr]    |
[INFO] [stderr]    = note: `#[warn(unused_variables)]` on by default
[INFO] [stderr] 
[INFO] [stderr] warning: unused variable: `nums1`
[INFO] [stderr]  --> src/n004find_median_sorted_arrays.rs:4:38
[INFO] [stderr]   |
[INFO] [stderr] 4 |     pub fn find_median_sorted_arrays(nums1: Vec<i32>, nums2: Vec<i32>) -> f64 {
[INFO] [stderr]   |                                      ^^^^^ help: if this is intentional, prefix it with an underscore: `_nums1`
[INFO] [stderr] 
[INFO] [stderr] warning: unused variable: `nums2`
[INFO] [stderr]  --> src/n004find_median_sorted_arrays.rs:4:55
[INFO] [stderr]   |
[INFO] [stderr] 4 |     pub fn find_median_sorted_arrays(nums1: Vec<i32>, nums2: Vec<i32>) -> f64 {
[INFO] [stderr]   |                                                       ^^^^^ help: if this is intentional, prefix it with an underscore: `_nums2`
[INFO] [stderr] 
[INFO] [stderr] warning: value assigned to `re` is never read
[INFO] [stderr]  --> src/n035search_insert.rs:3:13
[INFO] [stderr]   |
[INFO] [stderr] 3 |     let mut re = 0;
[INFO] [stderr]   |             ^^
[INFO] [stderr]   |
[INFO] [stderr]   = help: maybe it is overwritten before being read?
[INFO] [stderr]   = note: `#[warn(unused_assignments)]` on by default
[INFO] [stderr] 
[INFO] [stderr] warning: value assigned to `res` is never read
[INFO] [stderr]  --> src/n058length_of_last_word.rs:6:13
[INFO] [stderr]   |
[INFO] [stderr] 6 |     let mut res = 0;
[INFO] [stderr]   |             ^^^
[INFO] [stderr]   |
[INFO] [stderr]   = help: maybe it is overwritten before being read?
[INFO] [stderr] 
[INFO] [stderr] warning: variable `i` is assigned to, but never used
[INFO] [stderr]  --> src/n058length_of_last_word.rs:9:13
[INFO] [stderr]   |
[INFO] [stderr] 9 |     let mut i = 0;
[INFO] [stderr]   |             ^
[INFO] [stderr]   |
[INFO] [stderr]   = note: consider using `_i` instead
[INFO] [stderr] 
[INFO] [stderr] warning: unused variable: `n`
[INFO] [stderr]  --> src/n310find_min_height_trees.rs:4:34
[INFO] [stderr]   |
[INFO] [stderr] 4 |     pub fn find_min_height_trees(n: i32, edges: Vec<Vec<i32>>) -> Vec<i32> {
[INFO] [stderr]   |                                  ^ help: if this is intentional, prefix it with an underscore: `_n`
[INFO] [stderr] 
[INFO] [stderr] warning: unused variable: `edges`
[INFO] [stderr]  --> src/n310find_min_height_trees.rs:4:42
[INFO] [stderr]   |
[INFO] [stderr] 4 |     pub fn find_min_height_trees(n: i32, edges: Vec<Vec<i32>>) -> Vec<i32> {
[INFO] [stderr]   |                                          ^^^^^ help: if this is intentional, prefix it with an underscore: `_edges`
[INFO] [stderr] 
[INFO] [stderr] warning: unused variable: `first`
[INFO] [stderr]   --> src/n392is_subsequence.rs:13:22
[INFO] [stderr]    |
[INFO] [stderr] 13 |                 let (first, last) = t.split_at(ni as usize + 1);
[INFO] [stderr]    |                      ^^^^^ help: if this is intentional, prefix it with an underscore: `_first`
[INFO] [stderr] 
[INFO] [stderr] warning: variable does not need to be mutable
[INFO] [stderr]  --> src/n392is_subsequence.rs:7:13
[INFO] [stderr]   |
[INFO] [stderr] 7 |         let mut s = s;
[INFO] [stderr]   |             ----^
[INFO] [stderr]   |             |
[INFO] [stderr]   |             help: remove this `mut`
[INFO] [stderr]   |
[INFO] [stderr]   = note: `#[warn(unused_mut)]` on by default
[INFO] [stderr] 
[INFO] [stderr] warning: unused variable: `node`
[INFO] [stderr]   --> src/n437path_sum.rs:19:21
[INFO] [stderr]    |
[INFO] [stderr] 19 |         if let Some(node) = root.clone() {
[INFO] [stderr]    |                     ^^^^ help: if this is intentional, prefix it with an underscore: `_node`
[INFO] [stderr] 
[INFO] [stderr] warning: value assigned to `res` is never read
[INFO] [stderr]  --> src/n441arrange_coins.rs:5:17
[INFO] [stderr]   |
[INFO] [stderr] 5 |         let mut res = 0;
[INFO] [stderr]   |                 ^^^
[INFO] [stderr]   |
[INFO] [stderr]   = help: maybe it is overwritten before being read?
[INFO] [stderr] 
[INFO] [stderr] warning: struct `CQueue` is never constructed
[INFO] [stderr]  --> src/interview/i09c_queue.rs:1:8
[INFO] [stderr]   |
[INFO] [stderr] 1 | struct CQueue {
[INFO] [stderr]   |        ^^^^^^
[INFO] [stderr]   |
[INFO] [stderr]   = note: `#[warn(dead_code)]` on by default
[INFO] [stderr] 
[INFO] [stderr] warning: associated items `new`, `append_tail`, and `delete_head` are never used
[INFO] [stderr]   --> src/interview/i09c_queue.rs:8:8
[INFO] [stderr]    |
[INFO] [stderr] 6  | impl CQueue {
[INFO] [stderr]    | ----------- associated items in this implementation
[INFO] [stderr] 7  |
[INFO] [stderr] 8  |     fn new() -> Self {
[INFO] [stderr]    |        ^^^
[INFO] [stderr] ...
[INFO] [stderr] 15 |     fn append_tail(&mut self, value: i32) {
[INFO] [stderr]    |        ^^^^^^^^^^^
[INFO] [stderr] ...
[INFO] [stderr] 19 |     fn delete_head(&mut self) -> i32 {
[INFO] [stderr]    |        ^^^^^^^^^^^
[INFO] [stderr] 
[INFO] [stderr] warning: struct `Solution` is never constructed
[INFO] [stderr]  --> src/n1002common_chars.rs:1:8
[INFO] [stderr]   |
[INFO] [stderr] 1 | struct Solution {}
[INFO] [stderr]   |        ^^^^^^^^
[INFO] [stderr] 
[INFO] [stderr] warning: associated function `common_chars` is never used
[INFO] [stderr]  --> src/n1002common_chars.rs:4:12
[INFO] [stderr]   |
[INFO] [stderr] 3 | impl Solution {
[INFO] [stderr]   | ------------- associated function in this implementation
[INFO] [stderr] 4 |     pub fn common_chars(a: Vec<String>) -> Vec<String> {
[INFO] [stderr]   |            ^^^^^^^^^^^^
[INFO] [stderr] 
[INFO] [stderr] warning: struct `Solution` is never constructed
[INFO] [stderr]  --> src/n310find_min_height_trees.rs:1:8
[INFO] [stderr]   |
[INFO] [stderr] 1 | struct Solution {}
[INFO] [stderr]   |        ^^^^^^^^
[INFO] [stderr] 
[INFO] [stderr] warning: associated function `find_min_height_trees` is never used
[INFO] [stderr]  --> src/n310find_min_height_trees.rs:4:12
[INFO] [stderr]   |
[INFO] [stderr] 3 | impl Solution {
[INFO] [stderr]   | ------------- associated function in this implementation
[INFO] [stderr] 4 |     pub fn find_min_height_trees(n: i32, edges: Vec<Vec<i32>>) -> Vec<i32> {
[INFO] [stderr]   |            ^^^^^^^^^^^^^^^^^^^^^
[INFO] [stderr] 
[INFO] [stderr] warning: struct `Solution` is never constructed
[INFO] [stderr]  --> src/n392is_subsequence.rs:1:8
[INFO] [stderr]   |
[INFO] [stderr] 1 | struct Solution {}
[INFO] [stderr]   |        ^^^^^^^^
[INFO] [stderr] 
[INFO] [stderr] warning: associated function `is_subsequence` is never used
[INFO] [stderr]  --> src/n392is_subsequence.rs:4:12
[INFO] [stderr]   |
[INFO] [stderr] 3 | impl Solution {
[INFO] [stderr]   | ------------- associated function in this implementation
[INFO] [stderr] 4 |     pub fn is_subsequence(s: String, t: String) -> bool {
[INFO] [stderr]   |            ^^^^^^^^^^^^^^
[INFO] [stderr] 
[INFO] [stderr] warning: struct `MinStack` is never constructed
[INFO] [stderr]  --> src/n155min_stack.rs:1:8
[INFO] [stderr]   |
[INFO] [stderr] 1 | struct MinStack {
[INFO] [stderr]   |        ^^^^^^^^
[INFO] [stderr] 
[INFO] [stderr] warning: associated items `new`, `push`, `pop`, `top`, `get_min`, and `update_min` are never used
[INFO] [stderr]   --> src/n155min_stack.rs:13:8
[INFO] [stderr]    |
[INFO] [stderr] 10 | impl MinStack {
[INFO] [stderr]    | ------------- associated items in this implementation
[INFO] [stderr] ...
[INFO] [stderr] 13 |     fn new() -> Self {
[INFO] [stderr]    |        ^^^
[INFO] [stderr] ...
[INFO] [stderr] 20 |     fn push(&mut self, x: i32) {
[INFO] [stderr]    |        ^^^^
[INFO] [stderr] ...
[INFO] [stderr] 25 |     fn pop(&mut self) {
[INFO] [stderr]    |        ^^^
[INFO] [stderr] ...
[INFO] [stderr] 30 |     fn top(&self) -> i32 {
[INFO] [stderr]    |        ^^^
[INFO] [stderr] ...
[INFO] [stderr] 34 |     fn get_min(&self) -> i32 {
[INFO] [stderr]    |        ^^^^^^^
[INFO] [stderr] ...
[INFO] [stderr] 38 |     fn update_min(&mut self) {
[INFO] [stderr]    |        ^^^^^^^^^^
[INFO] [stderr] 
[INFO] [stderr] warning: struct `MyStack` is never constructed
[INFO] [stderr]  --> src/n225my_stack.rs:1:8
[INFO] [stderr]   |
[INFO] [stderr] 1 | struct MyStack {
[INFO] [stderr]   |        ^^^^^^^
[INFO] [stderr] 
[INFO] [stderr] warning: associated items `new`, `push`, `pop`, `top`, and `empty` are never used
[INFO] [stderr]   --> src/n225my_stack.rs:12:8
[INFO] [stderr]    |
[INFO] [stderr] 9  | impl MyStack {
[INFO] [stderr]    | ------------ associated items in this implementation
[INFO] [stderr] ...
[INFO] [stderr] 12 |     fn new() -> Self {
[INFO] [stderr]    |        ^^^
[INFO] [stderr] ...
[INFO] [stderr] 19 |     fn push(&mut self, x: i32) {
[INFO] [stderr]    |        ^^^^
[INFO] [stderr] ...
[INFO] [stderr] 24 |     fn pop(&mut self) -> i32 {
[INFO] [stderr]    |        ^^^
[INFO] [stderr] ...
[INFO] [stderr] 32 |     fn top(&self) -> i32 {
[INFO] [stderr]    |        ^^^
[INFO] [stderr] ...
[INFO] [stderr] 37 |     fn empty(&self) -> bool {
[INFO] [stderr]    |        ^^^^^
[INFO] [stderr] 
[INFO] [stderr] warning: struct `MyQueue` is never constructed
[INFO] [stderr]  --> src/n232my_queue.rs:1:8
[INFO] [stderr]   |
[INFO] [stderr] 1 | struct MyQueue {
[INFO] [stderr]   |        ^^^^^^^
[INFO] [stderr] 
[INFO] [stderr] warning: associated items `new`, `push`, `pop`, `peek`, and `empty` are never used
[INFO] [stderr]   --> src/n232my_queue.rs:12:8
[INFO] [stderr]    |
[INFO] [stderr] 9  | impl MyQueue {
[INFO] [stderr]    | ------------ associated items in this implementation
[INFO] [stderr] ...
[INFO] [stderr] 12 |     fn new() -> Self {
[INFO] [stderr]    |        ^^^
[INFO] [stderr] ...
[INFO] [stderr] 19 |     fn push(&mut self, x: i32) {
[INFO] [stderr]    |        ^^^^
[INFO] [stderr] ...
[INFO] [stderr] 24 |     fn pop(&mut self) -> i32 {
[INFO] [stderr]    |        ^^^
[INFO] [stderr] ...
[INFO] [stderr] 32 |     fn peek(&self) -> i32 {
[INFO] [stderr]    |        ^^^^
[INFO] [stderr] ...
[INFO] [stderr] 37 |     fn empty(&self) -> bool {
[INFO] [stderr]    |        ^^^^^
[INFO] [stderr] 
[INFO] [stderr] warning: struct `NumArray` is never constructed
[INFO] [stderr]  --> src/n303num_array.rs:1:8
[INFO] [stderr]   |
[INFO] [stderr] 1 | struct NumArray {
[INFO] [stderr]   |        ^^^^^^^^
[INFO] [stderr] 
[INFO] [stderr] warning: associated items `new` and `sum_range` are never used
[INFO] [stderr]   --> src/n303num_array.rs:12:8
[INFO] [stderr]    |
[INFO] [stderr] 10 | impl NumArray {
[INFO] [stderr]    | ------------- associated items in this implementation
[INFO] [stderr] 11 |
[INFO] [stderr] 12 |     fn new(nums: Vec<i32>) -> Self {
[INFO] [stderr]    |        ^^^
[INFO] [stderr] ...
[INFO] [stderr] 16 |     fn sum_range(&mut self, i: i32, j: i32) -> i32 {
[INFO] [stderr]    |        ^^^^^^^^^
[INFO] [stderr] 
[INFO] [stderr] warning: struct `Solution` is never constructed
[INFO] [stderr]  --> src/n401read_binary_watch.rs:1:8
[INFO] [stderr]   |
[INFO] [stderr] 1 | struct Solution {}
[INFO] [stderr]   |        ^^^^^^^^
[INFO] [stderr] 
[INFO] [stderr] warning: associated functions `read_binary_watch` and `count_one` are never used
[INFO] [stderr]   --> src/n401read_binary_watch.rs:4:12
[INFO] [stderr]    |
[INFO] [stderr] 3  | impl Solution {
[INFO] [stderr]    | ------------- associated functions in this implementation
[INFO] [stderr] 4  |     pub fn read_binary_watch(num: i32) -> Vec<String> {
[INFO] [stderr]    |            ^^^^^^^^^^^^^^^^^
[INFO] [stderr] ...
[INFO] [stderr] 22 |     fn count_one(n: i32) -> i32 {
[INFO] [stderr]    |        ^^^^^^^^^
[INFO] [stderr] 
[INFO] [stderr] warning: module `n191hammingWeight` should have a snake case name
[INFO] [stderr]   --> src/lib.rs:71:9
[INFO] [stderr]    |
[INFO] [stderr] 71 | pub mod n191hammingWeight;
[INFO] [stderr]    |         ^^^^^^^^^^^^^^^^^ help: convert the identifier to snake case: `n191hamming_weight`
[INFO] [stderr]    |
[INFO] [stderr]    = note: `#[warn(non_snake_case)]` on by default
[INFO] [stderr] 
[INFO] [stderr] warning: variable `prevMax` should have a snake case name
[INFO] [stderr]  --> src/n198rob.rs:5:17
[INFO] [stderr]   |
[INFO] [stderr] 5 |         let mut prevMax = 0;
[INFO] [stderr]   |                 ^^^^^^^ help: convert the identifier to snake case: `prev_max`
[INFO] [stderr] 
[INFO] [stderr] warning: variable `currMax` should have a snake case name
[INFO] [stderr]  --> src/n198rob.rs:6:17
[INFO] [stderr]   |
[INFO] [stderr] 6 |         let mut currMax = 0;
[INFO] [stderr]   |                 ^^^^^^^ help: convert the identifier to snake case: `curr_max`
[INFO] [stderr] 
[INFO] [stderr] warning: method `hammingWeight` should have a snake case name
[INFO] [stderr]  --> src/n191hammingWeight.rs:4:12
[INFO] [stderr]   |
[INFO] [stderr] 4 |     pub fn hammingWeight (n: u32) -> i32 {
[INFO] [stderr]   |            ^^^^^^^^^^^^^ help: convert the identifier to snake case: `hamming_weight`
[INFO] [stderr] 
[INFO] [stderr] warning: unused import: `super::*`
[INFO] [stderr]  --> src/interview/i00example.rs:7:9
[INFO] [stderr]   |
[INFO] [stderr] 7 |     use super::*;
[INFO] [stderr]   |         ^^^^^^^^
[INFO] [stderr]   |
[INFO] [stderr]   = note: `#[warn(unused_imports)]` on by default
[INFO] [stderr] 
[INFO] [stderr] warning: variable does not need to be mutable
[INFO] [stderr]   --> src/n876middle_node.rs:55:13
[INFO] [stderr]    |
[INFO] [stderr] 55 |         let mut head = linkedlist![1,2,3,4,5];
[INFO] [stderr]    |             ----^^^^
[INFO] [stderr]    |             |
[INFO] [stderr]    |             help: remove this `mut`
[INFO] [stderr] 
[INFO] [stderr] warning: variable does not need to be mutable
[INFO] [stderr]   --> src/n876middle_node.rs:62:13
[INFO] [stderr]    |
[INFO] [stderr] 62 |         let mut head = linkedlist![1,2,3,4,5,6];
[INFO] [stderr]    |             ----^^^^
[INFO] [stderr]    |             |
[INFO] [stderr]    |             help: remove this `mut`
[INFO] [stderr] 
[INFO] [stderr] warning: variable does not need to be mutable
[INFO] [stderr]   --> src/n401read_binary_watch.rs:38:13
[INFO] [stderr]    |
[INFO] [stderr] 38 | ...   let mut res = vec!["1:00".to_owned(), "2:00".to_owned(), "4:00".to_owned(), "8:00".to_owned(), "0:01".to_owned(), "0:02".to_owned()...
[INFO] [stderr]    |           ----^^^
[INFO] [stderr]    |           |
[INFO] [stderr]    |           help: remove this `mut`
[INFO] [stderr] 
[INFO] [stderr] warning: function `i15` is never used
[INFO] [stderr]   --> src/interview/i15hamming_weight.rs:24:12
[INFO] [stderr]    |
[INFO] [stderr] 24 |     pub fn i15() {
[INFO] [stderr]    |            ^^^
[INFO] [stderr]    |
[INFO] [stderr]    = note: `#[warn(dead_code)]` on by default
[INFO] [stderr] 
[INFO] [stderr] warning: `algo` (lib) generated 52 warnings (run `cargo fix --lib -p algo` to apply 18 suggestions)
[INFO] [stderr] warning: `algo` (lib test) generated 24 warnings (19 duplicates) (run `cargo fix --lib -p algo --tests` to apply 4 suggestions)
[INFO] [stderr] warning: unused import: `leetcode_prelude::ListNode`
[INFO] [stderr]  --> src/main.rs:2:5
[INFO] [stderr]   |
[INFO] [stderr] 2 | use leetcode_prelude::ListNode;
[INFO] [stderr]   |     ^^^^^^^^^^^^^^^^^^^^^^^^^^
[INFO] [stderr]   |
[INFO] [stderr]   = note: `#[warn(unused_imports)]` on by default
[INFO] [stderr] 
[INFO] [stderr] warning: unused import: `leetcode_prelude::linkedlist`
[INFO] [stderr]  --> src/main.rs:3:5
[INFO] [stderr]   |
[INFO] [stderr] 3 | use leetcode_prelude::linkedlist;
[INFO] [stderr]   |     ^^^^^^^^^^^^^^^^^^^^^^^^^^^^
[INFO] [stderr] 
[INFO] [stderr] warning: `algo` (bin "algo" test) generated 2 warnings (run `cargo fix --bin "algo" --tests` to apply 2 suggestions)
[INFO] [stderr]     Finished `test` profile [unoptimized + debuginfo] target(s) in 0.01s
[INFO] [stderr]      Running unittests src/lib.rs (/opt/rustwide/target/debug/deps/algo-264d4b7eb7353ede)
[INFO] [stdout] 
[INFO] [stdout] running 90 tests
[INFO] [stdout] test interview::i00example::tests::i00 ... ok
[INFO] [stdout] test interview::i03find_repeat_number::tests::i03 ... ok
[INFO] [stdout] test interview::i04find_number_in2_d_array::tests::i04 ... ok
[INFO] [stdout] test interview::i05replace_space::tests::i05 ... ok
[INFO] [stdout] test interview::i06reverse_print::tests::i06 ... ok
[INFO] [stdout] test interview::i09c_queue::tests::i09 ... ok
[INFO] [stdout] test interview::i07build_tree::tests::i07 ... ok
[INFO] [stdout] test interview::i10fib::tests::i10 ... ok
[INFO] [stdout] test interview::i10num_ways::tests::i10_2 ... ok
[INFO] [stdout] test interview::i11min_array::tests::i11 ... ok
[INFO] [stdout] test interview::i12exist::tests::i12 ... ok
[INFO] [stdout] test interview::i14cutting_rope_1::tests::i14 ... ok
[INFO] [stdout] test interview::i16my_pow::tests::i16 ... ok
[INFO] [stdout] test n001two_sum::tests::n001 ... ok
[INFO] [stdout] test n009is_palindrome::tests::test1 ... ok
[INFO] [stdout] test interview::i17print_numbers::tests::i17 ... ok
[INFO] [stdout] test n003length_of_longest_substring::tests::test003 ... ok
[INFO] [stdout] test n021merge_two_lists::tests::test1 ... ok
[INFO] [stdout] test n002add_two_numbers::tests::test002 ... ok
[INFO] [stdout] test interview::i14cutting_rope_2::tests::i14_2 ... ok
[INFO] [stdout] test n035search_insert::tests::test1 ... ok
[INFO] [stdout] test n035search_insert::tests::test2 ... ok
[INFO] [stdout] test n035search_insert::tests::test3 ... ok
[INFO] [stdout] test n035search_insert::tests::test4 ... ok
[INFO] [stdout] test n053max_sub_array::tests::test1 ... ok
[INFO] [stdout] test n027remove_element::tests::test1 ... ok
[INFO] [stdout] test n053max_sub_array::tests::test2 ... ok
[INFO] [stdout] test n058length_of_last_word::tests::test1 ... ok
[INFO] [stdout] test n070climb_stairs::tests::test_climb_stairs ... ok
[INFO] [stdout] test n083delete_duplicates::tests::test083 ... ok
[INFO] [stdout] test n1002common_chars::tests::test_common_chars ... ok
[INFO] [stdout] test n067add_binary::tests::test1 ... ok
[INFO] [stdout] test n100is_same_tree::tests::test100 ... ok
[INFO] [stdout] test n107level_order_bottom::tests::test107 ... ok
[INFO] [stdout] test n108sorted_array_to_bst::tests::test108 ... ok
[INFO] [stdout] test n111min_depth::tests::test111 ... ok
[INFO] [stdout] test n110is_balanced::tests::test110 ... ok
[INFO] [stdout] test n112has_path_sum::tests::test112 ... ok
[INFO] [stdout] test n155min_stack::tests::test155 ... ok
[INFO] [stdout] test n167two_sum::tests::test167 ... ok
[INFO] [stdout] test n069my_sqrt::tests::test1 ... ok
[INFO] [stdout] test n119get_row::tests::test119 ... ok
[INFO] [stdout] test n1310xor_queries::tests::test1 ... ok
[INFO] [stdout] test n168convert_to_title::tests::test168 ... ok
[INFO] [stdout] test n169majority_element::tests::test169 ... ok
[INFO] [stdout] test n171title_to_number::tests::test171 ... ok
[INFO] [stdout] test n172trailing_zeroes::tests::test172 ... ok
[INFO] [stdout] test n191hammingWeight::tests::test191 ... ok
[INFO] [stdout] test n189rotate::tests::test189 ... ok
[INFO] [stdout] test n202is_happy::tests::test202 ... ok
[INFO] [stdout] test n203remove_elements::tests::test203 ... ok
[INFO] [stdout] test n219contains_nearby_duplicate::tests::test219 ... ok
[INFO] [stdout] test n205is_isomorphic::tests::test205 ... ok
[INFO] [stdout] test n198rob::tests::test198 ... ok
[INFO] [stdout] test n206reverse_list::tests::test1 ... ok
[INFO] [stdout] test n226invert_tree::tests::test226 ... ok
[INFO] [stdout] test n231is_power_of_two::tests::test231 ... ok
[INFO] [stdout] test n232my_queue::tests::test232 ... ok
[INFO] [stdout] test n257binary_tree_paths::tests::test257 ... ok
[INFO] [stdout] test n263is_ugly::tests::test263 ... ok
[INFO] [stdout] test n292can_win_nim::tests::test292 ... ok
[INFO] [stdout] test n290word_pattern::tests::test290 ... ok
[INFO] [stdout] test n258add_digits::tests::test258 ... ok
[INFO] [stdout] test n299get_hint::tests::test299 ... ok
[INFO] [stdout] test n303num_array::tests::test303 ... ok
[INFO] [stdout] test n342is_power_of_four::tests::test342 ... ok
[INFO] [stdout] test n367is_perfect_square::tests::test367 ... ok
[INFO] [stdout] test n345reverse_vowels::tests::test345 ... ok
[INFO] [stdout] test n349intersection::tests::test349 ... ok
[INFO] [stdout] test n371get_sum::tests::test371 ... ok
[INFO] [stdout] test n389find_the_difference::tests::test389 ... ok
[INFO] [stdout] test n383can_construct::tests::test383 ... ok
[INFO] [stdout] test n392is_subsequence::tests::test_is_subsequence ... ok
[INFO] [stdout] test n404sum_of_left_leaves::tests::test404 ... ok
[INFO] [stdout] test n405to_hex::tests::test405 ... ok
[INFO] [stdout] test n414third_max::tests::test414 ... ok
[INFO] [stdout] test n434count_segments::tests::test434 ... ok
[INFO] [stdout] test n441arrange_coins::tests::test441 ... ok
[INFO] [stdout] test n443compress::tests::test443 ... ok
[INFO] [stdout] test n447number_of_boomerangs::tests::test447 ... ok
[INFO] [stdout] test n448find_disappeared_numbers::tests::test448 ... ok
[INFO] [stdout] test n409longest_palindrome::tests::test409 ... ok
[INFO] [stdout] test n876middle_node::tests::test1 ... ok
[INFO] [stdout] test n876middle_node::tests::test2 ... ok
[INFO] [stdout] test n463island_perimeter::tests::test463 ... ok
[INFO] [stdout] test interview::i13moving_count::tests::i13 ... FAILED
[INFO] [stdout] test n004find_median_sorted_arrays::tests::test004 ... FAILED
[INFO] [stdout] test n225my_stack::tests::test225 ... FAILED
[INFO] [stdout] test n401read_binary_watch::tests::test401 ... FAILED
[INFO] [stdout] test n437path_sum::tests::test437 ... FAILED
[INFO] [stdout] 
[INFO] [stdout] failures:
[INFO] [stdout] 
[INFO] [stdout] ---- interview::i13moving_count::tests::i13 stdout ----
[INFO] [stdout] thread 'interview::i13moving_count::tests::i13' panicked at src/interview/i13moving_count.rs:58:9:
[INFO] [stdout] assertion `left == right` failed
[INFO] [stdout]   left: 0
[INFO] [stdout]  right: 2
[INFO] [stdout] stack backtrace:
[INFO] [stdout]    0:     0x6331b11152ba - std::backtrace_rs::backtrace::libunwind::trace::h207520d6e9873551
[INFO] [stdout]                                at /rustc/df4ca44d3fbc9301ee17f30f4d474e6ae4b05252/library/std/src/../../backtrace/src/backtrace/libunwind.rs:116:5
[INFO] [stdout]    1:     0x6331b11152ba - std::backtrace_rs::backtrace::trace_unsynchronized::h2ed7433f370e3eca
[INFO] [stdout]                                at /rustc/df4ca44d3fbc9301ee17f30f4d474e6ae4b05252/library/std/src/../../backtrace/src/backtrace/mod.rs:66:5
[INFO] [stdout]    2:     0x6331b11152ba - std::sys::backtrace::_print_fmt::h916fac51166b18d7
[INFO] [stdout]                                at /rustc/df4ca44d3fbc9301ee17f30f4d474e6ae4b05252/library/std/src/sys/backtrace.rs:66:9
[INFO] [stdout]    3:     0x6331b11152ba - <std::sys::backtrace::BacktraceLock::print::DisplayBacktrace as core::fmt::Display>::fmt::ha0a4c9b8ce3802e6
[INFO] [stdout]                                at /rustc/df4ca44d3fbc9301ee17f30f4d474e6ae4b05252/library/std/src/sys/backtrace.rs:39:26
[INFO] [stdout]    4:     0x6331b113bdf3 - core::fmt::rt::Argument::fmt::h4cfc8587d52b3eb5
[INFO] [stdout]                                at /rustc/df4ca44d3fbc9301ee17f30f4d474e6ae4b05252/library/core/src/fmt/rt.rs:177:76
[INFO] [stdout]    5:     0x6331b113bdf3 - core::fmt::write::h522cc39e5b36ae9f
[INFO] [stdout]                                at /rustc/df4ca44d3fbc9301ee17f30f4d474e6ae4b05252/library/core/src/fmt/mod.rs:1190:21
[INFO] [stdout]    6:     0x6331b1111f23 - std::io::Write::write_fmt::h7d3c26752da97734
[INFO] [stdout]                                at /rustc/df4ca44d3fbc9301ee17f30f4d474e6ae4b05252/library/std/src/io/mod.rs:1839:15
[INFO] [stdout]    7:     0x6331b1115102 - std::sys::backtrace::BacktraceLock::print::h4b9e00b29e9c0942
[INFO] [stdout]                                at /rustc/df4ca44d3fbc9301ee17f30f4d474e6ae4b05252/library/std/src/sys/backtrace.rs:42:9
[INFO] [stdout]    8:     0x6331b111674a - std::panicking::default_hook::{{closure}}::hb59b88280d0324d9
[INFO] [stdout]                                at /rustc/df4ca44d3fbc9301ee17f30f4d474e6ae4b05252/library/std/src/panicking.rs:268:22
[INFO] [stdout]    9:     0x6331b1116554 - std::panicking::default_hook::he1dd496665be4a29
[INFO] [stdout]                                at /rustc/df4ca44d3fbc9301ee17f30f4d474e6ae4b05252/library/std/src/panicking.rs:292:9
[INFO] [stdout]   10:     0x6331b10e0349 - <alloc::boxed::Box<F,A> as core::ops::function::Fn<Args>>::call::h4ff71de18744e1dc
[INFO] [stdout]                                at /rustc/df4ca44d3fbc9301ee17f30f4d474e6ae4b05252/library/alloc/src/boxed.rs:2468:9
[INFO] [stdout]   11:     0x6331b10e0349 - test::test_main::{{closure}}::hcf7c055ce117aa81
[INFO] [stdout]                                at /rustc/df4ca44d3fbc9301ee17f30f4d474e6ae4b05252/library/test/src/lib.rs:133:21
[INFO] [stdout]   12:     0x6331b1116e48 - <alloc::boxed::Box<F,A> as core::ops::function::Fn<Args>>::call::h1d66c6bbd60c9692
[INFO] [stdout]                                at /rustc/df4ca44d3fbc9301ee17f30f4d474e6ae4b05252/library/alloc/src/boxed.rs:2468:9
[INFO] [stdout]   13:     0x6331b1116e48 - std::panicking::rust_panic_with_hook::h2ff17fe8f26dfcf8
[INFO] [stdout]                                at /rustc/df4ca44d3fbc9301ee17f30f4d474e6ae4b05252/library/std/src/panicking.rs:809:13
[INFO] [stdout]   14:     0x6331b1116c0a - std::panicking::begin_panic_handler::{{closure}}::h4fad77951c07e101
[INFO] [stdout]                                at /rustc/df4ca44d3fbc9301ee17f30f4d474e6ae4b05252/library/std/src/panicking.rs:674:13
[INFO] [stdout]   15:     0x6331b1115799 - std::sys::backtrace::__rust_end_short_backtrace::hb1a25b3da5d0ea08
[INFO] [stdout]                                at /rustc/df4ca44d3fbc9301ee17f30f4d474e6ae4b05252/library/std/src/sys/backtrace.rs:170:18
[INFO] [stdout]   16:     0x6331b111689c - rust_begin_unwind
[INFO] [stdout]                                at /rustc/df4ca44d3fbc9301ee17f30f4d474e6ae4b05252/library/std/src/panicking.rs:665:5
[INFO] [stdout]   17:     0x6331b113a510 - core::panicking::panic_fmt::ha9db07b529f9b256
[INFO] [stdout]                                at /rustc/df4ca44d3fbc9301ee17f30f4d474e6ae4b05252/library/core/src/panicking.rs:75:14
[INFO] [stdout]   18:     0x6331b113a8db - core::panicking::assert_failed_inner::h04f38944d74a80a8
[INFO] [stdout]   19:     0x6331b106f5f3 - core::panicking::assert_failed::hdeccdb8d9027cdc8
[INFO] [stdout]                                at /rustc/df4ca44d3fbc9301ee17f30f4d474e6ae4b05252/library/core/src/panicking.rs:377:5
[INFO] [stdout]   20:     0x6331b108dd95 - algo::interview::i13moving_count::tests::i13::hc31460f4eea29d02
[INFO] [stdout]                                at /opt/rustwide/workdir/src/interview/i13moving_count.rs:58:9
[INFO] [stdout]   21:     0x6331b108dd17 - algo::interview::i13moving_count::tests::i13::{{closure}}::h877fecd4fe4a0566
[INFO] [stdout]                                at /opt/rustwide/workdir/src/interview/i13moving_count.rs:57:17
[INFO] [stdout]   22:     0x6331b1048606 - core::ops::function::FnOnce::call_once::h57ed737baf593218
[INFO] [stdout]                                at /rustc/df4ca44d3fbc9301ee17f30f4d474e6ae4b05252/library/core/src/ops/function.rs:250:5
[INFO] [stdout]   23:     0x6331b10e4c1b - core::ops::function::FnOnce::call_once::h22c3ba5715e93f05
[INFO] [stdout]                                at /rustc/df4ca44d3fbc9301ee17f30f4d474e6ae4b05252/library/core/src/ops/function.rs:250:5
[INFO] [stdout]   24:     0x6331b10e4c1b - test::__rust_begin_short_backtrace::h8e82d8113d0da17f
[INFO] [stdout]                                at /rustc/df4ca44d3fbc9301ee17f30f4d474e6ae4b05252/library/test/src/lib.rs:621:18
[INFO] [stdout]   25:     0x6331b10e4597 - test::run_test_in_process::{{closure}}::h33235f4f20b7b7c7
[INFO] [stdout]                                at /rustc/df4ca44d3fbc9301ee17f30f4d474e6ae4b05252/library/test/src/lib.rs:644:60
[INFO] [stdout]   26:     0x6331b10e4597 - <core::panic::unwind_safe::AssertUnwindSafe<F> as core::ops::function::FnOnce<()>>::call_once::hb5043206310c586f
[INFO] [stdout]                                at /rustc/df4ca44d3fbc9301ee17f30f4d474e6ae4b05252/library/core/src/panic/unwind_safe.rs:272:9
[INFO] [stdout]   27:     0x6331b10e4597 - std::panicking::try::do_call::h9ad4731a60ab23e2
[INFO] [stdout]                                at /rustc/df4ca44d3fbc9301ee17f30f4d474e6ae4b05252/library/std/src/panicking.rs:557:40
[INFO] [stdout]   28:     0x6331b10e4597 - std::panicking::try::h3824d23db772a716
[INFO] [stdout]                                at /rustc/df4ca44d3fbc9301ee17f30f4d474e6ae4b05252/library/std/src/panicking.rs:520:19
[INFO] [stdout]   29:     0x6331b10e4597 - std::panic::catch_unwind::h5afd514605fde46b
[INFO] [stdout]                                at /rustc/df4ca44d3fbc9301ee17f30f4d474e6ae4b05252/library/std/src/panic.rs:358:14
[INFO] [stdout]   30:     0x6331b10e4597 - test::run_test_in_process::h0d5cbfa7067d1720
[INFO] [stdout]                                at /rustc/df4ca44d3fbc9301ee17f30f4d474e6ae4b05252/library/test/src/lib.rs:644:27
[INFO] [stdout]   31:     0x6331b10e4597 - test::run_test::{{closure}}::h708eb8872708115d
[INFO] [stdout]                                at /rustc/df4ca44d3fbc9301ee17f30f4d474e6ae4b05252/library/test/src/lib.rs:565:43
[INFO] [stdout]   32:     0x6331b10a7cb4 - test::run_test::{{closure}}::h392c51cee94713ab
[INFO] [stdout]                                at /rustc/df4ca44d3fbc9301ee17f30f4d474e6ae4b05252/library/test/src/lib.rs:595:41
[INFO] [stdout]   33:     0x6331b10a7cb4 - std::sys::backtrace::__rust_begin_short_backtrace::h2f40290710935a8b
[INFO] [stdout]                                at /rustc/df4ca44d3fbc9301ee17f30f4d474e6ae4b05252/library/std/src/sys/backtrace.rs:154:18
[INFO] [stdout]   34:     0x6331b10ab45e - std::thread::Builder::spawn_unchecked_::{{closure}}::{{closure}}::h3fd968d89053a903
[INFO] [stdout]                                at /rustc/df4ca44d3fbc9301ee17f30f4d474e6ae4b05252/library/std/src/thread/mod.rs:541:17
[INFO] [stdout]   35:     0x6331b10ab45e - <core::panic::unwind_safe::AssertUnwindSafe<F> as core::ops::function::FnOnce<()>>::call_once::h743f637ba4229880
[INFO] [stdout]                                at /rustc/df4ca44d3fbc9301ee17f30f4d474e6ae4b05252/library/core/src/panic/unwind_safe.rs:272:9
[INFO] [stdout]   36:     0x6331b10ab45e - std::panicking::try::do_call::h07440897322525a6
[INFO] [stdout]                                at /rustc/df4ca44d3fbc9301ee17f30f4d474e6ae4b05252/library/std/src/panicking.rs:557:40
[INFO] [stdout]   37:     0x6331b10ab45e - std::panicking::try::he5a2e00188156637
[INFO] [stdout]                                at /rustc/df4ca44d3fbc9301ee17f30f4d474e6ae4b05252/library/std/src/panicking.rs:520:19
[INFO] [stdout]   38:     0x6331b10ab45e - std::panic::catch_unwind::hbaf3cae49b3c6433
[INFO] [stdout]                                at /rustc/df4ca44d3fbc9301ee17f30f4d474e6ae4b05252/library/std/src/panic.rs:358:14
[INFO] [stdout]   39:     0x6331b10ab45e - std::thread::Builder::spawn_unchecked_::{{closure}}::h8e141ea224820bce
[INFO] [stdout]                                at /rustc/df4ca44d3fbc9301ee17f30f4d474e6ae4b05252/library/std/src/thread/mod.rs:540:30
[INFO] [stdout]   40:     0x6331b10ab45e - core::ops::function::FnOnce::call_once{{vtable.shim}}::h90d312fedd7b8ea8
[INFO] [stdout]                                at /rustc/df4ca44d3fbc9301ee17f30f4d474e6ae4b05252/library/core/src/ops/function.rs:250:5
[INFO] [stdout]   41:     0x6331b111ac3b - <alloc::boxed::Box<F,A> as core::ops::function::FnOnce<Args>>::call_once::h69aa08ddb6adb8b6
[INFO] [stdout]                                at /rustc/df4ca44d3fbc9301ee17f30f4d474e6ae4b05252/library/alloc/src/boxed.rs:2454:9
[INFO] [stdout]   42:     0x6331b111ac3b - <alloc::boxed::Box<F,A> as core::ops::function::FnOnce<Args>>::call_once::h5aa36efdb79c806f
[INFO] [stdout]                                at /rustc/df4ca44d3fbc9301ee17f30f4d474e6ae4b05252/library/alloc/src/boxed.rs:2454:9
[INFO] [stdout]   43:     0x6331b111ac3b - std::sys::pal::unix::thread::Thread::new::thread_start::h6cd80a1b4be5158d
[INFO] [stdout]                                at /rustc/df4ca44d3fbc9301ee17f30f4d474e6ae4b05252/library/std/src/sys/pal/unix/thread.rs:105:17
[INFO] [stdout]   44:     0x7c0705338ac3 - <unknown>
[INFO] [stdout]   45:     0x7c07053c9a04 - clone
[INFO] [stdout]   46:                0x0 - <unknown>
[INFO] [stdout] 
[INFO] [stdout] ---- n004find_median_sorted_arrays::tests::test004 stdout ----
[INFO] [stdout] thread 'n004find_median_sorted_arrays::tests::test004' panicked at src/n004find_median_sorted_arrays.rs:5:9:
[INFO] [stdout] not implemented
[INFO] [stdout] stack backtrace:
[INFO] [stdout]    0:     0x6331b11152ba - std::backtrace_rs::backtrace::libunwind::trace::h207520d6e9873551
[INFO] [stdout]                                at /rustc/df4ca44d3fbc9301ee17f30f4d474e6ae4b05252/library/std/src/../../backtrace/src/backtrace/libunwind.rs:116:5
[INFO] [stdout]    1:     0x6331b11152ba - std::backtrace_rs::backtrace::trace_unsynchronized::h2ed7433f370e3eca
[INFO] [stdout]                                at /rustc/df4ca44d3fbc9301ee17f30f4d474e6ae4b05252/library/std/src/../../backtrace/src/backtrace/mod.rs:66:5
[INFO] [stdout]    2:     0x6331b11152ba - std::sys::backtrace::_print_fmt::h916fac51166b18d7
[INFO] [stdout]                                at /rustc/df4ca44d3fbc9301ee17f30f4d474e6ae4b05252/library/std/src/sys/backtrace.rs:66:9
[INFO] [stdout]    3:     0x6331b11152ba - <std::sys::backtrace::BacktraceLock::print::DisplayBacktrace as core::fmt::Display>::fmt::ha0a4c9b8ce3802e6
[INFO] [stdout]                                at /rustc/df4ca44d3fbc9301ee17f30f4d474e6ae4b05252/library/std/src/sys/backtrace.rs:39:26
[INFO] [stdout]    4:     0x6331b113bdf3 - core::fmt::rt::Argument::fmt::h4cfc8587d52b3eb5
[INFO] [stdout]                                at /rustc/df4ca44d3fbc9301ee17f30f4d474e6ae4b05252/library/core/src/fmt/rt.rs:177:76
[INFO] [stdout]    5:     0x6331b113bdf3 - core::fmt::write::h522cc39e5b36ae9f
[INFO] [stdout]                                at /rustc/df4ca44d3fbc9301ee17f30f4d474e6ae4b05252/library/core/src/fmt/mod.rs:1190:21
[INFO] [stdout]    6:     0x6331b1111f23 - std::io::Write::write_fmt::h7d3c26752da97734
[INFO] [stdout]                                at /rustc/df4ca44d3fbc9301ee17f30f4d474e6ae4b05252/library/std/src/io/mod.rs:1839:15
[INFO] [stdout]    7:     0x6331b1115102 - std::sys::backtrace::BacktraceLock::print::h4b9e00b29e9c0942
[INFO] [stdout]                                at /rustc/df4ca44d3fbc9301ee17f30f4d474e6ae4b05252/library/std/src/sys/backtrace.rs:42:9
[INFO] [stdout]    8:     0x6331b111674a - std::panicking::default_hook::{{closure}}::hb59b88280d0324d9
[INFO] [stdout]                                at /rustc/df4ca44d3fbc9301ee17f30f4d474e6ae4b05252/library/std/src/panicking.rs:268:22
[INFO] [stdout]    9:     0x6331b1116554 - std::panicking::default_hook::he1dd496665be4a29
[INFO] [stdout]                                at /rustc/df4ca44d3fbc9301ee17f30f4d474e6ae4b05252/library/std/src/panicking.rs:292:9
[INFO] [stdout]   10:     0x6331b10e0349 - <alloc::boxed::Box<F,A> as core::ops::function::Fn<Args>>::call::h4ff71de18744e1dc
[INFO] [stdout]                                at /rustc/df4ca44d3fbc9301ee17f30f4d474e6ae4b05252/library/alloc/src/boxed.rs:2468:9
[INFO] [stdout]   11:     0x6331b10e0349 - test::test_main::{{closure}}::hcf7c055ce117aa81
[INFO] [stdout]                                at /rustc/df4ca44d3fbc9301ee17f30f4d474e6ae4b05252/library/test/src/lib.rs:133:21
[INFO] [stdout]   12:     0x6331b1116e48 - <alloc::boxed::Box<F,A> as core::ops::function::Fn<Args>>::call::h1d66c6bbd60c9692
[INFO] [stdout]                                at /rustc/df4ca44d3fbc9301ee17f30f4d474e6ae4b05252/library/alloc/src/boxed.rs:2468:9
[INFO] [stdout]   13:     0x6331b1116e48 - std::panicking::rust_panic_with_hook::h2ff17fe8f26dfcf8
[INFO] [stdout]                                at /rustc/df4ca44d3fbc9301ee17f30f4d474e6ae4b05252/library/std/src/panicking.rs:809:13
[INFO] [stdout]   14:     0x6331b1116bd6 - std::panicking::begin_panic_handler::{{closure}}::h4fad77951c07e101
[INFO] [stdout]                                at /rustc/df4ca44d3fbc9301ee17f30f4d474e6ae4b05252/library/std/src/panicking.rs:667:13
[INFO] [stdout]   15:     0x6331b1115799 - std::sys::backtrace::__rust_end_short_backtrace::hb1a25b3da5d0ea08
[INFO] [stdout]                                at /rustc/df4ca44d3fbc9301ee17f30f4d474e6ae4b05252/library/std/src/sys/backtrace.rs:170:18
[INFO] [stdout]   16:     0x6331b111689c - rust_begin_unwind
[INFO] [stdout]                                at /rustc/df4ca44d3fbc9301ee17f30f4d474e6ae4b05252/library/std/src/panicking.rs:665:5
[INFO] [stdout]   17:     0x6331b113a510 - core::panicking::panic_fmt::ha9db07b529f9b256
[INFO] [stdout]                                at /rustc/df4ca44d3fbc9301ee17f30f4d474e6ae4b05252/library/core/src/panicking.rs:75:14
[INFO] [stdout]   18:     0x6331b113a59c - core::panicking::panic::h993086813d94accc
[INFO] [stdout]                                at /rustc/df4ca44d3fbc9301ee17f30f4d474e6ae4b05252/library/core/src/panicking.rs:152:5
[INFO] [stdout]   19:     0x6331b105164a - algo::n004find_median_sorted_arrays::Solution::find_median_sorted_arrays::hae2de817ca08da99
[INFO] [stdout]                                at /opt/rustwide/workdir/src/n004find_median_sorted_arrays.rs:5:9
[INFO] [stdout]   20:     0x6331b104d687 - algo::n004find_median_sorted_arrays::tests::test004::h9fe0802449923f76
[INFO] [stdout]                                at /opt/rustwide/workdir/src/n004find_median_sorted_arrays.rs:18:26
[INFO] [stdout]   21:     0x6331b104d537 - algo::n004find_median_sorted_arrays::tests::test004::{{closure}}::he97a44cd84db9522
[INFO] [stdout]                                at /opt/rustwide/workdir/src/n004find_median_sorted_arrays.rs:14:21
[INFO] [stdout]   22:     0x6331b10489a6 - core::ops::function::FnOnce::call_once::h733b46a02fd8d43e
[INFO] [stdout]                                at /rustc/df4ca44d3fbc9301ee17f30f4d474e6ae4b05252/library/core/src/ops/function.rs:250:5
[INFO] [stdout]   23:     0x6331b10e4c1b - core::ops::function::FnOnce::call_once::h22c3ba5715e93f05
[INFO] [stdout]                                at /rustc/df4ca44d3fbc9301ee17f30f4d474e6ae4b05252/library/core/src/ops/function.rs:250:5
[INFO] [stdout]   24:     0x6331b10e4c1b - test::__rust_begin_short_backtrace::h8e82d8113d0da17f
[INFO] [stdout]                                at /rustc/df4ca44d3fbc9301ee17f30f4d474e6ae4b05252/library/test/src/lib.rs:621:18
[INFO] [stdout]   25:     0x6331b10e4597 - test::run_test_in_process::{{closure}}::h33235f4f20b7b7c7
[INFO] [stdout]                                at /rustc/df4ca44d3fbc9301ee17f30f4d474e6ae4b05252/library/test/src/lib.rs:644:60
[INFO] [stdout]   26:     0x6331b10e4597 - <core::panic::unwind_safe::AssertUnwindSafe<F> as core::ops::function::FnOnce<()>>::call_once::hb5043206310c586f
[INFO] [stdout]                                at /rustc/df4ca44d3fbc9301ee17f30f4d474e6ae4b05252/library/core/src/panic/unwind_safe.rs:272:9
[INFO] [stdout]   27:     0x6331b10e4597 - std::panicking::try::do_call::h9ad4731a60ab23e2
[INFO] [stdout]                                at /rustc/df4ca44d3fbc9301ee17f30f4d474e6ae4b05252/library/std/src/panicking.rs:557:40
[INFO] [stdout]   28:     0x6331b10e4597 - std::panicking::try::h3824d23db772a716
[INFO] [stdout]                                at /rustc/df4ca44d3fbc9301ee17f30f4d474e6ae4b05252/library/std/src/panicking.rs:520:19
[INFO] [stdout]   29:     0x6331b10e4597 - std::panic::catch_unwind::h5afd514605fde46b
[INFO] [stdout]                                at /rustc/df4ca44d3fbc9301ee17f30f4d474e6ae4b05252/library/std/src/panic.rs:358:14
[INFO] [stdout]   30:     0x6331b10e4597 - test::run_test_in_process::h0d5cbfa7067d1720
[INFO] [stdout]                                at /rustc/df4ca44d3fbc9301ee17f30f4d474e6ae4b05252/library/test/src/lib.rs:644:27
[INFO] [stdout]   31:     0x6331b10e4597 - test::run_test::{{closure}}::h708eb8872708115d
[INFO] [stdout]                                at /rustc/df4ca44d3fbc9301ee17f30f4d474e6ae4b05252/library/test/src/lib.rs:565:43
[INFO] [stdout]   32:     0x6331b10a7cb4 - test::run_test::{{closure}}::h392c51cee94713ab
[INFO] [stdout]                                at /rustc/df4ca44d3fbc9301ee17f30f4d474e6ae4b05252/library/test/src/lib.rs:595:41
[INFO] [stdout]   33:     0x6331b10a7cb4 - std::sys::backtrace::__rust_begin_short_backtrace::h2f40290710935a8b
[INFO] [stdout]                                at /rustc/df4ca44d3fbc9301ee17f30f4d474e6ae4b05252/library/std/src/sys/backtrace.rs:154:18
[INFO] [stdout]   34:     0x6331b10ab45e - std::thread::Builder::spawn_unchecked_::{{closure}}::{{closure}}::h3fd968d89053a903
[INFO] [stdout]                                at /rustc/df4ca44d3fbc9301ee17f30f4d474e6ae4b05252/library/std/src/thread/mod.rs:541:17
[INFO] [stdout]   35:     0x6331b10ab45e - <core::panic::unwind_safe::AssertUnwindSafe<F> as core::ops::function::FnOnce<()>>::call_once::h743f637ba4229880
[INFO] [stdout]                                at /rustc/df4ca44d3fbc9301ee17f30f4d474e6ae4b05252/library/core/src/panic/unwind_safe.rs:272:9
[INFO] [stdout]   36:     0x6331b10ab45e - std::panicking::try::do_call::h07440897322525a6
[INFO] [stdout]                                at /rustc/df4ca44d3fbc9301ee17f30f4d474e6ae4b05252/library/std/src/panicking.rs:557:40
[INFO] [stdout]   37:     0x6331b10ab45e - std::panicking::try::he5a2e00188156637
[INFO] [stdout]                                at /rustc/df4ca44d3fbc9301ee17f30f4d474e6ae4b05252/library/std/src/panicking.rs:520:19
[INFO] [stdout]   38:     0x6331b10ab45e - std::panic::catch_unwind::hbaf3cae49b3c6433
[INFO] [stdout]                                at /rustc/df4ca44d3fbc9301ee17f30f4d474e6ae4b05252/library/std/src/panic.rs:358:14
[INFO] [stdout]   39:     0x6331b10ab45e - std::thread::Builder::spawn_unchecked_::{{closure}}::h8e141ea224820bce
[INFO] [stdout]                                at /rustc/df4ca44d3fbc9301ee17f30f4d474e6ae4b05252/library/std/src/thread/mod.rs:540:30
[INFO] [stdout]   40:     0x6331b10ab45e - core::ops::function::FnOnce::call_once{{vtable.shim}}::h90d312fedd7b8ea8
[INFO] [stdout]                                at /rustc/df4ca44d3fbc9301ee17f30f4d474e6ae4b05252/library/core/src/ops/function.rs:250:5
[INFO] [stdout]   41:     0x6331b111ac3b - <alloc::boxed::Box<F,A> as core::ops::function::FnOnce<Args>>::call_once::h69aa08ddb6adb8b6
[INFO] [stdout]                                at /rustc/df4ca44d3fbc9301ee17f30f4d474e6ae4b05252/library/alloc/src/boxed.rs:2454:9
[INFO] [stdout]   42:     0x6331b111ac3b - <alloc::boxed::Box<F,A> as core::ops::function::FnOnce<Args>>::call_once::h5aa36efdb79c806f
[INFO] [stdout]                                at /rustc/df4ca44d3fbc9301ee17f30f4d474e6ae4b05252/library/alloc/src/boxed.rs:2454:9
[INFO] [stdout]   43:     0x6331b111ac3b - std::sys::pal::unix::thread::Thread::new::thread_start::h6cd80a1b4be5158d
[INFO] [stdout]                                at /rustc/df4ca44d3fbc9301ee17f30f4d474e6ae4b05252/library/std/src/sys/pal/unix/thread.rs:105:17
[INFO] [stdout]   44:     0x7c0705338ac3 - <unknown>
[INFO] [stdout]   45:     0x7c07053c9a04 - clone
[INFO] [stdout]   46:                0x0 - <unknown>
[INFO] [stdout] 
[INFO] [stdout] ---- n225my_stack::tests::test225 stdout ----
[INFO] [stdout] thread 'n225my_stack::tests::test225' panicked at src/n225my_stack.rs:52:9:
[INFO] [stdout] assertion `left == right` failed
[INFO] [stdout]   left: 2
[INFO] [stdout]  right: 1
[INFO] [stdout] stack backtrace:
[INFO] [stdout]    0:     0x6331b11152ba - std::backtrace_rs::backtrace::libunwind::trace::h207520d6e9873551
[INFO] [stdout]                                at /rustc/df4ca44d3fbc9301ee17f30f4d474e6ae4b05252/library/std/src/../../backtrace/src/backtrace/libunwind.rs:116:5
[INFO] [stdout]    1:     0x6331b11152ba - std::backtrace_rs::backtrace::trace_unsynchronized::h2ed7433f370e3eca
[INFO] [stdout]                                at /rustc/df4ca44d3fbc9301ee17f30f4d474e6ae4b05252/library/std/src/../../backtrace/src/backtrace/mod.rs:66:5
[INFO] [stdout]    2:     0x6331b11152ba - std::sys::backtrace::_print_fmt::h916fac51166b18d7
[INFO] [stdout]                                at /rustc/df4ca44d3fbc9301ee17f30f4d474e6ae4b05252/library/std/src/sys/backtrace.rs:66:9
[INFO] [stdout]    3:     0x6331b11152ba - <std::sys::backtrace::BacktraceLock::print::DisplayBacktrace as core::fmt::Display>::fmt::ha0a4c9b8ce3802e6
[INFO] [stdout]                                at /rustc/df4ca44d3fbc9301ee17f30f4d474e6ae4b05252/library/std/src/sys/backtrace.rs:39:26
[INFO] [stdout]    4:     0x6331b113bdf3 - core::fmt::rt::Argument::fmt::h4cfc8587d52b3eb5
[INFO] [stdout]                                at /rustc/df4ca44d3fbc9301ee17f30f4d474e6ae4b05252/library/core/src/fmt/rt.rs:177:76
[INFO] [stdout]    5:     0x6331b113bdf3 - core::fmt::write::h522cc39e5b36ae9f
[INFO] [stdout]                                at /rustc/df4ca44d3fbc9301ee17f30f4d474e6ae4b05252/library/core/src/fmt/mod.rs:1190:21
[INFO] [stdout]    6:     0x6331b1111f23 - std::io::Write::write_fmt::h7d3c26752da97734
[INFO] [stdout]                                at /rustc/df4ca44d3fbc9301ee17f30f4d474e6ae4b05252/library/std/src/io/mod.rs:1839:15
[INFO] [stdout]    7:     0x6331b1115102 - std::sys::backtrace::BacktraceLock::print::h4b9e00b29e9c0942
[INFO] [stdout]                                at /rustc/df4ca44d3fbc9301ee17f30f4d474e6ae4b05252/library/std/src/sys/backtrace.rs:42:9
[INFO] [stdout]    8:     0x6331b111674a - std::panicking::default_hook::{{closure}}::hb59b88280d0324d9
[INFO] [stdout]                                at /rustc/df4ca44d3fbc9301ee17f30f4d474e6ae4b05252/library/std/src/panicking.rs:268:22
[INFO] [stdout]    9:     0x6331b1116554 - std::panicking::default_hook::he1dd496665be4a29
[INFO] [stdout]                                at /rustc/df4ca44d3fbc9301ee17f30f4d474e6ae4b05252/library/std/src/panicking.rs:292:9
[INFO] [stdout]   10:     0x6331b10e0349 - <alloc::boxed::Box<F,A> as core::ops::function::Fn<Args>>::call::h4ff71de18744e1dc
[INFO] [stdout]                                at /rustc/df4ca44d3fbc9301ee17f30f4d474e6ae4b05252/library/alloc/src/boxed.rs:2468:9
[INFO] [stdout]   11:     0x6331b10e0349 - test::test_main::{{closure}}::hcf7c055ce117aa81
[INFO] [stdout]                                at /rustc/df4ca44d3fbc9301ee17f30f4d474e6ae4b05252/library/test/src/lib.rs:133:21
[INFO] [stdout]   12:     0x6331b1116e48 - <alloc::boxed::Box<F,A> as core::ops::function::Fn<Args>>::call::h1d66c6bbd60c9692
[INFO] [stdout]                                at /rustc/df4ca44d3fbc9301ee17f30f4d474e6ae4b05252/library/alloc/src/boxed.rs:2468:9
[INFO] [stdout]   13:     0x6331b1116e48 - std::panicking::rust_panic_with_hook::h2ff17fe8f26dfcf8
[INFO] [stdout]                                at /rustc/df4ca44d3fbc9301ee17f30f4d474e6ae4b05252/library/std/src/panicking.rs:809:13
[INFO] [stdout]   14:     0x6331b1116c0a - std::panicking::begin_panic_handler::{{closure}}::h4fad77951c07e101
[INFO] [stdout]                                at /rustc/df4ca44d3fbc9301ee17f30f4d474e6ae4b05252/library/std/src/panicking.rs:674:13
[INFO] [stdout]   15:     0x6331b1115799 - std::sys::backtrace::__rust_end_short_backtrace::hb1a25b3da5d0ea08
[INFO] [stdout]                                at /rustc/df4ca44d3fbc9301ee17f30f4d474e6ae4b05252/library/std/src/sys/backtrace.rs:170:18
[INFO] [stdout]   16:     0x6331b111689c - rust_begin_unwind
[INFO] [stdout]                                at /rustc/df4ca44d3fbc9301ee17f30f4d474e6ae4b05252/library/std/src/panicking.rs:665:5
[INFO] [stdout]   17:     0x6331b113a510 - core::panicking::panic_fmt::ha9db07b529f9b256
[INFO] [stdout]                                at /rustc/df4ca44d3fbc9301ee17f30f4d474e6ae4b05252/library/core/src/panicking.rs:75:14
[INFO] [stdout]   18:     0x6331b113a8db - core::panicking::assert_failed_inner::h04f38944d74a80a8
[INFO] [stdout]   19:     0x6331b106f5f3 - core::panicking::assert_failed::hdeccdb8d9027cdc8
[INFO] [stdout]                                at /rustc/df4ca44d3fbc9301ee17f30f4d474e6ae4b05252/library/core/src/panicking.rs:377:5
[INFO] [stdout]   20:     0x6331b1070efd - algo::n225my_stack::tests::test225::h43582ff2930743ab
[INFO] [stdout]                                at /opt/rustwide/workdir/src/n225my_stack.rs:52:9
[INFO] [stdout]   21:     0x6331b1070e17 - algo::n225my_stack::tests::test225::{{closure}}::h5f95c4c7fd9d5f5c
[INFO] [stdout]                                at /opt/rustwide/workdir/src/n225my_stack.rs:47:21
[INFO] [stdout]   22:     0x6331b1049656 - core::ops::function::FnOnce::call_once::he78d23dac4ca155f
[INFO] [stdout]                                at /rustc/df4ca44d3fbc9301ee17f30f4d474e6ae4b05252/library/core/src/ops/function.rs:250:5
[INFO] [stdout]   23:     0x6331b10e4c1b - core::ops::function::FnOnce::call_once::h22c3ba5715e93f05
[INFO] [stdout]                                at /rustc/df4ca44d3fbc9301ee17f30f4d474e6ae4b05252/library/core/src/ops/function.rs:250:5
[INFO] [stdout]   24:     0x6331b10e4c1b - test::__rust_begin_short_backtrace::h8e82d8113d0da17f
[INFO] [stdout]                                at /rustc/df4ca44d3fbc9301ee17f30f4d474e6ae4b05252/library/test/src/lib.rs:621:18
[INFO] [stdout]   25:     0x6331b10e4597 - test::run_test_in_process::{{closure}}::h33235f4f20b7b7c7
[INFO] [stdout]                                at /rustc/df4ca44d3fbc9301ee17f30f4d474e6ae4b05252/library/test/src/lib.rs:644:60
[INFO] [stdout]   26:     0x6331b10e4597 - <core::panic::unwind_safe::AssertUnwindSafe<F> as core::ops::function::FnOnce<()>>::call_once::hb5043206310c586f
[INFO] [stdout]                                at /rustc/df4ca44d3fbc9301ee17f30f4d474e6ae4b05252/library/core/src/panic/unwind_safe.rs:272:9
[INFO] [stdout]   27:     0x6331b10e4597 - std::panicking::try::do_call::h9ad4731a60ab23e2
[INFO] [stdout]                                at /rustc/df4ca44d3fbc9301ee17f30f4d474e6ae4b05252/library/std/src/panicking.rs:557:40
[INFO] [stdout]   28:     0x6331b10e4597 - std::panicking::try::h3824d23db772a716
[INFO] [stdout]                                at /rustc/df4ca44d3fbc9301ee17f30f4d474e6ae4b05252/library/std/src/panicking.rs:520:19
[INFO] [stdout]   29:     0x6331b10e4597 - std::panic::catch_unwind::h5afd514605fde46b
[INFO] [stdout]                                at /rustc/df4ca44d3fbc9301ee17f30f4d474e6ae4b05252/library/std/src/panic.rs:358:14
[INFO] [stdout]   30:     0x6331b10e4597 - test::run_test_in_process::h0d5cbfa7067d1720
[INFO] [stdout]                                at /rustc/df4ca44d3fbc9301ee17f30f4d474e6ae4b05252/library/test/src/lib.rs:644:27
[INFO] [stdout]   31:     0x6331b10e4597 - test::run_test::{{closure}}::h708eb8872708115d
[INFO] [stdout]                                at /rustc/df4ca44d3fbc9301ee17f30f4d474e6ae4b05252/library/test/src/lib.rs:565:43
[INFO] [stdout]   32:     0x6331b10a7cb4 - test::run_test::{{closure}}::h392c51cee94713ab
[INFO] [stdout]                                at /rustc/df4ca44d3fbc9301ee17f30f4d474e6ae4b05252/library/test/src/lib.rs:595:41
[INFO] [stdout]   33:     0x6331b10a7cb4 - std::sys::backtrace::__rust_begin_short_backtrace::h2f40290710935a8b
[INFO] [stdout]                                at /rustc/df4ca44d3fbc9301ee17f30f4d474e6ae4b05252/library/std/src/sys/backtrace.rs:154:18
[INFO] [stdout]   34:     0x6331b10ab45e - std::thread::Builder::spawn_unchecked_::{{closure}}::{{closure}}::h3fd968d89053a903
[INFO] [stdout]                                at /rustc/df4ca44d3fbc9301ee17f30f4d474e6ae4b05252/library/std/src/thread/mod.rs:541:17
[INFO] [stdout]   35:     0x6331b10ab45e - <core::panic::unwind_safe::AssertUnwindSafe<F> as core::ops::function::FnOnce<()>>::call_once::h743f637ba4229880
[INFO] [stdout]                                at /rustc/df4ca44d3fbc9301ee17f30f4d474e6ae4b05252/library/core/src/panic/unwind_safe.rs:272:9
[INFO] [stdout]   36:     0x6331b10ab45e - std::panicking::try::do_call::h07440897322525a6
[INFO] [stdout]                                at /rustc/df4ca44d3fbc9301ee17f30f4d474e6ae4b05252/library/std/src/panicking.rs:557:40
[INFO] [stdout]   37:     0x6331b10ab45e - std::panicking::try::he5a2e00188156637
[INFO] [stdout]                                at /rustc/df4ca44d3fbc9301ee17f30f4d474e6ae4b05252/library/std/src/panicking.rs:520:19
[INFO] [stdout]   38:     0x6331b10ab45e - std::panic::catch_unwind::hbaf3cae49b3c6433
[INFO] [stdout]                                at /rustc/df4ca44d3fbc9301ee17f30f4d474e6ae4b05252/library/std/src/panic.rs:358:14
[INFO] [stdout]   39:     0x6331b10ab45e - std::thread::Builder::spawn_unchecked_::{{closure}}::h8e141ea224820bce
[INFO] [stdout]                                at /rustc/df4ca44d3fbc9301ee17f30f4d474e6ae4b05252/library/std/src/thread/mod.rs:540:30
[INFO] [stdout]   40:     0x6331b10ab45e - core::ops::function::FnOnce::call_once{{vtable.shim}}::h90d312fedd7b8ea8
[INFO] [stdout]                                at /rustc/df4ca44d3fbc9301ee17f30f4d474e6ae4b05252/library/core/src/ops/function.rs:250:5
[INFO] [stdout]   41:     0x6331b111ac3b - <alloc::boxed::Box<F,A> as core::ops::function::FnOnce<Args>>::call_once::h69aa08ddb6adb8b6
[INFO] [stdout]                                at /rustc/df4ca44d3fbc9301ee17f30f4d474e6ae4b05252/library/alloc/src/boxed.rs:2454:9
[INFO] [stdout]   42:     0x6331b111ac3b - <alloc::boxed::Box<F,A> as core::ops::function::FnOnce<Args>>::call_once::h5aa36efdb79c806f
[INFO] [stdout]                                at /rustc/df4ca44d3fbc9301ee17f30f4d474e6ae4b05252/library/alloc/src/boxed.rs:2454:9
[INFO] [stdout]   43:     0x6331b111ac3b - std::sys::pal::unix::thread::Thread::new::thread_start::h6cd80a1b4be5158d
[INFO] [stdout]                                at /rustc/df4ca44d3fbc9301ee17f30f4d474e6ae4b05252/library/std/src/sys/pal/unix/thread.rs:105:17
[INFO] [stdout]   44:     0x7c0705338ac3 - <unknown>
[INFO] [stdout]   45:     0x7c07053c9a04 - clone
[INFO] [stdout]   46:                0x0 - <unknown>
[INFO] [stdout] 
[INFO] [stdout] ---- n401read_binary_watch::tests::test401 stdout ----
[INFO] [stdout] thread 'n401read_binary_watch::tests::test401' panicked at src/n401read_binary_watch.rs:39:9:
[INFO] [stdout] assertion `left == right` failed
[INFO] [stdout]   left: ["1:00", "2:00", "4:00", "8:00", "0:01", "0:02", "0:04", "0:08", "0:16", "0:32"]
[INFO] [stdout]  right: ["0:01", "0:02", "0:04", "0:08", "0:16", "0:32", "1:00", "2:00", "4:00", "8:00"]
[INFO] [stdout] stack backtrace:
[INFO] [stdout]    0:     0x6331b11152ba - std::backtrace_rs::backtrace::libunwind::trace::h207520d6e9873551
[INFO] [stdout]                                at /rustc/df4ca44d3fbc9301ee17f30f4d474e6ae4b05252/library/std/src/../../backtrace/src/backtrace/libunwind.rs:116:5
[INFO] [stdout]    1:     0x6331b11152ba - std::backtrace_rs::backtrace::trace_unsynchronized::h2ed7433f370e3eca
[INFO] [stdout]                                at /rustc/df4ca44d3fbc9301ee17f30f4d474e6ae4b05252/library/std/src/../../backtrace/src/backtrace/mod.rs:66:5
[INFO] [stdout]    2:     0x6331b11152ba - std::sys::backtrace::_print_fmt::h916fac51166b18d7
[INFO] [stdout]                                at /rustc/df4ca44d3fbc9301ee17f30f4d474e6ae4b05252/library/std/src/sys/backtrace.rs:66:9
[INFO] [stdout]    3:     0x6331b11152ba - <std::sys::backtrace::BacktraceLock::print::DisplayBacktrace as core::fmt::Display>::fmt::ha0a4c9b8ce3802e6
[INFO] [stdout]                                at /rustc/df4ca44d3fbc9301ee17f30f4d474e6ae4b05252/library/std/src/sys/backtrace.rs:39:26
[INFO] [stdout]    4:     0x6331b113bdf3 - core::fmt::rt::Argument::fmt::h4cfc8587d52b3eb5
[INFO] [stdout]                                at /rustc/df4ca44d3fbc9301ee17f30f4d474e6ae4b05252/library/core/src/fmt/rt.rs:177:76
[INFO] [stdout]    5:     0x6331b113bdf3 - core::fmt::write::h522cc39e5b36ae9f
[INFO] [stdout]                                at /rustc/df4ca44d3fbc9301ee17f30f4d474e6ae4b05252/library/core/src/fmt/mod.rs:1190:21
[INFO] [stdout]    6:     0x6331b1111f23 - std::io::Write::write_fmt::h7d3c26752da97734
[INFO] [stdout]                                at /rustc/df4ca44d3fbc9301ee17f30f4d474e6ae4b05252/library/std/src/io/mod.rs:1839:15
[INFO] [stdout]    7:     0x6331b1115102 - std::sys::backtrace::BacktraceLock::print::h4b9e00b29e9c0942
[INFO] [stdout]                                at /rustc/df4ca44d3fbc9301ee17f30f4d474e6ae4b05252/library/std/src/sys/backtrace.rs:42:9
[INFO] [stdout]    8:     0x6331b111674a - std::panicking::default_hook::{{closure}}::hb59b88280d0324d9
[INFO] [stdout]                                at /rustc/df4ca44d3fbc9301ee17f30f4d474e6ae4b05252/library/std/src/panicking.rs:268:22
[INFO] [stdout]    9:     0x6331b1116554 - std::panicking::default_hook::he1dd496665be4a29
[INFO] [stdout]                                at /rustc/df4ca44d3fbc9301ee17f30f4d474e6ae4b05252/library/std/src/panicking.rs:292:9
[INFO] [stdout]   10:     0x6331b10e0349 - <alloc::boxed::Box<F,A> as core::ops::function::Fn<Args>>::call::h4ff71de18744e1dc
[INFO] [stdout]                                at /rustc/df4ca44d3fbc9301ee17f30f4d474e6ae4b05252/library/alloc/src/boxed.rs:2468:9
[INFO] [stdout]   11:     0x6331b10e0349 - test::test_main::{{closure}}::hcf7c055ce117aa81
[INFO] [stdout]                                at /rustc/df4ca44d3fbc9301ee17f30f4d474e6ae4b05252/library/test/src/lib.rs:133:21
[INFO] [stdout]   12:     0x6331b1116e48 - <alloc::boxed::Box<F,A> as core::ops::function::Fn<Args>>::call::h1d66c6bbd60c9692
[INFO] [stdout]                                at /rustc/df4ca44d3fbc9301ee17f30f4d474e6ae4b05252/library/alloc/src/boxed.rs:2468:9
[INFO] [stdout]   13:     0x6331b1116e48 - std::panicking::rust_panic_with_hook::h2ff17fe8f26dfcf8
[INFO] [stdout]                                at /rustc/df4ca44d3fbc9301ee17f30f4d474e6ae4b05252/library/std/src/panicking.rs:809:13
[INFO] [stdout]   14:     0x6331b1116c0a - std::panicking::begin_panic_handler::{{closure}}::h4fad77951c07e101
[INFO] [stdout]                                at /rustc/df4ca44d3fbc9301ee17f30f4d474e6ae4b05252/library/std/src/panicking.rs:674:13
[INFO] [stdout]   15:     0x6331b1115799 - std::sys::backtrace::__rust_end_short_backtrace::hb1a25b3da5d0ea08
[INFO] [stdout]                                at /rustc/df4ca44d3fbc9301ee17f30f4d474e6ae4b05252/library/std/src/sys/backtrace.rs:170:18
[INFO] [stdout]   16:     0x6331b111689c - rust_begin_unwind
[INFO] [stdout]                                at /rustc/df4ca44d3fbc9301ee17f30f4d474e6ae4b05252/library/std/src/panicking.rs:665:5
[INFO] [stdout]   17:     0x6331b113a510 - core::panicking::panic_fmt::ha9db07b529f9b256
[INFO] [stdout]                                at /rustc/df4ca44d3fbc9301ee17f30f4d474e6ae4b05252/library/core/src/panicking.rs:75:14
[INFO] [stdout]   18:     0x6331b113a8db - core::panicking::assert_failed_inner::h04f38944d74a80a8
[INFO] [stdout]   19:     0x6331b106f441 - core::panicking::assert_failed::h0ae61eeb3d0274f5
[INFO] [stdout]                                at /rustc/df4ca44d3fbc9301ee17f30f4d474e6ae4b05252/library/core/src/panicking.rs:377:5
[INFO] [stdout]   20:     0x6331b1079969 - algo::n401read_binary_watch::tests::test401::h44a172e453631cc4
[INFO] [stdout]                                at /opt/rustwide/workdir/src/n401read_binary_watch.rs:39:9
[INFO] [stdout]   21:     0x6331b10794b7 - algo::n401read_binary_watch::tests::test401::{{closure}}::h59d5bb4631052ad1
[INFO] [stdout]                                at /opt/rustwide/workdir/src/n401read_binary_watch.rs:37:17
[INFO] [stdout]   22:     0x6331b1048a86 - core::ops::function::FnOnce::call_once::h7f5f5a94494b60b2
[INFO] [stdout]                                at /rustc/df4ca44d3fbc9301ee17f30f4d474e6ae4b05252/library/core/src/ops/function.rs:250:5
[INFO] [stdout]   23:     0x6331b10e4c1b - core::ops::function::FnOnce::call_once::h22c3ba5715e93f05
[INFO] [stdout]                                at /rustc/df4ca44d3fbc9301ee17f30f4d474e6ae4b05252/library/core/src/ops/function.rs:250:5
[INFO] [stdout]   24:     0x6331b10e4c1b - test::__rust_begin_short_backtrace::h8e82d8113d0da17f
[INFO] [stdout]                                at /rustc/df4ca44d3fbc9301ee17f30f4d474e6ae4b05252/library/test/src/lib.rs:621:18
[INFO] [stdout]   25:     0x6331b10e4597 - test::run_test_in_process::{{closure}}::h33235f4f20b7b7c7
[INFO] [stdout]                                at /rustc/df4ca44d3fbc9301ee17f30f4d474e6ae4b05252/library/test/src/lib.rs:644:60
[INFO] [stdout]   26:     0x6331b10e4597 - <core::panic::unwind_safe::AssertUnwindSafe<F> as core::ops::function::FnOnce<()>>::call_once::hb5043206310c586f
[INFO] [stdout]                                at /rustc/df4ca44d3fbc9301ee17f30f4d474e6ae4b05252/library/core/src/panic/unwind_safe.rs:272:9
[INFO] [stdout]   27:     0x6331b10e4597 - std::panicking::try::do_call::h9ad4731a60ab23e2
[INFO] [stdout]                                at /rustc/df4ca44d3fbc9301ee17f30f4d474e6ae4b05252/library/std/src/panicking.rs:557:40
[INFO] [stdout]   28:     0x6331b10e4597 - std::panicking::try::h3824d23db772a716
[INFO] [stdout]                                at /rustc/df4ca44d3fbc9301ee17f30f4d474e6ae4b05252/library/std/src/panicking.rs:520:19
[INFO] [stdout]   29:     0x6331b10e4597 - std::panic::catch_unwind::h5afd514605fde46b
[INFO] [stdout]                                at /rustc/df4ca44d3fbc9301ee17f30f4d474e6ae4b05252/library/std/src/panic.rs:358:14
[INFO] [stdout]   30:     0x6331b10e4597 - test::run_test_in_process::h0d5cbfa7067d1720
[INFO] [stdout]                                at /rustc/df4ca44d3fbc9301ee17f30f4d474e6ae4b05252/library/test/src/lib.rs:644:27
[INFO] [stdout]   31:     0x6331b10e4597 - test::run_test::{{closure}}::h708eb8872708115d
[INFO] [stdout]                                at /rustc/df4ca44d3fbc9301ee17f30f4d474e6ae4b05252/library/test/src/lib.rs:565:43
[INFO] [stdout]   32:     0x6331b10a7cb4 - test::run_test::{{closure}}::h392c51cee94713ab
[INFO] [stdout]                                at /rustc/df4ca44d3fbc9301ee17f30f4d474e6ae4b05252/library/test/src/lib.rs:595:41
[INFO] [stdout]   33:     0x6331b10a7cb4 - std::sys::backtrace::__rust_begin_short_backtrace::h2f40290710935a8b
[INFO] [stdout]                                at /rustc/df4ca44d3fbc9301ee17f30f4d474e6ae4b05252/library/std/src/sys/backtrace.rs:154:18
[INFO] [stdout]   34:     0x6331b10ab45e - std::thread::Builder::spawn_unchecked_::{{closure}}::{{closure}}::h3fd968d89053a903
[INFO] [stdout]                                at /rustc/df4ca44d3fbc9301ee17f30f4d474e6ae4b05252/library/std/src/thread/mod.rs:541:17
[INFO] [stdout]   35:     0x6331b10ab45e - <core::panic::unwind_safe::AssertUnwindSafe<F> as core::ops::function::FnOnce<()>>::call_once::h743f637ba4229880
[INFO] [stdout]                                at /rustc/df4ca44d3fbc9301ee17f30f4d474e6ae4b05252/library/core/src/panic/unwind_safe.rs:272:9
[INFO] [stdout]   36:     0x6331b10ab45e - std::panicking::try::do_call::h07440897322525a6
[INFO] [stdout]                                at /rustc/df4ca44d3fbc9301ee17f30f4d474e6ae4b05252/library/std/src/panicking.rs:557:40
[INFO] [stdout]   37:     0x6331b10ab45e - std::panicking::try::he5a2e00188156637
[INFO] [stdout]                                at /rustc/df4ca44d3fbc9301ee17f30f4d474e6ae4b05252/library/std/src/panicking.rs:520:19
[INFO] [stdout]   38:     0x6331b10ab45e - std::panic::catch_unwind::hbaf3cae49b3c6433
[INFO] [stdout]                                at /rustc/df4ca44d3fbc9301ee17f30f4d474e6ae4b05252/library/std/src/panic.rs:358:14
[INFO] [stdout]   39:     0x6331b10ab45e - std::thread::Builder::spawn_unchecked_::{{closure}}::h8e141ea224820bce
[INFO] [stdout]                                at /rustc/df4ca44d3fbc9301ee17f30f4d474e6ae4b05252/library/std/src/thread/mod.rs:540:30
[INFO] [stdout]   40:     0x6331b10ab45e - core::ops::function::FnOnce::call_once{{vtable.shim}}::h90d312fedd7b8ea8
[INFO] [stdout]                                at /rustc/df4ca44d3fbc9301ee17f30f4d474e6ae4b05252/library/core/src/ops/function.rs:250:5
[INFO] [stdout]   41:     0x6331b111ac3b - <alloc::boxed::Box<F,A> as core::ops::function::FnOnce<Args>>::call_once::h69aa08ddb6adb8b6
[INFO] [stderr] error: test failed, to rerun pass `--lib`
[INFO] [stdout]                                at /rustc/df4ca44d3fbc9301ee17f30f4d474e6ae4b05252/library/alloc/src/boxed.rs:2454:9
[INFO] [stdout]   42:     0x6331b111ac3b - <alloc::boxed::Box<F,A> as core::ops::function::FnOnce<Args>>::call_once::h5aa36efdb79c806f
[INFO] [stdout]                                at /rustc/df4ca44d3fbc9301ee17f30f4d474e6ae4b05252/library/alloc/src/boxed.rs:2454:9
[INFO] [stdout]   43:     0x6331b111ac3b - std::sys::pal::unix::thread::Thread::new::thread_start::h6cd80a1b4be5158d
[INFO] [stdout]                                at /rustc/df4ca44d3fbc9301ee17f30f4d474e6ae4b05252/library/std/src/sys/pal/unix/thread.rs:105:17
[INFO] [stdout]   44:     0x7c0705338ac3 - <unknown>
[INFO] [stdout]   45:     0x7c07053c9a04 - clone
[INFO] [stdout]   46:                0x0 - <unknown>
[INFO] [stdout] 
[INFO] [stdout] ---- n437path_sum::tests::test437 stdout ----
[INFO] [stdout] thread 'n437path_sum::tests::test437' panicked at src/n437path_sum.rs:49:9:
[INFO] [stdout] assertion `left == right` failed
[INFO] [stdout]   left: 3
[INFO] [stdout]  right: 0
[INFO] [stdout] stack backtrace:
[INFO] [stdout]    0:     0x6331b11152ba - std::backtrace_rs::backtrace::libunwind::trace::h207520d6e9873551
[INFO] [stdout]                                at /rustc/df4ca44d3fbc9301ee17f30f4d474e6ae4b05252/library/std/src/../../backtrace/src/backtrace/libunwind.rs:116:5
[INFO] [stdout]    1:     0x6331b11152ba - std::backtrace_rs::backtrace::trace_unsynchronized::h2ed7433f370e3eca
[INFO] [stdout]                                at /rustc/df4ca44d3fbc9301ee17f30f4d474e6ae4b05252/library/std/src/../../backtrace/src/backtrace/mod.rs:66:5
[INFO] [stdout]    2:     0x6331b11152ba - std::sys::backtrace::_print_fmt::h916fac51166b18d7
[INFO] [stdout]                                at /rustc/df4ca44d3fbc9301ee17f30f4d474e6ae4b05252/library/std/src/sys/backtrace.rs:66:9
[INFO] [stdout]    3:     0x6331b11152ba - <std::sys::backtrace::BacktraceLock::print::DisplayBacktrace as core::fmt::Display>::fmt::ha0a4c9b8ce3802e6
[INFO] [stdout]                                at /rustc/df4ca44d3fbc9301ee17f30f4d474e6ae4b05252/library/std/src/sys/backtrace.rs:39:26
[INFO] [stdout]    4:     0x6331b113bdf3 - core::fmt::rt::Argument::fmt::h4cfc8587d52b3eb5
[INFO] [stdout]                                at /rustc/df4ca44d3fbc9301ee17f30f4d474e6ae4b05252/library/core/src/fmt/rt.rs:177:76
[INFO] [stdout]    5:     0x6331b113bdf3 - core::fmt::write::h522cc39e5b36ae9f
[INFO] [stdout]                                at /rustc/df4ca44d3fbc9301ee17f30f4d474e6ae4b05252/library/core/src/fmt/mod.rs:1190:21
[INFO] [stdout]    6:     0x6331b1111f23 - std::io::Write::write_fmt::h7d3c26752da97734
[INFO] [stdout]                                at /rustc/df4ca44d3fbc9301ee17f30f4d474e6ae4b05252/library/std/src/io/mod.rs:1839:15
[INFO] [stdout]    7:     0x6331b1115102 - std::sys::backtrace::BacktraceLock::print::h4b9e00b29e9c0942
[INFO] [stdout]                                at /rustc/df4ca44d3fbc9301ee17f30f4d474e6ae4b05252/library/std/src/sys/backtrace.rs:42:9
[INFO] [stdout]    8:     0x6331b111674a - std::panicking::default_hook::{{closure}}::hb59b88280d0324d9
[INFO] [stdout]                                at /rustc/df4ca44d3fbc9301ee17f30f4d474e6ae4b05252/library/std/src/panicking.rs:268:22
[INFO] [stdout]    9:     0x6331b1116554 - std::panicking::default_hook::he1dd496665be4a29
[INFO] [stdout]                                at /rustc/df4ca44d3fbc9301ee17f30f4d474e6ae4b05252/library/std/src/panicking.rs:292:9
[INFO] [stdout]   10:     0x6331b10e0349 - <alloc::boxed::Box<F,A> as core::ops::function::Fn<Args>>::call::h4ff71de18744e1dc
[INFO] [stdout]                                at /rustc/df4ca44d3fbc9301ee17f30f4d474e6ae4b05252/library/alloc/src/boxed.rs:2468:9
[INFO] [stdout]   11:     0x6331b10e0349 - test::test_main::{{closure}}::hcf7c055ce117aa81
[INFO] [stdout]                                at /rustc/df4ca44d3fbc9301ee17f30f4d474e6ae4b05252/library/test/src/lib.rs:133:21
[INFO] [stdout]   12:     0x6331b1116e48 - <alloc::boxed::Box<F,A> as core::ops::function::Fn<Args>>::call::h1d66c6bbd60c9692
[INFO] [stdout]                                at /rustc/df4ca44d3fbc9301ee17f30f4d474e6ae4b05252/library/alloc/src/boxed.rs:2468:9
[INFO] [stdout]   13:     0x6331b1116e48 - std::panicking::rust_panic_with_hook::h2ff17fe8f26dfcf8
[INFO] [stdout]                                at /rustc/df4ca44d3fbc9301ee17f30f4d474e6ae4b05252/library/std/src/panicking.rs:809:13
[INFO] [stdout]   14:     0x6331b1116c0a - std::panicking::begin_panic_handler::{{closure}}::h4fad77951c07e101
[INFO] [stdout]                                at /rustc/df4ca44d3fbc9301ee17f30f4d474e6ae4b05252/library/std/src/panicking.rs:674:13
[INFO] [stdout]   15:     0x6331b1115799 - std::sys::backtrace::__rust_end_short_backtrace::hb1a25b3da5d0ea08
[INFO] [stdout]                                at /rustc/df4ca44d3fbc9301ee17f30f4d474e6ae4b05252/library/std/src/sys/backtrace.rs:170:18
[INFO] [stdout]   16:     0x6331b111689c - rust_begin_unwind
[INFO] [stdout]                                at /rustc/df4ca44d3fbc9301ee17f30f4d474e6ae4b05252/library/std/src/panicking.rs:665:5
[INFO] [stdout]   17:     0x6331b113a510 - core::panicking::panic_fmt::ha9db07b529f9b256
[INFO] [stdout]                                at /rustc/df4ca44d3fbc9301ee17f30f4d474e6ae4b05252/library/core/src/panicking.rs:75:14
[INFO] [stdout]   18:     0x6331b113a8db - core::panicking::assert_failed_inner::h04f38944d74a80a8
[INFO] [stdout]   19:     0x6331b106f5f3 - core::panicking::assert_failed::hdeccdb8d9027cdc8
[INFO] [stdout]                                at /rustc/df4ca44d3fbc9301ee17f30f4d474e6ae4b05252/library/core/src/panicking.rs:377:5
[INFO] [stdout]   20:     0x6331b10a5c08 - algo::n437path_sum::tests::test437::h18a0c25705cd3afe
[INFO] [stdout]                                at /opt/rustwide/workdir/src/n437path_sum.rs:49:9
[INFO] [stdout]   21:     0x6331b10a55d7 - algo::n437path_sum::tests::test437::{{closure}}::hcaafd2972083d849
[INFO] [stdout]                                at /opt/rustwide/workdir/src/n437path_sum.rs:47:17
[INFO] [stdout]   22:     0x6331b1047d26 - core::ops::function::FnOnce::call_once::h1bdafc2ad739f2a4
[INFO] [stdout]                                at /rustc/df4ca44d3fbc9301ee17f30f4d474e6ae4b05252/library/core/src/ops/function.rs:250:5
[INFO] [stdout]   23:     0x6331b10e4c1b - core::ops::function::FnOnce::call_once::h22c3ba5715e93f05
[INFO] [stdout]                                at /rustc/df4ca44d3fbc9301ee17f30f4d474e6ae4b05252/library/core/src/ops/function.rs:250:5
[INFO] [stdout]   24:     0x6331b10e4c1b - test::__rust_begin_short_backtrace::h8e82d8113d0da17f
[INFO] [stdout]                                at /rustc/df4ca44d3fbc9301ee17f30f4d474e6ae4b05252/library/test/src/lib.rs:621:18
[INFO] [stdout]   25:     0x6331b10e4597 - test::run_test_in_process::{{closure}}::h33235f4f20b7b7c7
[INFO] [stdout]                                at /rustc/df4ca44d3fbc9301ee17f30f4d474e6ae4b05252/library/test/src/lib.rs:644:60
[INFO] [stdout]   26:     0x6331b10e4597 - <core::panic::unwind_safe::AssertUnwindSafe<F> as core::ops::function::FnOnce<()>>::call_once::hb5043206310c586f
[INFO] [stdout]                                at /rustc/df4ca44d3fbc9301ee17f30f4d474e6ae4b05252/library/core/src/panic/unwind_safe.rs:272:9
[INFO] [stdout]   27:     0x6331b10e4597 - std::panicking::try::do_call::h9ad4731a60ab23e2
[INFO] [stdout]                                at /rustc/df4ca44d3fbc9301ee17f30f4d474e6ae4b05252/library/std/src/panicking.rs:557:40
[INFO] [stdout]   28:     0x6331b10e4597 - std::panicking::try::h3824d23db772a716
[INFO] [stdout]                                at /rustc/df4ca44d3fbc9301ee17f30f4d474e6ae4b05252/library/std/src/panicking.rs:520:19
[INFO] [stdout]   29:     0x6331b10e4597 - std::panic::catch_unwind::h5afd514605fde46b
[INFO] [stdout]                                at /rustc/df4ca44d3fbc9301ee17f30f4d474e6ae4b05252/library/std/src/panic.rs:358:14
[INFO] [stdout]   30:     0x6331b10e4597 - test::run_test_in_process::h0d5cbfa7067d1720
[INFO] [stdout]                                at /rustc/df4ca44d3fbc9301ee17f30f4d474e6ae4b05252/library/test/src/lib.rs:644:27
[INFO] [stdout]   31:     0x6331b10e4597 - test::run_test::{{closure}}::h708eb8872708115d
[INFO] [stdout]                                at /rustc/df4ca44d3fbc9301ee17f30f4d474e6ae4b05252/library/test/src/lib.rs:565:43
[INFO] [stdout]   32:     0x6331b10a7cb4 - test::run_test::{{closure}}::h392c51cee94713ab
[INFO] [stdout]                                at /rustc/df4ca44d3fbc9301ee17f30f4d474e6ae4b05252/library/test/src/lib.rs:595:41
[INFO] [stdout]   33:     0x6331b10a7cb4 - std::sys::backtrace::__rust_begin_short_backtrace::h2f40290710935a8b
[INFO] [stdout]                                at /rustc/df4ca44d3fbc9301ee17f30f4d474e6ae4b05252/library/std/src/sys/backtrace.rs:154:18
[INFO] [stdout]   34:     0x6331b10ab45e - std::thread::Builder::spawn_unchecked_::{{closure}}::{{closure}}::h3fd968d89053a903
[INFO] [stdout]                                at /rustc/df4ca44d3fbc9301ee17f30f4d474e6ae4b05252/library/std/src/thread/mod.rs:541:17
[INFO] [stdout]   35:     0x6331b10ab45e - <core::panic::unwind_safe::AssertUnwindSafe<F> as core::ops::function::FnOnce<()>>::call_once::h743f637ba4229880
[INFO] [stdout]                                at /rustc/df4ca44d3fbc9301ee17f30f4d474e6ae4b05252/library/core/src/panic/unwind_safe.rs:272:9
[INFO] [stdout]   36:     0x6331b10ab45e - std::panicking::try::do_call::h07440897322525a6
[INFO] [stdout]                                at /rustc/df4ca44d3fbc9301ee17f30f4d474e6ae4b05252/library/std/src/panicking.rs:557:40
[INFO] [stdout]   37:     0x6331b10ab45e - std::panicking::try::he5a2e00188156637
[INFO] [stdout]                                at /rustc/df4ca44d3fbc9301ee17f30f4d474e6ae4b05252/library/std/src/panicking.rs:520:19
[INFO] [stdout]   38:     0x6331b10ab45e - std::panic::catch_unwind::hbaf3cae49b3c6433
[INFO] [stdout]                                at /rustc/df4ca44d3fbc9301ee17f30f4d474e6ae4b05252/library/std/src/panic.rs:358:14
[INFO] [stdout]   39:     0x6331b10ab45e - std::thread::Builder::spawn_unchecked_::{{closure}}::h8e141ea224820bce
[INFO] [stdout]                                at /rustc/df4ca44d3fbc9301ee17f30f4d474e6ae4b05252/library/std/src/thread/mod.rs:540:30
[INFO] [stdout]   40:     0x6331b10ab45e - core::ops::function::FnOnce::call_once{{vtable.shim}}::h90d312fedd7b8ea8
[INFO] [stdout]                                at /rustc/df4ca44d3fbc9301ee17f30f4d474e6ae4b05252/library/core/src/ops/function.rs:250:5
[INFO] [stdout]   41:     0x6331b111ac3b - <alloc::boxed::Box<F,A> as core::ops::function::FnOnce<Args>>::call_once::h69aa08ddb6adb8b6
[INFO] [stdout]                                at /rustc/df4ca44d3fbc9301ee17f30f4d474e6ae4b05252/library/alloc/src/boxed.rs:2454:9
[INFO] [stdout]   42:     0x6331b111ac3b - <alloc::boxed::Box<F,A> as core::ops::function::FnOnce<Args>>::call_once::h5aa36efdb79c806f
[INFO] [stdout]                                at /rustc/df4ca44d3fbc9301ee17f30f4d474e6ae4b05252/library/alloc/src/boxed.rs:2454:9
[INFO] [stdout]   43:     0x6331b111ac3b - std::sys::pal::unix::thread::Thread::new::thread_start::h6cd80a1b4be5158d
[INFO] [stdout]                                at /rustc/df4ca44d3fbc9301ee17f30f4d474e6ae4b05252/library/std/src/sys/pal/unix/thread.rs:105:17
[INFO] [stdout]   44:     0x7c0705338ac3 - <unknown>
[INFO] [stdout]   45:     0x7c07053c9a04 - clone
[INFO] [stdout]   46:                0x0 - <unknown>
[INFO] [stdout] 
[INFO] [stdout] 
[INFO] [stdout] failures:
[INFO] [stdout]     interview::i13moving_count::tests::i13
[INFO] [stdout]     n004find_median_sorted_arrays::tests::test004
[INFO] [stdout]     n225my_stack::tests::test225
[INFO] [stdout]     n401read_binary_watch::tests::test401
[INFO] [stdout]     n437path_sum::tests::test437
[INFO] [stdout] 
[INFO] [stdout] test result: FAILED. 85 passed; 5 failed; 0 ignored; 0 measured; 0 filtered out; finished in 0.01s
[INFO] [stdout] 
[INFO] running `Command { std: "docker" "inspect" "4fb6aefd84caa7bc7add91c215412f42afa76b499f8bba821e3679be0e9f20cd", kill_on_drop: false }`
[INFO] running `Command { std: "docker" "rm" "-f" "4fb6aefd84caa7bc7add91c215412f42afa76b499f8bba821e3679be0e9f20cd", kill_on_drop: false }`
[INFO] [stdout] 4fb6aefd84caa7bc7add91c215412f42afa76b499f8bba821e3679be0e9f20cd
