[INFO] cloning repository https://github.com/FOSScope/libhtmlfilter
[INFO] running `Command { std: "git" "-c" "credential.helper=" "-c" "credential.helper=/workspace/cargo-home/bin/git-credential-null" "clone" "--bare" "https://github.com/FOSScope/libhtmlfilter" "/workspace/cache/git-repos/https%3A%2F%2Fgithub.com%2FFOSScope%2Flibhtmlfilter", kill_on_drop: false }`
[INFO] [stderr] Cloning into bare repository '/workspace/cache/git-repos/https%3A%2F%2Fgithub.com%2FFOSScope%2Flibhtmlfilter'...
[INFO] running `Command { std: "git" "rev-parse" "HEAD", kill_on_drop: false }`
[INFO] [stdout] e403113e901ae3cd422c86ab7ca6602e3ba78ab8
[INFO] testing FOSScope/libhtmlfilter/e403113e901ae3cd422c86ab7ca6602e3ba78ab8 against nightly-2024-10-28+rustflags=-Zrandomize-layout for randomize-layout
[INFO] running `Command { std: "git" "clone" "/workspace/cache/git-repos/https%3A%2F%2Fgithub.com%2FFOSScope%2Flibhtmlfilter" "/workspace/builds/worker-1-tc2/source", kill_on_drop: false }`
[INFO] [stderr] Cloning into '/workspace/builds/worker-1-tc2/source'...
[INFO] [stderr] done.
[INFO] validating manifest of git repo https://github.com/FOSScope/libhtmlfilter on toolchain nightly-2024-10-28
[INFO] running `Command { std: CARGO_HOME="/workspace/cargo-home" RUSTUP_HOME="/workspace/rustup-home" "/workspace/cargo-home/bin/cargo" "+nightly-2024-10-28" "metadata" "--manifest-path" "Cargo.toml" "--no-deps", kill_on_drop: false }`
[INFO] started tweaking git repo https://github.com/FOSScope/libhtmlfilter
[INFO] finished tweaking git repo https://github.com/FOSScope/libhtmlfilter
[INFO] tweaked toml for git repo https://github.com/FOSScope/libhtmlfilter written to /workspace/builds/worker-1-tc2/source/Cargo.toml
[INFO] crate git repo https://github.com/FOSScope/libhtmlfilter already has a lockfile, it will not be regenerated
[INFO] running `Command { std: CARGO_HOME="/workspace/cargo-home" RUSTUP_HOME="/workspace/rustup-home" "/workspace/cargo-home/bin/cargo" "+nightly-2024-10-28" "fetch" "--manifest-path" "Cargo.toml", kill_on_drop: false }`
[INFO] running `Command { std: "docker" "create" "-v" "/var/lib/crater-agent-workspace/builds/worker-1-tc2/target:/opt/rustwide/target:rw,Z" "-v" "/var/lib/crater-agent-workspace/builds/worker-1-tc2/source:/opt/rustwide/workdir:ro,Z" "-v" "/var/lib/crater-agent-workspace/cargo-home:/opt/rustwide/cargo-home:ro,Z" "-v" "/var/lib/crater-agent-workspace/rustup-home:/opt/rustwide/rustup-home:ro,Z" "-e" "SOURCE_DIR=/opt/rustwide/workdir" "-e" "CARGO_TARGET_DIR=/opt/rustwide/target" "-e" "CARGO_HOME=/opt/rustwide/cargo-home" "-e" "RUSTUP_HOME=/opt/rustwide/rustup-home" "-w" "/opt/rustwide/workdir" "-m" "1610612736" "--user" "0:0" "--network" "none" "ghcr.io/rust-lang/crates-build-env/linux@sha256:4a844ea9eb2546a2d2c7022eacef16ef2e8229c7fbb2c7d4d55a9ceca922f72d" "/opt/rustwide/cargo-home/bin/cargo" "+nightly-2024-10-28" "metadata" "--no-deps" "--format-version=1", kill_on_drop: false }`
[INFO] [stdout] 3c2cf06e138b2c3c97a6922e7ff948060e58bdf3d2e645dc399e84b156a640e5
[INFO] running `Command { std: "docker" "start" "-a" "3c2cf06e138b2c3c97a6922e7ff948060e58bdf3d2e645dc399e84b156a640e5", kill_on_drop: false }`
[INFO] running `Command { std: "docker" "inspect" "3c2cf06e138b2c3c97a6922e7ff948060e58bdf3d2e645dc399e84b156a640e5", kill_on_drop: false }`
[INFO] running `Command { std: "docker" "rm" "-f" "3c2cf06e138b2c3c97a6922e7ff948060e58bdf3d2e645dc399e84b156a640e5", kill_on_drop: false }`
[INFO] [stdout] 3c2cf06e138b2c3c97a6922e7ff948060e58bdf3d2e645dc399e84b156a640e5
[INFO] running `Command { std: "docker" "create" "-v" "/var/lib/crater-agent-workspace/builds/worker-1-tc2/target:/opt/rustwide/target:rw,Z" "-v" "/var/lib/crater-agent-workspace/builds/worker-1-tc2/source:/opt/rustwide/workdir:ro,Z" "-v" "/var/lib/crater-agent-workspace/cargo-home:/opt/rustwide/cargo-home:ro,Z" "-v" "/var/lib/crater-agent-workspace/rustup-home:/opt/rustwide/rustup-home:ro,Z" "-e" "SOURCE_DIR=/opt/rustwide/workdir" "-e" "CARGO_TARGET_DIR=/opt/rustwide/target" "-e" "CARGO_INCREMENTAL=0" "-e" "RUST_BACKTRACE=full" "-e" "RUSTFLAGS=--cap-lints=forbid -Zrandomize-layout" "-e" "RUSTDOCFLAGS=--cap-lints=forbid" "-e" "CARGO_HOME=/opt/rustwide/cargo-home" "-e" "RUSTUP_HOME=/opt/rustwide/rustup-home" "-w" "/opt/rustwide/workdir" "-m" "1610612736" "--user" "0:0" "--network" "none" "ghcr.io/rust-lang/crates-build-env/linux@sha256:4a844ea9eb2546a2d2c7022eacef16ef2e8229c7fbb2c7d4d55a9ceca922f72d" "/opt/rustwide/cargo-home/bin/cargo" "+nightly-2024-10-28" "build" "--frozen" "--message-format=json", kill_on_drop: false }`
[INFO] [stdout] ca45cfbe9c588478dc75c1a5c4fea526ed988e7d18c86e9994eaaa19e9c54d57
[INFO] running `Command { std: "docker" "start" "-a" "ca45cfbe9c588478dc75c1a5c4fea526ed988e7d18c86e9994eaaa19e9c54d57", kill_on_drop: false }`
[INFO] [stderr]    Compiling cfg-if v1.0.0
[INFO] [stderr]    Compiling proc-macro2 v1.0.86
[INFO] [stderr]    Compiling unicode-ident v1.0.12
[INFO] [stderr]    Compiling libc v0.2.155
[INFO] [stderr]    Compiling ppv-lite86 v0.2.17
[INFO] [stderr]    Compiling getrandom v0.1.16
[INFO] [stderr]    Compiling siphasher v0.3.11
[INFO] [stderr]    Compiling autocfg v1.3.0
[INFO] [stderr]    Compiling once_cell v1.19.0
[INFO] [stderr]    Compiling phf_shared v0.8.0
[INFO] [stderr]    Compiling syn v1.0.109
[INFO] [stderr]    Compiling pin-project-lite v0.2.14
[INFO] [stderr]    Compiling bytes v1.6.0
[INFO] [stderr]    Compiling smallvec v1.13.2
[INFO] [stderr]    Compiling vcpkg v0.2.15
[INFO] [stderr]    Compiling pkg-config v0.3.30
[INFO] [stderr]    Compiling cc v1.0.104
[INFO] [stderr]    Compiling futures-core v0.3.30
[INFO] [stderr]    Compiling proc-macro-hack v0.5.20+deprecated
[INFO] [stderr]    Compiling quote v1.0.36
[INFO] [stderr]    Compiling itoa v1.0.11
[INFO] [stderr]    Compiling socket2 v0.5.7
[INFO] [stderr]    Compiling mio v0.8.11
[INFO] [stderr]    Compiling syn v2.0.69
[INFO] [stderr]    Compiling getrandom v0.2.15
[INFO] [stderr]    Compiling rand_core v0.5.1
[INFO] [stderr]    Compiling rand_core v0.6.4
[INFO] [stderr]    Compiling phf_shared v0.10.0
[INFO] [stderr]    Compiling rand_pcg v0.2.1
[INFO] [stderr]    Compiling rand_chacha v0.2.2
[INFO] [stderr]    Compiling rand_chacha v0.3.1
[INFO] [stderr]    Compiling tokio v1.38.0
[INFO] [stderr]    Compiling rand v0.7.3
[INFO] [stderr]    Compiling serde v1.0.204
[INFO] [stderr]    Compiling fnv v1.0.7
[INFO] [stderr]    Compiling log v0.4.22
[INFO] [stderr]    Compiling http v1.1.0
[INFO] [stderr]    Compiling rand v0.8.5
[INFO] [stderr]    Compiling openssl-sys v0.9.102
[INFO] [stderr]    Compiling phf_generator v0.8.0
[INFO] [stderr]    Compiling phf_codegen v0.8.0
[INFO] [stderr]    Compiling lock_api v0.4.12
[INFO] [stderr]    Compiling slab v0.4.9
[INFO] [stderr]    Compiling futures-task v0.3.30
[INFO] [stderr]    Compiling parking_lot_core v0.9.10
[INFO] [stderr]    Compiling pin-utils v0.1.0
[INFO] [stderr]    Compiling futures-util v0.3.30
[INFO] [stderr]    Compiling phf_generator v0.10.0
[INFO] [stderr]    Compiling tracing-core v0.1.32
[INFO] [stderr]    Compiling futures-sink v0.3.30
[INFO] [stderr]    Compiling new_debug_unreachable v1.0.6
[INFO] [stderr]    Compiling httparse v1.9.4
[INFO] [stderr]    Compiling foreign-types-shared v0.1.1
[INFO] [stderr]    Compiling openssl v0.10.64
[INFO] [stderr]    Compiling equivalent v1.0.1
[INFO] [stderr]    Compiling scopeguard v1.2.0
[INFO] [stderr]    Compiling hashbrown v0.14.5
[INFO] [stderr]    Compiling tracing v0.1.40
[INFO] [stderr]    Compiling foreign-types v0.3.2
[INFO] [stderr]    Compiling string_cache_codegen v0.5.2
[INFO] [stderr]    Compiling indexmap v2.2.6
[INFO] [stderr]    Compiling http-body v1.0.1
[INFO] [stderr]    Compiling mac v0.1.1
[INFO] [stderr]    Compiling precomputed-hash v0.1.1
[INFO] [stderr]    Compiling tinyvec_macros v0.1.1
[INFO] [stderr]    Compiling native-tls v0.2.12
[INFO] [stderr]    Compiling bitflags v2.6.0
[INFO] [stderr]    Compiling try-lock v0.2.5
[INFO] [stderr]    Compiling atomic-waker v1.1.2
[INFO] [stderr]    Compiling want v0.3.1
[INFO] [stderr]    Compiling tinyvec v1.7.0
[INFO] [stderr]    Compiling futf v0.1.5
[INFO] [stderr]    Compiling tokio-util v0.7.11
[INFO] [stderr]    Compiling parking_lot v0.12.3
[INFO] [stderr]    Compiling markup5ever v0.10.1
[INFO] [stderr]    Compiling h2 v0.4.5
[INFO] [stderr]    Compiling futures-channel v0.3.30
[INFO] [stderr]    Compiling dtoa v1.0.9
[INFO] [stderr]    Compiling openssl-probe v0.1.5
[INFO] [stderr]    Compiling tower-layer v0.3.2
[INFO] [stderr]    Compiling utf-8 v0.7.6
[INFO] [stderr]    Compiling tower-service v0.3.2
[INFO] [stderr]    Compiling percent-encoding v2.3.1
[INFO] [stderr]    Compiling dtoa-short v0.3.5
[INFO] [stderr]    Compiling form_urlencoded v1.2.1
[INFO] [stderr]    Compiling tendril v0.4.3
[INFO] [stderr]    Compiling string_cache v0.8.7
[INFO] [stderr]    Compiling unicode-normalization v0.1.23
[INFO] [stderr]    Compiling selectors v0.22.0
[INFO] [stderr]    Compiling stable_deref_trait v1.2.0
[INFO] [stderr]    Compiling convert_case v0.4.0
[INFO] [stderr]    Compiling nodrop v0.1.14
[INFO] [stderr]    Compiling openssl-macros v0.1.1
[INFO] [stderr]    Compiling pin-project-internal v1.1.5
[INFO] [stderr]    Compiling phf_macros v0.8.0
[INFO] [stderr]    Compiling cssparser v0.27.2
[INFO] [stderr]    Compiling html5ever v0.25.2
[INFO] [stderr]    Compiling cssparser-macros v0.6.1
[INFO] [stderr]    Compiling byteorder v1.5.0
[INFO] [stderr]    Compiling phf v0.8.0
[INFO] [stderr]    Compiling unicode-bidi v0.3.15
[INFO] [stderr]    Compiling itoa v0.4.8
[INFO] [stderr]    Compiling matches v0.1.10
[INFO] [stderr]    Compiling pin-project v1.1.5
[INFO] [stderr]    Compiling idna v0.5.0
[INFO] [stderr]    Compiling tower v0.4.13
[INFO] [stderr]    Compiling hyper v1.4.1
[INFO] [stderr]    Compiling fxhash v0.2.1
[INFO] [stderr]    Compiling derive_more v0.99.18
[INFO] [stderr]    Compiling servo_arc v0.1.1
[INFO] [stderr]    Compiling http-body-util v0.1.2
[INFO] [stderr]    Compiling rustls-pki-types v1.7.0
[INFO] [stderr]    Compiling bitflags v1.3.2
[INFO] [stderr]    Compiling base64 v0.22.1
[INFO] [stderr]    Compiling thin-slice v0.1.1
[INFO] [stderr]    Compiling ryu v1.0.18
[INFO] [stderr]    Compiling hyper-util v0.1.6
[INFO] [stderr]    Compiling serde_urlencoded v0.7.1
[INFO] [stderr]    Compiling rustls-pemfile v2.1.2
[INFO] [stderr]    Compiling url v2.5.2
[INFO] [stderr]    Compiling encoding_rs v0.8.34
[INFO] [stderr]    Compiling mime v0.3.17
[INFO] [stderr]    Compiling tokio-native-tls v0.3.1
[INFO] [stderr]    Compiling sync_wrapper v1.0.1
[INFO] [stderr]    Compiling ipnet v2.9.0
[INFO] [stderr]    Compiling hyper-tls v0.6.0
[INFO] [stderr]    Compiling reqwest v0.12.5
[INFO] [stderr]    Compiling kuchiki v0.8.1
[INFO] [stderr]    Compiling libhtmlfilter v0.1.2 (/opt/rustwide/workdir)
[INFO] [stderr]     Finished `dev` profile [unoptimized + debuginfo] target(s) in 14.91s
[INFO] running `Command { std: "docker" "inspect" "ca45cfbe9c588478dc75c1a5c4fea526ed988e7d18c86e9994eaaa19e9c54d57", kill_on_drop: false }`
[INFO] running `Command { std: "docker" "rm" "-f" "ca45cfbe9c588478dc75c1a5c4fea526ed988e7d18c86e9994eaaa19e9c54d57", kill_on_drop: false }`
[INFO] [stdout] ca45cfbe9c588478dc75c1a5c4fea526ed988e7d18c86e9994eaaa19e9c54d57
[INFO] running `Command { std: "docker" "create" "-v" "/var/lib/crater-agent-workspace/builds/worker-1-tc2/target:/opt/rustwide/target:rw,Z" "-v" "/var/lib/crater-agent-workspace/builds/worker-1-tc2/source:/opt/rustwide/workdir:ro,Z" "-v" "/var/lib/crater-agent-workspace/cargo-home:/opt/rustwide/cargo-home:ro,Z" "-v" "/var/lib/crater-agent-workspace/rustup-home:/opt/rustwide/rustup-home:ro,Z" "-e" "SOURCE_DIR=/opt/rustwide/workdir" "-e" "CARGO_TARGET_DIR=/opt/rustwide/target" "-e" "CARGO_INCREMENTAL=0" "-e" "RUST_BACKTRACE=full" "-e" "RUSTFLAGS=--cap-lints=forbid -Zrandomize-layout" "-e" "RUSTDOCFLAGS=--cap-lints=forbid" "-e" "CARGO_HOME=/opt/rustwide/cargo-home" "-e" "RUSTUP_HOME=/opt/rustwide/rustup-home" "-w" "/opt/rustwide/workdir" "-m" "1610612736" "--user" "0:0" "--network" "none" "ghcr.io/rust-lang/crates-build-env/linux@sha256:4a844ea9eb2546a2d2c7022eacef16ef2e8229c7fbb2c7d4d55a9ceca922f72d" "/opt/rustwide/cargo-home/bin/cargo" "+nightly-2024-10-28" "test" "--frozen" "--no-run" "--message-format=json", kill_on_drop: false }`
[INFO] [stdout] de2d74d3262c0e37d7a1158d440a8f0d610edaee17dde10d1c1f3e5eecbc2952
[INFO] running `Command { std: "docker" "start" "-a" "de2d74d3262c0e37d7a1158d440a8f0d610edaee17dde10d1c1f3e5eecbc2952", kill_on_drop: false }`
[INFO] [stderr]    Compiling tokio-macros v2.3.0
[INFO] [stderr]    Compiling tokio v1.38.0
[INFO] [stderr]    Compiling tokio-util v0.7.11
[INFO] [stderr]    Compiling tower v0.4.13
[INFO] [stderr]    Compiling tokio-native-tls v0.3.1
[INFO] [stderr]    Compiling h2 v0.4.5
[INFO] [stderr]    Compiling hyper v1.4.1
[INFO] [stderr]    Compiling hyper-util v0.1.6
[INFO] [stderr]    Compiling hyper-tls v0.6.0
[INFO] [stderr]    Compiling reqwest v0.12.5
[INFO] [stderr]    Compiling libhtmlfilter v0.1.2 (/opt/rustwide/workdir)
[INFO] [stderr]     Finished `test` profile [unoptimized + debuginfo] target(s) in 11.88s
[INFO] running `Command { std: "docker" "inspect" "de2d74d3262c0e37d7a1158d440a8f0d610edaee17dde10d1c1f3e5eecbc2952", kill_on_drop: false }`
[INFO] running `Command { std: "docker" "rm" "-f" "de2d74d3262c0e37d7a1158d440a8f0d610edaee17dde10d1c1f3e5eecbc2952", kill_on_drop: false }`
[INFO] [stdout] de2d74d3262c0e37d7a1158d440a8f0d610edaee17dde10d1c1f3e5eecbc2952
[INFO] running `Command { std: "docker" "create" "-v" "/var/lib/crater-agent-workspace/builds/worker-1-tc2/target:/opt/rustwide/target:rw,Z" "-v" "/var/lib/crater-agent-workspace/builds/worker-1-tc2/source:/opt/rustwide/workdir:ro,Z" "-v" "/var/lib/crater-agent-workspace/cargo-home:/opt/rustwide/cargo-home:ro,Z" "-v" "/var/lib/crater-agent-workspace/rustup-home:/opt/rustwide/rustup-home:ro,Z" "-e" "SOURCE_DIR=/opt/rustwide/workdir" "-e" "CARGO_TARGET_DIR=/opt/rustwide/target" "-e" "CARGO_INCREMENTAL=0" "-e" "RUST_BACKTRACE=full" "-e" "RUSTFLAGS=--cap-lints=forbid -Zrandomize-layout" "-e" "RUSTDOCFLAGS=--cap-lints=forbid" "-e" "CARGO_HOME=/opt/rustwide/cargo-home" "-e" "RUSTUP_HOME=/opt/rustwide/rustup-home" "-w" "/opt/rustwide/workdir" "-m" "1610612736" "--user" "0:0" "--network" "none" "ghcr.io/rust-lang/crates-build-env/linux@sha256:4a844ea9eb2546a2d2c7022eacef16ef2e8229c7fbb2c7d4d55a9ceca922f72d" "/opt/rustwide/cargo-home/bin/cargo" "+nightly-2024-10-28" "test" "--frozen", kill_on_drop: false }`
[INFO] [stdout] 6588bda0bc51972074e542f99caf4d0c966a83ded7c261e003c8c667ae601401
[INFO] running `Command { std: "docker" "start" "-a" "6588bda0bc51972074e542f99caf4d0c966a83ded7c261e003c8c667ae601401", kill_on_drop: false }`
[INFO] [stderr]     Finished `test` profile [unoptimized + debuginfo] target(s) in 0.10s
[INFO] [stderr]      Running unittests src/lib.rs (/opt/rustwide/target/debug/deps/libhtmlfilter-48389e33104384e0)
[INFO] [stderr]      Running tests/test.rs (/opt/rustwide/target/debug/deps/test-516e02b5f985784f)
[INFO] [stdout] 
[INFO] [stdout] running 0 tests
[INFO] [stdout] 
[INFO] [stdout] test result: ok. 0 passed; 0 failed; 0 ignored; 0 measured; 0 filtered out; finished in 0.00s
[INFO] [stdout] 
[INFO] [stdout] 
[INFO] [stdout] running 3 tests
[INFO] [stdout] test tests::test_process_url_full_removeref ... FAILED
[INFO] [stdout] test tests::test_process_url_full ... FAILED
[INFO] [stdout] test tests::test_save_html ... FAILED
[INFO] [stdout] 
[INFO] [stdout] failures:
[INFO] [stdout] 
[INFO] [stdout] ---- tests::test_process_url_full_removeref stdout ----
[INFO] [stdout] thread 'tests::test_process_url_full_removeref' panicked at /opt/rustwide/workdir/src/lib.rs:34:35:
[INFO] [stdout] Failed to fetch URL: reqwest::Error { kind: Request, url: Url { scheme: "https", cannot_be_a_base: false, username: "", password: None, host: Some(Domain("itsfoss.com")), port: None, path: "/ollama/", query: None, fragment: None }, source: hyper_util::client::legacy::Error(Connect, ConnectError("dns error", Custom { kind: Uncategorized, error: "failed to lookup address information: Temporary failure in name resolution" })) }
[INFO] [stdout] stack backtrace:
[INFO] [stdout]    0:     0x59fde05dea0a - std::backtrace_rs::backtrace::libunwind::trace::h207520d6e9873551
[INFO] [stdout]                                at /rustc/df4ca44d3fbc9301ee17f30f4d474e6ae4b05252/library/std/src/../../backtrace/src/backtrace/libunwind.rs:116:5
[INFO] [stdout]    1:     0x59fde05dea0a - std::backtrace_rs::backtrace::trace_unsynchronized::h2ed7433f370e3eca
[INFO] [stdout]                                at /rustc/df4ca44d3fbc9301ee17f30f4d474e6ae4b05252/library/std/src/../../backtrace/src/backtrace/mod.rs:66:5
[INFO] [stdout]    2:     0x59fde05dea0a - std::sys::backtrace::_print_fmt::h916fac51166b18d7
[INFO] [stdout]                                at /rustc/df4ca44d3fbc9301ee17f30f4d474e6ae4b05252/library/std/src/sys/backtrace.rs:66:9
[INFO] [stdout]    3:     0x59fde05dea0a - <std::sys::backtrace::BacktraceLock::print::DisplayBacktrace as core::fmt::Display>::fmt::ha0a4c9b8ce3802e6
[INFO] [stdout]                                at /rustc/df4ca44d3fbc9301ee17f30f4d474e6ae4b05252/library/std/src/sys/backtrace.rs:39:26
[INFO] [stdout]    4:     0x59fde0609443 - core::fmt::rt::Argument::fmt::h4cfc8587d52b3eb5
[INFO] [stdout]                                at /rustc/df4ca44d3fbc9301ee17f30f4d474e6ae4b05252/library/core/src/fmt/rt.rs:177:76
[INFO] [stdout]    5:     0x59fde0609443 - core::fmt::write::h522cc39e5b36ae9f
[INFO] [stdout]                                at /rustc/df4ca44d3fbc9301ee17f30f4d474e6ae4b05252/library/core/src/fmt/mod.rs:1190:21
[INFO] [stdout]    6:     0x59fde05daa33 - std::io::Write::write_fmt::h7d3c26752da97734
[INFO] [stdout]                                at /rustc/df4ca44d3fbc9301ee17f30f4d474e6ae4b05252/library/std/src/io/mod.rs:1839:15
[INFO] [stdout]    7:     0x59fde05de852 - std::sys::backtrace::BacktraceLock::print::h4b9e00b29e9c0942
[INFO] [stdout]                                at /rustc/df4ca44d3fbc9301ee17f30f4d474e6ae4b05252/library/std/src/sys/backtrace.rs:42:9
[INFO] [stdout]    8:     0x59fde05dfe9a - std::panicking::default_hook::{{closure}}::hb59b88280d0324d9
[INFO] [stdout]                                at /rustc/df4ca44d3fbc9301ee17f30f4d474e6ae4b05252/library/std/src/panicking.rs:268:22
[INFO] [stdout]    9:     0x59fde05dfca4 - std::panicking::default_hook::he1dd496665be4a29
[INFO] [stdout]                                at /rustc/df4ca44d3fbc9301ee17f30f4d474e6ae4b05252/library/std/src/panicking.rs:292:9
[INFO] [stdout]   10:     0x59fde01b0ac9 - <alloc::boxed::Box<F,A> as core::ops::function::Fn<Args>>::call::h4ff71de18744e1dc
[INFO] [stdout]                                at /rustc/df4ca44d3fbc9301ee17f30f4d474e6ae4b05252/library/alloc/src/boxed.rs:2468:9
[INFO] [stdout]   11:     0x59fde01b0ac9 - test::test_main::{{closure}}::hcf7c055ce117aa81
[INFO] [stdout]                                at /rustc/df4ca44d3fbc9301ee17f30f4d474e6ae4b05252/library/test/src/lib.rs:133:21
[INFO] [stdout]   12:     0x59fde05e0598 - <alloc::boxed::Box<F,A> as core::ops::function::Fn<Args>>::call::h1d66c6bbd60c9692
[INFO] [stdout]                                at /rustc/df4ca44d3fbc9301ee17f30f4d474e6ae4b05252/library/alloc/src/boxed.rs:2468:9
[INFO] [stdout]   13:     0x59fde05e0598 - std::panicking::rust_panic_with_hook::h2ff17fe8f26dfcf8
[INFO] [stdout]                                at /rustc/df4ca44d3fbc9301ee17f30f4d474e6ae4b05252/library/std/src/panicking.rs:809:13
[INFO] [stdout]   14:     0x59fde05e035a - std::panicking::begin_panic_handler::{{closure}}::h4fad77951c07e101
[INFO] [stdout]                                at /rustc/df4ca44d3fbc9301ee17f30f4d474e6ae4b05252/library/std/src/panicking.rs:674:13
[INFO] [stdout]   15:     0x59fde05deee9 - std::sys::backtrace::__rust_end_short_backtrace::hb1a25b3da5d0ea08
[INFO] [stdout]                                at /rustc/df4ca44d3fbc9301ee17f30f4d474e6ae4b05252/library/std/src/sys/backtrace.rs:170:18
[INFO] [stdout]   16:     0x59fde05dffec - rust_begin_unwind
[INFO] [stdout]                                at /rustc/df4ca44d3fbc9301ee17f30f4d474e6ae4b05252/library/std/src/panicking.rs:665:5
[INFO] [stdout]   17:     0x59fde0606ce0 - core::panicking::panic_fmt::ha9db07b529f9b256
[INFO] [stdout]                                at /rustc/df4ca44d3fbc9301ee17f30f4d474e6ae4b05252/library/core/src/panicking.rs:75:14
[INFO] [stdout]   18:     0x59fde0607166 - core::result::unwrap_failed::h5e8218e4d4338b8a
[INFO] [stdout]                                at /rustc/df4ca44d3fbc9301ee17f30f4d474e6ae4b05252/library/core/src/result.rs:1698:5
[INFO] [stdout]   19:     0x59fde014d91f - core::result::Result<T,E>::expect::h274f14388aecb365
[INFO] [stdout]                                at /rustc/df4ca44d3fbc9301ee17f30f4d474e6ae4b05252/library/core/src/result.rs:1060:23
[INFO] [stdout]   20:     0x59fde0163c7a - libhtmlfilter::get_filtered_html_fullurl::{{closure}}::h1e00a390cfd2d680
[INFO] [stdout]                                at /opt/rustwide/workdir/src/lib.rs:34:20
[INFO] [stdout]   21:     0x59fde0164762 - libhtmlfilter::get_filtered_html_fullurl_removeref::{{closure}}::h349e462475411bbe
[INFO] [stdout]                                at /opt/rustwide/workdir/src/lib.rs:60:71
[INFO] [stdout]   22:     0x59fde0164452 - libhtmlfilter::process_url_full_removeref::{{closure}}::hc63d44d1ea63f839
[INFO] [stdout]                                at /opt/rustwide/workdir/src/lib.rs:81:81
[INFO] [stdout]   23:     0x59fde0176a9f - test::tests::test_process_url_full_removeref::{{closure}}::h9d0cc632aa83c606
[INFO] [stdout]                                at /opt/rustwide/workdir/tests/test.rs:34:70
[INFO] [stdout]   24:     0x59fde016a1d2 - <core::pin::Pin<P> as core::future::future::Future>::poll::ha1ff9129b692fa42
[INFO] [stdout]                                at /rustc/df4ca44d3fbc9301ee17f30f4d474e6ae4b05252/library/core/src/future/future.rs:123:9
[INFO] [stdout]   25:     0x59fde016a20d - <core::pin::Pin<P> as core::future::future::Future>::poll::hfebea7efab14c7a0
[INFO] [stdout]                                at /rustc/df4ca44d3fbc9301ee17f30f4d474e6ae4b05252/library/core/src/future/future.rs:123:9
[INFO] [stdout]   26:     0x59fde016201f - tokio::runtime::scheduler::current_thread::CoreGuard::block_on::{{closure}}::{{closure}}::{{closure}}::h375a9c9c631cab95
[INFO] [stdout]                                at /opt/rustwide/cargo-home/registry/src/index.crates.io-6f17d22bba15001f/tokio-1.38.0/src/runtime/scheduler/current_thread/mod.rs:659:57
[INFO] [stdout]   27:     0x59fde0161f65 - tokio::runtime::coop::with_budget::hd33e3bee16bb8472
[INFO] [stdout]                                at /opt/rustwide/cargo-home/registry/src/index.crates.io-6f17d22bba15001f/tokio-1.38.0/src/runtime/coop.rs:107:5
[INFO] [stdout]   28:     0x59fde0161f65 - tokio::runtime::coop::budget::h006e99a0f9ded47c
[INFO] [stdout]                                at /opt/rustwide/cargo-home/registry/src/index.crates.io-6f17d22bba15001f/tokio-1.38.0/src/runtime/coop.rs:73:5
[INFO] [stdout]   29:     0x59fde0161f65 - tokio::runtime::scheduler::current_thread::CoreGuard::block_on::{{closure}}::{{closure}}::h450acba8f8f86ffb
[INFO] [stdout]                                at /opt/rustwide/cargo-home/registry/src/index.crates.io-6f17d22bba15001f/tokio-1.38.0/src/runtime/scheduler/current_thread/mod.rs:659:25
[INFO] [stdout]   30:     0x59fde0160d20 - tokio::runtime::scheduler::current_thread::Context::enter::hd0b095ba6dc94fba
[INFO] [stdout]                                at /opt/rustwide/cargo-home/registry/src/index.crates.io-6f17d22bba15001f/tokio-1.38.0/src/runtime/scheduler/current_thread/mod.rs:404:19
[INFO] [stdout]   31:     0x59fde01617db - tokio::runtime::scheduler::current_thread::CoreGuard::block_on::{{closure}}::h70b7511228e20e6e
[INFO] [stdout]                                at /opt/rustwide/cargo-home/registry/src/index.crates.io-6f17d22bba15001f/tokio-1.38.0/src/runtime/scheduler/current_thread/mod.rs:658:36
[INFO] [stdout]   32:     0x59fde0161544 - tokio::runtime::scheduler::current_thread::CoreGuard::enter::{{closure}}::h924685fce6e3c198
[INFO] [stdout]                                at /opt/rustwide/cargo-home/registry/src/index.crates.io-6f17d22bba15001f/tokio-1.38.0/src/runtime/scheduler/current_thread/mod.rs:737:68
[INFO] [stdout]   33:     0x59fde0159beb - tokio::runtime::context::scoped::Scoped<T>::set::h552bab277be0afc3
[INFO] [stdout]                                at /opt/rustwide/cargo-home/registry/src/index.crates.io-6f17d22bba15001f/tokio-1.38.0/src/runtime/context/scoped.rs:40:9
[INFO] [stdout]   34:     0x59fde014ab39 - tokio::runtime::context::set_scheduler::{{closure}}::h5a99dcf0a703eb29
[INFO] [stdout]                                at /opt/rustwide/cargo-home/registry/src/index.crates.io-6f17d22bba15001f/tokio-1.38.0/src/runtime/context.rs:180:26
[INFO] [stdout]   35:     0x59fde0148a3d - std::thread::local::LocalKey<T>::try_with::h877629e53ce9c6f7
[INFO] [stdout]                                at /rustc/df4ca44d3fbc9301ee17f30f4d474e6ae4b05252/library/std/src/thread/local.rs:283:12
[INFO] [stdout]   36:     0x59fde014872a - std::thread::local::LocalKey<T>::with::hbf3c3b13784d5fa0
[INFO] [stdout]                                at /rustc/df4ca44d3fbc9301ee17f30f4d474e6ae4b05252/library/std/src/thread/local.rs:260:9
[INFO] [stdout]   37:     0x59fde014aaed - tokio::runtime::context::set_scheduler::h97c26b457890b65d
[INFO] [stdout]                                at /opt/rustwide/cargo-home/registry/src/index.crates.io-6f17d22bba15001f/tokio-1.38.0/src/runtime/context.rs:180:9
[INFO] [stdout]   38:     0x59fde01612f0 - tokio::runtime::scheduler::current_thread::CoreGuard::enter::heb91c44c2842872b
[INFO] [stdout]                                at /opt/rustwide/cargo-home/registry/src/index.crates.io-6f17d22bba15001f/tokio-1.38.0/src/runtime/scheduler/current_thread/mod.rs:737:27
[INFO] [stdout]   39:     0x59fde0161563 - tokio::runtime::scheduler::current_thread::CoreGuard::block_on::h4d7e972af1e995de
[INFO] [stdout]                                at /opt/rustwide/cargo-home/registry/src/index.crates.io-6f17d22bba15001f/tokio-1.38.0/src/runtime/scheduler/current_thread/mod.rs:646:19
[INFO] [stdout]   40:     0x59fde016056d - tokio::runtime::scheduler::current_thread::CurrentThread::block_on::{{closure}}::h80e7ff6e8261d72d
[INFO] [stdout]                                at /opt/rustwide/cargo-home/registry/src/index.crates.io-6f17d22bba15001f/tokio-1.38.0/src/runtime/scheduler/current_thread/mod.rs:175:28
[INFO] [stdout]   41:     0x59fde0160037 - tokio::runtime::context::runtime::enter_runtime::h04b5c567cd011d65
[INFO] [stdout]                                at /opt/rustwide/cargo-home/registry/src/index.crates.io-6f17d22bba15001f/tokio-1.38.0/src/runtime/context/runtime.rs:65:16
[INFO] [stdout]   42:     0x59fde0160491 - tokio::runtime::scheduler::current_thread::CurrentThread::block_on::h6e8c07bf355a430b
[INFO] [stdout]                                at /opt/rustwide/cargo-home/registry/src/index.crates.io-6f17d22bba15001f/tokio-1.38.0/src/runtime/scheduler/current_thread/mod.rs:167:9
[INFO] [stdout]   43:     0x59fde01603b2 - tokio::runtime::runtime::Runtime::block_on::h9154ef98ecadaea1
[INFO] [stdout]                                at /opt/rustwide/cargo-home/registry/src/index.crates.io-6f17d22bba15001f/tokio-1.38.0/src/runtime/runtime.rs:347:47
[INFO] [stdout]   44:     0x59fde01762cf - test::tests::test_process_url_full_removeref::hceb63c2f3195a8b0
[INFO] [stdout]                                at /opt/rustwide/workdir/tests/test.rs:34:9
[INFO] [stdout]   45:     0x59fde0176177 - test::tests::test_process_url_full_removeref::{{closure}}::hf19a4d820855bfcb
[INFO] [stdout]                                at /opt/rustwide/workdir/tests/test.rs:27:47
[INFO] [stdout]   46:     0x59fde016dcd6 - core::ops::function::FnOnce::call_once::hb55a6747f566e3d9
[INFO] [stdout]                                at /rustc/df4ca44d3fbc9301ee17f30f4d474e6ae4b05252/library/core/src/ops/function.rs:250:5
[INFO] [stdout]   47:     0x59fde01b539b - core::ops::function::FnOnce::call_once::h22c3ba5715e93f05
[INFO] [stdout]                                at /rustc/df4ca44d3fbc9301ee17f30f4d474e6ae4b05252/library/core/src/ops/function.rs:250:5
[INFO] [stdout]   48:     0x59fde01b539b - test::__rust_begin_short_backtrace::h8e82d8113d0da17f
[INFO] [stdout]                                at /rustc/df4ca44d3fbc9301ee17f30f4d474e6ae4b05252/library/test/src/lib.rs:621:18
[INFO] [stdout]   49:     0x59fde01b4d17 - test::run_test_in_process::{{closure}}::h33235f4f20b7b7c7
[INFO] [stdout]                                at /rustc/df4ca44d3fbc9301ee17f30f4d474e6ae4b05252/library/test/src/lib.rs:644:60
[INFO] [stdout]   50:     0x59fde01b4d17 - <core::panic::unwind_safe::AssertUnwindSafe<F> as core::ops::function::FnOnce<()>>::call_once::hb5043206310c586f
[INFO] [stdout]                                at /rustc/df4ca44d3fbc9301ee17f30f4d474e6ae4b05252/library/core/src/panic/unwind_safe.rs:272:9
[INFO] [stdout]   51:     0x59fde01b4d17 - std::panicking::try::do_call::h9ad4731a60ab23e2
[INFO] [stdout]                                at /rustc/df4ca44d3fbc9301ee17f30f4d474e6ae4b05252/library/std/src/panicking.rs:557:40
[INFO] [stdout]   52:     0x59fde01b4d17 - std::panicking::try::h3824d23db772a716
[INFO] [stdout]                                at /rustc/df4ca44d3fbc9301ee17f30f4d474e6ae4b05252/library/std/src/panicking.rs:520:19
[INFO] [stdout]   53:     0x59fde01b4d17 - std::panic::catch_unwind::h5afd514605fde46b
[INFO] [stdout]                                at /rustc/df4ca44d3fbc9301ee17f30f4d474e6ae4b05252/library/std/src/panic.rs:358:14
[INFO] [stdout]   54:     0x59fde01b4d17 - test::run_test_in_process::h0d5cbfa7067d1720
[INFO] [stdout]                                at /rustc/df4ca44d3fbc9301ee17f30f4d474e6ae4b05252/library/test/src/lib.rs:644:27
[INFO] [stdout]   55:     0x59fde01b4d17 - test::run_test::{{closure}}::h708eb8872708115d
[INFO] [stdout]                                at /rustc/df4ca44d3fbc9301ee17f30f4d474e6ae4b05252/library/test/src/lib.rs:565:43
[INFO] [stdout]   56:     0x59fde0178434 - test::run_test::{{closure}}::h392c51cee94713ab
[INFO] [stdout]                                at /rustc/df4ca44d3fbc9301ee17f30f4d474e6ae4b05252/library/test/src/lib.rs:595:41
[INFO] [stdout]   57:     0x59fde0178434 - std::sys::backtrace::__rust_begin_short_backtrace::h2f40290710935a8b
[INFO] [stdout]                                at /rustc/df4ca44d3fbc9301ee17f30f4d474e6ae4b05252/library/std/src/sys/backtrace.rs:154:18
[INFO] [stdout]   58:     0x59fde017bbde - std::thread::Builder::spawn_unchecked_::{{closure}}::{{closure}}::h3fd968d89053a903
[INFO] [stdout]                                at /rustc/df4ca44d3fbc9301ee17f30f4d474e6ae4b05252/library/std/src/thread/mod.rs:541:17
[INFO] [stdout]   59:     0x59fde017bbde - <core::panic::unwind_safe::AssertUnwindSafe<F> as core::ops::function::FnOnce<()>>::call_once::h743f637ba4229880
[INFO] [stdout]                                at /rustc/df4ca44d3fbc9301ee17f30f4d474e6ae4b05252/library/core/src/panic/unwind_safe.rs:272:9
[INFO] [stdout]   60:     0x59fde017bbde - std::panicking::try::do_call::h07440897322525a6
[INFO] [stdout]                                at /rustc/df4ca44d3fbc9301ee17f30f4d474e6ae4b05252/library/std/src/panicking.rs:557:40
[INFO] [stdout]   61:     0x59fde017bbde - std::panicking::try::he5a2e00188156637
[INFO] [stdout]                                at /rustc/df4ca44d3fbc9301ee17f30f4d474e6ae4b05252/library/std/src/panicking.rs:520:19
[INFO] [stdout]   62:     0x59fde017bbde - std::panic::catch_unwind::hbaf3cae49b3c6433
[INFO] [stdout]                                at /rustc/df4ca44d3fbc9301ee17f30f4d474e6ae4b05252/library/std/src/panic.rs:358:14
[INFO] [stdout]   63:     0x59fde017bbde - std::thread::Builder::spawn_unchecked_::{{closure}}::h8e141ea224820bce
[INFO] [stdout]                                at /rustc/df4ca44d3fbc9301ee17f30f4d474e6ae4b05252/library/std/src/thread/mod.rs:540:30
[INFO] [stdout]   64:     0x59fde017bbde - core::ops::function::FnOnce::call_once{{vtable.shim}}::h90d312fedd7b8ea8
[INFO] [stdout]                                at /rustc/df4ca44d3fbc9301ee17f30f4d474e6ae4b05252/library/core/src/ops/function.rs:250:5
[INFO] [stdout]   65:     0x59fde05e47fb - <alloc::boxed::Box<F,A> as core::ops::function::FnOnce<Args>>::call_once::h69aa08ddb6adb8b6
[INFO] [stdout]                                at /rustc/df4ca44d3fbc9301ee17f30f4d474e6ae4b05252/library/alloc/src/boxed.rs:2454:9
[INFO] [stdout]   66:     0x59fde05e47fb - <alloc::boxed::Box<F,A> as core::ops::function::FnOnce<Args>>::call_once::h5aa36efdb79c806f
[INFO] [stdout]                                at /rustc/df4ca44d3fbc9301ee17f30f4d474e6ae4b05252/library/alloc/src/boxed.rs:2454:9
[INFO] [stdout]   67:     0x59fde05e47fb - std::sys::pal::unix::thread::Thread::new::thread_start::h6cd80a1b4be5158d
[INFO] [stdout]                                at /rustc/df4ca44d3fbc9301ee17f30f4d474e6ae4b05252/library/std/src/sys/pal/unix/thread.rs:105:17
[INFO] [stdout]   68:     0x7e507ff51ac3 - <unknown>
[INFO] [stdout]   69:     0x7e507ffe2a04 - clone
[INFO] [stdout]   70:                0x0 - <unknown>
[INFO] [stdout] 
[INFO] [stdout] ---- tests::test_process_url_full stdout ----
[INFO] [stdout] thread 'tests::test_process_url_full' panicked at /opt/rustwide/workdir/src/lib.rs:34:35:
[INFO] [stdout] Failed to fetch URL: reqwest::Error { kind: Request, url: Url { scheme: "https", cannot_be_a_base: false, username: "", password: None, host: Some(Domain("itsfoss.com")), port: None, path: "/ollama/", query: None, fragment: None }, source: hyper_util::client::legacy::Error(Connect, ConnectError("dns error", Custom { kind: Uncategorized, error: "failed to lookup address information: Temporary failure in name resolution" })) }
[INFO] [stdout] stack backtrace:
[INFO] [stdout]    0:     0x59fde05dea0a - std::backtrace_rs::backtrace::libunwind::trace::h207520d6e9873551
[INFO] [stdout]                                at /rustc/df4ca44d3fbc9301ee17f30f4d474e6ae4b05252/library/std/src/../../backtrace/src/backtrace/libunwind.rs:116:5
[INFO] [stdout]    1:     0x59fde05dea0a - std::backtrace_rs::backtrace::trace_unsynchronized::h2ed7433f370e3eca
[INFO] [stdout]                                at /rustc/df4ca44d3fbc9301ee17f30f4d474e6ae4b05252/library/std/src/../../backtrace/src/backtrace/mod.rs:66:5
[INFO] [stdout]    2:     0x59fde05dea0a - std::sys::backtrace::_print_fmt::h916fac51166b18d7
[INFO] [stdout]                                at /rustc/df4ca44d3fbc9301ee17f30f4d474e6ae4b05252/library/std/src/sys/backtrace.rs:66:9
[INFO] [stdout]    3:     0x59fde05dea0a - <std::sys::backtrace::BacktraceLock::print::DisplayBacktrace as core::fmt::Display>::fmt::ha0a4c9b8ce3802e6
[INFO] [stdout]                                at /rustc/df4ca44d3fbc9301ee17f30f4d474e6ae4b05252/library/std/src/sys/backtrace.rs:39:26
[INFO] [stdout]    4:     0x59fde0609443 - core::fmt::rt::Argument::fmt::h4cfc8587d52b3eb5
[INFO] [stdout]                                at /rustc/df4ca44d3fbc9301ee17f30f4d474e6ae4b05252/library/core/src/fmt/rt.rs:177:76
[INFO] [stdout]    5:     0x59fde0609443 - core::fmt::write::h522cc39e5b36ae9f
[INFO] [stdout]                                at /rustc/df4ca44d3fbc9301ee17f30f4d474e6ae4b05252/library/core/src/fmt/mod.rs:1190:21
[INFO] [stdout]    6:     0x59fde05daa33 - std::io::Write::write_fmt::h7d3c26752da97734
[INFO] [stdout]                                at /rustc/df4ca44d3fbc9301ee17f30f4d474e6ae4b05252/library/std/src/io/mod.rs:1839:15
[INFO] [stdout]    7:     0x59fde05de852 - std::sys::backtrace::BacktraceLock::print::h4b9e00b29e9c0942
[INFO] [stdout]                                at /rustc/df4ca44d3fbc9301ee17f30f4d474e6ae4b05252/library/std/src/sys/backtrace.rs:42:9
[INFO] [stdout]    8:     0x59fde05dfe9a - std::panicking::default_hook::{{closure}}::hb59b88280d0324d9
[INFO] [stdout]                                at /rustc/df4ca44d3fbc9301ee17f30f4d474e6ae4b05252/library/std/src/panicking.rs:268:22
[INFO] [stdout]    9:     0x59fde05dfca4 - std::panicking::default_hook::he1dd496665be4a29
[INFO] [stdout]                                at /rustc/df4ca44d3fbc9301ee17f30f4d474e6ae4b05252/library/std/src/panicking.rs:292:9
[INFO] [stdout]   10:     0x59fde01b0ac9 - <alloc::boxed::Box<F,A> as core::ops::function::Fn<Args>>::call::h4ff71de18744e1dc
[INFO] [stdout]                                at /rustc/df4ca44d3fbc9301ee17f30f4d474e6ae4b05252/library/alloc/src/boxed.rs:2468:9
[INFO] [stdout]   11:     0x59fde01b0ac9 - test::test_main::{{closure}}::hcf7c055ce117aa81
[INFO] [stdout]                                at /rustc/df4ca44d3fbc9301ee17f30f4d474e6ae4b05252/library/test/src/lib.rs:133:21
[INFO] [stdout]   12:     0x59fde05e0598 - <alloc::boxed::Box<F,A> as core::ops::function::Fn<Args>>::call::h1d66c6bbd60c9692
[INFO] [stdout]                                at /rustc/df4ca44d3fbc9301ee17f30f4d474e6ae4b05252/library/alloc/src/boxed.rs:2468:9
[INFO] [stdout]   13:     0x59fde05e0598 - std::panicking::rust_panic_with_hook::h2ff17fe8f26dfcf8
[INFO] [stdout]                                at /rustc/df4ca44d3fbc9301ee17f30f4d474e6ae4b05252/library/std/src/panicking.rs:809:13
[INFO] [stdout]   14:     0x59fde05e035a - std::panicking::begin_panic_handler::{{closure}}::h4fad77951c07e101
[INFO] [stdout]                                at /rustc/df4ca44d3fbc9301ee17f30f4d474e6ae4b05252/library/std/src/panicking.rs:674:13
[INFO] [stdout]   15:     0x59fde05deee9 - std::sys::backtrace::__rust_end_short_backtrace::hb1a25b3da5d0ea08
[INFO] [stdout]                                at /rustc/df4ca44d3fbc9301ee17f30f4d474e6ae4b05252/library/std/src/sys/backtrace.rs:170:18
[INFO] [stdout]   16:     0x59fde05dffec - rust_begin_unwind
[INFO] [stdout]                                at /rustc/df4ca44d3fbc9301ee17f30f4d474e6ae4b05252/library/std/src/panicking.rs:665:5
[INFO] [stdout]   17:     0x59fde0606ce0 - core::panicking::panic_fmt::ha9db07b529f9b256
[INFO] [stdout]                                at /rustc/df4ca44d3fbc9301ee17f30f4d474e6ae4b05252/library/core/src/panicking.rs:75:14
[INFO] [stdout]   18:     0x59fde0607166 - core::result::unwrap_failed::h5e8218e4d4338b8a
[INFO] [stdout]                                at /rustc/df4ca44d3fbc9301ee17f30f4d474e6ae4b05252/library/core/src/result.rs:1698:5
[INFO] [stdout]   19:     0x59fde014d91f - core::result::Result<T,E>::expect::h274f14388aecb365
[INFO] [stdout]                                at /rustc/df4ca44d3fbc9301ee17f30f4d474e6ae4b05252/library/core/src/result.rs:1060:23
[INFO] [stdout]   20:     0x59fde0163c7a - libhtmlfilter::get_filtered_html_fullurl::{{closure}}::h1e00a390cfd2d680
[INFO] [stdout]                                at /opt/rustwide/workdir/src/lib.rs:34:20
[INFO] [stdout]   21:     0x59fde0163032 - libhtmlfilter::process_url_full::{{closure}}::h23e0333a227ef2ea
[INFO] [stdout]                                at /opt/rustwide/workdir/src/lib.rs:75:71
[INFO] [stdout]   22:     0x59fde017604f - test::tests::test_process_url_full::{{closure}}::hd74c8a188f1ba442
[INFO] [stdout]                                at /opt/rustwide/workdir/tests/test.rs:23:60
[INFO] [stdout]   23:     0x59fde016a1d2 - <core::pin::Pin<P> as core::future::future::Future>::poll::ha1ff9129b692fa42
[INFO] [stdout]                                at /rustc/df4ca44d3fbc9301ee17f30f4d474e6ae4b05252/library/core/src/future/future.rs:123:9
[INFO] [stdout]   24:     0x59fde016a20d - <core::pin::Pin<P> as core::future::future::Future>::poll::hfebea7efab14c7a0
[INFO] [stdout]                                at /rustc/df4ca44d3fbc9301ee17f30f4d474e6ae4b05252/library/core/src/future/future.rs:123:9
[INFO] [stdout]   25:     0x59fde016201f - tokio::runtime::scheduler::current_thread::CoreGuard::block_on::{{closure}}::{{closure}}::{{closure}}::h375a9c9c631cab95
[INFO] [stdout]                                at /opt/rustwide/cargo-home/registry/src/index.crates.io-6f17d22bba15001f/tokio-1.38.0/src/runtime/scheduler/current_thread/mod.rs:659:57
[INFO] [stdout]   26:     0x59fde0161f65 - tokio::runtime::coop::with_budget::hd33e3bee16bb8472
[INFO] [stdout]                                at /opt/rustwide/cargo-home/registry/src/index.crates.io-6f17d22bba15001f/tokio-1.38.0/src/runtime/coop.rs:107:5
[INFO] [stdout]   27:     0x59fde0161f65 - tokio::runtime::coop::budget::h006e99a0f9ded47c
[INFO] [stdout]                                at /opt/rustwide/cargo-home/registry/src/index.crates.io-6f17d22bba15001f/tokio-1.38.0/src/runtime/coop.rs:73:5
[INFO] [stdout]   28:     0x59fde0161f65 - tokio::runtime::scheduler::current_thread::CoreGuard::block_on::{{closure}}::{{closure}}::h450acba8f8f86ffb
[INFO] [stdout]                                at /opt/rustwide/cargo-home/registry/src/index.crates.io-6f17d22bba15001f/tokio-1.38.0/src/runtime/scheduler/current_thread/mod.rs:659:25
[INFO] [stdout]   29:     0x59fde0160d20 - tokio::runtime::scheduler::current_thread::Context::enter::hd0b095ba6dc94fba
[INFO] [stdout]                                at /opt/rustwide/cargo-home/registry/src/index.crates.io-6f17d22bba15001f/tokio-1.38.0/src/runtime/scheduler/current_thread/mod.rs:404:19
[INFO] [stdout]   30:     0x59fde01617db - tokio::runtime::scheduler::current_thread::CoreGuard::block_on::{{closure}}::h70b7511228e20e6e
[INFO] [stdout]                                at /opt/rustwide/cargo-home/registry/src/index.crates.io-6f17d22bba15001f/tokio-1.38.0/src/runtime/scheduler/current_thread/mod.rs:658:36
[INFO] [stdout]   31:     0x59fde0161544 - tokio::runtime::scheduler::current_thread::CoreGuard::enter::{{closure}}::h924685fce6e3c198
[INFO] [stdout]                                at /opt/rustwide/cargo-home/registry/src/index.crates.io-6f17d22bba15001f/tokio-1.38.0/src/runtime/scheduler/current_thread/mod.rs:737:68
[INFO] [stdout]   32:     0x59fde0159beb - tokio::runtime::context::scoped::Scoped<T>::set::h552bab277be0afc3
[INFO] [stdout]                                at /opt/rustwide/cargo-home/registry/src/index.crates.io-6f17d22bba15001f/tokio-1.38.0/src/runtime/context/scoped.rs:40:9
[INFO] [stdout]   33:     0x59fde014ab39 - tokio::runtime::context::set_scheduler::{{closure}}::h5a99dcf0a703eb29
[INFO] [stdout]                                at /opt/rustwide/cargo-home/registry/src/index.crates.io-6f17d22bba15001f/tokio-1.38.0/src/runtime/context.rs:180:26
[INFO] [stdout]   34:     0x59fde0148a3d - std::thread::local::LocalKey<T>::try_with::h877629e53ce9c6f7
[INFO] [stdout]                                at /rustc/df4ca44d3fbc9301ee17f30f4d474e6ae4b05252/library/std/src/thread/local.rs:283:12
[INFO] [stdout]   35:     0x59fde014872a - std::thread::local::LocalKey<T>::with::hbf3c3b13784d5fa0
[INFO] [stdout]                                at /rustc/df4ca44d3fbc9301ee17f30f4d474e6ae4b05252/library/std/src/thread/local.rs:260:9
[INFO] [stdout]   36:     0x59fde014aaed - tokio::runtime::context::set_scheduler::h97c26b457890b65d
[INFO] [stdout]                                at /opt/rustwide/cargo-home/registry/src/index.crates.io-6f17d22bba15001f/tokio-1.38.0/src/runtime/context.rs:180:9
[INFO] [stdout]   37:     0x59fde01612f0 - tokio::runtime::scheduler::current_thread::CoreGuard::enter::heb91c44c2842872b
[INFO] [stdout]                                at /opt/rustwide/cargo-home/registry/src/index.crates.io-6f17d22bba15001f/tokio-1.38.0/src/runtime/scheduler/current_thread/mod.rs:737:27
[INFO] [stdout]   38:     0x59fde0161563 - tokio::runtime::scheduler::current_thread::CoreGuard::block_on::h4d7e972af1e995de
[INFO] [stdout]                                at /opt/rustwide/cargo-home/registry/src/index.crates.io-6f17d22bba15001f/tokio-1.38.0/src/runtime/scheduler/current_thread/mod.rs:646:19
[INFO] [stdout]   39:     0x59fde016056d - tokio::runtime::scheduler::current_thread::CurrentThread::block_on::{{closure}}::h80e7ff6e8261d72d
[INFO] [stdout]                                at /opt/rustwide/cargo-home/registry/src/index.crates.io-6f17d22bba15001f/tokio-1.38.0/src/runtime/scheduler/current_thread/mod.rs:175:28
[INFO] [stdout]   40:     0x59fde0160037 - tokio::runtime::context::runtime::enter_runtime::h04b5c567cd011d65
[INFO] [stdout]                                at /opt/rustwide/cargo-home/registry/src/index.crates.io-6f17d22bba15001f/tokio-1.38.0/src/runtime/context/runtime.rs:65:16
[INFO] [stdout]   41:     0x59fde0160491 - tokio::runtime::scheduler::current_thread::CurrentThread::block_on::h6e8c07bf355a430b
[INFO] [stdout]                                at /opt/rustwide/cargo-home/registry/src/index.crates.io-6f17d22bba15001f/tokio-1.38.0/src/runtime/scheduler/current_thread/mod.rs:167:9
[INFO] [stdout]   42:     0x59fde01603b2 - tokio::runtime::runtime::Runtime::block_on::h9154ef98ecadaea1
[INFO] [stdout]                                at /opt/rustwide/cargo-home/registry/src/index.crates.io-6f17d22bba15001f/tokio-1.38.0/src/runtime/runtime.rs:347:47
[INFO] [stdout]   43:     0x59fde017587f - test::tests::test_process_url_full::h6b969a2c52967bbb
[INFO] [stdout]                                at /opt/rustwide/workdir/tests/test.rs:23:9
[INFO] [stdout]   44:     0x59fde0175727 - test::tests::test_process_url_full::{{closure}}::h04d10f01c37fdb00
[INFO] [stdout]                                at /opt/rustwide/workdir/tests/test.rs:16:37
[INFO] [stdout]   45:     0x59fde016dbc6 - core::ops::function::FnOnce::call_once::h2054917b916e54c5
[INFO] [stdout]                                at /rustc/df4ca44d3fbc9301ee17f30f4d474e6ae4b05252/library/core/src/ops/function.rs:250:5
[INFO] [stdout]   46:     0x59fde01b539b - core::ops::function::FnOnce::call_once::h22c3ba5715e93f05
[INFO] [stdout]                                at /rustc/df4ca44d3fbc9301ee17f30f4d474e6ae4b05252/library/core/src/ops/function.rs:250:5
[INFO] [stdout]   47:     0x59fde01b539b - test::__rust_begin_short_backtrace::h8e82d8113d0da17f
[INFO] [stdout]                                at /rustc/df4ca44d3fbc9301ee17f30f4d474e6ae4b05252/library/test/src/lib.rs:621:18
[INFO] [stdout]   48:     0x59fde01b4d17 - test::run_test_in_process::{{closure}}::h33235f4f20b7b7c7
[INFO] [stdout]                                at /rustc/df4ca44d3fbc9301ee17f30f4d474e6ae4b05252/library/test/src/lib.rs:644:60
[INFO] [stdout]   49:     0x59fde01b4d17 - <core::panic::unwind_safe::AssertUnwindSafe<F> as core::ops::function::FnOnce<()>>::call_once::hb5043206310c586f
[INFO] [stdout]                                at /rustc/df4ca44d3fbc9301ee17f30f4d474e6ae4b05252/library/core/src/panic/unwind_safe.rs:272:9
[INFO] [stdout]   50:     0x59fde01b4d17 - std::panicking::try::do_call::h9ad4731a60ab23e2
[INFO] [stdout]                                at /rustc/df4ca44d3fbc9301ee17f30f4d474e6ae4b05252/library/std/src/panicking.rs:557:40
[INFO] [stdout]   51:     0x59fde01b4d17 - std::panicking::try::h3824d23db772a716
[INFO] [stdout]                                at /rustc/df4ca44d3fbc9301ee17f30f4d474e6ae4b05252/library/std/src/panicking.rs:520:19
[INFO] [stdout]   52:     0x59fde01b4d17 - std::panic::catch_unwind::h5afd514605fde46b
[INFO] [stdout]                                at /rustc/df4ca44d3fbc9301ee17f30f4d474e6ae4b05252/library/std/src/panic.rs:358:14
[INFO] [stdout]   53:     0x59fde01b4d17 - test::run_test_in_process::h0d5cbfa7067d1720
[INFO] [stdout]                                at /rustc/df4ca44d3fbc9301ee17f30f4d474e6ae4b05252/library/test/src/lib.rs:644:27
[INFO] [stdout]   54:     0x59fde01b4d17 - test::run_test::{{closure}}::h708eb8872708115d
[INFO] [stdout]                                at /rustc/df4ca44d3fbc9301ee17f30f4d474e6ae4b05252/library/test/src/lib.rs:565:43
[INFO] [stdout]   55:     0x59fde0178434 - test::run_test::{{closure}}::h392c51cee94713ab
[INFO] [stdout]                                at /rustc/df4ca44d3fbc9301ee17f30f4d474e6ae4b05252/library/test/src/lib.rs:595:41
[INFO] [stdout]   56:     0x59fde0178434 - std::sys::backtrace::__rust_begin_short_backtrace::h2f40290710935a8b
[INFO] [stdout]                                at /rustc/df4ca44d3fbc9301ee17f30f4d474e6ae4b05252/library/std/src/sys/backtrace.rs:154:18
[INFO] [stdout]   57:     0x59fde017bbde - std::thread::Builder::spawn_unchecked_::{{closure}}::{{closure}}::h3fd968d89053a903
[INFO] [stdout]                                at /rustc/df4ca44d3fbc9301ee17f30f4d474e6ae4b05252/library/std/src/thread/mod.rs:541:17
[INFO] [stdout]   58:     0x59fde017bbde - <core::panic::unwind_safe::AssertUnwindSafe<F> as core::ops::function::FnOnce<()>>::call_once::h743f637ba4229880
[INFO] [stdout]                                at /rustc/df4ca44d3fbc9301ee17f30f4d474e6ae4b05252/library/core/src/panic/unwind_safe.rs:272:9
[INFO] [stdout]   59:     0x59fde017bbde - std::panicking::try::do_call::h07440897322525a6
[INFO] [stdout]                                at /rustc/df4ca44d3fbc9301ee17f30f4d474e6ae4b05252/library/std/src/panicking.rs:557:40
[INFO] [stdout]   60:     0x59fde017bbde - std::panicking::try::he5a2e00188156637
[INFO] [stdout]                                at /rustc/df4ca44d3fbc9301ee17f30f4d474e6ae4b05252/library/std/src/panicking.rs:520:19
[INFO] [stdout]   61:     0x59fde017bbde - std::panic::catch_unwind::hbaf3cae49b3c6433
[INFO] [stdout]                                at /rustc/df4ca44d3fbc9301ee17f30f4d474e6ae4b05252/library/std/src/panic.rs:358:14
[INFO] [stdout]   62:     0x59fde017bbde - std::thread::Builder::spawn_unchecked_::{{closure}}::h8e141ea224820bce
[INFO] [stdout]                                at /rustc/df4ca44d3fbc9301ee17f30f4d474e6ae4b05252/library/std/src/thread/mod.rs:540:30
[INFO] [stdout]   63:     0x59fde017bbde - core::ops::function::FnOnce::call_once{{vtable.shim}}::h90d312fedd7b8ea8
[INFO] [stdout]                                at /rustc/df4ca44d3fbc9301ee17f30f4d474e6ae4b05252/library/core/src/ops/function.rs:250:5
[INFO] [stdout]   64:     0x59fde05e47fb - <alloc::boxed::Box<F,A> as core::ops::function::FnOnce<Args>>::call_once::h69aa08ddb6adb8b6
[INFO] [stdout]                                at /rustc/df4ca44d3fbc9301ee17f30f4d474e6ae4b05252/library/alloc/src/boxed.rs:2454:9
[INFO] [stdout]   65:     0x59fde05e47fb - <alloc::boxed::Box<F,A> as core::ops::function::FnOnce<Args>>::call_once::h5aa36efdb79c806f
[INFO] [stdout]                                at /rustc/df4ca44d3fbc9301ee17f30f4d474e6ae4b05252/library/alloc/src/boxed.rs:2454:9
[INFO] [stdout]   66:     0x59fde05e47fb - std::sys::pal::unix::thread::Thread::new::thread_start::h6cd80a1b4be5158d
[INFO] [stdout]                                at /rustc/df4ca44d3fbc9301ee17f30f4d474e6ae4b05252/library/std/src/sys/pal/unix/thread.rs:105:17
[INFO] [stdout]   67:     0x7e507ff51ac3 - <unknown>
[INFO] [stdout]   68:     0x7e507ffe2a04 - clone
[INFO] [stdout]   69:                0x0 - <unknown>
[INFO] [stdout] 
[INFO] [stdout] ---- tests::test_save_html stdout ----
[INFO] [stdout] thread 'tests::test_save_html' panicked at /opt/rustwide/workdir/src/lib.rs:11:35:
[INFO] [stdout] Failed to fetch URL: reqwest::Error { kind: Request, url: Url { scheme: "https", cannot_be_a_base: false, username: "", password: None, host: Some(Domain("itsfoss.com")), port: None, path: "/ollama/", query: None, fragment: None }, source: hyper_util::client::legacy::Error(Connect, ConnectError("dns error", Custom { kind: Uncategorized, error: "failed to lookup address information: Temporary failure in name resolution" })) }
[INFO] [stdout] stack backtrace:
[INFO] [stdout]    0:     0x59fde05dea0a - std::backtrace_rs::backtrace::libunwind::trace::h207520d6e9873551
[INFO] [stdout]                                at /rustc/df4ca44d3fbc9301ee17f30f4d474e6ae4b05252/library/std/src/../../backtrace/src/backtrace/libunwind.rs:116:5
[INFO] [stdout]    1:     0x59fde05dea0a - std::backtrace_rs::backtrace::trace_unsynchronized::h2ed7433f370e3eca
[INFO] [stdout]                                at /rustc/df4ca44d3fbc9301ee17f30f4d474e6ae4b05252/library/std/src/../../backtrace/src/backtrace/mod.rs:66:5
[INFO] [stdout]    2:     0x59fde05dea0a - std::sys::backtrace::_print_fmt::h916fac51166b18d7
[INFO] [stdout]                                at /rustc/df4ca44d3fbc9301ee17f30f4d474e6ae4b05252/library/std/src/sys/backtrace.rs:66:9
[INFO] [stdout]    3:     0x59fde05dea0a - <std::sys::backtrace::BacktraceLock::print::DisplayBacktrace as core::fmt::Display>::fmt::ha0a4c9b8ce3802e6
[INFO] [stdout]                                at /rustc/df4ca44d3fbc9301ee17f30f4d474e6ae4b05252/library/std/src/sys/backtrace.rs:39:26
[INFO] [stdout]    4:     0x59fde0609443 - core::fmt::rt::Argument::fmt::h4cfc8587d52b3eb5
[INFO] [stdout]                                at /rustc/df4ca44d3fbc9301ee17f30f4d474e6ae4b05252/library/core/src/fmt/rt.rs:177:76
[INFO] [stdout]    5:     0x59fde0609443 - core::fmt::write::h522cc39e5b36ae9f
[INFO] [stdout]                                at /rustc/df4ca44d3fbc9301ee17f30f4d474e6ae4b05252/library/core/src/fmt/mod.rs:1190:21
[INFO] [stdout]    6:     0x59fde05daa33 - std::io::Write::write_fmt::h7d3c26752da97734
[INFO] [stdout]                                at /rustc/df4ca44d3fbc9301ee17f30f4d474e6ae4b05252/library/std/src/io/mod.rs:1839:15
[INFO] [stdout]    7:     0x59fde05de852 - std::sys::backtrace::BacktraceLock::print::h4b9e00b29e9c0942
[INFO] [stdout]                                at /rustc/df4ca44d3fbc9301ee17f30f4d474e6ae4b05252/library/std/src/sys/backtrace.rs:42:9
[INFO] [stdout]    8:     0x59fde05dfe9a - std::panicking::default_hook::{{closure}}::hb59b88280d0324d9
[INFO] [stdout]                                at /rustc/df4ca44d3fbc9301ee17f30f4d474e6ae4b05252/library/std/src/panicking.rs:268:22
[INFO] [stdout]    9:     0x59fde05dfca4 - std::panicking::default_hook::he1dd496665be4a29
[INFO] [stdout]                                at /rustc/df4ca44d3fbc9301ee17f30f4d474e6ae4b05252/library/std/src/panicking.rs:292:9
[INFO] [stdout]   10:     0x59fde01b0ac9 - <alloc::boxed::Box<F,A> as core::ops::function::Fn<Args>>::call::h4ff71de18744e1dc
[INFO] [stdout]                                at /rustc/df4ca44d3fbc9301ee17f30f4d474e6ae4b05252/library/alloc/src/boxed.rs:2468:9
[INFO] [stdout]   11:     0x59fde01b0ac9 - test::test_main::{{closure}}::hcf7c055ce117aa81
[INFO] [stdout]                                at /rustc/df4ca44d3fbc9301ee17f30f4d474e6ae4b05252/library/test/src/lib.rs:133:21
[INFO] [stdout]   12:     0x59fde05e0598 - <alloc::boxed::Box<F,A> as core::ops::function::Fn<Args>>::call::h1d66c6bbd60c9692
[INFO] [stdout]                                at /rustc/df4ca44d3fbc9301ee17f30f4d474e6ae4b05252/library/alloc/src/boxed.rs:2468:9
[INFO] [stdout]   13:     0x59fde05e0598 - std::panicking::rust_panic_with_hook::h2ff17fe8f26dfcf8
[INFO] [stdout]                                at /rustc/df4ca44d3fbc9301ee17f30f4d474e6ae4b05252/library/std/src/panicking.rs:809:13
[INFO] [stdout]   14:     0x59fde05e035a - std::panicking::begin_panic_handler::{{closure}}::h4fad77951c07e101
[INFO] [stdout]                                at /rustc/df4ca44d3fbc9301ee17f30f4d474e6ae4b05252/library/std/src/panicking.rs:674:13
[INFO] [stdout]   15:     0x59fde05deee9 - std::sys::backtrace::__rust_end_short_backtrace::hb1a25b3da5d0ea08
[INFO] [stdout]                                at /rustc/df4ca44d3fbc9301ee17f30f4d474e6ae4b05252/library/std/src/sys/backtrace.rs:170:18
[INFO] [stdout]   16:     0x59fde05dffec - rust_begin_unwind
[INFO] [stdout]                                at /rustc/df4ca44d3fbc9301ee17f30f4d474e6ae4b05252/library/std/src/panicking.rs:665:5
[INFO] [stdout]   17:     0x59fde0606ce0 - core::panicking::panic_fmt::ha9db07b529f9b256
[INFO] [stdout]                                at /rustc/df4ca44d3fbc9301ee17f30f4d474e6ae4b05252/library/core/src/panicking.rs:75:14
[INFO] [stdout]   18:     0x59fde0607166 - core::result::unwrap_failed::h5e8218e4d4338b8a
[INFO] [stdout]                                at /rustc/df4ca44d3fbc9301ee17f30f4d474e6ae4b05252/library/core/src/result.rs:1698:5
[INFO] [stdout]   19:     0x59fde014d91f - core::result::Result<T,E>::expect::h274f14388aecb365
[INFO] [stdout]                                at /rustc/df4ca44d3fbc9301ee17f30f4d474e6ae4b05252/library/core/src/result.rs:1060:23
[INFO] [stdout]   20:     0x59fde0163402 - libhtmlfilter::get_filtered_html::{{closure}}::hc53cfea6ef06251e
[INFO] [stdout]                                at /opt/rustwide/workdir/src/lib.rs:11:20
[INFO] [stdout]   21:     0x59fde0162d22 - libhtmlfilter::process_url::{{closure}}::hba9a7dbc4b29f141
[INFO] [stdout]                                at /opt/rustwide/workdir/src/lib.rs:69:63
[INFO] [stdout]   22:     0x59fde01755ff - test::tests::test_save_html::{{closure}}::he6a2a5dee745587f
[INFO] [stdout]                                at /opt/rustwide/workdir/tests/test.rs:12:55
[INFO] [stdout]   23:     0x59fde016a1d2 - <core::pin::Pin<P> as core::future::future::Future>::poll::ha1ff9129b692fa42
[INFO] [stdout]                                at /rustc/df4ca44d3fbc9301ee17f30f4d474e6ae4b05252/library/core/src/future/future.rs:123:9
[INFO] [stdout]   24:     0x59fde016a20d - <core::pin::Pin<P> as core::future::future::Future>::poll::hfebea7efab14c7a0
[INFO] [stdout]                                at /rustc/df4ca44d3fbc9301ee17f30f4d474e6ae4b05252/library/core/src/future/future.rs:123:9
[INFO] [stdout]   25:     0x59fde016201f - tokio::runtime::scheduler::current_thread::CoreGuard::block_on::{{closure}}::{{closure}}::{{closure}}::h375a9c9c631cab95
[INFO] [stdout]                                at /opt/rustwide/cargo-home/registry/src/index.crates.io-6f17d22bba15001f/tokio-1.38.0/src/runtime/scheduler/current_thread/mod.rs:659:57
[INFO] [stdout]   26:     0x59fde0161f65 - tokio::runtime::coop::with_budget::hd33e3bee16bb8472
[INFO] [stdout]                                at /opt/rustwide/cargo-home/registry/src/index.crates.io-6f17d22bba15001f/tokio-1.38.0/src/runtime/coop.rs:107:5
[INFO] [stdout]   27:     0x59fde0161f65 - tokio::runtime::coop::budget::h006e99a0f9ded47c
[INFO] [stdout]                                at /opt/rustwide/cargo-home/registry/src/index.crates.io-6f17d22bba15001f/tokio-1.38.0/src/runtime/coop.rs:73:5
[INFO] [stdout]   28:     0x59fde0161f65 - tokio::runtime::scheduler::current_thread::CoreGuard::block_on::{{closure}}::{{closure}}::h450acba8f8f86ffb
[INFO] [stdout]                                at /opt/rustwide/cargo-home/registry/src/index.crates.io-6f17d22bba15001f/tokio-1.38.0/src/runtime/scheduler/current_thread/mod.rs:659:25
[INFO] [stdout]   29:     0x59fde0160d20 - tokio::runtime::scheduler::current_thread::Context::enter::hd0b095ba6dc94fba
[INFO] [stdout]                                at /opt/rustwide/cargo-home/registry/src/index.crates.io-6f17d22bba15001f/tokio-1.38.0/src/runtime/scheduler/current_thread/mod.rs:404:19
[INFO] [stdout]   30:     0x59fde01617db - tokio::runtime::scheduler::current_thread::CoreGuard::block_on::{{closure}}::h70b7511228e20e6e
[INFO] [stdout]                                at /opt/rustwide/cargo-home/registry/src/index.crates.io-6f17d22bba15001f/tokio-1.38.0/src/runtime/scheduler/current_thread/mod.rs:658:36
[INFO] [stdout]   31:     0x59fde0161544 - tokio::runtime::scheduler::current_thread::CoreGuard::enter::{{closure}}::h924685fce6e3c198
[INFO] [stdout]                                at /opt/rustwide/cargo-home/registry/src/index.crates.io-6f17d22bba15001f/tokio-1.38.0/src/runtime/scheduler/current_thread/mod.rs:737:68
[INFO] [stdout]   32:     0x59fde0159beb - tokio::runtime::context::scoped::Scoped<T>::set::h552bab277be0afc3
[INFO] [stdout]                                at /opt/rustwide/cargo-home/registry/src/index.crates.io-6f17d22bba15001f/tokio-1.38.0/src/runtime/context/scoped.rs:40:9
[INFO] [stdout]   33:     0x59fde014ab39 - tokio::runtime::context::set_scheduler::{{closure}}::h5a99dcf0a703eb29
[INFO] [stdout]                                at /opt/rustwide/cargo-home/registry/src/index.crates.io-6f17d22bba15001f/tokio-1.38.0/src/runtime/context.rs:180:26
[INFO] [stdout]   34:     0x59fde0148a3d - std::thread::local::LocalKey<T>::try_with::h877629e53ce9c6f7
[INFO] [stdout]                                at /rustc/df4ca44d3fbc9301ee17f30f4d474e6ae4b05252/library/std/src/thread/local.rs:283:12
[INFO] [stdout]   35:     0x59fde014872a - std::thread::local::LocalKey<T>::with::hbf3c3b13784d5fa0
[INFO] [stdout]                                at /rustc/df4ca44d3fbc9301ee17f30f4d474e6ae4b05252/library/std/src/thread/local.rs:260:9
[INFO] [stdout]   36:     0x59fde014aaed - tokio::runtime::context::set_scheduler::h97c26b457890b65d
[INFO] [stdout]                                at /opt/rustwide/cargo-home/registry/src/index.crates.io-6f17d22bba15001f/tokio-1.38.0/src/runtime/context.rs:180:9
[INFO] [stdout]   37:     0x59fde01612f0 - tokio::runtime::scheduler::current_thread::CoreGuard::enter::heb91c44c2842872b
[INFO] [stdout]                                at /opt/rustwide/cargo-home/registry/src/index.crates.io-6f17d22bba15001f/tokio-1.38.0/src/runtime/scheduler/current_thread/mod.rs:737:27
[INFO] [stdout]   38:     0x59fde0161563 - tokio::runtime::scheduler::current_thread::CoreGuard::block_on::h4d7e972af1e995de
[INFO] [stdout]                                at /opt/rustwide/cargo-home/registry/src/index.crates.io-6f17d22bba15001f/tokio-1.38.0/src/runtime/scheduler/current_thread/mod.rs:646:19
[INFO] [stdout]   39:     0x59fde016056d - tokio::runtime::scheduler::current_thread::CurrentThread::block_on::{{closure}}::h80e7ff6e8261d72d
[INFO] [stdout]                                at /opt/rustwide/cargo-home/registry/src/index.crates.io-6f17d22bba15001f/tokio-1.38.0/src/runtime/scheduler/current_thread/mod.rs:175:28
[INFO] [stdout]   40:     0x59fde0160037 - tokio::runtime::context::runtime::enter_runtime::h04b5c567cd011d65
[INFO] [stdout]                                at /opt/rustwide/cargo-home/registry/src/index.crates.io-6f17d22bba15001f/tokio-1.38.0/src/runtime/context/runtime.rs:65:16
[INFO] [stdout]   41:     0x59fde0160491 - tokio::runtime::scheduler::current_thread::CurrentThread::block_on::h6e8c07bf355a430b
[INFO] [stdout]                                at /opt/rustwide/cargo-home/registry/src/index.crates.io-6f17d22bba15001f/tokio-1.38.0/src/runtime/scheduler/current_thread/mod.rs:167:9
[INFO] [stdout]   42:     0x59fde01603b2 - tokio::runtime::runtime::Runtime::block_on::h9154ef98ecadaea1
[INFO] [stdout]                                at /opt/rustwide/cargo-home/registry/src/index.crates.io-6f17d22bba15001f/tokio-1.38.0/src/runtime/runtime.rs:347:47
[INFO] [stdout]   43:     0x59fde0174e2f - test::tests::test_save_html::ha44ba19b8259f4de
[INFO] [stdout]                                at /opt/rustwide/workdir/tests/test.rs:12:9
[INFO] [stdout]   44:     0x59fde0174cd7 - test::tests::test_save_html::{{closure}}::h2954f090da49f3f1
[INFO] [stdout]                                at /opt/rustwide/workdir/tests/test.rs:5:30
[INFO] [stdout]   45:     0x59fde016dc46 - core::ops::function::FnOnce::call_once::h46282afaf1a47744
[INFO] [stdout]                                at /rustc/df4ca44d3fbc9301ee17f30f4d474e6ae4b05252/library/core/src/ops/function.rs:250:5
[INFO] [stdout]   46:     0x59fde01b539b - core::ops::function::FnOnce::call_once::h22c3ba5715e93f05
[INFO] [stdout]                                at /rustc/df4ca44d3fbc9301ee17f30f4d474e6ae4b05252/library/core/src/ops/function.rs:250:5
[INFO] [stdout]   47:     0x59fde01b539b - test::__rust_begin_short_backtrace::h8e82d8113d0da17f
[INFO] [stdout]                                at /rustc/df4ca44d3fbc9301ee17f30f4d474e6ae4b05252/library/test/src/lib.rs:621:18
[INFO] [stdout]   48:     0x59fde01b4d17 - test::run_test_in_process::{{closure}}::h33235f4f20b7b7c7
[INFO] [stdout]                                at /rustc/df4ca44d3fbc9301ee17f30f4d474e6ae4b05252/library/test/src/lib.rs:644:60
[INFO] [stdout]   49:     0x59fde01b4d17 - <core::panic::unwind_safe::AssertUnwindSafe<F> as core::ops::function::FnOnce<()>>::call_once::hb5043206310c586f
[INFO] [stdout]                                at /rustc/df4ca44d3fbc9301ee17f30f4d474e6ae4b05252/library/core/src/panic/unwind_safe.rs:272:9
[INFO] [stdout]   50:     0x59fde01b4d17 - std::panicking::try::do_call::h9ad4731a60ab23e2
[INFO] [stdout]                                at /rustc/df4ca44d3fbc9301ee17f30f4d474e6ae4b05252/library/std/src/panicking.rs:557:40
[INFO] [stdout]   51:     0x59fde01b4d17 - std::panicking::try::h3824d23db772a716
[INFO] [stdout]                                at /rustc/df4ca44d3fbc9301ee17f30f4d474e6ae4b05252/library/std/src/panicking.rs:520:19
[INFO] [stdout]   52:     0x59fde01b4d17 - std::panic::catch_unwind::h5afd514605fde46b
[INFO] [stdout]                                at /rustc/df4ca44d3fbc9301ee17f30f4d474e6ae4b05252/library/std/src/panic.rs:358:14
[INFO] [stdout]   53:     0x59fde01b4d17 - test::run_test_in_process::h0d5cbfa7067d1720
[INFO] [stdout]                                at /rustc/df4ca44d3fbc9301ee17f30f4d474e6ae4b05252/library/test/src/lib.rs:644:27
[INFO] [stdout]   54:     0x59fde01b4d17 - test::run_test::{{closure}}::h708eb8872708115d
[INFO] [stdout]                                at /rustc/df4ca44d3fbc9301ee17f30f4d474e6ae4b05252/library/test/src/lib.rs:565:43
[INFO] [stdout]   55:     0x59fde0178434 - test::run_test::{{closure}}::h392c51cee94713ab
[INFO] [stdout]                                at /rustc/df4ca44d3fbc9301ee17f30f4d474e6ae4b05252/library/test/src/lib.rs:595:41
[INFO] [stdout]   56:     0x59fde0178434 - std::sys::backtrace::__rust_begin_short_backtrace::h2f40290710935a8b
[INFO] [stdout]                                at /rustc/df4ca44d3fbc9301ee17f30f4d474e6ae4b05252/library/std/src/sys/backtrace.rs:154:18
[INFO] [stdout]   57:     0x59fde017bbde - std::thread::Builder::spawn_unchecked_::{{closure}}::{{closure}}::h3fd968d89053a903
[INFO] [stdout]                                at /rustc/df4ca44d3fbc9301ee17f30f4d474e6ae4b05252/library/std/src/thread/mod.rs:541:17
[INFO] [stdout]   58:     0x59fde017bbde - <core::panic::unwind_safe::AssertUnwindSafe<F> as core::ops::function::FnOnce<()>>::call_once::h743f637ba4229880
[INFO] [stdout]                                at /rustc/df4ca44d3fbc9301ee17f30f4d474e6ae4b05252/library/core/src/panic/unwind_safe.rs:272:9
[INFO] [stdout]   59:     0x59fde017bbde - std::panicking::try::do_call::h07440897322525a6
[INFO] [stdout]                                at /rustc/df4ca44d3fbc9301ee17f30f4d474e6ae4b05252/library/std/src/panicking.rs:557:40
[INFO] [stdout]   60:     0x59fde017bbde - std::panicking::try::he5a2e00188156637
[INFO] [stdout]                                at /rustc/df4ca44d3fbc9301ee17f30f4d474e6ae4b05252/library/std/src/panicking.rs:520:19
[INFO] [stdout]   61:     0x59fde017bbde - std::panic::catch_unwind::hbaf3cae49b3c6433
[INFO] [stdout]                                at /rustc/df4ca44d3fbc9301ee17f30f4d474e6ae4b05252/library/std/src/panic.rs:358:14
[INFO] [stdout]   62:     0x59fde017bbde - std::thread::Builder::spawn_unchecked_::{{closure}}::h8e141ea224820bce
[INFO] [stdout]                                at /rustc/df4ca44d3fbc9301ee17f30f4d474e6ae4b05252/library/std/src/thread/mod.rs:540:30
[INFO] [stdout]   63:     0x59fde017bbde - core::ops::function::FnOnce::call_once{{vtable.shim}}::h90d312fedd7b8ea8
[INFO] [stdout]                                at /rustc/df4ca44d3fbc9301ee17f30f4d474e6ae4b05252/library/core/src/ops/function.rs:250:5
[INFO] [stdout]   64:     0x59fde05e47fb - <alloc::boxed::Box<F,A> as core::ops::function::FnOnce<Args>>::call_once::h69aa08ddb6adb8b6
[INFO] [stdout]                                at /rustc/df4ca44d3fbc9301ee17f30f4d474e6ae4b05252/library/alloc/src/boxed.rs:2454:9
[INFO] [stdout]   65:     0x59fde05e47fb - <alloc::boxed::Box<F,A> as core::ops::function::FnOnce<Args>>::call_once::h5aa36efdb79c806f
[INFO] [stdout]                                at /rustc/df4ca44d3fbc9301ee17f30f4d474e6ae4b05252/library/alloc/src/boxed.rs:2454:9
[INFO] [stdout]   66:     0x59fde05e47fb - std::sys::pal::unix::thread::Thread::new::thread_start::h6cd80a1b4be5158d
[INFO] [stdout]                                at /rustc/df4ca44d3fbc9301ee17f30f4d474e6ae4b05252/library/std/src/sys/pal/unix/thread.rs:105:17
[INFO] [stdout]   67:     0x7e507ff51ac3 - <unknown>
[INFO] [stdout]   68:     0x7e507ffe2a04 - clone
[INFO] [stdout]   69:                0x0 - <unknown>
[INFO] [stdout] 
[INFO] [stdout] 
[INFO] [stderr] error: test failed, to rerun pass `--test test`
[INFO] [stdout] failures:
[INFO] [stdout]     tests::test_process_url_full
[INFO] [stdout]     tests::test_process_url_full_removeref
[INFO] [stdout]     tests::test_save_html
[INFO] [stdout] 
[INFO] [stdout] test result: FAILED. 0 passed; 3 failed; 0 ignored; 0 measured; 0 filtered out; finished in 0.10s
[INFO] [stdout] 
[INFO] running `Command { std: "docker" "inspect" "6588bda0bc51972074e542f99caf4d0c966a83ded7c261e003c8c667ae601401", kill_on_drop: false }`
[INFO] running `Command { std: "docker" "rm" "-f" "6588bda0bc51972074e542f99caf4d0c966a83ded7c261e003c8c667ae601401", kill_on_drop: false }`
[INFO] [stdout] 6588bda0bc51972074e542f99caf4d0c966a83ded7c261e003c8c667ae601401
