[INFO] cloning repository https://github.com/Ernest1338/termcol
[INFO] running `Command { std: "git" "-c" "credential.helper=" "-c" "credential.helper=/workspace/cargo-home/bin/git-credential-null" "clone" "--bare" "https://github.com/Ernest1338/termcol" "/workspace/cache/git-repos/https%3A%2F%2Fgithub.com%2FErnest1338%2Ftermcol", kill_on_drop: false }`
[INFO] [stderr] Cloning into bare repository '/workspace/cache/git-repos/https%3A%2F%2Fgithub.com%2FErnest1338%2Ftermcol'...
[INFO] running `Command { std: "git" "rev-parse" "HEAD", kill_on_drop: false }`
[INFO] [stdout] bf25261c76ac4ef15a8ab233f6e698026b8ece85
[INFO] testing Ernest1338/termcol/bf25261c76ac4ef15a8ab233f6e698026b8ece85 against nightly-2024-10-28+rustflags=-Zrandomize-layout for randomize-layout
[INFO] running `Command { std: "git" "clone" "/workspace/cache/git-repos/https%3A%2F%2Fgithub.com%2FErnest1338%2Ftermcol" "/workspace/builds/worker-7-tc2/source", kill_on_drop: false }`
[INFO] [stderr] Cloning into '/workspace/builds/worker-7-tc2/source'...
[INFO] [stderr] done.
[INFO] validating manifest of git repo https://github.com/Ernest1338/termcol on toolchain nightly-2024-10-28
[INFO] running `Command { std: CARGO_HOME="/workspace/cargo-home" RUSTUP_HOME="/workspace/rustup-home" "/workspace/cargo-home/bin/cargo" "+nightly-2024-10-28" "metadata" "--manifest-path" "Cargo.toml" "--no-deps", kill_on_drop: false }`
[INFO] started tweaking git repo https://github.com/Ernest1338/termcol
[INFO] finished tweaking git repo https://github.com/Ernest1338/termcol
[INFO] tweaked toml for git repo https://github.com/Ernest1338/termcol written to /workspace/builds/worker-7-tc2/source/Cargo.toml
[INFO] crate git repo https://github.com/Ernest1338/termcol already has a lockfile, it will not be regenerated
[INFO] running `Command { std: CARGO_HOME="/workspace/cargo-home" RUSTUP_HOME="/workspace/rustup-home" "/workspace/cargo-home/bin/cargo" "+nightly-2024-10-28" "fetch" "--manifest-path" "Cargo.toml", kill_on_drop: false }`
[INFO] running `Command { std: "docker" "create" "-v" "/var/lib/crater-agent-workspace/builds/worker-7-tc2/target:/opt/rustwide/target:rw,Z" "-v" "/var/lib/crater-agent-workspace/builds/worker-7-tc2/source:/opt/rustwide/workdir:ro,Z" "-v" "/var/lib/crater-agent-workspace/cargo-home:/opt/rustwide/cargo-home:ro,Z" "-v" "/var/lib/crater-agent-workspace/rustup-home:/opt/rustwide/rustup-home:ro,Z" "-e" "SOURCE_DIR=/opt/rustwide/workdir" "-e" "CARGO_TARGET_DIR=/opt/rustwide/target" "-e" "CARGO_HOME=/opt/rustwide/cargo-home" "-e" "RUSTUP_HOME=/opt/rustwide/rustup-home" "-w" "/opt/rustwide/workdir" "-m" "1610612736" "--user" "0:0" "--network" "none" "ghcr.io/rust-lang/crates-build-env/linux@sha256:4a844ea9eb2546a2d2c7022eacef16ef2e8229c7fbb2c7d4d55a9ceca922f72d" "/opt/rustwide/cargo-home/bin/cargo" "+nightly-2024-10-28" "metadata" "--no-deps" "--format-version=1", kill_on_drop: false }`
[INFO] [stdout] 56404fd2e5545dc6bc36a5deaf8d690b0e2760645ab6f6c84118d998a89b66f1
[INFO] running `Command { std: "docker" "start" "-a" "56404fd2e5545dc6bc36a5deaf8d690b0e2760645ab6f6c84118d998a89b66f1", kill_on_drop: false }`
[INFO] running `Command { std: "docker" "inspect" "56404fd2e5545dc6bc36a5deaf8d690b0e2760645ab6f6c84118d998a89b66f1", kill_on_drop: false }`
[INFO] running `Command { std: "docker" "rm" "-f" "56404fd2e5545dc6bc36a5deaf8d690b0e2760645ab6f6c84118d998a89b66f1", kill_on_drop: false }`
[INFO] [stdout] 56404fd2e5545dc6bc36a5deaf8d690b0e2760645ab6f6c84118d998a89b66f1
[INFO] running `Command { std: "docker" "create" "-v" "/var/lib/crater-agent-workspace/builds/worker-7-tc2/target:/opt/rustwide/target:rw,Z" "-v" "/var/lib/crater-agent-workspace/builds/worker-7-tc2/source:/opt/rustwide/workdir:ro,Z" "-v" "/var/lib/crater-agent-workspace/cargo-home:/opt/rustwide/cargo-home:ro,Z" "-v" "/var/lib/crater-agent-workspace/rustup-home:/opt/rustwide/rustup-home:ro,Z" "-e" "SOURCE_DIR=/opt/rustwide/workdir" "-e" "CARGO_TARGET_DIR=/opt/rustwide/target" "-e" "CARGO_INCREMENTAL=0" "-e" "RUST_BACKTRACE=full" "-e" "RUSTFLAGS=--cap-lints=forbid -Zrandomize-layout" "-e" "RUSTDOCFLAGS=--cap-lints=forbid" "-e" "CARGO_HOME=/opt/rustwide/cargo-home" "-e" "RUSTUP_HOME=/opt/rustwide/rustup-home" "-w" "/opt/rustwide/workdir" "-m" "1610612736" "--user" "0:0" "--network" "none" "ghcr.io/rust-lang/crates-build-env/linux@sha256:4a844ea9eb2546a2d2c7022eacef16ef2e8229c7fbb2c7d4d55a9ceca922f72d" "/opt/rustwide/cargo-home/bin/cargo" "+nightly-2024-10-28" "build" "--frozen" "--message-format=json", kill_on_drop: false }`
[INFO] [stdout] 1dce7bac31967fd6787ad674be602037bd0513489ba38e1c69fd5284619dca55
[INFO] running `Command { std: "docker" "start" "-a" "1dce7bac31967fd6787ad674be602037bd0513489ba38e1c69fd5284619dca55", kill_on_drop: false }`
[INFO] [stderr]    Compiling termcol v0.1.1 (/opt/rustwide/workdir)
[INFO] [stderr]     Finished `dev` profile [unoptimized + debuginfo] target(s) in 0.09s
[INFO] running `Command { std: "docker" "inspect" "1dce7bac31967fd6787ad674be602037bd0513489ba38e1c69fd5284619dca55", kill_on_drop: false }`
[INFO] running `Command { std: "docker" "rm" "-f" "1dce7bac31967fd6787ad674be602037bd0513489ba38e1c69fd5284619dca55", kill_on_drop: false }`
[INFO] [stdout] 1dce7bac31967fd6787ad674be602037bd0513489ba38e1c69fd5284619dca55
[INFO] running `Command { std: "docker" "create" "-v" "/var/lib/crater-agent-workspace/builds/worker-7-tc2/target:/opt/rustwide/target:rw,Z" "-v" "/var/lib/crater-agent-workspace/builds/worker-7-tc2/source:/opt/rustwide/workdir:ro,Z" "-v" "/var/lib/crater-agent-workspace/cargo-home:/opt/rustwide/cargo-home:ro,Z" "-v" "/var/lib/crater-agent-workspace/rustup-home:/opt/rustwide/rustup-home:ro,Z" "-e" "SOURCE_DIR=/opt/rustwide/workdir" "-e" "CARGO_TARGET_DIR=/opt/rustwide/target" "-e" "CARGO_INCREMENTAL=0" "-e" "RUST_BACKTRACE=full" "-e" "RUSTFLAGS=--cap-lints=forbid -Zrandomize-layout" "-e" "RUSTDOCFLAGS=--cap-lints=forbid" "-e" "CARGO_HOME=/opt/rustwide/cargo-home" "-e" "RUSTUP_HOME=/opt/rustwide/rustup-home" "-w" "/opt/rustwide/workdir" "-m" "1610612736" "--user" "0:0" "--network" "none" "ghcr.io/rust-lang/crates-build-env/linux@sha256:4a844ea9eb2546a2d2c7022eacef16ef2e8229c7fbb2c7d4d55a9ceca922f72d" "/opt/rustwide/cargo-home/bin/cargo" "+nightly-2024-10-28" "test" "--frozen" "--no-run" "--message-format=json", kill_on_drop: false }`
[INFO] [stdout] ea38c428881cf593f3463a555df54822622110ed0b97f7efb2143727047197a9
[INFO] running `Command { std: "docker" "start" "-a" "ea38c428881cf593f3463a555df54822622110ed0b97f7efb2143727047197a9", kill_on_drop: false }`
[INFO] [stderr]    Compiling termcol v0.1.1 (/opt/rustwide/workdir)
[INFO] [stderr]     Finished `test` profile [unoptimized + debuginfo] target(s) in 0.11s
[INFO] running `Command { std: "docker" "inspect" "ea38c428881cf593f3463a555df54822622110ed0b97f7efb2143727047197a9", kill_on_drop: false }`
[INFO] running `Command { std: "docker" "rm" "-f" "ea38c428881cf593f3463a555df54822622110ed0b97f7efb2143727047197a9", kill_on_drop: false }`
[INFO] [stdout] ea38c428881cf593f3463a555df54822622110ed0b97f7efb2143727047197a9
[INFO] running `Command { std: "docker" "create" "-v" "/var/lib/crater-agent-workspace/builds/worker-7-tc2/target:/opt/rustwide/target:rw,Z" "-v" "/var/lib/crater-agent-workspace/builds/worker-7-tc2/source:/opt/rustwide/workdir:ro,Z" "-v" "/var/lib/crater-agent-workspace/cargo-home:/opt/rustwide/cargo-home:ro,Z" "-v" "/var/lib/crater-agent-workspace/rustup-home:/opt/rustwide/rustup-home:ro,Z" "-e" "SOURCE_DIR=/opt/rustwide/workdir" "-e" "CARGO_TARGET_DIR=/opt/rustwide/target" "-e" "CARGO_INCREMENTAL=0" "-e" "RUST_BACKTRACE=full" "-e" "RUSTFLAGS=--cap-lints=forbid -Zrandomize-layout" "-e" "RUSTDOCFLAGS=--cap-lints=forbid" "-e" "CARGO_HOME=/opt/rustwide/cargo-home" "-e" "RUSTUP_HOME=/opt/rustwide/rustup-home" "-w" "/opt/rustwide/workdir" "-m" "1610612736" "--user" "0:0" "--network" "none" "ghcr.io/rust-lang/crates-build-env/linux@sha256:4a844ea9eb2546a2d2c7022eacef16ef2e8229c7fbb2c7d4d55a9ceca922f72d" "/opt/rustwide/cargo-home/bin/cargo" "+nightly-2024-10-28" "test" "--frozen", kill_on_drop: false }`
[INFO] [stdout] 8816c2818ea5c860e4deaa0c9c4c2147f25741ccdbba99b71d1e8ee6c54a3644
[INFO] running `Command { std: "docker" "start" "-a" "8816c2818ea5c860e4deaa0c9c4c2147f25741ccdbba99b71d1e8ee6c54a3644", kill_on_drop: false }`
[INFO] [stderr]     Finished `test` profile [unoptimized + debuginfo] target(s) in 0.00s
[INFO] [stderr]      Running unittests src/lib.rs (/opt/rustwide/target/debug/deps/termcol-e0ca6ce3c98e93bd)
[INFO] [stdout] 
[INFO] [stdout] running 0 tests
[INFO] [stdout] 
[INFO] [stdout] test result: ok. 0 passed; 0 failed; 0 ignored; 0 measured; 0 filtered out; finished in 0.00s
[INFO] [stdout] 
[INFO] [stderr]    Doc-tests termcol
[INFO] [stdout] 
[INFO] [stdout] running 11 tests
[INFO] [stdout] test src/lib.rs - clean_output (line 32) - compile ... ok
[INFO] [stdout] test src/lib.rs - format_string (line 295) - compile ... ok
[INFO] [stdout] test src/lib.rs - color (line 86) - compile ... ok
[INFO] [stdout] test src/lib.rs - color_string (line 120) - compile ... ok
[INFO] [stdout] test src/lib.rs - true_color (line 162) - compile ... ok
[INFO] [stdout] test src/lib.rs - format (line 269) - compile ... ok
[INFO] [stdout] test src/lib.rs - optimize (line 327) - compile ... FAILED
[INFO] [stdout] test src/lib.rs - true_color_hex (line 213) - compile ... ok
[INFO] [stdout] test src/lib.rs - true_color_string (line 184) - compile ... ok
[INFO] [stdout] test src/lib.rs - true_color_string_hex (line 241) - compile ... ok
[INFO] [stdout] test src/lib.rs - (line 9) ... ok
[INFO] [stdout] 
[INFO] [stdout] failures:
[INFO] [stdout] 
[INFO] [stdout] ---- src/lib.rs - optimize (line 327) stdout ----
[INFO] [stdout] error[E0425]: cannot find value `string_to_optimize` in this scope
[INFO] [stdout]  --> src/lib.rs:331:31
[INFO] [stdout]   |
[INFO] [stdout] 7 | let better_string = optimize(&string_to_optimize);
[INFO] [stdout]   |                               ^^^^^^^^^^^^^^^^^^ not found in this scope
[INFO] [stdout] 
[INFO] [stdout] error: aborting due to 1 previous error
[INFO] [stdout] 
[INFO] [stdout] For more information about this error, try `rustc --explain E0425`.
[INFO] [stdout] Couldn't compile the test.
[INFO] [stdout] 
[INFO] [stdout] failures:
[INFO] [stdout]     src/lib.rs - optimize (line 327)
[INFO] [stdout] 
[INFO] [stdout] test result: FAILED. 10 passed; 1 failed; 0 ignored; 0 measured; 0 filtered out; finished in 0.08s
[INFO] [stdout] 
[INFO] [stderr] error: doctest failed, to rerun pass `--doc`
[INFO] running `Command { std: "docker" "inspect" "8816c2818ea5c860e4deaa0c9c4c2147f25741ccdbba99b71d1e8ee6c54a3644", kill_on_drop: false }`
[INFO] running `Command { std: "docker" "rm" "-f" "8816c2818ea5c860e4deaa0c9c4c2147f25741ccdbba99b71d1e8ee6c54a3644", kill_on_drop: false }`
[INFO] [stdout] 8816c2818ea5c860e4deaa0c9c4c2147f25741ccdbba99b71d1e8ee6c54a3644
