[INFO] cloning repository https://github.com/ErikBZ/crusty-gba
[INFO] running `Command { std: "git" "-c" "credential.helper=" "-c" "credential.helper=/workspace/cargo-home/bin/git-credential-null" "clone" "--bare" "https://github.com/ErikBZ/crusty-gba" "/workspace/cache/git-repos/https%3A%2F%2Fgithub.com%2FErikBZ%2Fcrusty-gba", kill_on_drop: false }`
[INFO] [stderr] Cloning into bare repository '/workspace/cache/git-repos/https%3A%2F%2Fgithub.com%2FErikBZ%2Fcrusty-gba'...
[INFO] running `Command { std: "git" "rev-parse" "HEAD", kill_on_drop: false }`
[INFO] [stdout] 76fcc49466ead791432e7998276b131a55372e4f
[INFO] testing ErikBZ/crusty-gba/76fcc49466ead791432e7998276b131a55372e4f against nightly-2024-10-28+rustflags=-Zrandomize-layout for randomize-layout
[INFO] running `Command { std: "git" "clone" "/workspace/cache/git-repos/https%3A%2F%2Fgithub.com%2FErikBZ%2Fcrusty-gba" "/workspace/builds/worker-5-tc2/source", kill_on_drop: false }`
[INFO] [stderr] Cloning into '/workspace/builds/worker-5-tc2/source'...
[INFO] [stderr] done.
[INFO] validating manifest of git repo https://github.com/ErikBZ/crusty-gba on toolchain nightly-2024-10-28
[INFO] running `Command { std: CARGO_HOME="/workspace/cargo-home" RUSTUP_HOME="/workspace/rustup-home" "/workspace/cargo-home/bin/cargo" "+nightly-2024-10-28" "metadata" "--manifest-path" "Cargo.toml" "--no-deps", kill_on_drop: false }`
[INFO] started tweaking git repo https://github.com/ErikBZ/crusty-gba
[INFO] finished tweaking git repo https://github.com/ErikBZ/crusty-gba
[INFO] tweaked toml for git repo https://github.com/ErikBZ/crusty-gba written to /workspace/builds/worker-5-tc2/source/Cargo.toml
[INFO] crate git repo https://github.com/ErikBZ/crusty-gba already has a lockfile, it will not be regenerated
[INFO] running `Command { std: CARGO_HOME="/workspace/cargo-home" RUSTUP_HOME="/workspace/rustup-home" "/workspace/cargo-home/bin/cargo" "+nightly-2024-10-28" "fetch" "--manifest-path" "Cargo.toml", kill_on_drop: false }`
[INFO] running `Command { std: "docker" "create" "-v" "/var/lib/crater-agent-workspace/builds/worker-5-tc2/target:/opt/rustwide/target:rw,Z" "-v" "/var/lib/crater-agent-workspace/builds/worker-5-tc2/source:/opt/rustwide/workdir:ro,Z" "-v" "/var/lib/crater-agent-workspace/cargo-home:/opt/rustwide/cargo-home:ro,Z" "-v" "/var/lib/crater-agent-workspace/rustup-home:/opt/rustwide/rustup-home:ro,Z" "-e" "SOURCE_DIR=/opt/rustwide/workdir" "-e" "CARGO_TARGET_DIR=/opt/rustwide/target" "-e" "CARGO_HOME=/opt/rustwide/cargo-home" "-e" "RUSTUP_HOME=/opt/rustwide/rustup-home" "-w" "/opt/rustwide/workdir" "-m" "1610612736" "--user" "0:0" "--network" "none" "ghcr.io/rust-lang/crates-build-env/linux@sha256:4a844ea9eb2546a2d2c7022eacef16ef2e8229c7fbb2c7d4d55a9ceca922f72d" "/opt/rustwide/cargo-home/bin/cargo" "+nightly-2024-10-28" "metadata" "--no-deps" "--format-version=1", kill_on_drop: false }`
[INFO] [stdout] 4a98622d339f4c306cb8be0ddf41c3926cc0a7ec59395f23de23b731b2f3059f
[INFO] running `Command { std: "docker" "start" "-a" "4a98622d339f4c306cb8be0ddf41c3926cc0a7ec59395f23de23b731b2f3059f", kill_on_drop: false }`
[INFO] running `Command { std: "docker" "inspect" "4a98622d339f4c306cb8be0ddf41c3926cc0a7ec59395f23de23b731b2f3059f", kill_on_drop: false }`
[INFO] running `Command { std: "docker" "rm" "-f" "4a98622d339f4c306cb8be0ddf41c3926cc0a7ec59395f23de23b731b2f3059f", kill_on_drop: false }`
[INFO] [stdout] 4a98622d339f4c306cb8be0ddf41c3926cc0a7ec59395f23de23b731b2f3059f
[INFO] running `Command { std: "docker" "create" "-v" "/var/lib/crater-agent-workspace/builds/worker-5-tc2/target:/opt/rustwide/target:rw,Z" "-v" "/var/lib/crater-agent-workspace/builds/worker-5-tc2/source:/opt/rustwide/workdir:ro,Z" "-v" "/var/lib/crater-agent-workspace/cargo-home:/opt/rustwide/cargo-home:ro,Z" "-v" "/var/lib/crater-agent-workspace/rustup-home:/opt/rustwide/rustup-home:ro,Z" "-e" "SOURCE_DIR=/opt/rustwide/workdir" "-e" "CARGO_TARGET_DIR=/opt/rustwide/target" "-e" "CARGO_INCREMENTAL=0" "-e" "RUST_BACKTRACE=full" "-e" "RUSTFLAGS=--cap-lints=forbid -Zrandomize-layout" "-e" "RUSTDOCFLAGS=--cap-lints=forbid" "-e" "CARGO_HOME=/opt/rustwide/cargo-home" "-e" "RUSTUP_HOME=/opt/rustwide/rustup-home" "-w" "/opt/rustwide/workdir" "-m" "1610612736" "--user" "0:0" "--network" "none" "ghcr.io/rust-lang/crates-build-env/linux@sha256:4a844ea9eb2546a2d2c7022eacef16ef2e8229c7fbb2c7d4d55a9ceca922f72d" "/opt/rustwide/cargo-home/bin/cargo" "+nightly-2024-10-28" "build" "--frozen" "--message-format=json", kill_on_drop: false }`
[INFO] [stdout] c2def03b940b5b3ccfe8168fd6674bdff5ddd2c0118060b4965d00e6fc31d4d6
[INFO] running `Command { std: "docker" "start" "-a" "c2def03b940b5b3ccfe8168fd6674bdff5ddd2c0118060b4965d00e6fc31d4d6", kill_on_drop: false }`
[INFO] [stderr]    Compiling unicode-ident v1.0.12
[INFO] [stderr]    Compiling rustversion v1.0.17
[INFO] [stderr]    Compiling heck v0.5.0
[INFO] [stderr]    Compiling strum v0.26.3
[INFO] [stderr]    Compiling proc-macro2 v1.0.86
[INFO] [stderr]    Compiling quote v1.0.37
[INFO] [stderr]    Compiling syn v2.0.77
[INFO] [stderr]    Compiling strum_macros v0.26.4
[INFO] [stderr]    Compiling crusty-gba v0.1.0 (/opt/rustwide/workdir)
[INFO] [stdout] warning: unused imports: `CPSR_N` and `CPSR_V`
[INFO] [stdout]  --> src/gba/cpu.rs:5:34
[INFO] [stdout]   |
[INFO] [stdout] 5 | use super::{Conditional, CPSR_Z, CPSR_V, CPSR_N, CPSR_C, CPSR_T};
[INFO] [stdout]   |                                  ^^^^^^  ^^^^^^
[INFO] [stdout]   |
[INFO] [stdout]   = note: `#[warn(unused_imports)]` on by default
[INFO] [stdout] 
[INFO] [stdout] 
[INFO] [stdout] warning: unused import: `super::*`
[INFO] [stdout]   --> src/gba/debugger.rs:71:9
[INFO] [stdout]    |
[INFO] [stdout] 71 |     use super::*;
[INFO] [stdout]    |         ^^^^^^^^
[INFO] [stdout] 
[INFO] [stdout] 
[INFO] [stdout] warning: unused import: `super::*`
[INFO] [stdout]     --> src/gba/arm.rs:1072:9
[INFO] [stdout]      |
[INFO] [stdout] 1072 |     use super::*;
[INFO] [stdout]      |         ^^^^^^^^
[INFO] [stdout] 
[INFO] [stdout] 
[INFO] [stdout] warning: unused import: `super::*`
[INFO] [stdout]    --> src/gba/thumb.rs:883:9
[INFO] [stdout]     |
[INFO] [stdout] 883 |     use super::*;
[INFO] [stdout]     |         ^^^^^^^^
[INFO] [stdout] 
[INFO] [stdout] 
[INFO] [stdout] warning: unused variable: `address`
[INFO] [stdout]   --> src/gba/cpu.rs:58:43
[INFO] [stdout]    |
[INFO] [stdout] 58 |     pub fn get_instruction_address(&self, address: u32) {
[INFO] [stdout]    |                                           ^^^^^^^ help: if this is intentional, prefix it with an underscore: `_address`
[INFO] [stdout]    |
[INFO] [stdout]    = note: `#[warn(unused_variables)]` on by default
[INFO] [stdout] 
[INFO] [stdout] 
[INFO] [stdout] warning: variable does not need to be mutable
[INFO] [stdout]   --> src/main.rs:97:9
[INFO] [stdout]    |
[INFO] [stdout] 97 |     let mut decode_thumb = false;
[INFO] [stdout]    |         ----^^^^^^^^^^^^
[INFO] [stdout]    |         |
[INFO] [stdout]    |         help: remove this `mut`
[INFO] [stdout]    |
[INFO] [stdout]    = note: `#[warn(unused_mut)]` on by default
[INFO] [stdout] 
[INFO] [stdout] 
[INFO] [stdout] warning: function `dump_opcodes` is never used
[INFO] [stdout]   --> src/main.rs:93:4
[INFO] [stdout]    |
[INFO] [stdout] 93 | fn dump_opcodes(num_of_lines: usize, codes: Vec<u32>) -> Result<(), ()> {
[INFO] [stdout]    |    ^^^^^^^^^^^^
[INFO] [stdout]    |
[INFO] [stdout]    = note: `#[warn(dead_code)]` on by default
[INFO] [stdout] 
[INFO] [stdout] 
[INFO] [stdout] warning: field `execute` is never read
[INFO] [stdout]   --> src/gba/cpu.rs:18:9
[INFO] [stdout]    |
[INFO] [stdout] 13 | pub struct CPU {
[INFO] [stdout]    |            --- field in this struct
[INFO] [stdout] ...
[INFO] [stdout] 18 |     pub execute: u32,
[INFO] [stdout]    |         ^^^^^^^
[INFO] [stdout]    |
[INFO] [stdout]    = note: `CPU` has a derived impl for the trait `Debug`, but this is intentionally ignored during dead code analysis
[INFO] [stdout] 
[INFO] [stdout] 
[INFO] [stdout] warning: methods `get_instruction_at_pc` and `get_instruction_address` are never used
[INFO] [stdout]   --> src/gba/cpu.rs:54:12
[INFO] [stdout]    |
[INFO] [stdout] 48 | impl CPU {
[INFO] [stdout]    | -------- methods in this implementation
[INFO] [stdout] ...
[INFO] [stdout] 54 |     pub fn get_instruction_at_pc(&self) {
[INFO] [stdout]    |            ^^^^^^^^^^^^^^^^^^^^^
[INFO] [stdout] ...
[INFO] [stdout] 58 |     pub fn get_instruction_address(&self, address: u32) {
[INFO] [stdout]    |            ^^^^^^^^^^^^^^^^^^^^^^^
[INFO] [stdout] 
[INFO] [stdout] 
[INFO] [stdout] warning: function `get_triplet_as_u8` is never used
[INFO] [stdout]   --> src/gba/thumb.rs:13:4
[INFO] [stdout]    |
[INFO] [stdout] 13 | fn get_triplet_as_u8(value: u32, shift: u32) -> u32 {
[INFO] [stdout]    |    ^^^^^^^^^^^^^^^^^
[INFO] [stdout] 
[INFO] [stdout] 
[INFO] [stderr]     Finished `dev` profile [unoptimized + debuginfo] target(s) in 4.75s
[INFO] running `Command { std: "docker" "inspect" "c2def03b940b5b3ccfe8168fd6674bdff5ddd2c0118060b4965d00e6fc31d4d6", kill_on_drop: false }`
[INFO] running `Command { std: "docker" "rm" "-f" "c2def03b940b5b3ccfe8168fd6674bdff5ddd2c0118060b4965d00e6fc31d4d6", kill_on_drop: false }`
[INFO] [stdout] c2def03b940b5b3ccfe8168fd6674bdff5ddd2c0118060b4965d00e6fc31d4d6
[INFO] running `Command { std: "docker" "create" "-v" "/var/lib/crater-agent-workspace/builds/worker-5-tc2/target:/opt/rustwide/target:rw,Z" "-v" "/var/lib/crater-agent-workspace/builds/worker-5-tc2/source:/opt/rustwide/workdir:ro,Z" "-v" "/var/lib/crater-agent-workspace/cargo-home:/opt/rustwide/cargo-home:ro,Z" "-v" "/var/lib/crater-agent-workspace/rustup-home:/opt/rustwide/rustup-home:ro,Z" "-e" "SOURCE_DIR=/opt/rustwide/workdir" "-e" "CARGO_TARGET_DIR=/opt/rustwide/target" "-e" "CARGO_INCREMENTAL=0" "-e" "RUST_BACKTRACE=full" "-e" "RUSTFLAGS=--cap-lints=forbid -Zrandomize-layout" "-e" "RUSTDOCFLAGS=--cap-lints=forbid" "-e" "CARGO_HOME=/opt/rustwide/cargo-home" "-e" "RUSTUP_HOME=/opt/rustwide/rustup-home" "-w" "/opt/rustwide/workdir" "-m" "1610612736" "--user" "0:0" "--network" "none" "ghcr.io/rust-lang/crates-build-env/linux@sha256:4a844ea9eb2546a2d2c7022eacef16ef2e8229c7fbb2c7d4d55a9ceca922f72d" "/opt/rustwide/cargo-home/bin/cargo" "+nightly-2024-10-28" "test" "--frozen" "--no-run" "--message-format=json", kill_on_drop: false }`
[INFO] [stdout] c12789c9937d7ac525941756296f96c89386831f504a923e62c97fde33f32181
[INFO] running `Command { std: "docker" "start" "-a" "c12789c9937d7ac525941756296f96c89386831f504a923e62c97fde33f32181", kill_on_drop: false }`
[INFO] [stderr]    Compiling crusty-gba v0.1.0 (/opt/rustwide/workdir)
[INFO] [stdout] warning: unused imports: `CPSR_N` and `CPSR_V`
[INFO] [stdout]  --> src/gba/cpu.rs:5:34
[INFO] [stdout]   |
[INFO] [stdout] 5 | use super::{Conditional, CPSR_Z, CPSR_V, CPSR_N, CPSR_C, CPSR_T};
[INFO] [stdout]   |                                  ^^^^^^  ^^^^^^
[INFO] [stdout]   |
[INFO] [stdout]   = note: `#[warn(unused_imports)]` on by default
[INFO] [stdout] 
[INFO] [stdout] 
[INFO] [stdout] warning: unused variable: `address`
[INFO] [stdout]   --> src/gba/cpu.rs:58:43
[INFO] [stdout]    |
[INFO] [stdout] 58 |     pub fn get_instruction_address(&self, address: u32) {
[INFO] [stdout]    |                                           ^^^^^^^ help: if this is intentional, prefix it with an underscore: `_address`
[INFO] [stdout]    |
[INFO] [stdout]    = note: `#[warn(unused_variables)]` on by default
[INFO] [stdout] 
[INFO] [stdout] 
[INFO] [stdout] warning: variable does not need to be mutable
[INFO] [stdout]   --> src/main.rs:97:9
[INFO] [stdout]    |
[INFO] [stdout] 97 |     let mut decode_thumb = false;
[INFO] [stdout]    |         ----^^^^^^^^^^^^
[INFO] [stdout]    |         |
[INFO] [stdout]    |         help: remove this `mut`
[INFO] [stdout]    |
[INFO] [stdout]    = note: `#[warn(unused_mut)]` on by default
[INFO] [stdout] 
[INFO] [stdout] 
[INFO] [stdout] warning: function `dump_opcodes` is never used
[INFO] [stdout]   --> src/main.rs:93:4
[INFO] [stdout]    |
[INFO] [stdout] 93 | fn dump_opcodes(num_of_lines: usize, codes: Vec<u32>) -> Result<(), ()> {
[INFO] [stdout]    |    ^^^^^^^^^^^^
[INFO] [stdout]    |
[INFO] [stdout]    = note: `#[warn(dead_code)]` on by default
[INFO] [stdout] 
[INFO] [stdout] 
[INFO] [stdout] warning: field `execute` is never read
[INFO] [stdout]   --> src/gba/cpu.rs:18:9
[INFO] [stdout]    |
[INFO] [stdout] 13 | pub struct CPU {
[INFO] [stdout]    |            --- field in this struct
[INFO] [stdout] ...
[INFO] [stdout] 18 |     pub execute: u32,
[INFO] [stdout]    |         ^^^^^^^
[INFO] [stdout]    |
[INFO] [stdout]    = note: `CPU` has a derived impl for the trait `Debug`, but this is intentionally ignored during dead code analysis
[INFO] [stdout] 
[INFO] [stdout] 
[INFO] [stdout] warning: methods `get_instruction_at_pc` and `get_instruction_address` are never used
[INFO] [stdout]   --> src/gba/cpu.rs:54:12
[INFO] [stdout]    |
[INFO] [stdout] 48 | impl CPU {
[INFO] [stdout]    | -------- methods in this implementation
[INFO] [stdout] ...
[INFO] [stdout] 54 |     pub fn get_instruction_at_pc(&self) {
[INFO] [stdout]    |            ^^^^^^^^^^^^^^^^^^^^^
[INFO] [stdout] ...
[INFO] [stdout] 58 |     pub fn get_instruction_address(&self, address: u32) {
[INFO] [stdout]    |            ^^^^^^^^^^^^^^^^^^^^^^^
[INFO] [stdout] 
[INFO] [stdout] 
[INFO] [stdout] warning: function `get_triplet_as_u8` is never used
[INFO] [stdout]   --> src/gba/thumb.rs:13:4
[INFO] [stdout]    |
[INFO] [stdout] 13 | fn get_triplet_as_u8(value: u32, shift: u32) -> u32 {
[INFO] [stdout]    |    ^^^^^^^^^^^^^^^^^
[INFO] [stdout] 
[INFO] [stdout] 
[INFO] [stderr]     Finished `test` profile [unoptimized + debuginfo] target(s) in 0.38s
[INFO] running `Command { std: "docker" "inspect" "c12789c9937d7ac525941756296f96c89386831f504a923e62c97fde33f32181", kill_on_drop: false }`
[INFO] running `Command { std: "docker" "rm" "-f" "c12789c9937d7ac525941756296f96c89386831f504a923e62c97fde33f32181", kill_on_drop: false }`
[INFO] [stdout] c12789c9937d7ac525941756296f96c89386831f504a923e62c97fde33f32181
[INFO] running `Command { std: "docker" "create" "-v" "/var/lib/crater-agent-workspace/builds/worker-5-tc2/target:/opt/rustwide/target:rw,Z" "-v" "/var/lib/crater-agent-workspace/builds/worker-5-tc2/source:/opt/rustwide/workdir:ro,Z" "-v" "/var/lib/crater-agent-workspace/cargo-home:/opt/rustwide/cargo-home:ro,Z" "-v" "/var/lib/crater-agent-workspace/rustup-home:/opt/rustwide/rustup-home:ro,Z" "-e" "SOURCE_DIR=/opt/rustwide/workdir" "-e" "CARGO_TARGET_DIR=/opt/rustwide/target" "-e" "CARGO_INCREMENTAL=0" "-e" "RUST_BACKTRACE=full" "-e" "RUSTFLAGS=--cap-lints=forbid -Zrandomize-layout" "-e" "RUSTDOCFLAGS=--cap-lints=forbid" "-e" "CARGO_HOME=/opt/rustwide/cargo-home" "-e" "RUSTUP_HOME=/opt/rustwide/rustup-home" "-w" "/opt/rustwide/workdir" "-m" "1610612736" "--user" "0:0" "--network" "none" "ghcr.io/rust-lang/crates-build-env/linux@sha256:4a844ea9eb2546a2d2c7022eacef16ef2e8229c7fbb2c7d4d55a9ceca922f72d" "/opt/rustwide/cargo-home/bin/cargo" "+nightly-2024-10-28" "test" "--frozen", kill_on_drop: false }`
[INFO] [stdout] 1af5d99fd2cb7c65601b76936bed89e182665744aca921f38d16942db5f40c28
[INFO] running `Command { std: "docker" "start" "-a" "1af5d99fd2cb7c65601b76936bed89e182665744aca921f38d16942db5f40c28", kill_on_drop: false }`
[INFO] [stderr] warning: unused imports: `CPSR_N` and `CPSR_V`
[INFO] [stderr]  --> src/gba/cpu.rs:5:34
[INFO] [stderr]   |
[INFO] [stderr] 5 | use super::{Conditional, CPSR_Z, CPSR_V, CPSR_N, CPSR_C, CPSR_T};
[INFO] [stderr]   |                                  ^^^^^^  ^^^^^^
[INFO] [stderr]   |
[INFO] [stderr]   = note: `#[warn(unused_imports)]` on by default
[INFO] [stderr] 
[INFO] [stderr] warning: unused variable: `address`
[INFO] [stderr]   --> src/gba/cpu.rs:58:43
[INFO] [stderr]    |
[INFO] [stderr] 58 |     pub fn get_instruction_address(&self, address: u32) {
[INFO] [stderr]    |                                           ^^^^^^^ help: if this is intentional, prefix it with an underscore: `_address`
[INFO] [stderr]    |
[INFO] [stderr]    = note: `#[warn(unused_variables)]` on by default
[INFO] [stderr] 
[INFO] [stderr] warning: variable does not need to be mutable
[INFO] [stderr]   --> src/main.rs:97:9
[INFO] [stderr]    |
[INFO] [stderr] 97 |     let mut decode_thumb = false;
[INFO] [stderr]    |         ----^^^^^^^^^^^^
[INFO] [stderr]    |         |
[INFO] [stderr]    |         help: remove this `mut`
[INFO] [stderr]    |
[INFO] [stderr]    = note: `#[warn(unused_mut)]` on by default
[INFO] [stderr] 
[INFO] [stderr] warning: function `dump_opcodes` is never used
[INFO] [stderr]   --> src/main.rs:93:4
[INFO] [stderr]    |
[INFO] [stderr] 93 | fn dump_opcodes(num_of_lines: usize, codes: Vec<u32>) -> Result<(), ()> {
[INFO] [stderr]    |    ^^^^^^^^^^^^
[INFO] [stderr]    |
[INFO] [stderr]    = note: `#[warn(dead_code)]` on by default
[INFO] [stderr] 
[INFO] [stderr] warning: field `execute` is never read
[INFO] [stderr]   --> src/gba/cpu.rs:18:9
[INFO] [stderr]    |
[INFO] [stderr] 13 | pub struct CPU {
[INFO] [stderr]    |            --- field in this struct
[INFO] [stderr] ...
[INFO] [stderr] 18 |     pub execute: u32,
[INFO] [stderr]    |         ^^^^^^^
[INFO] [stderr]    |
[INFO] [stderr]    = note: `CPU` has a derived impl for the trait `Debug`, but this is intentionally ignored during dead code analysis
[INFO] [stderr] 
[INFO] [stderr] warning: methods `get_instruction_at_pc` and `get_instruction_address` are never used
[INFO] [stderr]   --> src/gba/cpu.rs:54:12
[INFO] [stderr]    |
[INFO] [stderr] 48 | impl CPU {
[INFO] [stderr]    | -------- methods in this implementation
[INFO] [stderr] ...
[INFO] [stderr] 54 |     pub fn get_instruction_at_pc(&self) {
[INFO] [stderr]    |            ^^^^^^^^^^^^^^^^^^^^^
[INFO] [stderr] ...
[INFO] [stderr] 58 |     pub fn get_instruction_address(&self, address: u32) {
[INFO] [stderr]    |            ^^^^^^^^^^^^^^^^^^^^^^^
[INFO] [stderr] 
[INFO] [stderr] warning: function `get_triplet_as_u8` is never used
[INFO] [stderr]   --> src/gba/thumb.rs:13:4
[INFO] [stderr]    |
[INFO] [stderr] 13 | fn get_triplet_as_u8(value: u32, shift: u32) -> u32 {
[INFO] [stderr]    |    ^^^^^^^^^^^^^^^^^
[INFO] [stderr] 
[INFO] [stderr] warning: `crusty-gba` (bin "crusty-gba" test) generated 7 warnings (run `cargo fix --bin "crusty-gba" --tests` to apply 2 suggestions)
[INFO] [stderr]     Finished `test` profile [unoptimized + debuginfo] target(s) in 0.02s
[INFO] [stderr]      Running unittests src/main.rs (/opt/rustwide/target/debug/deps/crusty_gba-6195808fc2514860)
[INFO] [stdout] 
[INFO] [stdout] running 25 tests
[INFO] [stdout] test gba::arm::test::test_mrs_op_check ... ok
[INFO] [stdout] test gba::arm::test::test_branch_check ... ok
[INFO] [stdout] test gba::arm::test::test_branch_decode ... ok
[INFO] [stdout] test gba::arm::test::test_msreq_decode ... ok
[INFO] [stdout] test gba::arm::test::test_msreq_decode_2 ... ok
[INFO] [stdout] test gba::arm::test::test_strb_decode ... ok
[INFO] [stdout] test gba::arm::test::test_strh_decode ... ok
[INFO] [stdout] test gba::debugger::test::test_parse_break_full ... ok
[INFO] [stdout] test gba::debugger::test::test_parse_break_short ... ok
[INFO] [stdout] test gba::debugger::test::test_parse_continue ... ok
[INFO] [stdout] test gba::debugger::test::test_parse_next ... ok
[INFO] [stdout] test gba::thumb::test::test_add_imm_variant ... ok
[INFO] [stdout] test gba::thumb::test::test_add_byte_imm_vairant ... ok
[INFO] [stdout] test gba::thumb::test::test_add_reg_variant ... ok
[INFO] [stdout] test gba::thumb::test::test_b_decode ... ok
[INFO] [stdout] test gba::thumb::test::test_bx_variant_two ... ok
[INFO] [stdout] test gba::thumb::test::test_ldrb_decode ... ok
[INFO] [stdout] test gba::thumb::test::test_ldr_decode ... ok
[INFO] [stdout] test gba::thumb::test::test_mov_imm_variant ... ok
[INFO] [stdout] test gba::thumb::test::test_strh_decode ... ok
[INFO] [stdout] test gba::thumb::test::test_lsl_decode ... ok
[INFO] [stdout] test gba::thumb::test::test_sub_imm_variant ... ok
[INFO] [stdout] test gba::thumb::test::test_strh_decode_two ... ok
[INFO] [stdout] test gba::thumb::test::test_push_decode ... ok
[INFO] [stdout] test gba::thumb::test::test_bx_variant_one ... FAILED
[INFO] [stdout] 
[INFO] [stdout] failures:
[INFO] [stdout] 
[INFO] [stdout] ---- gba::thumb::test::test_bx_variant_one stdout ----
[INFO] [stdout] thread 'gba::thumb::test::test_bx_variant_one' panicked at src/gba/thumb.rs:931:9:
[INFO] [stdout] assertion `left == right` failed
[INFO] [stdout]   left: HiRegOp { op: 3, h1: false, h2: true, rs: 6, rd: 8 }
[INFO] [stdout]  right: HiRegOp { op: 3, h1: false, h2: true, rs: 6, rd: 0 }
[INFO] [stdout] stack backtrace:
[INFO] [stdout]    0:     0x63f1c8af838a - std::backtrace_rs::backtrace::libunwind::trace::h207520d6e9873551
[INFO] [stdout]                                at /rustc/df4ca44d3fbc9301ee17f30f4d474e6ae4b05252/library/std/src/../../backtrace/src/backtrace/libunwind.rs:116:5
[INFO] [stdout]    1:     0x63f1c8af838a - std::backtrace_rs::backtrace::trace_unsynchronized::h2ed7433f370e3eca
[INFO] [stdout]                                at /rustc/df4ca44d3fbc9301ee17f30f4d474e6ae4b05252/library/std/src/../../backtrace/src/backtrace/mod.rs:66:5
[INFO] [stdout]    2:     0x63f1c8af838a - std::sys::backtrace::_print_fmt::h916fac51166b18d7
[INFO] [stdout]                                at /rustc/df4ca44d3fbc9301ee17f30f4d474e6ae4b05252/library/std/src/sys/backtrace.rs:66:9
[INFO] [stdout]    3:     0x63f1c8af838a - <std::sys::backtrace::BacktraceLock::print::DisplayBacktrace as core::fmt::Display>::fmt::ha0a4c9b8ce3802e6
[INFO] [stdout]                                at /rustc/df4ca44d3fbc9301ee17f30f4d474e6ae4b05252/library/std/src/sys/backtrace.rs:39:26
[INFO] [stdout]    4:     0x63f1c8b1e763 - core::fmt::rt::Argument::fmt::h4cfc8587d52b3eb5
[INFO] [stdout]                                at /rustc/df4ca44d3fbc9301ee17f30f4d474e6ae4b05252/library/core/src/fmt/rt.rs:177:76
[INFO] [stdout]    5:     0x63f1c8b1e763 - core::fmt::write::h522cc39e5b36ae9f
[INFO] [stdout]                                at /rustc/df4ca44d3fbc9301ee17f30f4d474e6ae4b05252/library/core/src/fmt/mod.rs:1190:21
[INFO] [stdout]    6:     0x63f1c8af4ff3 - std::io::Write::write_fmt::h7d3c26752da97734
[INFO] [stdout]                                at /rustc/df4ca44d3fbc9301ee17f30f4d474e6ae4b05252/library/std/src/io/mod.rs:1839:15
[INFO] [stdout]    7:     0x63f1c8af81d2 - std::sys::backtrace::BacktraceLock::print::h4b9e00b29e9c0942
[INFO] [stdout]                                at /rustc/df4ca44d3fbc9301ee17f30f4d474e6ae4b05252/library/std/src/sys/backtrace.rs:42:9
[INFO] [stdout]    8:     0x63f1c8af981a - std::panicking::default_hook::{{closure}}::hb59b88280d0324d9
[INFO] [stdout]                                at /rustc/df4ca44d3fbc9301ee17f30f4d474e6ae4b05252/library/std/src/panicking.rs:268:22
[INFO] [stdout]    9:     0x63f1c8af9624 - std::panicking::default_hook::he1dd496665be4a29
[INFO] [stdout]                                at /rustc/df4ca44d3fbc9301ee17f30f4d474e6ae4b05252/library/std/src/panicking.rs:292:9
[INFO] [stdout]   10:     0x63f1c8ac3419 - <alloc::boxed::Box<F,A> as core::ops::function::Fn<Args>>::call::h4ff71de18744e1dc
[INFO] [stdout]                                at /rustc/df4ca44d3fbc9301ee17f30f4d474e6ae4b05252/library/alloc/src/boxed.rs:2468:9
[INFO] [stdout]   11:     0x63f1c8ac3419 - test::test_main::{{closure}}::hcf7c055ce117aa81
[INFO] [stdout]                                at /rustc/df4ca44d3fbc9301ee17f30f4d474e6ae4b05252/library/test/src/lib.rs:133:21
[INFO] [stdout]   12:     0x63f1c8af9f18 - <alloc::boxed::Box<F,A> as core::ops::function::Fn<Args>>::call::h1d66c6bbd60c9692
[INFO] [stdout]                                at /rustc/df4ca44d3fbc9301ee17f30f4d474e6ae4b05252/library/alloc/src/boxed.rs:2468:9
[INFO] [stdout]   13:     0x63f1c8af9f18 - std::panicking::rust_panic_with_hook::h2ff17fe8f26dfcf8
[INFO] [stdout]                                at /rustc/df4ca44d3fbc9301ee17f30f4d474e6ae4b05252/library/std/src/panicking.rs:809:13
[INFO] [stdout]   14:     0x63f1c8af9cda - std::panicking::begin_panic_handler::{{closure}}::h4fad77951c07e101
[INFO] [stdout]                                at /rustc/df4ca44d3fbc9301ee17f30f4d474e6ae4b05252/library/std/src/panicking.rs:674:13
[INFO] [stdout]   15:     0x63f1c8af8869 - std::sys::backtrace::__rust_end_short_backtrace::hb1a25b3da5d0ea08
[INFO] [stdout]                                at /rustc/df4ca44d3fbc9301ee17f30f4d474e6ae4b05252/library/std/src/sys/backtrace.rs:170:18
[INFO] [stdout]   16:     0x63f1c8af996c - rust_begin_unwind
[INFO] [stdout]                                at /rustc/df4ca44d3fbc9301ee17f30f4d474e6ae4b05252/library/std/src/panicking.rs:665:5
[INFO] [stdout]   17:     0x63f1c8b1d1c0 - core::panicking::panic_fmt::ha9db07b529f9b256
[INFO] [stdout]                                at /rustc/df4ca44d3fbc9301ee17f30f4d474e6ae4b05252/library/core/src/panicking.rs:75:14
[INFO] [stdout]   18:     0x63f1c8b1d524 - core::panicking::assert_failed_inner::h04f38944d74a80a8
[INFO] [stdout]   19:     0x63f1c8a84463 - core::panicking::assert_failed::hc31dbaa9229134b4
[INFO] [stdout]                                at /rustc/df4ca44d3fbc9301ee17f30f4d474e6ae4b05252/library/core/src/panicking.rs:377:5
[INFO] [stdout]   20:     0x63f1c8a88fc6 - crusty_gba::gba::thumb::test::test_bx_variant_one::hb0e256ae536c8a2c
[INFO] [stdout]                                at /opt/rustwide/workdir/src/gba/thumb.rs:931:9
[INFO] [stdout]   21:     0x63f1c8a88f37 - crusty_gba::gba::thumb::test::test_bx_variant_one::{{closure}}::hb2bd43c4ce4da8ef
[INFO] [stdout]                                at /opt/rustwide/workdir/src/gba/thumb.rs:928:29
[INFO] [stdout]   22:     0x63f1c8a82a76 - core::ops::function::FnOnce::call_once::h5cc63695e9e1a1fa
[INFO] [stdout]                                at /rustc/df4ca44d3fbc9301ee17f30f4d474e6ae4b05252/library/core/src/ops/function.rs:250:5
[INFO] [stdout]   23:     0x63f1c8ac7ceb - core::ops::function::FnOnce::call_once::h22c3ba5715e93f05
[INFO] [stdout]                                at /rustc/df4ca44d3fbc9301ee17f30f4d474e6ae4b05252/library/core/src/ops/function.rs:250:5
[INFO] [stdout]   24:     0x63f1c8ac7ceb - test::__rust_begin_short_backtrace::h8e82d8113d0da17f
[INFO] [stdout]                                at /rustc/df4ca44d3fbc9301ee17f30f4d474e6ae4b05252/library/test/src/lib.rs:621:18
[INFO] [stdout]   25:     0x63f1c8ac7667 - test::run_test_in_process::{{closure}}::h33235f4f20b7b7c7
[INFO] [stdout]                                at /rustc/df4ca44d3fbc9301ee17f30f4d474e6ae4b05252/library/test/src/lib.rs:644:60
[INFO] [stdout]   26:     0x63f1c8ac7667 - <core::panic::unwind_safe::AssertUnwindSafe<F> as core::ops::function::FnOnce<()>>::call_once::hb5043206310c586f
[INFO] [stdout]                                at /rustc/df4ca44d3fbc9301ee17f30f4d474e6ae4b05252/library/core/src/panic/unwind_safe.rs:272:9
[INFO] [stdout]   27:     0x63f1c8ac7667 - std::panicking::try::do_call::h9ad4731a60ab23e2
[INFO] [stdout]                                at /rustc/df4ca44d3fbc9301ee17f30f4d474e6ae4b05252/library/std/src/panicking.rs:557:40
[INFO] [stdout]   28:     0x63f1c8ac7667 - std::panicking::try::h3824d23db772a716
[INFO] [stdout]                                at /rustc/df4ca44d3fbc9301ee17f30f4d474e6ae4b05252/library/std/src/panicking.rs:520:19
[INFO] [stdout]   29:     0x63f1c8ac7667 - std::panic::catch_unwind::h5afd514605fde46b
[INFO] [stdout]                                at /rustc/df4ca44d3fbc9301ee17f30f4d474e6ae4b05252/library/std/src/panic.rs:358:14
[INFO] [stdout]   30:     0x63f1c8ac7667 - test::run_test_in_process::h0d5cbfa7067d1720
[INFO] [stdout]                                at /rustc/df4ca44d3fbc9301ee17f30f4d474e6ae4b05252/library/test/src/lib.rs:644:27
[INFO] [stdout]   31:     0x63f1c8ac7667 - test::run_test::{{closure}}::h708eb8872708115d
[INFO] [stdout]                                at /rustc/df4ca44d3fbc9301ee17f30f4d474e6ae4b05252/library/test/src/lib.rs:565:43
[INFO] [stdout]   32:     0x63f1c8a8ad84 - test::run_test::{{closure}}::h392c51cee94713ab
[INFO] [stdout]                                at /rustc/df4ca44d3fbc9301ee17f30f4d474e6ae4b05252/library/test/src/lib.rs:595:41
[INFO] [stdout]   33:     0x63f1c8a8ad84 - std::sys::backtrace::__rust_begin_short_backtrace::h2f40290710935a8b
[INFO] [stdout]                                at /rustc/df4ca44d3fbc9301ee17f30f4d474e6ae4b05252/library/std/src/sys/backtrace.rs:154:18
[INFO] [stdout]   34:     0x63f1c8a8e52e - std::thread::Builder::spawn_unchecked_::{{closure}}::{{closure}}::h3fd968d89053a903
[INFO] [stdout]                                at /rustc/df4ca44d3fbc9301ee17f30f4d474e6ae4b05252/library/std/src/thread/mod.rs:541:17
[INFO] [stdout]   35:     0x63f1c8a8e52e - <core::panic::unwind_safe::AssertUnwindSafe<F> as core::ops::function::FnOnce<()>>::call_once::h743f637ba4229880
[INFO] [stdout]                                at /rustc/df4ca44d3fbc9301ee17f30f4d474e6ae4b05252/library/core/src/panic/unwind_safe.rs:272:9
[INFO] [stdout]   36:     0x63f1c8a8e52e - std::panicking::try::do_call::h07440897322525a6
[INFO] [stdout]                                at /rustc/df4ca44d3fbc9301ee17f30f4d474e6ae4b05252/library/std/src/panicking.rs:557:40
[INFO] [stdout]   37:     0x63f1c8a8e52e - std::panicking::try::he5a2e00188156637
[INFO] [stdout]                                at /rustc/df4ca44d3fbc9301ee17f30f4d474e6ae4b05252/library/std/src/panicking.rs:520:19
[INFO] [stdout]   38:     0x63f1c8a8e52e - std::panic::catch_unwind::hbaf3cae49b3c6433
[INFO] [stdout]                                at /rustc/df4ca44d3fbc9301ee17f30f4d474e6ae4b05252/library/std/src/panic.rs:358:14
[INFO] [stdout]   39:     0x63f1c8a8e52e - std::thread::Builder::spawn_unchecked_::{{closure}}::h8e141ea224820bce
[INFO] [stdout]                                at /rustc/df4ca44d3fbc9301ee17f30f4d474e6ae4b05252/library/std/src/thread/mod.rs:540:30
[INFO] [stdout]   40:     0x63f1c8a8e52e - core::ops::function::FnOnce::call_once{{vtable.shim}}::h90d312fedd7b8ea8
[INFO] [stdout]                                at /rustc/df4ca44d3fbc9301ee17f30f4d474e6ae4b05252/library/core/src/ops/function.rs:250:5
[INFO] [stdout]   41:     0x63f1c8afdd0b - <alloc::boxed::Box<F,A> as core::ops::function::FnOnce<Args>>::call_once::h69aa08ddb6adb8b6
[INFO] [stdout]                                at /rustc/df4ca44d3fbc9301ee17f30f4d474e6ae4b05252/library/alloc/src/boxed.rs:2454:9
[INFO] [stdout]   42:     0x63f1c8afdd0b - <alloc::boxed::Box<F,A> as core::ops::function::FnOnce<Args>>::call_once::h5aa36efdb79c806f
[INFO] [stdout]                                at /rustc/df4ca44d3fbc9301ee17f30f4d474e6ae4b05252/library/alloc/src/boxed.rs:2454:9
[INFO] [stdout]   43:     0x63f1c8afdd0b - std::sys::pal::unix::thread::Thread::new::thread_start::h6cd80a1b4be5158d
[INFO] [stdout]                                at /rustc/df4ca44d3fbc9301ee17f30f4d474e6ae4b05252/library/std/src/sys/pal/unix/thread.rs:105:17
[INFO] [stdout]   44:     0x7ea231707ac3 - <unknown>
[INFO] [stdout]   45:     0x7ea231798a04 - clone
[INFO] [stdout]   46:                0x0 - <unknown>
[INFO] [stdout] 
[INFO] [stdout] 
[INFO] [stdout] failures:
[INFO] [stdout]     gba::thumb::test::test_bx_variant_one
[INFO] [stdout] 
[INFO] [stdout] test result: FAILED. 24 passed; 1 failed; 0 ignored; 0 measured; 0 filtered out; finished in 0.01s
[INFO] [stdout] 
[INFO] [stderr] error: test failed, to rerun pass `--bin crusty-gba`
[INFO] running `Command { std: "docker" "inspect" "1af5d99fd2cb7c65601b76936bed89e182665744aca921f38d16942db5f40c28", kill_on_drop: false }`
[INFO] running `Command { std: "docker" "rm" "-f" "1af5d99fd2cb7c65601b76936bed89e182665744aca921f38d16942db5f40c28", kill_on_drop: false }`
[INFO] [stdout] 1af5d99fd2cb7c65601b76936bed89e182665744aca921f38d16942db5f40c28
