[INFO] cloning repository https://github.com/Enflow-io/backup-remover
[INFO] running `Command { std: "git" "-c" "credential.helper=" "-c" "credential.helper=/workspace/cargo-home/bin/git-credential-null" "clone" "--bare" "https://github.com/Enflow-io/backup-remover" "/workspace/cache/git-repos/https%3A%2F%2Fgithub.com%2FEnflow-io%2Fbackup-remover", kill_on_drop: false }`
[INFO] [stderr] Cloning into bare repository '/workspace/cache/git-repos/https%3A%2F%2Fgithub.com%2FEnflow-io%2Fbackup-remover'...
[INFO] running `Command { std: "git" "rev-parse" "HEAD", kill_on_drop: false }`
[INFO] [stdout] bc967ef979163126287bf1a87b96921e56a64694
[INFO] testing Enflow-io/backup-remover/bc967ef979163126287bf1a87b96921e56a64694 against nightly-2024-10-28+rustflags=-Zrandomize-layout for randomize-layout
[INFO] running `Command { std: "git" "clone" "/workspace/cache/git-repos/https%3A%2F%2Fgithub.com%2FEnflow-io%2Fbackup-remover" "/workspace/builds/worker-4-tc2/source", kill_on_drop: false }`
[INFO] [stderr] Cloning into '/workspace/builds/worker-4-tc2/source'...
[INFO] [stderr] done.
[INFO] validating manifest of git repo https://github.com/Enflow-io/backup-remover on toolchain nightly-2024-10-28
[INFO] running `Command { std: CARGO_HOME="/workspace/cargo-home" RUSTUP_HOME="/workspace/rustup-home" "/workspace/cargo-home/bin/cargo" "+nightly-2024-10-28" "metadata" "--manifest-path" "Cargo.toml" "--no-deps", kill_on_drop: false }`
[INFO] removed /workspace/builds/worker-4-tc2/source/rust-toolchain.toml
[INFO] started tweaking git repo https://github.com/Enflow-io/backup-remover
[INFO] finished tweaking git repo https://github.com/Enflow-io/backup-remover
[INFO] tweaked toml for git repo https://github.com/Enflow-io/backup-remover written to /workspace/builds/worker-4-tc2/source/Cargo.toml
[INFO] crate git repo https://github.com/Enflow-io/backup-remover already has a lockfile, it will not be regenerated
[INFO] running `Command { std: CARGO_HOME="/workspace/cargo-home" RUSTUP_HOME="/workspace/rustup-home" "/workspace/cargo-home/bin/cargo" "+nightly-2024-10-28" "fetch" "--manifest-path" "Cargo.toml", kill_on_drop: false }`
[INFO] running `Command { std: "docker" "create" "-v" "/var/lib/crater-agent-workspace/builds/worker-4-tc2/target:/opt/rustwide/target:rw,Z" "-v" "/var/lib/crater-agent-workspace/builds/worker-4-tc2/source:/opt/rustwide/workdir:ro,Z" "-v" "/var/lib/crater-agent-workspace/cargo-home:/opt/rustwide/cargo-home:ro,Z" "-v" "/var/lib/crater-agent-workspace/rustup-home:/opt/rustwide/rustup-home:ro,Z" "-e" "SOURCE_DIR=/opt/rustwide/workdir" "-e" "CARGO_TARGET_DIR=/opt/rustwide/target" "-e" "CARGO_HOME=/opt/rustwide/cargo-home" "-e" "RUSTUP_HOME=/opt/rustwide/rustup-home" "-w" "/opt/rustwide/workdir" "-m" "1610612736" "--user" "0:0" "--network" "none" "ghcr.io/rust-lang/crates-build-env/linux@sha256:4a844ea9eb2546a2d2c7022eacef16ef2e8229c7fbb2c7d4d55a9ceca922f72d" "/opt/rustwide/cargo-home/bin/cargo" "+nightly-2024-10-28" "metadata" "--no-deps" "--format-version=1", kill_on_drop: false }`
[INFO] [stdout] 3961021dae01b3097a412d7736f6f6e89e26158af2a02f7f0e0c74ccfec5925c
[INFO] running `Command { std: "docker" "start" "-a" "3961021dae01b3097a412d7736f6f6e89e26158af2a02f7f0e0c74ccfec5925c", kill_on_drop: false }`
[INFO] running `Command { std: "docker" "inspect" "3961021dae01b3097a412d7736f6f6e89e26158af2a02f7f0e0c74ccfec5925c", kill_on_drop: false }`
[INFO] running `Command { std: "docker" "rm" "-f" "3961021dae01b3097a412d7736f6f6e89e26158af2a02f7f0e0c74ccfec5925c", kill_on_drop: false }`
[INFO] [stdout] 3961021dae01b3097a412d7736f6f6e89e26158af2a02f7f0e0c74ccfec5925c
[INFO] running `Command { std: "docker" "create" "-v" "/var/lib/crater-agent-workspace/builds/worker-4-tc2/target:/opt/rustwide/target:rw,Z" "-v" "/var/lib/crater-agent-workspace/builds/worker-4-tc2/source:/opt/rustwide/workdir:ro,Z" "-v" "/var/lib/crater-agent-workspace/cargo-home:/opt/rustwide/cargo-home:ro,Z" "-v" "/var/lib/crater-agent-workspace/rustup-home:/opt/rustwide/rustup-home:ro,Z" "-e" "SOURCE_DIR=/opt/rustwide/workdir" "-e" "CARGO_TARGET_DIR=/opt/rustwide/target" "-e" "CARGO_INCREMENTAL=0" "-e" "RUST_BACKTRACE=full" "-e" "RUSTFLAGS=--cap-lints=forbid -Zrandomize-layout" "-e" "RUSTDOCFLAGS=--cap-lints=forbid" "-e" "CARGO_HOME=/opt/rustwide/cargo-home" "-e" "RUSTUP_HOME=/opt/rustwide/rustup-home" "-w" "/opt/rustwide/workdir" "-m" "1610612736" "--user" "0:0" "--network" "none" "ghcr.io/rust-lang/crates-build-env/linux@sha256:4a844ea9eb2546a2d2c7022eacef16ef2e8229c7fbb2c7d4d55a9ceca922f72d" "/opt/rustwide/cargo-home/bin/cargo" "+nightly-2024-10-28" "build" "--frozen" "--message-format=json", kill_on_drop: false }`
[INFO] [stdout] 4272afc9fd04363a3ba7a52ed504d6309acf40b8c6c03c5e429c1a53bcf56deb
[INFO] running `Command { std: "docker" "start" "-a" "4272afc9fd04363a3ba7a52ed504d6309acf40b8c6c03c5e429c1a53bcf56deb", kill_on_drop: false }`
[INFO] [stderr]    Compiling autocfg v1.3.0
[INFO] [stderr]    Compiling libc v0.2.155
[INFO] [stderr]    Compiling memchr v2.7.4
[INFO] [stderr]    Compiling cfg-if v1.0.0
[INFO] [stderr]    Compiling regex-syntax v0.8.4
[INFO] [stderr]    Compiling ppv-lite86 v0.2.17
[INFO] [stderr]    Compiling iana-time-zone v0.1.60
[INFO] [stderr]    Compiling lazy_static v1.4.0
[INFO] [stderr]    Compiling num-traits v0.2.19
[INFO] [stderr]    Compiling num-bigint v0.2.6
[INFO] [stderr]    Compiling num-rational v0.2.4
[INFO] [stderr]    Compiling num-complex v0.2.4
[INFO] [stderr]    Compiling aho-corasick v1.1.3
[INFO] [stderr]    Compiling getrandom v0.2.15
[INFO] [stderr]    Compiling rand_core v0.6.4
[INFO] [stderr]    Compiling rand_chacha v0.3.1
[INFO] [stderr]    Compiling num-integer v0.1.46
[INFO] [stderr]    Compiling chrono v0.4.38
[INFO] [stderr]    Compiling rand v0.8.5
[INFO] [stderr]    Compiling num-iter v0.1.45
[INFO] [stderr]    Compiling regex-automata v0.4.7
[INFO] [stderr]    Compiling num v0.2.1
[INFO] [stderr]    Compiling regex v1.10.5
[INFO] [stderr]    Compiling parse_duration v2.1.1
[INFO] [stderr]    Compiling BackupRemover v0.1.0 (/opt/rustwide/workdir)
[INFO] [stdout] warning: unused import: `NaiveDate`
[INFO] [stdout]  --> src/main.rs:2:24
[INFO] [stdout]   |
[INFO] [stdout] 2 | use chrono::{DateTime, NaiveDate, TimeZone, Utc};
[INFO] [stdout]   |                        ^^^^^^^^^
[INFO] [stdout]   |
[INFO] [stdout]   = note: `#[warn(unused_imports)]` on by default
[INFO] [stdout] 
[INFO] [stdout] 
[INFO] [stdout] warning: unused import: `rand::Rng`
[INFO] [stdout]  --> src/main.rs:4:5
[INFO] [stdout]   |
[INFO] [stdout] 4 | use rand::Rng;
[INFO] [stdout]   |     ^^^^^^^^^
[INFO] [stdout] 
[INFO] [stdout] 
[INFO] [stdout] warning: unused imports: `DirEntry` and `File`
[INFO] [stdout]  --> src/main.rs:6:21
[INFO] [stdout]   |
[INFO] [stdout] 6 | use std::fs::{self, DirEntry, File};
[INFO] [stdout]   |                     ^^^^^^^^  ^^^^
[INFO] [stdout] 
[INFO] [stdout] 
[INFO] [stdout] warning: unused import: `std::io::prelude::*`
[INFO] [stdout]  --> src/main.rs:7:5
[INFO] [stdout]   |
[INFO] [stdout] 7 | use std::io::prelude::*;
[INFO] [stdout]   |     ^^^^^^^^^^^^^^^^^^^
[INFO] [stdout] 
[INFO] [stdout] 
[INFO] [stdout] warning: unused imports: `fs::DirEntry` and `time::Duration`
[INFO] [stdout]  --> src/checker.rs:1:26
[INFO] [stdout]   |
[INFO] [stdout] 1 | use std::{cell::RefCell, fs::DirEntry, time::Duration};
[INFO] [stdout]   |                          ^^^^^^^^^^^^  ^^^^^^^^^^^^^^
[INFO] [stdout] 
[INFO] [stdout] 
[INFO] [stdout] warning: unused import: `DateTime`
[INFO] [stdout]  --> src/checker.rs:3:14
[INFO] [stdout]   |
[INFO] [stdout] 3 | use chrono::{DateTime, Utc};
[INFO] [stdout]   |              ^^^^^^^^
[INFO] [stdout] 
[INFO] [stdout] 
[INFO] [stdout] warning: unnecessary parentheses around `if` condition
[INFO] [stdout]   --> src/file_generator.rs:25:12
[INFO] [stdout]    |
[INFO] [stdout] 25 |         if (month < 10) {
[INFO] [stdout]    |            ^          ^
[INFO] [stdout]    |
[INFO] [stdout]    = note: `#[warn(unused_parens)]` on by default
[INFO] [stdout] help: remove these parentheses
[INFO] [stdout]    |
[INFO] [stdout] 25 -         if (month < 10) {
[INFO] [stdout] 25 +         if month < 10 {
[INFO] [stdout]    |
[INFO] [stdout] 
[INFO] [stdout] 
[INFO] [stdout] warning: unnecessary parentheses around `if` condition
[INFO] [stdout]    --> src/main.rs:209:16
[INFO] [stdout]     |
[INFO] [stdout] 209 |             if (is_date_in_period) {
[INFO] [stdout]     |                ^                 ^
[INFO] [stdout]     |
[INFO] [stdout] help: remove these parentheses
[INFO] [stdout]     |
[INFO] [stdout] 209 -             if (is_date_in_period) {
[INFO] [stdout] 209 +             if is_date_in_period {
[INFO] [stdout]     |
[INFO] [stdout] 
[INFO] [stdout] 
[INFO] [stdout] warning: the feature `exclusive_range_pattern` has been stable since 1.80.0 and no longer requires an attribute to enable
[INFO] [stdout]  --> src/main.rs:1:12
[INFO] [stdout]   |
[INFO] [stdout] 1 | #![feature(exclusive_range_pattern)]
[INFO] [stdout]   |            ^^^^^^^^^^^^^^^^^^^^^^^
[INFO] [stdout]   |
[INFO] [stdout]   = note: `#[warn(stable_features)]` on by default
[INFO] [stdout] 
[INFO] [stdout] 
[INFO] [stdout] warning: use of deprecated method `chrono::DateTime::<Tz>::date`: Use `date_naive()` instead
[INFO] [stdout]   --> src/checker.rs:25:32
[INFO] [stdout]    |
[INFO] [stdout] 25 |         let start_of_day = now.date().and_hms(0, 0, 0);
[INFO] [stdout]    |                                ^^^^
[INFO] [stdout]    |
[INFO] [stdout]    = note: `#[warn(deprecated)]` on by default
[INFO] [stdout] 
[INFO] [stdout] 
[INFO] [stdout] warning: use of deprecated method `chrono::Date::<Tz>::and_hms`: Use and_hms_opt() instead
[INFO] [stdout]   --> src/checker.rs:25:39
[INFO] [stdout]    |
[INFO] [stdout] 25 |         let start_of_day = now.date().and_hms(0, 0, 0);
[INFO] [stdout]    |                                       ^^^^^^^
[INFO] [stdout] 
[INFO] [stdout] 
[INFO] [stdout] warning: use of deprecated method `chrono::TimeZone::timestamp`: use `timestamp_opt()` instead
[INFO] [stdout]    --> src/main.rs:195:17
[INFO] [stdout]     |
[INFO] [stdout] 195 |             Utc.timestamp(start_time as i64, 0)
[INFO] [stdout]     |                 ^^^^^^^^^
[INFO] [stdout] 
[INFO] [stdout] 
[INFO] [stdout] warning: use of deprecated method `chrono::TimeZone::timestamp`: use `timestamp_opt()` instead
[INFO] [stdout]    --> src/main.rs:207:41
[INFO] [stdout]     |
[INFO] [stdout] 207 |             let start_period_date = Utc.timestamp(start_time as i64, 0);
[INFO] [stdout]     |                                         ^^^^^^^^^
[INFO] [stdout] 
[INFO] [stdout] 
[INFO] [stdout] warning: use of deprecated method `chrono::TimeZone::timestamp`: use `timestamp_opt()` instead
[INFO] [stdout]    --> src/main.rs:208:39
[INFO] [stdout]     |
[INFO] [stdout] 208 |             let end_period_date = Utc.timestamp(end_time as i64, 0);
[INFO] [stdout]     |                                       ^^^^^^^^^
[INFO] [stdout] 
[INFO] [stdout] 
[INFO] [stdout] warning: value assigned to `is_to_keep` is never read
[INFO] [stdout]   --> src/checker.rs:59:17
[INFO] [stdout]    |
[INFO] [stdout] 59 |         let mut is_to_keep = true;
[INFO] [stdout]    |                 ^^^^^^^^^^
[INFO] [stdout]    |
[INFO] [stdout]    = help: maybe it is overwritten before being read?
[INFO] [stdout]    = note: `#[warn(unused_assignments)]` on by default
[INFO] [stdout] 
[INFO] [stdout] 
[INFO] [stdout] warning: unused variable: `previous_period_bounds`
[INFO] [stdout]   --> src/checker.rs:93:17
[INFO] [stdout]    |
[INFO] [stdout] 93 |             let previous_period_bounds: PeriodBounds = PeriodBounds {
[INFO] [stdout]    |                 ^^^^^^^^^^^^^^^^^^^^^^ help: if this is intentional, prefix it with an underscore: `_previous_period_bounds`
[INFO] [stdout]    |
[INFO] [stdout]    = note: `#[warn(unused_variables)]` on by default
[INFO] [stdout] 
[INFO] [stdout] 
[INFO] [stdout] warning: unused variable: `checkers`
[INFO] [stdout]   --> src/file_generator.rs:70:13
[INFO] [stdout]    |
[INFO] [stdout] 70 |         let checkers = get_checkers(store.clone());
[INFO] [stdout]    |             ^^^^^^^^ help: if this is intentional, prefix it with an underscore: `_checkers`
[INFO] [stdout] 
[INFO] [stdout] 
[INFO] [stdout] warning: type `FileData` is more private than the item `check_files`
[INFO] [stdout]   --> src/main.rs:44:1
[INFO] [stdout]    |
[INFO] [stdout] 44 | pub fn check_files(files: &Vec<FileData>, checkers: &Vec<Checker>, store: RefCell<Store>) -> std::io::Result<()> {
[INFO] [stdout]    | ^^^^^^^^^^^^^^^^^^^^^^^^^^^^^^^^^^^^^^^^^^^^^^^^^^^^^^^^^^^^^^^^^^^^^^^^^^^^^^^^^^^^^^^^^^^^^^^^^^^^^^^^^^^^^^^^ function `check_files` is reachable at visibility `pub`
[INFO] [stdout]    |
[INFO] [stdout] note: but type `FileData` is only usable at visibility `pub(crate)`
[INFO] [stdout]   --> src/file_data.rs:8:1
[INFO] [stdout]    |
[INFO] [stdout] 8  | pub(crate) struct FileData {
[INFO] [stdout]    | ^^^^^^^^^^^^^^^^^^^^^^^^^^
[INFO] [stdout]    = note: `#[warn(private_interfaces)]` on by default
[INFO] [stdout] 
[INFO] [stdout] 
[INFO] [stdout] warning: type `Checker` is more private than the item `check_files`
[INFO] [stdout]   --> src/main.rs:44:1
[INFO] [stdout]    |
[INFO] [stdout] 44 | pub fn check_files(files: &Vec<FileData>, checkers: &Vec<Checker>, store: RefCell<Store>) -> std::io::Result<()> {
[INFO] [stdout]    | ^^^^^^^^^^^^^^^^^^^^^^^^^^^^^^^^^^^^^^^^^^^^^^^^^^^^^^^^^^^^^^^^^^^^^^^^^^^^^^^^^^^^^^^^^^^^^^^^^^^^^^^^^^^^^^^^ function `check_files` is reachable at visibility `pub`
[INFO] [stdout]    |
[INFO] [stdout] note: but type `Checker` is only usable at visibility `pub(crate)`
[INFO] [stdout]   --> src/checker.rs:8:1
[INFO] [stdout]    |
[INFO] [stdout] 8  | pub(crate) struct Checker {
[INFO] [stdout]    | ^^^^^^^^^^^^^^^^^^^^^^^^^
[INFO] [stdout] 
[INFO] [stdout] 
[INFO] [stdout] warning: field `qnt` is never read
[INFO] [stdout]   --> src/main.rs:19:5
[INFO] [stdout]    |
[INFO] [stdout] 17 | struct Config {
[INFO] [stdout]    |        ------ field in this struct
[INFO] [stdout] 18 |     period: &'static str,
[INFO] [stdout] 19 |     qnt: u64,
[INFO] [stdout]    |     ^^^
[INFO] [stdout]    |
[INFO] [stdout]    = note: `Config` has derived impls for the traits `Clone` and `Debug`, but these are intentionally ignored during dead code analysis
[INFO] [stdout]    = note: `#[warn(dead_code)]` on by default
[INFO] [stdout] 
[INFO] [stdout] 
[INFO] [stdout] warning: function `print_configs` is never used
[INFO] [stdout]    --> src/main.rs:130:4
[INFO] [stdout]     |
[INFO] [stdout] 130 | fn print_configs(configs: &Vec<Config>) {
[INFO] [stdout]     |    ^^^^^^^^^^^^^
[INFO] [stdout] 
[INFO] [stdout] 
[INFO] [stdout] warning: function `check_period` is never used
[INFO] [stdout]    --> src/main.rs:160:4
[INFO] [stdout]     |
[INFO] [stdout] 160 | fn check_period(config: &Config) -> std::io::Result<()> {
[INFO] [stdout]     |    ^^^^^^^^^^^^
[INFO] [stdout] 
[INFO] [stdout] 
[INFO] [stdout] warning: field `store` is never read
[INFO] [stdout]   --> src/checker.rs:10:9
[INFO] [stdout]    |
[INFO] [stdout] 8  | pub(crate) struct Checker {
[INFO] [stdout]    |                   ------- field in this struct
[INFO] [stdout] 9  |     pub config: Config,
[INFO] [stdout] 10 |     pub store: RefCell<Store>,
[INFO] [stdout]    |         ^^^^^
[INFO] [stdout] 
[INFO] [stdout] 
[INFO] [stdout] warning: fields `start` and `end` are never read
[INFO] [stdout]   --> src/checker.rs:14:9
[INFO] [stdout]    |
[INFO] [stdout] 13 | pub struct PeriodBounds {
[INFO] [stdout]    |            ------------ fields in this struct
[INFO] [stdout] 14 |     pub start: i64,
[INFO] [stdout]    |         ^^^^^
[INFO] [stdout] 15 |     pub end: i64,
[INFO] [stdout]    |         ^^^
[INFO] [stdout] 
[INFO] [stdout] 
[INFO] [stdout] warning: field `date_from_filename` is never read
[INFO] [stdout]   --> src/file_data.rs:11:9
[INFO] [stdout]    |
[INFO] [stdout] 8  | pub(crate) struct FileData {
[INFO] [stdout]    |                   -------- field in this struct
[INFO] [stdout] ...
[INFO] [stdout] 11 |     pub date_from_filename: DateTime<Utc>,
[INFO] [stdout]    |         ^^^^^^^^^^^^^^^^^^
[INFO] [stdout]    |
[INFO] [stdout]    = note: `FileData` has derived impls for the traits `Clone` and `Debug`, but these are intentionally ignored during dead code analysis
[INFO] [stdout] 
[INFO] [stdout] 
[INFO] [stdout] warning: methods `get_files_to_keep`, `get_files_to_delete`, `remove_file_from_keep`, and `remove_file_from_delete` are never used
[INFO] [stdout]   --> src/store.rs:25:8
[INFO] [stdout]    |
[INFO] [stdout] 9  | impl Store {
[INFO] [stdout]    | ---------- methods in this implementation
[INFO] [stdout] ...
[INFO] [stdout] 25 |     fn get_files_to_keep(&self) -> &Vec<String> {
[INFO] [stdout]    |        ^^^^^^^^^^^^^^^^^
[INFO] [stdout] ...
[INFO] [stdout] 29 |     fn get_files_to_delete(&self) -> &Vec<String> {
[INFO] [stdout]    |        ^^^^^^^^^^^^^^^^^^^
[INFO] [stdout] ...
[INFO] [stdout] 33 |     fn remove_file_from_keep(&mut self, file: String) {
[INFO] [stdout]    |        ^^^^^^^^^^^^^^^^^^^^^
[INFO] [stdout] ...
[INFO] [stdout] 38 |     fn remove_file_from_delete(&mut self, file: String) {
[INFO] [stdout]    |        ^^^^^^^^^^^^^^^^^^^^^^^
[INFO] [stdout] 
[INFO] [stdout] 
[INFO] [stdout] warning: function `generate_random_files` is never used
[INFO] [stdout]  --> src/file_generator.rs:9:4
[INFO] [stdout]   |
[INFO] [stdout] 9 | fn generate_random_files() -> std::io::Result<()> {
[INFO] [stdout]   |    ^^^^^^^^^^^^^^^^^^^^^
[INFO] [stdout] 
[INFO] [stdout] 
[INFO] [stdout] warning: function `generate_daily_files` is never used
[INFO] [stdout]   --> src/file_generator.rs:41:8
[INFO] [stdout]    |
[INFO] [stdout] 41 | pub fn generate_daily_files() -> std::io::Result<()> {
[INFO] [stdout]    |        ^^^^^^^^^^^^^^^^^^^^
[INFO] [stdout] 
[INFO] [stdout] 
[INFO] [stdout] warning: function `cleanup_files` is never used
[INFO] [stdout]   --> src/file_generator.rs:76:8
[INFO] [stdout]    |
[INFO] [stdout] 76 | pub fn cleanup_files() -> std::io::Result<()> {
[INFO] [stdout]    |        ^^^^^^^^^^^^^
[INFO] [stdout] 
[INFO] [stdout] 
[INFO] [stdout] warning: unused `Result` that must be used
[INFO] [stdout]   --> src/main.rs:28:5
[INFO] [stdout]    |
[INFO] [stdout] 28 |     check_files(&files_list, &checkers, store.clone());
[INFO] [stdout]    |     ^^^^^^^^^^^^^^^^^^^^^^^^^^^^^^^^^^^^^^^^^^^^^^^^^^
[INFO] [stdout]    |
[INFO] [stdout]    = note: this `Result` may be an `Err` variant, which should be handled
[INFO] [stdout]    = note: `#[warn(unused_must_use)]` on by default
[INFO] [stdout] help: use `let _ = ...` to ignore the resulting value
[INFO] [stdout]    |
[INFO] [stdout] 28 |     let _ = check_files(&files_list, &checkers, store.clone());
[INFO] [stdout]    |     +++++++
[INFO] [stdout] 
[INFO] [stdout] 
[INFO] [stderr]     Finished `dev` profile [unoptimized + debuginfo] target(s) in 3.98s
[INFO] running `Command { std: "docker" "inspect" "4272afc9fd04363a3ba7a52ed504d6309acf40b8c6c03c5e429c1a53bcf56deb", kill_on_drop: false }`
[INFO] running `Command { std: "docker" "rm" "-f" "4272afc9fd04363a3ba7a52ed504d6309acf40b8c6c03c5e429c1a53bcf56deb", kill_on_drop: false }`
[INFO] [stdout] 4272afc9fd04363a3ba7a52ed504d6309acf40b8c6c03c5e429c1a53bcf56deb
[INFO] running `Command { std: "docker" "create" "-v" "/var/lib/crater-agent-workspace/builds/worker-4-tc2/target:/opt/rustwide/target:rw,Z" "-v" "/var/lib/crater-agent-workspace/builds/worker-4-tc2/source:/opt/rustwide/workdir:ro,Z" "-v" "/var/lib/crater-agent-workspace/cargo-home:/opt/rustwide/cargo-home:ro,Z" "-v" "/var/lib/crater-agent-workspace/rustup-home:/opt/rustwide/rustup-home:ro,Z" "-e" "SOURCE_DIR=/opt/rustwide/workdir" "-e" "CARGO_TARGET_DIR=/opt/rustwide/target" "-e" "CARGO_INCREMENTAL=0" "-e" "RUST_BACKTRACE=full" "-e" "RUSTFLAGS=--cap-lints=forbid -Zrandomize-layout" "-e" "RUSTDOCFLAGS=--cap-lints=forbid" "-e" "CARGO_HOME=/opt/rustwide/cargo-home" "-e" "RUSTUP_HOME=/opt/rustwide/rustup-home" "-w" "/opt/rustwide/workdir" "-m" "1610612736" "--user" "0:0" "--network" "none" "ghcr.io/rust-lang/crates-build-env/linux@sha256:4a844ea9eb2546a2d2c7022eacef16ef2e8229c7fbb2c7d4d55a9ceca922f72d" "/opt/rustwide/cargo-home/bin/cargo" "+nightly-2024-10-28" "test" "--frozen" "--no-run" "--message-format=json", kill_on_drop: false }`
[INFO] [stdout] bfa7918e08b807d7f001540c9434196e29ca0d364bbccc95af34bb1df6f2183d
[INFO] running `Command { std: "docker" "start" "-a" "bfa7918e08b807d7f001540c9434196e29ca0d364bbccc95af34bb1df6f2183d", kill_on_drop: false }`
[INFO] [stderr]    Compiling BackupRemover v0.1.0 (/opt/rustwide/workdir)
[INFO] [stdout] warning: unused import: `NaiveDate`
[INFO] [stdout]  --> src/main.rs:2:24
[INFO] [stdout]   |
[INFO] [stdout] 2 | use chrono::{DateTime, NaiveDate, TimeZone, Utc};
[INFO] [stdout]   |                        ^^^^^^^^^
[INFO] [stdout]   |
[INFO] [stdout]   = note: `#[warn(unused_imports)]` on by default
[INFO] [stdout] 
[INFO] [stdout] 
[INFO] [stdout] warning: unused import: `rand::Rng`
[INFO] [stdout]  --> src/main.rs:4:5
[INFO] [stdout]   |
[INFO] [stdout] 4 | use rand::Rng;
[INFO] [stdout]   |     ^^^^^^^^^
[INFO] [stdout] 
[INFO] [stdout] 
[INFO] [stdout] warning: unused imports: `DirEntry` and `File`
[INFO] [stdout]  --> src/main.rs:6:21
[INFO] [stdout]   |
[INFO] [stdout] 6 | use std::fs::{self, DirEntry, File};
[INFO] [stdout]   |                     ^^^^^^^^  ^^^^
[INFO] [stdout] 
[INFO] [stdout] 
[INFO] [stdout] warning: unused import: `std::io::prelude::*`
[INFO] [stdout]  --> src/main.rs:7:5
[INFO] [stdout]   |
[INFO] [stdout] 7 | use std::io::prelude::*;
[INFO] [stdout]   |     ^^^^^^^^^^^^^^^^^^^
[INFO] [stdout] 
[INFO] [stdout] 
[INFO] [stdout] warning: unused imports: `fs::DirEntry` and `time::Duration`
[INFO] [stdout]  --> src/checker.rs:1:26
[INFO] [stdout]   |
[INFO] [stdout] 1 | use std::{cell::RefCell, fs::DirEntry, time::Duration};
[INFO] [stdout]   |                          ^^^^^^^^^^^^  ^^^^^^^^^^^^^^
[INFO] [stdout] 
[INFO] [stdout] 
[INFO] [stdout] warning: unused import: `DateTime`
[INFO] [stdout]  --> src/checker.rs:3:14
[INFO] [stdout]   |
[INFO] [stdout] 3 | use chrono::{DateTime, Utc};
[INFO] [stdout]   |              ^^^^^^^^
[INFO] [stdout] 
[INFO] [stdout] 
[INFO] [stdout] warning: unused import: `super::*`
[INFO] [stdout]  --> src/tests.rs:8:9
[INFO] [stdout]   |
[INFO] [stdout] 8 |     use super::*;
[INFO] [stdout]   |         ^^^^^^^^
[INFO] [stdout] 
[INFO] [stdout] 
[INFO] [stdout] warning: unnecessary parentheses around `if` condition
[INFO] [stdout]   --> src/file_generator.rs:25:12
[INFO] [stdout]    |
[INFO] [stdout] 25 |         if (month < 10) {
[INFO] [stdout]    |            ^          ^
[INFO] [stdout]    |
[INFO] [stdout]    = note: `#[warn(unused_parens)]` on by default
[INFO] [stdout] help: remove these parentheses
[INFO] [stdout]    |
[INFO] [stdout] 25 -         if (month < 10) {
[INFO] [stdout] 25 +         if month < 10 {
[INFO] [stdout]    |
[INFO] [stdout] 
[INFO] [stdout] 
[INFO] [stdout] warning: unnecessary parentheses around `if` condition
[INFO] [stdout]    --> src/main.rs:209:16
[INFO] [stdout]     |
[INFO] [stdout] 209 |             if (is_date_in_period) {
[INFO] [stdout]     |                ^                 ^
[INFO] [stdout]     |
[INFO] [stdout] help: remove these parentheses
[INFO] [stdout]     |
[INFO] [stdout] 209 -             if (is_date_in_period) {
[INFO] [stdout] 209 +             if is_date_in_period {
[INFO] [stdout]     |
[INFO] [stdout] 
[INFO] [stdout] 
[INFO] [stdout] warning: the feature `exclusive_range_pattern` has been stable since 1.80.0 and no longer requires an attribute to enable
[INFO] [stdout]  --> src/main.rs:1:12
[INFO] [stdout]   |
[INFO] [stdout] 1 | #![feature(exclusive_range_pattern)]
[INFO] [stdout]   |            ^^^^^^^^^^^^^^^^^^^^^^^
[INFO] [stdout]   |
[INFO] [stdout]   = note: `#[warn(stable_features)]` on by default
[INFO] [stdout] 
[INFO] [stdout] 
[INFO] [stdout] warning: use of deprecated method `chrono::DateTime::<Tz>::date`: Use `date_naive()` instead
[INFO] [stdout]   --> src/checker.rs:25:32
[INFO] [stdout]    |
[INFO] [stdout] 25 |         let start_of_day = now.date().and_hms(0, 0, 0);
[INFO] [stdout]    |                                ^^^^
[INFO] [stdout]    |
[INFO] [stdout]    = note: `#[warn(deprecated)]` on by default
[INFO] [stdout] 
[INFO] [stdout] 
[INFO] [stdout] warning: use of deprecated method `chrono::Date::<Tz>::and_hms`: Use and_hms_opt() instead
[INFO] [stdout]   --> src/checker.rs:25:39
[INFO] [stdout]    |
[INFO] [stdout] 25 |         let start_of_day = now.date().and_hms(0, 0, 0);
[INFO] [stdout]    |                                       ^^^^^^^
[INFO] [stdout] 
[INFO] [stdout] 
[INFO] [stdout] warning: use of deprecated method `chrono::TimeZone::timestamp`: use `timestamp_opt()` instead
[INFO] [stdout]    --> src/main.rs:195:17
[INFO] [stdout]     |
[INFO] [stdout] 195 |             Utc.timestamp(start_time as i64, 0)
[INFO] [stdout]     |                 ^^^^^^^^^
[INFO] [stdout] 
[INFO] [stdout] 
[INFO] [stdout] warning: use of deprecated method `chrono::TimeZone::timestamp`: use `timestamp_opt()` instead
[INFO] [stdout]    --> src/main.rs:207:41
[INFO] [stdout]     |
[INFO] [stdout] 207 |             let start_period_date = Utc.timestamp(start_time as i64, 0);
[INFO] [stdout]     |                                         ^^^^^^^^^
[INFO] [stdout] 
[INFO] [stdout] 
[INFO] [stdout] warning: use of deprecated method `chrono::TimeZone::timestamp`: use `timestamp_opt()` instead
[INFO] [stdout]    --> src/main.rs:208:39
[INFO] [stdout]     |
[INFO] [stdout] 208 |             let end_period_date = Utc.timestamp(end_time as i64, 0);
[INFO] [stdout]     |                                       ^^^^^^^^^
[INFO] [stdout] 
[INFO] [stdout] 
[INFO] [stdout] warning: value assigned to `is_to_keep` is never read
[INFO] [stdout]   --> src/checker.rs:59:17
[INFO] [stdout]    |
[INFO] [stdout] 59 |         let mut is_to_keep = true;
[INFO] [stdout]    |                 ^^^^^^^^^^
[INFO] [stdout]    |
[INFO] [stdout]    = help: maybe it is overwritten before being read?
[INFO] [stdout]    = note: `#[warn(unused_assignments)]` on by default
[INFO] [stdout] 
[INFO] [stdout] 
[INFO] [stdout] warning: unused variable: `previous_period_bounds`
[INFO] [stdout]   --> src/checker.rs:93:17
[INFO] [stdout]    |
[INFO] [stdout] 93 |             let previous_period_bounds: PeriodBounds = PeriodBounds {
[INFO] [stdout]    |                 ^^^^^^^^^^^^^^^^^^^^^^ help: if this is intentional, prefix it with an underscore: `_previous_period_bounds`
[INFO] [stdout]    |
[INFO] [stdout]    = note: `#[warn(unused_variables)]` on by default
[INFO] [stdout] 
[INFO] [stdout] 
[INFO] [stdout] warning: unused variable: `checkers`
[INFO] [stdout]   --> src/file_generator.rs:70:13
[INFO] [stdout]    |
[INFO] [stdout] 70 |         let checkers = get_checkers(store.clone());
[INFO] [stdout]    |             ^^^^^^^^ help: if this is intentional, prefix it with an underscore: `_checkers`
[INFO] [stdout] 
[INFO] [stdout] 
[INFO] [stdout] warning: type `FileData` is more private than the item `check_files`
[INFO] [stdout]   --> src/main.rs:44:1
[INFO] [stdout]    |
[INFO] [stdout] 44 | pub fn check_files(files: &Vec<FileData>, checkers: &Vec<Checker>, store: RefCell<Store>) -> std::io::Result<()> {
[INFO] [stdout]    | ^^^^^^^^^^^^^^^^^^^^^^^^^^^^^^^^^^^^^^^^^^^^^^^^^^^^^^^^^^^^^^^^^^^^^^^^^^^^^^^^^^^^^^^^^^^^^^^^^^^^^^^^^^^^^^^^ function `check_files` is reachable at visibility `pub`
[INFO] [stdout]    |
[INFO] [stdout] note: but type `FileData` is only usable at visibility `pub(crate)`
[INFO] [stdout]   --> src/file_data.rs:8:1
[INFO] [stdout]    |
[INFO] [stdout] 8  | pub(crate) struct FileData {
[INFO] [stdout]    | ^^^^^^^^^^^^^^^^^^^^^^^^^^
[INFO] [stdout]    = note: `#[warn(private_interfaces)]` on by default
[INFO] [stdout] 
[INFO] [stdout] 
[INFO] [stdout] warning: type `Checker` is more private than the item `check_files`
[INFO] [stdout]   --> src/main.rs:44:1
[INFO] [stdout]    |
[INFO] [stdout] 44 | pub fn check_files(files: &Vec<FileData>, checkers: &Vec<Checker>, store: RefCell<Store>) -> std::io::Result<()> {
[INFO] [stdout]    | ^^^^^^^^^^^^^^^^^^^^^^^^^^^^^^^^^^^^^^^^^^^^^^^^^^^^^^^^^^^^^^^^^^^^^^^^^^^^^^^^^^^^^^^^^^^^^^^^^^^^^^^^^^^^^^^^ function `check_files` is reachable at visibility `pub`
[INFO] [stdout]    |
[INFO] [stdout] note: but type `Checker` is only usable at visibility `pub(crate)`
[INFO] [stdout]   --> src/checker.rs:8:1
[INFO] [stdout]    |
[INFO] [stdout] 8  | pub(crate) struct Checker {
[INFO] [stdout]    | ^^^^^^^^^^^^^^^^^^^^^^^^^
[INFO] [stdout] 
[INFO] [stdout] 
[INFO] [stdout] warning: field `qnt` is never read
[INFO] [stdout]   --> src/main.rs:19:5
[INFO] [stdout]    |
[INFO] [stdout] 17 | struct Config {
[INFO] [stdout]    |        ------ field in this struct
[INFO] [stdout] 18 |     period: &'static str,
[INFO] [stdout] 19 |     qnt: u64,
[INFO] [stdout]    |     ^^^
[INFO] [stdout]    |
[INFO] [stdout]    = note: `Config` has derived impls for the traits `Clone` and `Debug`, but these are intentionally ignored during dead code analysis
[INFO] [stdout]    = note: `#[warn(dead_code)]` on by default
[INFO] [stdout] 
[INFO] [stdout] 
[INFO] [stdout] warning: function `print_configs` is never used
[INFO] [stdout]    --> src/main.rs:130:4
[INFO] [stdout]     |
[INFO] [stdout] 130 | fn print_configs(configs: &Vec<Config>) {
[INFO] [stdout]     |    ^^^^^^^^^^^^^
[INFO] [stdout] 
[INFO] [stdout] 
[INFO] [stdout] warning: function `check_period` is never used
[INFO] [stdout]    --> src/main.rs:160:4
[INFO] [stdout]     |
[INFO] [stdout] 160 | fn check_period(config: &Config) -> std::io::Result<()> {
[INFO] [stdout]     |    ^^^^^^^^^^^^
[INFO] [stdout] 
[INFO] [stdout] 
[INFO] [stdout] warning: field `store` is never read
[INFO] [stdout]   --> src/checker.rs:10:9
[INFO] [stdout]    |
[INFO] [stdout] 8  | pub(crate) struct Checker {
[INFO] [stdout]    |                   ------- field in this struct
[INFO] [stdout] 9  |     pub config: Config,
[INFO] [stdout] 10 |     pub store: RefCell<Store>,
[INFO] [stdout]    |         ^^^^^
[INFO] [stdout] 
[INFO] [stdout] 
[INFO] [stdout] warning: fields `start` and `end` are never read
[INFO] [stdout]   --> src/checker.rs:14:9
[INFO] [stdout]    |
[INFO] [stdout] 13 | pub struct PeriodBounds {
[INFO] [stdout]    |            ------------ fields in this struct
[INFO] [stdout] 14 |     pub start: i64,
[INFO] [stdout]    |         ^^^^^
[INFO] [stdout] 15 |     pub end: i64,
[INFO] [stdout]    |         ^^^
[INFO] [stdout] 
[INFO] [stdout] 
[INFO] [stdout] warning: field `date_from_filename` is never read
[INFO] [stdout]   --> src/file_data.rs:11:9
[INFO] [stdout]    |
[INFO] [stdout] 8  | pub(crate) struct FileData {
[INFO] [stdout]    |                   -------- field in this struct
[INFO] [stdout] ...
[INFO] [stdout] 11 |     pub date_from_filename: DateTime<Utc>,
[INFO] [stdout]    |         ^^^^^^^^^^^^^^^^^^
[INFO] [stdout]    |
[INFO] [stdout]    = note: `FileData` has derived impls for the traits `Clone` and `Debug`, but these are intentionally ignored during dead code analysis
[INFO] [stdout] 
[INFO] [stdout] 
[INFO] [stdout] warning: methods `get_files_to_keep`, `get_files_to_delete`, `remove_file_from_keep`, and `remove_file_from_delete` are never used
[INFO] [stdout]   --> src/store.rs:25:8
[INFO] [stdout]    |
[INFO] [stdout] 9  | impl Store {
[INFO] [stdout]    | ---------- methods in this implementation
[INFO] [stdout] ...
[INFO] [stdout] 25 |     fn get_files_to_keep(&self) -> &Vec<String> {
[INFO] [stdout]    |        ^^^^^^^^^^^^^^^^^
[INFO] [stdout] ...
[INFO] [stdout] 29 |     fn get_files_to_delete(&self) -> &Vec<String> {
[INFO] [stdout]    |        ^^^^^^^^^^^^^^^^^^^
[INFO] [stdout] ...
[INFO] [stdout] 33 |     fn remove_file_from_keep(&mut self, file: String) {
[INFO] [stdout]    |        ^^^^^^^^^^^^^^^^^^^^^
[INFO] [stdout] ...
[INFO] [stdout] 38 |     fn remove_file_from_delete(&mut self, file: String) {
[INFO] [stdout]    |        ^^^^^^^^^^^^^^^^^^^^^^^
[INFO] [stdout] 
[INFO] [stdout] 
[INFO] [stdout] warning: function `generate_random_files` is never used
[INFO] [stdout]  --> src/file_generator.rs:9:4
[INFO] [stdout]   |
[INFO] [stdout] 9 | fn generate_random_files() -> std::io::Result<()> {
[INFO] [stdout]   |    ^^^^^^^^^^^^^^^^^^^^^
[INFO] [stdout] 
[INFO] [stdout] 
[INFO] [stdout] warning: unused `Result` that must be used
[INFO] [stdout]   --> src/main.rs:28:5
[INFO] [stdout]    |
[INFO] [stdout] 28 |     check_files(&files_list, &checkers, store.clone());
[INFO] [stdout]    |     ^^^^^^^^^^^^^^^^^^^^^^^^^^^^^^^^^^^^^^^^^^^^^^^^^^
[INFO] [stdout]    |
[INFO] [stdout]    = note: this `Result` may be an `Err` variant, which should be handled
[INFO] [stdout]    = note: `#[warn(unused_must_use)]` on by default
[INFO] [stdout] help: use `let _ = ...` to ignore the resulting value
[INFO] [stdout]    |
[INFO] [stdout] 28 |     let _ = check_files(&files_list, &checkers, store.clone());
[INFO] [stdout]    |     +++++++
[INFO] [stdout] 
[INFO] [stdout] 
[INFO] [stderr]     Finished `test` profile [unoptimized + debuginfo] target(s) in 0.32s
[INFO] running `Command { std: "docker" "inspect" "bfa7918e08b807d7f001540c9434196e29ca0d364bbccc95af34bb1df6f2183d", kill_on_drop: false }`
[INFO] running `Command { std: "docker" "rm" "-f" "bfa7918e08b807d7f001540c9434196e29ca0d364bbccc95af34bb1df6f2183d", kill_on_drop: false }`
[INFO] [stdout] bfa7918e08b807d7f001540c9434196e29ca0d364bbccc95af34bb1df6f2183d
[INFO] running `Command { std: "docker" "create" "-v" "/var/lib/crater-agent-workspace/builds/worker-4-tc2/target:/opt/rustwide/target:rw,Z" "-v" "/var/lib/crater-agent-workspace/builds/worker-4-tc2/source:/opt/rustwide/workdir:ro,Z" "-v" "/var/lib/crater-agent-workspace/cargo-home:/opt/rustwide/cargo-home:ro,Z" "-v" "/var/lib/crater-agent-workspace/rustup-home:/opt/rustwide/rustup-home:ro,Z" "-e" "SOURCE_DIR=/opt/rustwide/workdir" "-e" "CARGO_TARGET_DIR=/opt/rustwide/target" "-e" "CARGO_INCREMENTAL=0" "-e" "RUST_BACKTRACE=full" "-e" "RUSTFLAGS=--cap-lints=forbid -Zrandomize-layout" "-e" "RUSTDOCFLAGS=--cap-lints=forbid" "-e" "CARGO_HOME=/opt/rustwide/cargo-home" "-e" "RUSTUP_HOME=/opt/rustwide/rustup-home" "-w" "/opt/rustwide/workdir" "-m" "1610612736" "--user" "0:0" "--network" "none" "ghcr.io/rust-lang/crates-build-env/linux@sha256:4a844ea9eb2546a2d2c7022eacef16ef2e8229c7fbb2c7d4d55a9ceca922f72d" "/opt/rustwide/cargo-home/bin/cargo" "+nightly-2024-10-28" "test" "--frozen", kill_on_drop: false }`
[INFO] [stdout] a90a7b3baa0f89a2648cc3b062d74e7a397c38cd605f49f220ccd35c9705e911
[INFO] running `Command { std: "docker" "start" "-a" "a90a7b3baa0f89a2648cc3b062d74e7a397c38cd605f49f220ccd35c9705e911", kill_on_drop: false }`
[INFO] [stderr] warning: unused import: `NaiveDate`
[INFO] [stderr]  --> src/main.rs:2:24
[INFO] [stderr]   |
[INFO] [stderr] 2 | use chrono::{DateTime, NaiveDate, TimeZone, Utc};
[INFO] [stderr]   |                        ^^^^^^^^^
[INFO] [stderr]   |
[INFO] [stderr]   = note: `#[warn(unused_imports)]` on by default
[INFO] [stderr] 
[INFO] [stderr] warning: unused import: `rand::Rng`
[INFO] [stderr]  --> src/main.rs:4:5
[INFO] [stderr]   |
[INFO] [stderr] 4 | use rand::Rng;
[INFO] [stderr]   |     ^^^^^^^^^
[INFO] [stderr] 
[INFO] [stderr] warning: unused imports: `DirEntry` and `File`
[INFO] [stderr]  --> src/main.rs:6:21
[INFO] [stderr]   |
[INFO] [stderr] 6 | use std::fs::{self, DirEntry, File};
[INFO] [stderr]   |                     ^^^^^^^^  ^^^^
[INFO] [stderr] 
[INFO] [stderr] warning: unused import: `std::io::prelude::*`
[INFO] [stderr]  --> src/main.rs:7:5
[INFO] [stderr]   |
[INFO] [stderr] 7 | use std::io::prelude::*;
[INFO] [stderr]   |     ^^^^^^^^^^^^^^^^^^^
[INFO] [stderr] 
[INFO] [stderr] warning: unused imports: `fs::DirEntry` and `time::Duration`
[INFO] [stderr]  --> src/checker.rs:1:26
[INFO] [stderr]   |
[INFO] [stderr] 1 | use std::{cell::RefCell, fs::DirEntry, time::Duration};
[INFO] [stderr]   |                          ^^^^^^^^^^^^  ^^^^^^^^^^^^^^
[INFO] [stderr] 
[INFO] [stderr] warning: unused import: `DateTime`
[INFO] [stderr]  --> src/checker.rs:3:14
[INFO] [stderr]   |
[INFO] [stderr] 3 | use chrono::{DateTime, Utc};
[INFO] [stderr]   |              ^^^^^^^^
[INFO] [stderr] 
[INFO] [stderr] warning: unused import: `super::*`
[INFO] [stderr]  --> src/tests.rs:8:9
[INFO] [stderr]   |
[INFO] [stderr] 8 |     use super::*;
[INFO] [stderr]   |         ^^^^^^^^
[INFO] [stderr] 
[INFO] [stderr] warning: unnecessary parentheses around `if` condition
[INFO] [stderr]   --> src/file_generator.rs:25:12
[INFO] [stderr]    |
[INFO] [stderr] 25 |         if (month < 10) {
[INFO] [stderr]    |            ^          ^
[INFO] [stderr]    |
[INFO] [stderr]    = note: `#[warn(unused_parens)]` on by default
[INFO] [stderr] help: remove these parentheses
[INFO] [stderr]    |
[INFO] [stderr] 25 -         if (month < 10) {
[INFO] [stderr] 25 +         if month < 10 {
[INFO] [stderr]    |
[INFO] [stderr] 
[INFO] [stderr] warning: unnecessary parentheses around `if` condition
[INFO] [stderr]    --> src/main.rs:209:16
[INFO] [stderr]     |
[INFO] [stderr] 209 |             if (is_date_in_period) {
[INFO] [stderr]     |                ^                 ^
[INFO] [stderr]     |
[INFO] [stderr] help: remove these parentheses
[INFO] [stderr]     |
[INFO] [stderr] 209 -             if (is_date_in_period) {
[INFO] [stderr] 209 +             if is_date_in_period {
[INFO] [stderr]     |
[INFO] [stderr] 
[INFO] [stderr] warning: the feature `exclusive_range_pattern` has been stable since 1.80.0 and no longer requires an attribute to enable
[INFO] [stderr]  --> src/main.rs:1:12
[INFO] [stderr]   |
[INFO] [stderr] 1 | #![feature(exclusive_range_pattern)]
[INFO] [stderr]   |            ^^^^^^^^^^^^^^^^^^^^^^^
[INFO] [stderr]   |
[INFO] [stderr]   = note: `#[warn(stable_features)]` on by default
[INFO] [stderr] 
[INFO] [stderr] warning: use of deprecated method `chrono::DateTime::<Tz>::date`: Use `date_naive()` instead
[INFO] [stderr]   --> src/checker.rs:25:32
[INFO] [stderr]    |
[INFO] [stderr] 25 |         let start_of_day = now.date().and_hms(0, 0, 0);
[INFO] [stderr]    |                                ^^^^
[INFO] [stderr]    |
[INFO] [stderr]    = note: `#[warn(deprecated)]` on by default
[INFO] [stderr] 
[INFO] [stderr] warning: use of deprecated method `chrono::Date::<Tz>::and_hms`: Use and_hms_opt() instead
[INFO] [stderr]   --> src/checker.rs:25:39
[INFO] [stderr]    |
[INFO] [stderr] 25 |         let start_of_day = now.date().and_hms(0, 0, 0);
[INFO] [stderr]    |                                       ^^^^^^^
[INFO] [stderr] 
[INFO] [stderr] warning: use of deprecated method `chrono::TimeZone::timestamp`: use `timestamp_opt()` instead
[INFO] [stderr]    --> src/main.rs:195:17
[INFO] [stderr]     |
[INFO] [stderr] 195 |             Utc.timestamp(start_time as i64, 0)
[INFO] [stderr]     |                 ^^^^^^^^^
[INFO] [stderr] 
[INFO] [stderr] warning: use of deprecated method `chrono::TimeZone::timestamp`: use `timestamp_opt()` instead
[INFO] [stderr]    --> src/main.rs:207:41
[INFO] [stderr]     |
[INFO] [stderr] 207 |             let start_period_date = Utc.timestamp(start_time as i64, 0);
[INFO] [stderr]     |                                         ^^^^^^^^^
[INFO] [stderr] 
[INFO] [stderr] warning: use of deprecated method `chrono::TimeZone::timestamp`: use `timestamp_opt()` instead
[INFO] [stderr]    --> src/main.rs:208:39
[INFO] [stderr]     |
[INFO] [stderr] 208 |             let end_period_date = Utc.timestamp(end_time as i64, 0);
[INFO] [stderr]     |                                       ^^^^^^^^^
[INFO] [stderr] 
[INFO] [stderr] warning: value assigned to `is_to_keep` is never read
[INFO] [stderr]   --> src/checker.rs:59:17
[INFO] [stderr]    |
[INFO] [stderr] 59 |         let mut is_to_keep = true;
[INFO] [stderr]    |                 ^^^^^^^^^^
[INFO] [stderr]    |
[INFO] [stderr]    = help: maybe it is overwritten before being read?
[INFO] [stderr]    = note: `#[warn(unused_assignments)]` on by default
[INFO] [stderr] 
[INFO] [stderr] warning: unused variable: `previous_period_bounds`
[INFO] [stderr]   --> src/checker.rs:93:17
[INFO] [stderr]    |
[INFO] [stderr] 93 |             let previous_period_bounds: PeriodBounds = PeriodBounds {
[INFO] [stderr]    |                 ^^^^^^^^^^^^^^^^^^^^^^ help: if this is intentional, prefix it with an underscore: `_previous_period_bounds`
[INFO] [stderr]    |
[INFO] [stderr]    = note: `#[warn(unused_variables)]` on by default
[INFO] [stderr] 
[INFO] [stderr] warning: unused variable: `checkers`
[INFO] [stderr]   --> src/file_generator.rs:70:13
[INFO] [stderr]    |
[INFO] [stderr] 70 |         let checkers = get_checkers(store.clone());
[INFO] [stderr]    |             ^^^^^^^^ help: if this is intentional, prefix it with an underscore: `_checkers`
[INFO] [stderr] 
[INFO] [stderr] warning: type `FileData` is more private than the item `check_files`
[INFO] [stderr]   --> src/main.rs:44:1
[INFO] [stderr]    |
[INFO] [stderr] 44 | pub fn check_files(files: &Vec<FileData>, checkers: &Vec<Checker>, store: RefCell<Store>) -> std::io::Result<()> {
[INFO] [stderr]    | ^^^^^^^^^^^^^^^^^^^^^^^^^^^^^^^^^^^^^^^^^^^^^^^^^^^^^^^^^^^^^^^^^^^^^^^^^^^^^^^^^^^^^^^^^^^^^^^^^^^^^^^^^^^^^^^^ function `check_files` is reachable at visibility `pub`
[INFO] [stderr]    |
[INFO] [stderr] note: but type `FileData` is only usable at visibility `pub(crate)`
[INFO] [stderr]   --> src/file_data.rs:8:1
[INFO] [stderr]    |
[INFO] [stderr] 8  | pub(crate) struct FileData {
[INFO] [stderr]    | ^^^^^^^^^^^^^^^^^^^^^^^^^^
[INFO] [stderr]    = note: `#[warn(private_interfaces)]` on by default
[INFO] [stderr] 
[INFO] [stderr] warning: type `Checker` is more private than the item `check_files`
[INFO] [stderr]   --> src/main.rs:44:1
[INFO] [stderr]    |
[INFO] [stderr] 44 | pub fn check_files(files: &Vec<FileData>, checkers: &Vec<Checker>, store: RefCell<Store>) -> std::io::Result<()> {
[INFO] [stderr]    | ^^^^^^^^^^^^^^^^^^^^^^^^^^^^^^^^^^^^^^^^^^^^^^^^^^^^^^^^^^^^^^^^^^^^^^^^^^^^^^^^^^^^^^^^^^^^^^^^^^^^^^^^^^^^^^^^ function `check_files` is reachable at visibility `pub`
[INFO] [stderr]    |
[INFO] [stderr] note: but type `Checker` is only usable at visibility `pub(crate)`
[INFO] [stderr]   --> src/checker.rs:8:1
[INFO] [stderr]    |
[INFO] [stderr] 8  | pub(crate) struct Checker {
[INFO] [stderr]    | ^^^^^^^^^^^^^^^^^^^^^^^^^
[INFO] [stderr] 
[INFO] [stderr] warning: field `qnt` is never read
[INFO] [stderr]   --> src/main.rs:19:5
[INFO] [stderr]    |
[INFO] [stderr] 17 | struct Config {
[INFO] [stderr]    |        ------ field in this struct
[INFO] [stderr] 18 |     period: &'static str,
[INFO] [stderr] 19 |     qnt: u64,
[INFO] [stderr]    |     ^^^
[INFO] [stderr]    |
[INFO] [stderr]    = note: `Config` has derived impls for the traits `Clone` and `Debug`, but these are intentionally ignored during dead code analysis
[INFO] [stderr]    = note: `#[warn(dead_code)]` on by default
[INFO] [stderr] 
[INFO] [stderr] warning: function `print_configs` is never used
[INFO] [stderr]    --> src/main.rs:130:4
[INFO] [stderr]     |
[INFO] [stderr] 130 | fn print_configs(configs: &Vec<Config>) {
[INFO] [stderr]     |    ^^^^^^^^^^^^^
[INFO] [stderr] 
[INFO] [stderr] warning: function `check_period` is never used
[INFO] [stderr]    --> src/main.rs:160:4
[INFO] [stderr]     |
[INFO] [stderr] 160 | fn check_period(config: &Config) -> std::io::Result<()> {
[INFO] [stderr]     |    ^^^^^^^^^^^^
[INFO] [stderr] 
[INFO] [stderr] warning: field `store` is never read
[INFO] [stderr]   --> src/checker.rs:10:9
[INFO] [stderr]    |
[INFO] [stderr] 8  | pub(crate) struct Checker {
[INFO] [stderr]    |                   ------- field in this struct
[INFO] [stderr] 9  |     pub config: Config,
[INFO] [stderr] 10 |     pub store: RefCell<Store>,
[INFO] [stderr]    |         ^^^^^
[INFO] [stderr] 
[INFO] [stderr] warning: fields `start` and `end` are never read
[INFO] [stderr]   --> src/checker.rs:14:9
[INFO] [stderr]    |
[INFO] [stderr] 13 | pub struct PeriodBounds {
[INFO] [stderr]    |            ------------ fields in this struct
[INFO] [stderr] 14 |     pub start: i64,
[INFO] [stderr]    |         ^^^^^
[INFO] [stderr] 15 |     pub end: i64,
[INFO] [stderr]    |         ^^^
[INFO] [stderr] 
[INFO] [stderr] warning: field `date_from_filename` is never read
[INFO] [stderr]   --> src/file_data.rs:11:9
[INFO] [stderr]    |
[INFO] [stderr] 8  | pub(crate) struct FileData {
[INFO] [stderr]    |                   -------- field in this struct
[INFO] [stderr] ...
[INFO] [stderr] 11 |     pub date_from_filename: DateTime<Utc>,
[INFO] [stderr]    |         ^^^^^^^^^^^^^^^^^^
[INFO] [stderr]    |
[INFO] [stderr]    = note: `FileData` has derived impls for the traits `Clone` and `Debug`, but these are intentionally ignored during dead code analysis
[INFO] [stderr] 
[INFO] [stderr] warning: methods `get_files_to_keep`, `get_files_to_delete`, `remove_file_from_keep`, and `remove_file_from_delete` are never used
[INFO] [stderr]   --> src/store.rs:25:8
[INFO] [stderr]    |
[INFO] [stderr] 9  | impl Store {
[INFO] [stderr]    | ---------- methods in this implementation
[INFO] [stderr] ...
[INFO] [stderr] 25 |     fn get_files_to_keep(&self) -> &Vec<String> {
[INFO] [stderr]    |        ^^^^^^^^^^^^^^^^^
[INFO] [stderr] ...
[INFO] [stderr] 29 |     fn get_files_to_delete(&self) -> &Vec<String> {
[INFO] [stderr]    |        ^^^^^^^^^^^^^^^^^^^
[INFO] [stderr] ...
[INFO] [stderr] 33 |     fn remove_file_from_keep(&mut self, file: String) {
[INFO] [stderr]    |        ^^^^^^^^^^^^^^^^^^^^^
[INFO] [stderr] ...
[INFO] [stderr] 38 |     fn remove_file_from_delete(&mut self, file: String) {
[INFO] [stderr]    |        ^^^^^^^^^^^^^^^^^^^^^^^
[INFO] [stderr] 
[INFO] [stderr] warning: function `generate_random_files` is never used
[INFO] [stderr]  --> src/file_generator.rs:9:4
[INFO] [stderr]   |
[INFO] [stderr] 9 | fn generate_random_files() -> std::io::Result<()> {
[INFO] [stderr]   |    ^^^^^^^^^^^^^^^^^^^^^
[INFO] [stderr] 
[INFO] [stderr] warning: unused `Result` that must be used
[INFO] [stderr]   --> src/main.rs:28:5
[INFO] [stderr]    |
[INFO] [stderr] 28 |     check_files(&files_list, &checkers, store.clone());
[INFO] [stderr]    |     ^^^^^^^^^^^^^^^^^^^^^^^^^^^^^^^^^^^^^^^^^^^^^^^^^^
[INFO] [stderr]    |
[INFO] [stderr]    = note: this `Result` may be an `Err` variant, which should be handled
[INFO] [stderr]    = note: `#[warn(unused_must_use)]` on by default
[INFO] [stderr] help: use `let _ = ...` to ignore the resulting value
[INFO] [stderr]    |
[INFO] [stderr] 28 |     let _ = check_files(&files_list, &checkers, store.clone());
[INFO] [stderr]    |     +++++++
[INFO] [stderr] 
[INFO] [stderr] warning: `BackupRemover` (bin "BackupRemover" test) generated 29 warnings (run `cargo fix --bin "BackupRemover" --tests` to apply 9 suggestions)
[INFO] [stderr]     Finished `test` profile [unoptimized + debuginfo] target(s) in 0.02s
[INFO] [stderr]      Running unittests src/main.rs (/opt/rustwide/target/debug/deps/BackupRemover-e8c9fff3aad80000)
[INFO] [stdout] 
[INFO] [stdout] running 1 test
[INFO] [stdout] test tests::tests::test_daily_files ... FAILED
[INFO] [stdout] 
[INFO] [stdout] failures:
[INFO] [stdout] 
[INFO] [stdout] ---- tests::tests::test_daily_files stdout ----
[INFO] [stdout] thread 'tests::tests::test_daily_files' panicked at src/tests.rs:15:43:
[INFO] [stdout] called `Result::unwrap()` on an `Err` value: Os { code: 2, kind: NotFound, message: "No such file or directory" }
[INFO] [stdout] stack backtrace:
[INFO] [stdout]    0:     0x5745da5da65a - std::backtrace_rs::backtrace::libunwind::trace::h207520d6e9873551
[INFO] [stdout]                                at /rustc/df4ca44d3fbc9301ee17f30f4d474e6ae4b05252/library/std/src/../../backtrace/src/backtrace/libunwind.rs:116:5
[INFO] [stdout]    1:     0x5745da5da65a - std::backtrace_rs::backtrace::trace_unsynchronized::h2ed7433f370e3eca
[INFO] [stdout]                                at /rustc/df4ca44d3fbc9301ee17f30f4d474e6ae4b05252/library/std/src/../../backtrace/src/backtrace/mod.rs:66:5
[INFO] [stdout]    2:     0x5745da5da65a - std::sys::backtrace::_print_fmt::h916fac51166b18d7
[INFO] [stdout]                                at /rustc/df4ca44d3fbc9301ee17f30f4d474e6ae4b05252/library/std/src/sys/backtrace.rs:66:9
[INFO] [stdout]    3:     0x5745da5da65a - <std::sys::backtrace::BacktraceLock::print::DisplayBacktrace as core::fmt::Display>::fmt::ha0a4c9b8ce3802e6
[INFO] [stdout]                                at /rustc/df4ca44d3fbc9301ee17f30f4d474e6ae4b05252/library/std/src/sys/backtrace.rs:39:26
[INFO] [stdout]    4:     0x5745da603533 - core::fmt::rt::Argument::fmt::h4cfc8587d52b3eb5
[INFO] [stdout]                                at /rustc/df4ca44d3fbc9301ee17f30f4d474e6ae4b05252/library/core/src/fmt/rt.rs:177:76
[INFO] [stdout]    5:     0x5745da603533 - core::fmt::write::h522cc39e5b36ae9f
[INFO] [stdout]                                at /rustc/df4ca44d3fbc9301ee17f30f4d474e6ae4b05252/library/core/src/fmt/mod.rs:1190:21
[INFO] [stdout]    6:     0x5745da5d6f03 - std::io::Write::write_fmt::h7d3c26752da97734
[INFO] [stdout]                                at /rustc/df4ca44d3fbc9301ee17f30f4d474e6ae4b05252/library/std/src/io/mod.rs:1839:15
[INFO] [stdout]    7:     0x5745da5da4a2 - std::sys::backtrace::BacktraceLock::print::h4b9e00b29e9c0942
[INFO] [stdout]                                at /rustc/df4ca44d3fbc9301ee17f30f4d474e6ae4b05252/library/std/src/sys/backtrace.rs:42:9
[INFO] [stdout]    8:     0x5745da5dbaea - std::panicking::default_hook::{{closure}}::hb59b88280d0324d9
[INFO] [stdout]                                at /rustc/df4ca44d3fbc9301ee17f30f4d474e6ae4b05252/library/std/src/panicking.rs:268:22
[INFO] [stdout]    9:     0x5745da5db8f4 - std::panicking::default_hook::he1dd496665be4a29
[INFO] [stdout]                                at /rustc/df4ca44d3fbc9301ee17f30f4d474e6ae4b05252/library/std/src/panicking.rs:292:9
[INFO] [stdout]   10:     0x5745da2bb769 - <alloc::boxed::Box<F,A> as core::ops::function::Fn<Args>>::call::h4ff71de18744e1dc
[INFO] [stdout]                                at /rustc/df4ca44d3fbc9301ee17f30f4d474e6ae4b05252/library/alloc/src/boxed.rs:2468:9
[INFO] [stdout]   11:     0x5745da2bb769 - test::test_main::{{closure}}::hcf7c055ce117aa81
[INFO] [stdout]                                at /rustc/df4ca44d3fbc9301ee17f30f4d474e6ae4b05252/library/test/src/lib.rs:133:21
[INFO] [stdout]   12:     0x5745da5dc1e8 - <alloc::boxed::Box<F,A> as core::ops::function::Fn<Args>>::call::h1d66c6bbd60c9692
[INFO] [stdout]                                at /rustc/df4ca44d3fbc9301ee17f30f4d474e6ae4b05252/library/alloc/src/boxed.rs:2468:9
[INFO] [stdout]   13:     0x5745da5dc1e8 - std::panicking::rust_panic_with_hook::h2ff17fe8f26dfcf8
[INFO] [stdout]                                at /rustc/df4ca44d3fbc9301ee17f30f4d474e6ae4b05252/library/std/src/panicking.rs:809:13
[INFO] [stdout]   14:     0x5745da5dbfaa - std::panicking::begin_panic_handler::{{closure}}::h4fad77951c07e101
[INFO] [stdout]                                at /rustc/df4ca44d3fbc9301ee17f30f4d474e6ae4b05252/library/std/src/panicking.rs:674:13
[INFO] [stdout]   15:     0x5745da5dab39 - std::sys::backtrace::__rust_end_short_backtrace::hb1a25b3da5d0ea08
[INFO] [stdout]                                at /rustc/df4ca44d3fbc9301ee17f30f4d474e6ae4b05252/library/std/src/sys/backtrace.rs:170:18
[INFO] [stdout]   16:     0x5745da5dbc3c - rust_begin_unwind
[INFO] [stdout]                                at /rustc/df4ca44d3fbc9301ee17f30f4d474e6ae4b05252/library/std/src/panicking.rs:665:5
[INFO] [stdout]   17:     0x5745da601b60 - core::panicking::panic_fmt::ha9db07b529f9b256
[INFO] [stdout]                                at /rustc/df4ca44d3fbc9301ee17f30f4d474e6ae4b05252/library/core/src/panicking.rs:75:14
[INFO] [stdout]   18:     0x5745da601fe6 - core::result::unwrap_failed::h5e8218e4d4338b8a
[INFO] [stdout]                                at /rustc/df4ca44d3fbc9301ee17f30f4d474e6ae4b05252/library/core/src/result.rs:1698:5
[INFO] [stdout]   19:     0x5745da27db5a - core::result::Result<T,E>::unwrap::h39c0aff4a5ed8f61
[INFO] [stdout]                                at /rustc/df4ca44d3fbc9301ee17f30f4d474e6ae4b05252/library/core/src/result.rs:1103:23
[INFO] [stdout]   20:     0x5745da27db5a - BackupRemover::tests::tests::test_daily_files::h5ab74ffaa08a5ad4
[INFO] [stdout]                                at /opt/rustwide/workdir/src/tests.rs:15:26
[INFO] [stdout]   21:     0x5745da27da17 - BackupRemover::tests::tests::test_daily_files::{{closure}}::h2dbc407aed289928
[INFO] [stdout]                                at /opt/rustwide/workdir/src/tests.rs:11:26
[INFO] [stdout]   22:     0x5745da278b76 - core::ops::function::FnOnce::call_once::h2223bb50c838c7d5
[INFO] [stdout]                                at /rustc/df4ca44d3fbc9301ee17f30f4d474e6ae4b05252/library/core/src/ops/function.rs:250:5
[INFO] [stdout]   23:     0x5745da2c003b - core::ops::function::FnOnce::call_once::h22c3ba5715e93f05
[INFO] [stdout]                                at /rustc/df4ca44d3fbc9301ee17f30f4d474e6ae4b05252/library/core/src/ops/function.rs:250:5
[INFO] [stdout]   24:     0x5745da2c003b - test::__rust_begin_short_backtrace::h8e82d8113d0da17f
[INFO] [stdout]                                at /rustc/df4ca44d3fbc9301ee17f30f4d474e6ae4b05252/library/test/src/lib.rs:621:18
[INFO] [stdout]   25:     0x5745da2bf9b7 - test::run_test_in_process::{{closure}}::h33235f4f20b7b7c7
[INFO] [stdout]                                at /rustc/df4ca44d3fbc9301ee17f30f4d474e6ae4b05252/library/test/src/lib.rs:644:60
[INFO] [stdout]   26:     0x5745da2bf9b7 - <core::panic::unwind_safe::AssertUnwindSafe<F> as core::ops::function::FnOnce<()>>::call_once::hb5043206310c586f
[INFO] [stdout]                                at /rustc/df4ca44d3fbc9301ee17f30f4d474e6ae4b05252/library/core/src/panic/unwind_safe.rs:272:9
[INFO] [stdout]   27:     0x5745da2bf9b7 - std::panicking::try::do_call::h9ad4731a60ab23e2
[INFO] [stdout]                                at /rustc/df4ca44d3fbc9301ee17f30f4d474e6ae4b05252/library/std/src/panicking.rs:557:40
[INFO] [stdout]   28:     0x5745da2bf9b7 - std::panicking::try::h3824d23db772a716
[INFO] [stdout]                                at /rustc/df4ca44d3fbc9301ee17f30f4d474e6ae4b05252/library/std/src/panicking.rs:520:19
[INFO] [stdout]   29:     0x5745da2bf9b7 - std::panic::catch_unwind::h5afd514605fde46b
[INFO] [stdout]                                at /rustc/df4ca44d3fbc9301ee17f30f4d474e6ae4b05252/library/std/src/panic.rs:358:14
[INFO] [stdout]   30:     0x5745da2bf9b7 - test::run_test_in_process::h0d5cbfa7067d1720
[INFO] [stdout]                                at /rustc/df4ca44d3fbc9301ee17f30f4d474e6ae4b05252/library/test/src/lib.rs:644:27
[INFO] [stdout]   31:     0x5745da2bf9b7 - test::run_test::{{closure}}::h708eb8872708115d
[INFO] [stdout]                                at /rustc/df4ca44d3fbc9301ee17f30f4d474e6ae4b05252/library/test/src/lib.rs:565:43
[INFO] [stdout]   32:     0x5745da2830d4 - test::run_test::{{closure}}::h392c51cee94713ab
[INFO] [stdout]                                at /rustc/df4ca44d3fbc9301ee17f30f4d474e6ae4b05252/library/test/src/lib.rs:595:41
[INFO] [stdout]   33:     0x5745da2830d4 - std::sys::backtrace::__rust_begin_short_backtrace::h2f40290710935a8b
[INFO] [stdout]                                at /rustc/df4ca44d3fbc9301ee17f30f4d474e6ae4b05252/library/std/src/sys/backtrace.rs:154:18
[INFO] [stdout]   34:     0x5745da28687e - std::thread::Builder::spawn_unchecked_::{{closure}}::{{closure}}::h3fd968d89053a903
[INFO] [stdout]                                at /rustc/df4ca44d3fbc9301ee17f30f4d474e6ae4b05252/library/std/src/thread/mod.rs:541:17
[INFO] [stdout]   35:     0x5745da28687e - <core::panic::unwind_safe::AssertUnwindSafe<F> as core::ops::function::FnOnce<()>>::call_once::h743f637ba4229880
[INFO] [stdout]                                at /rustc/df4ca44d3fbc9301ee17f30f4d474e6ae4b05252/library/core/src/panic/unwind_safe.rs:272:9
[INFO] [stdout]   36:     0x5745da28687e - std::panicking::try::do_call::h07440897322525a6
[INFO] [stdout]                                at /rustc/df4ca44d3fbc9301ee17f30f4d474e6ae4b05252/library/std/src/panicking.rs:557:40
[INFO] [stdout]   37:     0x5745da28687e - std::panicking::try::he5a2e00188156637
[INFO] [stdout]                                at /rustc/df4ca44d3fbc9301ee17f30f4d474e6ae4b05252/library/std/src/panicking.rs:520:19
[INFO] [stdout]   38:     0x5745da28687e - std::panic::catch_unwind::hbaf3cae49b3c6433
[INFO] [stdout]                                at /rustc/df4ca44d3fbc9301ee17f30f4d474e6ae4b05252/library/std/src/panic.rs:358:14
[INFO] [stdout]   39:     0x5745da28687e - std::thread::Builder::spawn_unchecked_::{{closure}}::h8e141ea224820bce
[INFO] [stdout]                                at /rustc/df4ca44d3fbc9301ee17f30f4d474e6ae4b05252/library/std/src/thread/mod.rs:540:30
[INFO] [stdout]   40:     0x5745da28687e - core::ops::function::FnOnce::call_once{{vtable.shim}}::h90d312fedd7b8ea8
[INFO] [stdout]                                at /rustc/df4ca44d3fbc9301ee17f30f4d474e6ae4b05252/library/core/src/ops/function.rs:250:5
[INFO] [stdout]   41:     0x5745da5e0e4b - <alloc::boxed::Box<F,A> as core::ops::function::FnOnce<Args>>::call_once::h69aa08ddb6adb8b6
[INFO] [stdout]                                at /rustc/df4ca44d3fbc9301ee17f30f4d474e6ae4b05252/library/alloc/src/boxed.rs:2454:9
[INFO] [stdout]   42:     0x5745da5e0e4b - <alloc::boxed::Box<F,A> as core::ops::function::FnOnce<Args>>::call_once::h5aa36efdb79c806f
[INFO] [stdout]                                at /rustc/df4ca44d3fbc9301ee17f30f4d474e6ae4b05252/library/alloc/src/boxed.rs:2454:9
[INFO] [stdout]   43:     0x5745da5e0e4b - std::sys::pal::unix::thread::Thread::new::thread_start::h6cd80a1b4be5158d
[INFO] [stdout]                                at /rustc/df4ca44d3fbc9301ee17f30f4d474e6ae4b05252/library/std/src/sys/pal/unix/thread.rs:105:17
[INFO] [stdout]   44:     0x7886e80abac3 - <unknown>
[INFO] [stdout]   45:     0x7886e813ca04 - clone
[INFO] [stdout]   46:                0x0 - <unknown>
[INFO] [stdout] 
[INFO] [stdout] 
[INFO] [stdout] failures:
[INFO] [stdout]     tests::tests::test_daily_files
[INFO] [stdout] 
[INFO] [stdout] test result: FAILED. 0 passed; 1 failed; 0 ignored; 0 measured; 0 filtered out; finished in 0.01s
[INFO] [stdout] 
[INFO] [stderr] error: test failed, to rerun pass `--bin BackupRemover`
[INFO] running `Command { std: "docker" "inspect" "a90a7b3baa0f89a2648cc3b062d74e7a397c38cd605f49f220ccd35c9705e911", kill_on_drop: false }`
[INFO] running `Command { std: "docker" "rm" "-f" "a90a7b3baa0f89a2648cc3b062d74e7a397c38cd605f49f220ccd35c9705e911", kill_on_drop: false }`
[INFO] [stdout] a90a7b3baa0f89a2648cc3b062d74e7a397c38cd605f49f220ccd35c9705e911
